197.238.90.57 - - [05/Dec/2025:15:35:35 +0300] "POST /wp-admin/admin-ajax.php HTTP/1.1" 200 78 "https://hamza2roues.com/product/autocollant-sticker-uv-3d-honda/" "Mozilla/5.0 (Macintosh; Intel Mac OS X 10_15_7) AppleWebKit/537.36 (KHTML, like Gecko) Chrome/142.0.0.0 Safari/537.36"
197.238.90.57 - - [05/Dec/2025:15:35:35 +0300] "POST /wp-admin/admin-ajax.php HTTP/1.1" 200 80 "https://hamza2roues.com/product/systeme-dalarme-moto/" "Mozilla/5.0 (Macintosh; Intel Mac OS X 10_15_7) AppleWebKit/537.36 (KHTML, like Gecko) Chrome/142.0.0.0 Safari/537.36"
114.119.153.161 - - [05/Dec/2025:15:36:16 +0300] "GET /shop/page/3?per_row=4&per_page=18&shop_view=grid HTTP/1.1" 301 0 "https://hamza2roues.com/shop/page/12?per_row=4&per_page=18&shop_view=grid" "Mozilla/5.0 (Linux; Android 7.0;) AppleWebKit/537.36 (KHTML, like Gecko) Mobile Safari/537.36 (compatible; PetalBot;+https://webmaster.petalsearch.com/site/petalbot)"
197.244.82.246 - - [05/Dec/2025:15:36:19 +0300] "POST /wp-admin/admin-ajax.php HTTP/2" 200 77 "https://hamza2roues.com/product/dosseret-moto-universel-takeya/" "Mozilla/5.0 (Windows NT 10.0; Win64; x64) AppleWebKit/537.36 (KHTML, like Gecko) Chrome/142.0.0.0 Safari/537.36"
197.238.90.57 - - [05/Dec/2025:15:36:36 +0300] "POST /wp-admin/admin-ajax.php HTTP/2" 200 79 "https://hamza2roues.com/product/systeme-dalarme-moto/" "Mozilla/5.0 (Macintosh; Intel Mac OS X 10_15_7) AppleWebKit/537.36 (KHTML, like Gecko) Chrome/142.0.0.0 Safari/537.36"
197.238.90.57 - - [05/Dec/2025:15:36:36 +0300] "POST /wp-admin/admin-ajax.php HTTP/2" 200 78 "https://hamza2roues.com/product/autocollant-sticker-uv-3d-honda/" "Mozilla/5.0 (Macintosh; Intel Mac OS X 10_15_7) AppleWebKit/537.36 (KHTML, like Gecko) Chrome/142.0.0.0 Safari/537.36"
197.244.82.246 - - [05/Dec/2025:15:37:19 +0300] "POST /wp-admin/admin-ajax.php HTTP/2" 200 80 "https://hamza2roues.com/product/dosseret-moto-universel-takeya/" "Mozilla/5.0 (Windows NT 10.0; Win64; x64) AppleWebKit/537.36 (KHTML, like Gecko) Chrome/142.0.0.0 Safari/537.36"
114.119.153.161 - - [05/Dec/2025:15:32:07 +0300] "GET /product-category/pieces-moto/vacuum-cleaners/?per_row=4&shop_view=grid&per_page=12 HTTP/1.1" 200 34366 "https://hamza2roues.com/product-category/pieces-moto/vacuum-cleaners/page/2?per_row=4&shop_view=grid&per_page=12" "Mozilla/5.0 (Linux; Android 7.0;) AppleWebKit/537.36 (KHTML, like Gecko) Mobile Safari/537.36 (compatible; PetalBot;+https://webmaster.petalsearch.com/site/petalbot)"
197.238.90.57 - - [05/Dec/2025:15:32:35 +0300] "POST /wp-admin/admin-ajax.php HTTP/1.1" 200 77 "https://hamza2roues.com/product/autocollant-sticker-uv-3d-honda/" "Mozilla/5.0 (Macintosh; Intel Mac OS X 10_15_7) AppleWebKit/537.36 (KHTML, like Gecko) Chrome/142.0.0.0 Safari/537.36"
197.238.90.57 - - [05/Dec/2025:15:32:35 +0300] "POST /wp-admin/admin-ajax.php HTTP/1.1" 200 79 "https://hamza2roues.com/product/systeme-dalarme-moto/" "Mozilla/5.0 (Macintosh; Intel Mac OS X 10_15_7) AppleWebKit/537.36 (KHTML, like Gecko) Chrome/142.0.0.0 Safari/537.36"
197.238.90.57 - - [05/Dec/2025:15:33:35 +0300] "POST /wp-admin/admin-ajax.php HTTP/1.1" 200 79 "https://hamza2roues.com/product/autocollant-sticker-uv-3d-honda/" "Mozilla/5.0 (Macintosh; Intel Mac OS X 10_15_7) AppleWebKit/537.36 (KHTML, like Gecko) Chrome/142.0.0.0 Safari/537.36"
197.238.90.57 - - [05/Dec/2025:15:33:35 +0300] "POST /wp-admin/admin-ajax.php HTTP/1.1" 200 80 "https://hamza2roues.com/product/systeme-dalarme-moto/" "Mozilla/5.0 (Macintosh; Intel Mac OS X 10_15_7) AppleWebKit/537.36 (KHTML, like Gecko) Chrome/142.0.0.0 Safari/537.36"
197.238.90.57 - - [05/Dec/2025:15:34:35 +0300] "POST /wp-admin/admin-ajax.php HTTP/1.1" 200 80 "https://hamza2roues.com/product/systeme-dalarme-moto/" "Mozilla/5.0 (Macintosh; Intel Mac OS X 10_15_7) AppleWebKit/537.36 (KHTML, like Gecko) Chrome/142.0.0.0 Safari/537.36"
197.238.90.57 - - [05/Dec/2025:15:34:35 +0300] "POST /wp-admin/admin-ajax.php HTTP/1.1" 200 78 "https://hamza2roues.com/product/autocollant-sticker-uv-3d-honda/" "Mozilla/5.0 (Macintosh; Intel Mac OS X 10_15_7) AppleWebKit/537.36 (KHTML, like Gecko) Chrome/142.0.0.0 Safari/537.36"
193.111.77.77 - - [05/Dec/2025:15:36:19 +0300] "GET /wp-content/uploads/2025/11/unnamed-37-e1763594763560.jpg HTTP/1.1" 200 44358 "-" "-"
114.119.153.161 - - [05/Dec/2025:15:36:18 +0300] "GET /shop/page/3/?per_row=4&per_page=18&shop_view=grid HTTP/1.1" 200 42249 "https://hamza2roues.com/shop/page/12?per_row=4&per_page=18&shop_view=grid" "Mozilla/5.0 (Linux; Android 7.0;) AppleWebKit/537.36 (KHTML, like Gecko) Mobile Safari/537.36 (compatible; PetalBot;+https://webmaster.petalsearch.com/site/petalbot)"
193.111.77.77 - - [05/Dec/2025:15:37:20 +0300] "POST /wp-cron.php?doing_wp_cron=1764938240.8720700740814208984375 HTTP/1.1" 200 0 "-" "WordPress/6.9; https://hamza2roues.com"
197.238.90.57 - - [05/Dec/2025:15:37:35 +0300] "POST /wp-admin/admin-ajax.php HTTP/2" 200 80 "https://hamza2roues.com/product/systeme-dalarme-moto/" "Mozilla/5.0 (Macintosh; Intel Mac OS X 10_15_7) AppleWebKit/537.36 (KHTML, like Gecko) Chrome/142.0.0.0 Safari/537.36"
197.238.90.57 - - [05/Dec/2025:15:37:35 +0300] "POST /wp-admin/admin-ajax.php HTTP/2" 200 78 "https://hamza2roues.com/product/autocollant-sticker-uv-3d-honda/" "Mozilla/5.0 (Macintosh; Intel Mac OS X 10_15_7) AppleWebKit/537.36 (KHTML, like Gecko) Chrome/142.0.0.0 Safari/537.36"
66.249.66.166 - - [05/Dec/2025:15:37:53 +0300] "POST /wp-json/wp-statistics/v2/hit HTTP/1.1" 200 56 "https://hamza2roues.com/product/huile-moteur-10w40-5100-4t-1l-motul/?add-to-cart=143" "Mozilla/5.0 (Linux; Android 6.0.1; Nexus 5X Build/MMB29P) AppleWebKit/537.36 (KHTML, like Gecko) Chrome/141.0.7390.122 Mobile Safari/537.36 (compatible; Googlebot/2.1; +http://www.google.com/bot.html)"
114.119.157.124 - - [05/Dec/2025:15:30:42 +0300] "GET /product-category/pieces-moto/vacuum-cleaners/page/1?per_page=12&shop_view=grid&per_row=3 HTTP/1.1" 301 0 "-" "Mozilla/5.0 (Linux; Android 7.0;) AppleWebKit/537.36 (KHTML, like Gecko) Mobile Safari/537.36 (compatible; PetalBot;+https://webmaster.petalsearch.com/site/petalbot)"
197.10.109.89 - - [05/Dec/2025:15:31:01 +0300] "GET /wp-content/uploads/2025/08/IMG_3034-1-Photoroom-600x600.png HTTP/2" 200 119971 "-" "com.google.android.googlequicksearchbox/301639434 (Linux; U; Android 10; en_GB; Redmi Note 9S; Build/QKQ1.191215.002; Cronet/144.0.7509.3)"
193.111.77.77 - - [05/Dec/2025:15:32:07 +0300] "POST /wp-cron.php?doing_wp_cron=1764937927.2822051048278808593750 HTTP/1.1" 200 0 "-" "WordPress/6.9; https://hamza2roues.com"
114.119.159.37 - - [05/Dec/2025:15:33:29 +0300] "GET /wp-content/uploads/2025/12/unnamed-54-e1764807510114-600x600.jpg HTTP/1.1" 200 25837 "https://hamza2roues.com/product/casque-moto-jet-rouge/" "Mozilla/5.0 (Linux; Android 7.0;) AppleWebKit/537.36 (KHTML, like Gecko) Mobile Safari/537.36 (compatible; PetalBot;+https://webmaster.petalsearch.com/site/petalbot)"
193.111.77.77 - - [05/Dec/2025:15:34:57 +0300] "GET /wp-content/uploads/2025/11/unnamed-37-e1763594763560.jpg HTTP/1.1" 200 44358 "-" "-"
114.119.143.177 - - [05/Dec/2025:15:34:55 +0300] "GET /shop/page/5/?per_page=9 HTTP/1.1" 200 40041 "-" "Mozilla/5.0 (Linux; Android 7.0;) AppleWebKit/537.36 (KHTML, like Gecko) Mobile Safari/537.36 (compatible; PetalBot;+https://webmaster.petalsearch.com/site/petalbot)"
193.111.77.77 - - [05/Dec/2025:15:35:20 +0300] "POST /wp-cron.php?doing_wp_cron=1764938120.5973029136657714843750 HTTP/1.1" 200 0 "-" "WordPress/6.9; https://hamza2roues.com"
193.111.77.77 - - [05/Dec/2025:15:37:34 +0300] "GET /wp-content/uploads/2025/07/MOTUL_104066_5100-10W40-4T-1L_NEW_png.png HTTP/1.1" 200 50026 "-" "-"
66.249.66.166 - - [05/Dec/2025:15:37:32 +0300] "GET /product/huile-moteur-10w40-5100-4t-1l-motul/?add-to-cart=143 HTTP/1.1" 200 35874 "-" "Mozilla/5.0 (Linux; Android 6.0.1; Nexus 5X Build/MMB29P) AppleWebKit/537.36 (KHTML, like Gecko) Chrome/141.0.7390.122 Mobile Safari/537.36 (compatible; Googlebot/2.1; +http://www.google.com/bot.html)"
197.26.83.75 - - [05/Dec/2025:15:38:07 +0300] "GET /product/systeme-dalarme-moto/ HTTP/2" 200 35025 "https://www.google.com/" "Mozilla/5.0 (Linux; Android 10; K) AppleWebKit/537.36 (KHTML, like Gecko) Chrome/142.0.0.0 Mobile Safari/537.36"
197.26.83.75 - - [05/Dec/2025:15:38:10 +0300] "GET /wp-includes/js/mediaelement/wp-mediaelement.min.css?ver=6.9 HTTP/2" 200 915 "https://hamza2roues.com/product/systeme-dalarme-moto/" "Mozilla/5.0 (Linux; Android 10; K) AppleWebKit/537.36 (KHTML, like Gecko) Chrome/142.0.0.0 Mobile Safari/537.36"
197.26.83.75 - - [05/Dec/2025:15:38:10 +0300] "GET /wp-content/uploads/elementor/css/custom-frontend.min.css?ver=1764891301 HTTP/2" 200 5906 "https://hamza2roues.com/product/systeme-dalarme-moto/" "Mozilla/5.0 (Linux; Android 10; K) AppleWebKit/537.36 (KHTML, like Gecko) Chrome/142.0.0.0 Mobile Safari/537.36"
197.26.83.75 - - [05/Dec/2025:15:38:10 +0300] "GET /wp-content/uploads/elementor/css/post-7.css?ver=1764891301 HTTP/2" 200 298 "https://hamza2roues.com/product/systeme-dalarme-moto/" "Mozilla/5.0 (Linux; Android 10; K) AppleWebKit/537.36 (KHTML, like Gecko) Chrome/142.0.0.0 Mobile Safari/537.36"
197.26.83.75 - - [05/Dec/2025:15:38:10 +0300] "GET /wp-content/uploads/elementor/css/post-844.css?ver=1764891357 HTTP/2" 200 1101 "https://hamza2roues.com/product/systeme-dalarme-moto/" "Mozilla/5.0 (Linux; Android 10; K) AppleWebKit/537.36 (KHTML, like Gecko) Chrome/142.0.0.0 Mobile Safari/537.36"
197.26.83.75 - - [05/Dec/2025:15:38:10 +0300] "GET /wp-content/uploads/elementor/css/post-870.css?ver=1764891357 HTTP/2" 200 712 "https://hamza2roues.com/product/systeme-dalarme-moto/" "Mozilla/5.0 (Linux; Android 10; K) AppleWebKit/537.36 (KHTML, like Gecko) Chrome/142.0.0.0 Mobile Safari/537.36"
197.26.83.75 - - [05/Dec/2025:15:38:10 +0300] "GET /wp-content/plugins/woocommerce/assets/js/jquery-blockui/jquery.blockUI.min.js?ver=2.7.0-wc.10.3.6 HTTP/2" 304 0 "https://hamza2roues.com/product/systeme-dalarme-moto/" "Mozilla/5.0 (Linux; Android 10; K) AppleWebKit/537.36 (KHTML, like Gecko) Chrome/142.0.0.0 Mobile Safari/537.36"
197.26.83.75 - - [05/Dec/2025:15:38:10 +0300] "GET /wp-content/plugins/woocommerce/assets/js/js-cookie/js.cookie.min.js?ver=2.1.4-wc.10.3.6 HTTP/2" 304 0 "https://hamza2roues.com/product/systeme-dalarme-moto/" "Mozilla/5.0 (Linux; Android 10; K) AppleWebKit/537.36 (KHTML, like Gecko) Chrome/142.0.0.0 Mobile Safari/537.36"
197.26.83.75 - - [05/Dec/2025:15:38:10 +0300] "GET /wp-includes/js/dist/script-modules/interactivity/index.min.js?ver=8964710565a1d258501f HTTP/2" 304 0 "https://hamza2roues.com/product/systeme-dalarme-moto/" "Mozilla/5.0 (Linux; Android 10; K) AppleWebKit/537.36 (KHTML, like Gecko) Chrome/142.0.0.0 Mobile Safari/537.36"
197.26.83.75 - - [05/Dec/2025:15:38:10 +0300] "GET /wp-content/uploads/elementor/css/post-52.css?ver=1764891301 HTTP/2" 200 652 "https://hamza2roues.com/product/systeme-dalarme-moto/" "Mozilla/5.0 (Linux; Android 10; K) AppleWebKit/537.36 (KHTML, like Gecko) Chrome/142.0.0.0 Mobile Safari/537.36"
197.26.83.75 - - [05/Dec/2025:15:38:10 +0300] "GET /wp-content/plugins/elementor/assets/css/widget-divider.min.css?ver=3.33.3 HTTP/2" 200 643 "https://hamza2roues.com/product/systeme-dalarme-moto/" "Mozilla/5.0 (Linux; Android 10; K) AppleWebKit/537.36 (KHTML, like Gecko) Chrome/142.0.0.0 Mobile Safari/537.36"
197.26.83.75 - - [05/Dec/2025:15:38:11 +0300] "GET /wp-content/plugins/elementor/assets/js/webpack.runtime.min.js?ver=3.33.3 HTTP/2" 200 2117 "https://hamza2roues.com/product/systeme-dalarme-moto/" "Mozilla/5.0 (Linux; Android 10; K) AppleWebKit/537.36 (KHTML, like Gecko) Chrome/142.0.0.0 Mobile Safari/537.36"
197.26.83.75 - - [05/Dec/2025:15:38:11 +0300] "GET /wp-content/plugins/elementor/assets/js/frontend-modules.min.js?ver=3.33.3 HTTP/2" 200 21773 "https://hamza2roues.com/product/systeme-dalarme-moto/" "Mozilla/5.0 (Linux; Android 10; K) AppleWebKit/537.36 (KHTML, like Gecko) Chrome/142.0.0.0 Mobile Safari/537.36"
197.26.83.75 - - [05/Dec/2025:15:38:11 +0300] "GET /wp-content/plugins/elementor/assets/js/frontend.min.js?ver=3.33.3 HTTP/2" 200 9190 "https://hamza2roues.com/product/systeme-dalarme-moto/" "Mozilla/5.0 (Linux; Android 10; K) AppleWebKit/537.36 (KHTML, like Gecko) Chrome/142.0.0.0 Mobile Safari/537.36"
197.26.83.75 - - [05/Dec/2025:15:38:11 +0300] "GET /wp-includes/js/dist/hooks.min.js?ver=dd5603f07f9220ed27f1 HTTP/2" 304 0 "https://hamza2roues.com/product/systeme-dalarme-moto/" "Mozilla/5.0 (Linux; Android 10; K) AppleWebKit/537.36 (KHTML, like Gecko) Chrome/142.0.0.0 Mobile Safari/537.36"
197.26.83.75 - - [05/Dec/2025:15:38:11 +0300] "GET /wp-includes/js/dist/i18n.min.js?ver=c26c3dc7bed366793375 HTTP/2" 304 0 "https://hamza2roues.com/product/systeme-dalarme-moto/" "Mozilla/5.0 (Linux; Android 10; K) AppleWebKit/537.36 (KHTML, like Gecko) Chrome/142.0.0.0 Mobile Safari/537.36"
197.26.83.75 - - [05/Dec/2025:15:38:11 +0300] "GET /wp-content/plugins/contact-form-7/includes/swv/js/index.js?ver=6.1.4 HTTP/2" 304 0 "https://hamza2roues.com/product/systeme-dalarme-moto/" "Mozilla/5.0 (Linux; Android 10; K) AppleWebKit/537.36 (KHTML, like Gecko) Chrome/142.0.0.0 Mobile Safari/537.36"
197.26.83.75 - - [05/Dec/2025:15:38:11 +0300] "GET /wp-content/plugins/contact-form-7/includes/js/index.js?ver=6.1.4 HTTP/2" 304 0 "https://hamza2roues.com/product/systeme-dalarme-moto/" "Mozilla/5.0 (Linux; Android 10; K) AppleWebKit/537.36 (KHTML, like Gecko) Chrome/142.0.0.0 Mobile Safari/537.36"
197.26.83.75 - - [05/Dec/2025:15:38:11 +0300] "GET /wp-content/plugins/woocommerce/assets/js/frontend/woocommerce.min.js?ver=10.3.6 HTTP/2" 304 0 "https://hamza2roues.com/product/systeme-dalarme-moto/" "Mozilla/5.0 (Linux; Android 10; K) AppleWebKit/537.36 (KHTML, like Gecko) Chrome/142.0.0.0 Mobile Safari/537.36"
197.26.83.75 - - [05/Dec/2025:15:38:11 +0300] "GET /wp-content/plugins/woocommerce/assets/js/sourcebuster/sourcebuster.min.js?ver=10.3.6 HTTP/2" 304 0 "https://hamza2roues.com/product/systeme-dalarme-moto/" "Mozilla/5.0 (Linux; Android 10; K) AppleWebKit/537.36 (KHTML, like Gecko) Chrome/142.0.0.0 Mobile Safari/537.36"
197.26.83.75 - - [05/Dec/2025:15:38:11 +0300] "GET /wp-content/plugins/woocommerce/assets/js/frontend/order-attribution.min.js?ver=10.3.6 HTTP/2" 304 0 "https://hamza2roues.com/product/systeme-dalarme-moto/" "Mozilla/5.0 (Linux; Android 10; K) AppleWebKit/537.36 (KHTML, like Gecko) Chrome/142.0.0.0 Mobile Safari/537.36"
197.26.83.75 - - [05/Dec/2025:15:38:11 +0300] "GET /wp-content/plugins/woocommerce/assets/js/frontend/add-to-cart.min.js?ver=10.3.6 HTTP/2" 304 0 "https://hamza2roues.com/product/systeme-dalarme-moto/" "Mozilla/5.0 (Linux; Android 10; K) AppleWebKit/537.36 (KHTML, like Gecko) Chrome/142.0.0.0 Mobile Safari/537.36"
197.26.83.75 - - [05/Dec/2025:15:38:11 +0300] "GET /wp-content/plugins/woocommerce/assets/js/zoom/jquery.zoom.min.js?ver=1.7.21-wc.10.3.6 HTTP/2" 304 0 "https://hamza2roues.com/product/systeme-dalarme-moto/" "Mozilla/5.0 (Linux; Android 10; K) AppleWebKit/537.36 (KHTML, like Gecko) Chrome/142.0.0.0 Mobile Safari/537.36"
197.26.83.75 - - [05/Dec/2025:15:38:11 +0300] "GET /wp-content/plugins/woocommerce/assets/js/frontend/single-product.min.js?ver=10.3.6 HTTP/2" 304 0 "https://hamza2roues.com/product/systeme-dalarme-moto/" "Mozilla/5.0 (Linux; Android 10; K) AppleWebKit/537.36 (KHTML, like Gecko) Chrome/142.0.0.0 Mobile Safari/537.36"
197.26.83.75 - - [05/Dec/2025:15:38:11 +0300] "GET /wp-content/plugins/google-site-kit/dist/assets/js/googlesitekit-events-provider-contact-form-7-40476021fb6e59177033.js HTTP/2" 304 0 "https://hamza2roues.com/product/systeme-dalarme-moto/" "Mozilla/5.0 (Linux; Android 10; K) AppleWebKit/537.36 (KHTML, like Gecko) Chrome/142.0.0.0 Mobile Safari/537.36"
197.26.83.75 - - [05/Dec/2025:15:38:11 +0300] "GET /wp-content/plugins/google-site-kit/dist/assets/js/googlesitekit-events-provider-mailchimp-766d83b09856fae7cf87.js HTTP/2" 304 0 "https://hamza2roues.com/product/systeme-dalarme-moto/" "Mozilla/5.0 (Linux; Android 10; K) AppleWebKit/537.36 (KHTML, like Gecko) Chrome/142.0.0.0 Mobile Safari/537.36"
197.26.83.75 - - [05/Dec/2025:15:38:11 +0300] "GET /wp-content/plugins/google-site-kit/dist/assets/js/googlesitekit-events-provider-woocommerce-56777fd664fb7392edc2.js HTTP/2" 304 0 "https://hamza2roues.com/product/systeme-dalarme-moto/" "Mozilla/5.0 (Linux; Android 10; K) AppleWebKit/537.36 (KHTML, like Gecko) Chrome/142.0.0.0 Mobile Safari/537.36"
197.26.83.75 - - [05/Dec/2025:15:38:11 +0300] "GET /wp-content/plugins/woocommerce/assets/js/frontend/add-to-cart-variation.min.js?ver=10.3.6 HTTP/2" 304 0 "https://hamza2roues.com/product/systeme-dalarme-moto/" "Mozilla/5.0 (Linux; Android 10; K) AppleWebKit/537.36 (KHTML, like Gecko) Chrome/142.0.0.0 Mobile Safari/537.36"
197.26.83.75 - - [05/Dec/2025:15:38:11 +0300] "GET /wp-content/plugins/mailchimp-for-wp/assets/js/forms.js?ver=4.10.9 HTTP/2" 304 0 "https://hamza2roues.com/product/systeme-dalarme-moto/" "Mozilla/5.0 (Linux; Android 10; K) AppleWebKit/537.36 (KHTML, like Gecko) Chrome/142.0.0.0 Mobile Safari/537.36"
197.26.83.75 - - [05/Dec/2025:15:38:11 +0300] "GET /wp-content/plugins/woocommerce/assets/js/frontend/cart-fragments.min.js?ver=10.3.6 HTTP/2" 304 0 "https://hamza2roues.com/product/systeme-dalarme-moto/" "Mozilla/5.0 (Linux; Android 10; K) AppleWebKit/537.36 (KHTML, like Gecko) Chrome/142.0.0.0 Mobile Safari/537.36"
197.26.83.75 - - [05/Dec/2025:15:38:12 +0300] "POST /?wc-ajax=get_refreshed_fragments HTTP/2" 200 499 "https://hamza2roues.com/product/systeme-dalarme-moto/" "Mozilla/5.0 (Linux; Android 10; K) AppleWebKit/537.36 (KHTML, like Gecko) Chrome/142.0.0.0 Mobile Safari/537.36"
114.119.157.124 - - [05/Dec/2025:15:37:39 +0300] "GET /shop/page/18/?per_row=3&shop_view=grid&per_page=24 HTTP/1.1" 200 38181 "https://hamza2roues.com/shop?per_row=3&shop_view=grid&per_page=24" "Mozilla/5.0 (Linux; Android 7.0;) AppleWebKit/537.36 (KHTML, like Gecko) Mobile Safari/537.36 (compatible; PetalBot;+https://webmaster.petalsearch.com/site/petalbot)"
66.249.66.194 - - [05/Dec/2025:15:37:49 +0300] "GET /wp-content/themes/woodmart/css/parts/woo-opt-fbt.min.css?ver=8.2.6 HTTP/1.1" 200 761 "https://hamza2roues.com/product/huile-moteur-10w40-5100-4t-1l-motul/?add-to-cart=143" "Mozilla/5.0 (Linux; Android 6.0.1; Nexus 5X Build/MMB29P) AppleWebKit/537.36 (KHTML, like Gecko) Chrome/141.0.7390.122 Mobile Safari/537.36 (compatible; Googlebot/2.1; +http://www.google.com/bot.html)"
193.111.77.77 - - [05/Dec/2025:15:38:09 +0300] "GET /wp-content/uploads/2025/10/IMG_4470-e1761085633272.jpeg HTTP/1.1" 200 57601 "-" "-"
66.249.76.2 - - [05/Dec/2025:15:38:19 +0300] "GET /wp-content/plugins/wp-whatsapp/assets/dist/css/style.css?ver=6.8.3 HTTP/1.1" 200 4361 "https://hamza2roues.com/product/huile-moteur-10w40-7100-4t-1l-motul/" "Mozilla/5.0 AppleWebKit/537.36 (KHTML, like Gecko; compatible; GoogleOther) Chrome/141.0.7390.122 Safari/537.36"
197.244.82.246 - - [05/Dec/2025:15:38:19 +0300] "POST /wp-admin/admin-ajax.php HTTP/2" 200 79 "https://hamza2roues.com/product/dosseret-moto-universel-takeya/" "Mozilla/5.0 (Windows NT 10.0; Win64; x64) AppleWebKit/537.36 (KHTML, like Gecko) Chrome/142.0.0.0 Safari/537.36"
66.249.66.34 - - [05/Dec/2025:15:38:20 +0300] "GET /wp-includes/js/mediaelement/mediaelementplayer-legacy.min.css?ver=4.2.17 HTTP/1.1" 200 2204 "https://hamza2roues.com/product/huile-moteur-10w40-7100-4t-1l-motul/" "Mozilla/5.0 AppleWebKit/537.36 (KHTML, like Gecko; compatible; GoogleOther) Chrome/141.0.7390.122 Safari/537.36"
66.249.66.34 - - [05/Dec/2025:15:38:23 +0300] "GET /wp-content/themes/woodmart/css/parts/base.min.css?ver=8.2.6 HTTP/1.1" 200 8633 "https://hamza2roues.com/product/huile-moteur-10w40-7100-4t-1l-motul/" "Mozilla/5.0 AppleWebKit/537.36 (KHTML, like Gecko; compatible; GoogleOther) Chrome/141.0.7390.122 Safari/537.36"
193.111.77.77 - - [05/Dec/2025:15:38:24 +0300] "POST /wp-cron.php?doing_wp_cron=1764938304.0520069599151611328125 HTTP/1.1" 200 0 "-" "WordPress/6.9; https://hamza2roues.com"
66.249.66.34 - - [05/Dec/2025:15:38:25 +0300] "GET /wp-content/themes/woodmart/css/parts/woocommerce-base.min.css?ver=8.2.6 HTTP/1.1" 200 1492 "https://hamza2roues.com/product/huile-moteur-10w40-7100-4t-1l-motul/" "Mozilla/5.0 AppleWebKit/537.36 (KHTML, like Gecko; compatible; GoogleOther) Chrome/141.0.7390.122 Safari/537.36"
66.249.66.34 - - [05/Dec/2025:15:38:27 +0300] "GET /wp-content/themes/woodmart/css/parts/woo-mod-progress-bar.min.css?ver=8.2.6 HTTP/1.1" 200 293 "https://hamza2roues.com/product/huile-moteur-10w40-7100-4t-1l-motul/" "Mozilla/5.0 AppleWebKit/537.36 (KHTML, like Gecko; compatible; GoogleOther) Chrome/141.0.7390.122 Safari/537.36"
66.249.66.165 - - [05/Dec/2025:15:38:28 +0300] "GET /wp-content/themes/woodmart/css/parts/mod-star-rating.min.css?ver=8.2.6 HTTP/1.1" 200 199 "https://hamza2roues.com/product/huile-moteur-10w40-7100-4t-1l-motul/" "Mozilla/5.0 AppleWebKit/537.36 (KHTML, like Gecko; compatible; GoogleOther) Chrome/141.0.7390.122 Safari/537.36"
66.249.66.33 - - [05/Dec/2025:15:38:28 +0300] "GET /wp-content/themes/woodmart/css/parts/int-elem-base.min.css?ver=8.2.6 HTTP/1.1" 200 1261 "https://hamza2roues.com/product/huile-moteur-10w40-7100-4t-1l-motul/" "Mozilla/5.0 AppleWebKit/537.36 (KHTML, like Gecko; compatible; GoogleOther) Chrome/141.0.7390.122 Safari/537.36"
66.249.66.165 - - [05/Dec/2025:15:38:29 +0300] "GET /wp-content/themes/woodmart-child/style.css?ver=8.2.6 HTTP/1.1" 200 196 "https://hamza2roues.com/product/huile-moteur-10w40-7100-4t-1l-motul/" "Mozilla/5.0 AppleWebKit/537.36 (KHTML, like Gecko; compatible; GoogleOther) Chrome/141.0.7390.122 Safari/537.36"
197.26.83.75 - - [05/Dec/2025:15:38:12 +0300] "POST /wp-json/wp-statistics/v2/hit HTTP/2" 200 19 "https://hamza2roues.com/product/systeme-dalarme-moto/" "Mozilla/5.0 (Linux; Android 10; K) AppleWebKit/537.36 (KHTML, like Gecko) Chrome/142.0.0.0 Mobile Safari/537.36"
66.249.66.33 - - [05/Dec/2025:15:38:22 +0300] "GET /wp-content/uploads/order-tracker-by-phone-number/frontend.css?ver=1752416979 HTTP/1.1" 200 590 "https://hamza2roues.com/product/huile-moteur-10w40-7100-4t-1l-motul/" "Mozilla/5.0 AppleWebKit/537.36 (KHTML, like Gecko; compatible; GoogleOther) Chrome/141.0.7390.122 Safari/537.36"
193.111.77.77 - - [05/Dec/2025:15:38:23 +0300] "POST /wp-cron.php?doing_wp_cron=1764938303.9393200874328613281250 HTTP/1.1" 200 0 "-" "WordPress/6.9; https://hamza2roues.com"
197.26.83.75 - - [05/Dec/2025:15:38:22 +0300] "POST /wp-admin/admin-ajax.php HTTP/2" 200 77 "https://hamza2roues.com/product/systeme-dalarme-moto/" "Mozilla/5.0 (Linux; Android 10; K) AppleWebKit/537.36 (KHTML, like Gecko) Chrome/142.0.0.0 Mobile Safari/537.36"
66.249.66.193 - - [05/Dec/2025:15:38:23 +0300] "GET /wp-content/uploads/elementor/css/custom-frontend.min.css?ver=1760052537 HTTP/1.1" 200 5906 "https://hamza2roues.com/product/huile-moteur-10w40-7100-4t-1l-motul/" "Mozilla/5.0 AppleWebKit/537.36 (KHTML, like Gecko; compatible; GoogleOther) Chrome/141.0.7390.122 Safari/537.36"
193.111.77.77 - - [05/Dec/2025:15:37:48 +0300] "GET /?action=backuply_curl_backup&security=de2ba10c91 HTTP/1.1" 200 0 "-" "Mozilla/5.0 (Windows NT 10.0; Win64; x64) AppleWebKit/537.36 (KHTML, like Gecko) Chrome/128.0.0.0 Safari/537.36"
66.249.66.12 - - [05/Dec/2025:15:38:26 +0300] "GET /wp-content/themes/woodmart/css/parts/woo-mod-block-notices.min.css?ver=8.2.6 HTTP/1.1" 200 584 "https://hamza2roues.com/product/huile-moteur-10w40-7100-4t-1l-motul/" "Mozilla/5.0 AppleWebKit/537.36 (KHTML, like Gecko; compatible; GoogleOther) Chrome/141.0.7390.122 Safari/537.36"
66.249.66.74 - - [05/Dec/2025:15:38:30 +0300] "GET /wp-content/themes/woodmart/css/parts/woo-mod-quantity.min.css?ver=8.2.6 HTTP/1.1" 200 394 "https://hamza2roues.com/product/huile-moteur-10w40-7100-4t-1l-motul/" "Mozilla/5.0 AppleWebKit/537.36 (KHTML, like Gecko; compatible; GoogleOther) Chrome/141.0.7390.122 Safari/537.36"
66.249.66.74 - - [05/Dec/2025:15:38:32 +0300] "GET /wp-content/themes/woodmart/css/parts/mod-tools.min.css?ver=8.2.6 HTTP/1.1" 200 852 "https://hamza2roues.com/product/huile-moteur-10w40-7100-4t-1l-motul/" "Mozilla/5.0 AppleWebKit/537.36 (KHTML, like Gecko; compatible; GoogleOther) Chrome/141.0.7390.122 Safari/537.36"
197.26.83.75 - - [05/Dec/2025:15:38:32 +0300] "POST /wp-admin/admin-ajax.php HTTP/2" 200 77 "https://hamza2roues.com/product/systeme-dalarme-moto/" "Mozilla/5.0 (Linux; Android 10; K) AppleWebKit/537.36 (KHTML, like Gecko) Chrome/142.0.0.0 Mobile Safari/537.36"
66.249.76.2 - - [05/Dec/2025:15:38:35 +0300] "GET /wp-content/themes/woodmart/css/parts/el-info-box.min.css?ver=8.2.6 HTTP/1.1" 200 935 "https://hamza2roues.com/product/huile-moteur-10w40-7100-4t-1l-motul/" "Mozilla/5.0 AppleWebKit/537.36 (KHTML, like Gecko; compatible; GoogleOther) Chrome/141.0.7390.122 Safari/537.36"
66.249.76.2 - - [05/Dec/2025:15:38:36 +0300] "GET /wp-content/themes/woodmart/css/parts/wd-search-results.min.css?ver=8.2.6 HTTP/1.1" 200 735 "https://hamza2roues.com/product/huile-moteur-10w40-7100-4t-1l-motul/" "Mozilla/5.0 AppleWebKit/537.36 (KHTML, like Gecko; compatible; GoogleOther) Chrome/141.0.7390.122 Safari/537.36"
66.249.76.2 - - [05/Dec/2025:15:38:36 +0300] "GET /wp-content/themes/woodmart/css/parts/wd-search-form.min.css?ver=8.2.6 HTTP/1.1" 200 602 "https://hamza2roues.com/product/huile-moteur-10w40-7100-4t-1l-motul/" "Mozilla/5.0 AppleWebKit/537.36 (KHTML, like Gecko; compatible; GoogleOther) Chrome/141.0.7390.122 Safari/537.36"
66.249.76.2 - - [05/Dec/2025:15:37:56 +0300] "POST /?wc-ajax=get_refreshed_fragments HTTP/1.1" 200 1105 "https://hamza2roues.com/product/huile-moteur-10w40-5100-4t-1l-motul/?add-to-cart=143" "Mozilla/5.0 (Linux; Android 6.0.1; Nexus 5X Build/MMB29P) AppleWebKit/537.36 (KHTML, like Gecko) Chrome/141.0.7390.122 Mobile Safari/537.36 (compatible; Googlebot/2.1; +http://www.google.com/bot.html)"
66.249.76.3 - - [05/Dec/2025:15:38:20 +0300] "GET /wp-includes/css/dist/block-library/style.min.css?ver=6.8.3 HTTP/1.1" 200 13607 "https://hamza2roues.com/product/huile-moteur-10w40-7100-4t-1l-motul/" "Mozilla/5.0 AppleWebKit/537.36 (KHTML, like Gecko; compatible; GoogleOther) Chrome/141.0.7390.122 Safari/537.36"
66.249.76.4 - - [05/Dec/2025:15:38:20 +0300] "GET /wp-includes/js/mediaelement/wp-mediaelement.min.css?ver=6.8.3 HTTP/1.1" 200 915 "https://hamza2roues.com/product/huile-moteur-10w40-7100-4t-1l-motul/" "Mozilla/5.0 AppleWebKit/537.36 (KHTML, like Gecko; compatible; GoogleOther) Chrome/141.0.7390.122 Safari/537.36"
66.249.76.4 - - [05/Dec/2025:15:38:22 +0300] "GET /wp-content/uploads/elementor/css/post-7.css?ver=1760052538 HTTP/1.1" 200 298 "https://hamza2roues.com/product/huile-moteur-10w40-7100-4t-1l-motul/" "Mozilla/5.0 AppleWebKit/537.36 (KHTML, like Gecko; compatible; GoogleOther) Chrome/141.0.7390.122 Safari/537.36"
66.249.76.2 - - [05/Dec/2025:15:38:24 +0300] "GET /wp-content/themes/woodmart/css/parts/int-wordfence.min.css?ver=8.2.6 HTTP/1.1" 200 167 "https://hamza2roues.com/product/huile-moteur-10w40-7100-4t-1l-motul/" "Mozilla/5.0 AppleWebKit/537.36 (KHTML, like Gecko; compatible; GoogleOther) Chrome/141.0.7390.122 Safari/537.36"
216.244.66.196 - - [05/Dec/2025:15:38:36 +0300] "GET /wp-content/uploads/2025/07/IMG_2683-Photoroom-e1752521489409.png HTTP/1.1" 200 178188 "-" "Mozilla/5.0 (compatible; DotBot/1.2; +https://opensiteexplorer.org/dotbot; help@moz.com)"
66.249.66.74 - - [05/Dec/2025:15:38:39 +0300] "GET /wp-content/themes/woodmart/css/parts/woo-opt-visits-count.min.css?ver=8.2.6 HTTP/1.1" 200 154 "https://hamza2roues.com/product/huile-moteur-10w40-7100-4t-1l-motul/" "Mozilla/5.0 AppleWebKit/537.36 (KHTML, like Gecko; compatible; GoogleOther) Chrome/141.0.7390.122 Safari/537.36"
66.249.66.74 - - [05/Dec/2025:15:38:41 +0300] "GET /wp-content/themes/woodmart/css/parts/header-el-cart-side.min.css?ver=8.2.6 HTTP/1.1" 200 287 "https://hamza2roues.com/product/huile-moteur-10w40-7100-4t-1l-motul/" "Mozilla/5.0 AppleWebKit/537.36 (KHTML, like Gecko; compatible; GoogleOther) Chrome/141.0.7390.122 Safari/537.36"
66.249.66.74 - - [05/Dec/2025:15:38:41 +0300] "GET /wp-content/themes/woodmart/css/parts/woo-single-prod-builder.min.css?ver=8.2.6 HTTP/1.1" 200 753 "https://hamza2roues.com/product/huile-moteur-10w40-7100-4t-1l-motul/" "Mozilla/5.0 AppleWebKit/537.36 (KHTML, like Gecko; compatible; GoogleOther) Chrome/141.0.7390.122 Safari/537.36"
66.249.76.2 - - [05/Dec/2025:15:38:42 +0300] "GET /wp-content/themes/woodmart/css/parts/el-button.min.css?ver=8.2.6 HTTP/1.1" 200 501 "https://hamza2roues.com/product/huile-moteur-10w40-7100-4t-1l-motul/" "Mozilla/5.0 AppleWebKit/537.36 (KHTML, like Gecko; compatible; GoogleOther) Chrome/141.0.7390.122 Safari/537.36"
66.249.66.74 - - [05/Dec/2025:15:38:42 +0300] "GET /wp-content/themes/woodmart/css/parts/header-el-mobile-nav-dropdown.min.css?ver=8.2.6 HTTP/1.1" 200 90 "https://hamza2roues.com/product/huile-moteur-10w40-7100-4t-1l-motul/" "Mozilla/5.0 AppleWebKit/537.36 (KHTML, like Gecko; compatible; GoogleOther) Chrome/141.0.7390.122 Safari/537.36"
66.249.66.193 - - [05/Dec/2025:15:38:43 +0300] "GET /wp-content/themes/woodmart/css/parts/woo-single-prod-el-gallery-opt-thumb-left-desktop.min.css?ver=8.2.6 HTTP/1.1" 200 475 "https://hamza2roues.com/product/huile-moteur-10w40-7100-4t-1l-motul/" "Mozilla/5.0 AppleWebKit/537.36 (KHTML, like Gecko; compatible; GoogleOther) Chrome/141.0.7390.122 Safari/537.36"
66.249.66.74 - - [05/Dec/2025:15:38:43 +0300] "GET /wp-content/themes/woodmart/css/parts/el-list.min.css?ver=8.2.6 HTTP/1.1" 200 548 "https://hamza2roues.com/product/huile-moteur-10w40-7100-4t-1l-motul/" "Mozilla/5.0 AppleWebKit/537.36 (KHTML, like Gecko; compatible; GoogleOther) Chrome/141.0.7390.122 Safari/537.36"
66.249.76.2 - - [05/Dec/2025:15:38:44 +0300] "GET /wp-content/themes/woodmart/css/parts/el-text-block.min.css?ver=8.2.6 HTTP/1.1" 200 99 "https://hamza2roues.com/product/huile-moteur-10w40-7100-4t-1l-motul/" "Mozilla/5.0 AppleWebKit/537.36 (KHTML, like Gecko; compatible; GoogleOther) Chrome/141.0.7390.122 Safari/537.36"
66.249.76.2 - - [05/Dec/2025:15:38:44 +0300] "GET /wp-content/themes/woodmart/css/parts/woo-mod-product-labels.min.css?ver=8.2.6 HTTP/1.1" 200 363 "https://hamza2roues.com/product/huile-moteur-10w40-7100-4t-1l-motul/" "Mozilla/5.0 AppleWebKit/537.36 (KHTML, like Gecko; compatible; GoogleOther) Chrome/141.0.7390.122 Safari/537.36"
66.249.66.74 - - [05/Dec/2025:15:38:45 +0300] "GET /wp-content/themes/woodmart/css/parts/lib-swiper-arrows.min.css?ver=8.2.6 HTTP/1.1" 200 685 "https://hamza2roues.com/product/huile-moteur-10w40-7100-4t-1l-motul/" "Mozilla/5.0 AppleWebKit/537.36 (KHTML, like Gecko; compatible; GoogleOther) Chrome/141.0.7390.122 Safari/537.36"
66.249.76.2 - - [05/Dec/2025:15:38:45 +0300] "GET /wp-content/themes/woodmart/css/parts/woo-mod-add-btn-replace.min.css?ver=8.2.6 HTTP/1.1" 200 445 "https://hamza2roues.com/product/huile-moteur-10w40-7100-4t-1l-motul/" "Mozilla/5.0 AppleWebKit/537.36 (KHTML, like Gecko; compatible; GoogleOther) Chrome/141.0.7390.122 Safari/537.36"
66.249.76.2 - - [05/Dec/2025:15:38:46 +0300] "GET /wp-content/themes/woodmart/css/parts/woo-single-prod-el-gallery.min.css?ver=8.2.6 HTTP/1.1" 200 1183 "https://hamza2roues.com/product/huile-moteur-10w40-7100-4t-1l-motul/" "Mozilla/5.0 AppleWebKit/537.36 (KHTML, like Gecko; compatible; GoogleOther) Chrome/141.0.7390.122 Safari/537.36"
66.249.76.2 - - [05/Dec/2025:15:38:46 +0300] "GET /wp-content/themes/woodmart/css/parts/lib-photoswipe.min.css?ver=8.2.6 HTTP/1.1" 200 1575 "https://hamza2roues.com/product/huile-moteur-10w40-7100-4t-1l-motul/" "Mozilla/5.0 AppleWebKit/537.36 (KHTML, like Gecko; compatible; GoogleOther) Chrome/141.0.7390.122 Safari/537.36"
66.249.66.74 - - [05/Dec/2025:15:38:47 +0300] "GET /wp-content/themes/woodmart/css/parts/el-section-title.min.css?ver=8.2.6 HTTP/1.1" 200 460 "https://hamza2roues.com/product/huile-moteur-10w40-7100-4t-1l-motul/" "Mozilla/5.0 AppleWebKit/537.36 (KHTML, like Gecko; compatible; GoogleOther) Chrome/141.0.7390.122 Safari/537.36"
66.249.66.165 - - [05/Dec/2025:15:38:47 +0300] "GET /wp-content/themes/woodmart/css/parts/el-tabs.min.css?ver=8.2.6 HTTP/1.1" 200 1084 "https://hamza2roues.com/product/huile-moteur-10w40-7100-4t-1l-motul/" "Mozilla/5.0 AppleWebKit/537.36 (KHTML, like Gecko; compatible; GoogleOther) Chrome/141.0.7390.122 Safari/537.36"
66.249.76.2 - - [05/Dec/2025:15:38:48 +0300] "GET /wp-content/themes/woodmart/css/parts/opt-bottom-toolbar.min.css?ver=8.2.6 HTTP/1.1" 200 620 "https://hamza2roues.com/product/huile-moteur-10w40-7100-4t-1l-motul/" "Mozilla/5.0 AppleWebKit/537.36 (KHTML, like Gecko; compatible; GoogleOther) Chrome/141.0.7390.122 Safari/537.36"
66.249.76.2 - - [05/Dec/2025:15:38:48 +0300] "GET /wp-content/themes/woodmart/css/parts/woo-mod-swatches-base.min.css?ver=8.2.6 HTTP/1.1" 200 657 "https://hamza2roues.com/product/huile-moteur-10w40-7100-4t-1l-motul/" "Mozilla/5.0 AppleWebKit/537.36 (KHTML, like Gecko; compatible; GoogleOther) Chrome/141.0.7390.122 Safari/537.36"
66.249.66.11 - - [05/Dec/2025:15:38:49 +0300] "GET /wp-content/themes/woodmart/css/parts/woo-single-prod-el-tabs-opt-layout-tabs.min.css?ver=8.2.6 HTTP/1.1" 200 217 "https://hamza2roues.com/product/huile-moteur-10w40-7100-4t-1l-motul/" "Mozilla/5.0 AppleWebKit/537.36 (KHTML, like Gecko; compatible; GoogleOther) Chrome/141.0.7390.122 Safari/537.36"
66.249.66.165 - - [05/Dec/2025:15:38:29 +0300] "GET /wp-content/themes/woodmart/css/parts/woo-opt-est-del.min.css?ver=8.2.6 HTTP/1.1" 200 179 "https://hamza2roues.com/product/huile-moteur-10w40-7100-4t-1l-motul/" "Mozilla/5.0 AppleWebKit/537.36 (KHTML, like Gecko; compatible; GoogleOther) Chrome/141.0.7390.122 Safari/537.36"
66.249.66.33 - - [05/Dec/2025:15:38:30 +0300] "GET /wp-content/themes/woodmart/css/parts/header-base.min.css?ver=8.2.6 HTTP/1.1" 200 2671 "https://hamza2roues.com/product/huile-moteur-10w40-7100-4t-1l-motul/" "Mozilla/5.0 AppleWebKit/537.36 (KHTML, like Gecko; compatible; GoogleOther) Chrome/141.0.7390.122 Safari/537.36"
66.249.66.193 - - [05/Dec/2025:15:38:31 +0300] "GET /wp-content/themes/woodmart/css/parts/woo-opt-free-progress-bar.min.css?ver=8.2.6 HTTP/1.1" 200 258 "https://hamza2roues.com/product/huile-moteur-10w40-7100-4t-1l-motul/" "Mozilla/5.0 AppleWebKit/537.36 (KHTML, like Gecko; compatible; GoogleOther) Chrome/141.0.7390.122 Safari/537.36"
66.249.66.165 - - [05/Dec/2025:15:38:32 +0300] "GET /wp-content/themes/woodmart/css/parts/wp-blocks.min.css?ver=8.2.6 HTTP/1.1" 200 871 "https://hamza2roues.com/product/huile-moteur-10w40-7100-4t-1l-motul/" "Mozilla/5.0 AppleWebKit/537.36 (KHTML, like Gecko; compatible; GoogleOther) Chrome/141.0.7390.122 Safari/537.36"
66.249.66.33 - - [05/Dec/2025:15:38:33 +0300] "GET /wp-content/themes/woodmart/css/parts/wd-search-dropdown.min.css?ver=8.2.6 HTTP/1.1" 200 542 "https://hamza2roues.com/product/huile-moteur-10w40-7100-4t-1l-motul/" "Mozilla/5.0 AppleWebKit/537.36 (KHTML, like Gecko; compatible; GoogleOther) Chrome/141.0.7390.122 Safari/537.36"
66.249.66.11 - - [05/Dec/2025:15:38:35 +0300] "GET /wp-content/themes/woodmart/css/parts/header-el-base.min.css?ver=8.2.6 HTTP/1.1" 200 325 "https://hamza2roues.com/product/huile-moteur-10w40-7100-4t-1l-motul/" "Mozilla/5.0 AppleWebKit/537.36 (KHTML, like Gecko; compatible; GoogleOther) Chrome/141.0.7390.122 Safari/537.36"
66.249.66.165 - - [05/Dec/2025:15:38:35 +0300] "GET /wp-content/themes/woodmart/css/parts/woo-widget-shopping-cart.min.css?ver=8.2.6 HTTP/1.1" 200 1130 "https://hamza2roues.com/product/huile-moteur-10w40-7100-4t-1l-motul/" "Mozilla/5.0 AppleWebKit/537.36 (KHTML, like Gecko; compatible; GoogleOther) Chrome/141.0.7390.122 Safari/537.36"
66.249.66.11 - - [05/Dec/2025:15:38:38 +0300] "GET /wp-content/themes/woodmart/css/parts/woo-single-prod-el-navigation.min.css?ver=8.2.6 HTTP/1.1" 200 356 "https://hamza2roues.com/product/huile-moteur-10w40-7100-4t-1l-motul/" "Mozilla/5.0 AppleWebKit/537.36 (KHTML, like Gecko; compatible; GoogleOther) Chrome/141.0.7390.122 Safari/537.36"
66.249.66.11 - - [05/Dec/2025:15:38:38 +0300] "GET /wp-content/themes/woodmart/css/parts/header-el-search.min.css?ver=8.2.6 HTTP/1.1" 200 413 "https://hamza2roues.com/product/huile-moteur-10w40-7100-4t-1l-motul/" "Mozilla/5.0 AppleWebKit/537.36 (KHTML, like Gecko; compatible; GoogleOther) Chrome/141.0.7390.122 Safari/537.36"
66.249.66.11 - - [05/Dec/2025:15:38:40 +0300] "GET /wp-content/themes/woodmart/css/parts/woo-mod-stock-status.min.css?ver=8.2.6 HTTP/1.1" 200 334 "https://hamza2roues.com/product/huile-moteur-10w40-7100-4t-1l-motul/" "Mozilla/5.0 AppleWebKit/537.36 (KHTML, like Gecko; compatible; GoogleOther) Chrome/141.0.7390.122 Safari/537.36"
193.111.77.77 - - [05/Dec/2025:15:38:50 +0300] "POST /wp-cron.php?doing_wp_cron=1764938330.0249810218811035156250 HTTP/1.1" 200 0 "-" "WordPress/6.9; https://hamza2roues.com"
66.249.76.2 - - [05/Dec/2025:15:38:57 +0300] "GET /wp-content/plugins/elementor/assets/css/widget-divider.min.css?ver=3.32.4 HTTP/1.1" 200 643 "https://hamza2roues.com/product/huile-moteur-10w40-7100-4t-1l-motul/" "Mozilla/5.0 AppleWebKit/537.36 (KHTML, like Gecko; compatible; GoogleOther) Chrome/141.0.7390.122 Safari/537.36"
102.108.242.203 - - [05/Dec/2025:15:34:54 +0300] "GET /wp-content/uploads/2025/10/athena-eu-logo-vector-e1759975770920-768x151.png HTTP/1.1" 200 4754 "https://hamza2roues.com/product-category/batterie/" "Mozilla/5.0 (Linux; Android 10; K) AppleWebKit/537.36 (KHTML, like Gecko) Chrome/142.0.0.0 Mobile Safari/537.36"
102.108.242.203 - - [05/Dec/2025:15:34:54 +0300] "GET /wp-content/uploads/2025/07/387-Photoroom.png HTTP/1.1" 200 12178 "https://hamza2roues.com/product-category/batterie/" "Mozilla/5.0 (Linux; Android 10; K) AppleWebKit/537.36 (KHTML, like Gecko) Chrome/142.0.0.0 Mobile Safari/537.36"
102.108.242.203 - - [05/Dec/2025:15:34:54 +0300] "GET /wp-content/uploads/2025/10/142-1.png HTTP/1.1" 200 1221 "https://hamza2roues.com/product-category/batterie/" "Mozilla/5.0 (Linux; Android 10; K) AppleWebKit/537.36 (KHTML, like Gecko) Chrome/142.0.0.0 Mobile Safari/537.36"
102.108.242.203 - - [05/Dec/2025:15:34:54 +0300] "GET /wp-content/uploads/2025/07/att.UnNUXxb7ZeHwGWcyKG5N8USlyxUCJPO9SWVTtRndcCk.jpeg HTTP/1.1" 200 15384 "https://hamza2roues.com/product-category/batterie/" "Mozilla/5.0 (Linux; Android 10; K) AppleWebKit/537.36 (KHTML, like Gecko) Chrome/142.0.0.0 Mobile Safari/537.36"
102.108.242.203 - - [05/Dec/2025:15:34:54 +0300] "GET /wp-content/uploads/2025/01/hamza2roues.com-6-768x960.png HTTP/1.1" 200 203689 "https://hamza2roues.com/product-category/batterie/" "Mozilla/5.0 (Linux; Android 10; K) AppleWebKit/537.36 (KHTML, like Gecko) Chrome/142.0.0.0 Mobile Safari/537.36"
102.108.242.203 - - [05/Dec/2025:15:34:54 +0300] "GET /wp-content/uploads/2025/07/cropped-trana-1-192x192.png HTTP/1.1" 200 10803 "https://hamza2roues.com/product-category/batterie/" "Mozilla/5.0 (Linux; Android 10; K) AppleWebKit/537.36 (KHTML, like Gecko) Chrome/142.0.0.0 Mobile Safari/537.36"
102.108.242.203 - - [05/Dec/2025:15:34:54 +0300] "GET /wp-content/uploads/2025/07/cropped-trana-1-180x180.png HTTP/1.1" 200 9684 "https://hamza2roues.com/product-category/batterie/" "Mozilla/5.0 (Linux; Android 10; K) AppleWebKit/537.36 (KHTML, like Gecko) Chrome/142.0.0.0 Mobile Safari/537.36"
102.108.242.203 - - [05/Dec/2025:15:34:55 +0300] "GET /wp-content/uploads/2025/10/rockbros-logo1-768x347.png HTTP/1.1" 200 6360 "https://hamza2roues.com/product-category/batterie/" "Mozilla/5.0 (Linux; Android 10; K) AppleWebKit/537.36 (KHTML, like Gecko) Chrome/142.0.0.0 Mobile Safari/537.36"
102.108.242.203 - - [05/Dec/2025:15:34:54 +0300] "POST /?wc-ajax=get_refreshed_fragments HTTP/1.1" 200 499 "https://hamza2roues.com/product-category/batterie/" "Mozilla/5.0 (Linux; Android 10; K) AppleWebKit/537.36 (KHTML, like Gecko) Chrome/142.0.0.0 Mobile Safari/537.36"
102.108.242.203 - - [05/Dec/2025:15:34:54 +0300] "POST /wp-json/wp-statistics/v2/hit HTTP/1.1" 200 19 "https://hamza2roues.com/product-category/batterie/" "Mozilla/5.0 (Linux; Android 10; K) AppleWebKit/537.36 (KHTML, like Gecko) Chrome/142.0.0.0 Mobile Safari/537.36"
102.108.242.203 - - [05/Dec/2025:15:34:59 +0300] "GET /product/batterie-10v-5ah-technovolt-moto/ HTTP/1.1" 200 34453 "https://hamza2roues.com/product-category/batterie/" "Mozilla/5.0 (Linux; Android 10; K) AppleWebKit/537.36 (KHTML, like Gecko) Chrome/142.0.0.0 Mobile Safari/537.36"
193.111.77.77 - - [05/Dec/2025:15:36:17 +0300] "POST /wp-cron.php?doing_wp_cron=1764938177.9186820983886718750000 HTTP/1.1" 200 0 "-" "WordPress/6.9; https://hamza2roues.com"
193.111.77.77 - - [05/Dec/2025:15:37:41 +0300] "GET /wp-content/uploads/2025/01/IMG_2584-Photoroom-e1752341625963.png HTTP/1.1" 200 92857 "-" "-"
162.120.187.125 - - [05/Dec/2025:15:38:33 +0300] "GET /product/kit-joints-spi-et-cache-poussiere-de-fourche-kawasaki-z750/ HTTP/2" 200 33879 "https://www.google.com/" "Mozilla/5.0 (Windows NT 10.0; Win64; x64) AppleWebKit/537.36 (KHTML, like Gecko) Chrome/142.0.0.0 Safari/537.36"
193.111.77.77 - - [05/Dec/2025:15:38:14 +0300] "GET /?action=backuply_curl_backup&security=de2ba10c91 HTTP/1.1" 200 0 "-" "Mozilla/5.0 (Windows NT 10.0; Win64; x64) AppleWebKit/537.36 (KHTML, like Gecko) Chrome/128.0.0.0 Safari/537.36"
66.249.76.2 - - [05/Dec/2025:15:38:49 +0300] "GET /wp-content/uploads/elementor/css/post-52.css?ver=1760052539 HTTP/1.1" 200 652 "https://hamza2roues.com/product/huile-moteur-10w40-7100-4t-1l-motul/" "Mozilla/5.0 AppleWebKit/537.36 (KHTML, like Gecko; compatible; GoogleOther) Chrome/141.0.7390.122 Safari/537.36"
66.249.66.74 - - [05/Dec/2025:15:38:53 +0300] "GET /wp-content/themes/woodmart/css/parts/el-toggle.min.css?ver=8.2.6 HTTP/1.1" 200 357 "https://hamza2roues.com/product/huile-moteur-10w40-7100-4t-1l-motul/" "Mozilla/5.0 AppleWebKit/537.36 (KHTML, like Gecko; compatible; GoogleOther) Chrome/141.0.7390.122 Safari/537.36"
66.249.66.74 - - [05/Dec/2025:15:38:53 +0300] "GET /wp-content/plugins/woocommerce/assets/client/blocks/wc-blocks.css?ver=wc-10.2.2 HTTP/1.1" 200 2237 "https://hamza2roues.com/product/huile-moteur-10w40-7100-4t-1l-motul/" "Mozilla/5.0 AppleWebKit/537.36 (KHTML, like Gecko; compatible; GoogleOther) Chrome/141.0.7390.122 Safari/537.36"
162.120.187.253 - - [05/Dec/2025:15:38:56 +0300] "GET /marque/divinol/ HTTP/2" 200 30717 "https://www.google.com/" "Mozilla/5.0 (Linux; Android 10; K) AppleWebKit/537.36 (KHTML, like Gecko) Chrome/142.0.0.0 Mobile Safari/537.36"
66.249.66.74 - - [05/Dec/2025:15:38:57 +0300] "GET /wp-content/uploads/elementor/google-fonts/css/lexenddeca.css?ver=1751470288 HTTP/1.1" 200 462 "https://hamza2roues.com/product/huile-moteur-10w40-7100-4t-1l-motul/" "Mozilla/5.0 AppleWebKit/537.36 (KHTML, like Gecko; compatible; GoogleOther) Chrome/141.0.7390.122 Safari/537.36"
66.249.66.74 - - [05/Dec/2025:15:38:59 +0300] "GET /wp-includes/js/dist/hooks.min.js?ver=4d63a3d491d11ffd8ac6 HTTP/1.1" 200 1746 "https://hamza2roues.com/product/huile-moteur-10w40-7100-4t-1l-motul/" "Mozilla/5.0 AppleWebKit/537.36 (KHTML, like Gecko; compatible; GoogleOther) Chrome/141.0.7390.122 Safari/537.36"
66.249.66.74 - - [05/Dec/2025:15:39:01 +0300] "GET /wp-content/uploads/order-tracker-by-phone-number/frontend.js?ver=1752416979 HTTP/1.1" 200 433 "https://hamza2roues.com/product/huile-moteur-10w40-7100-4t-1l-motul/" "Mozilla/5.0 AppleWebKit/537.36 (KHTML, like Gecko; compatible; GoogleOther) Chrome/141.0.7390.122 Safari/537.36"
66.249.66.74 - - [05/Dec/2025:15:39:02 +0300] "GET /wp-content/plugins/woocommerce/assets/js/frontend/order-attribution.min.js?ver=10.2.2 HTTP/1.1" 200 930 "https://hamza2roues.com/product/huile-moteur-10w40-7100-4t-1l-motul/" "Mozilla/5.0 AppleWebKit/537.36 (KHTML, like Gecko; compatible; GoogleOther) Chrome/141.0.7390.122 Safari/537.36"
66.249.66.74 - - [05/Dec/2025:15:39:04 +0300] "GET /wp-content/plugins/elementor/assets/js/webpack.runtime.min.js?ver=3.32.4 HTTP/1.1" 200 2117 "https://hamza2roues.com/product/huile-moteur-10w40-7100-4t-1l-motul/" "Mozilla/5.0 AppleWebKit/537.36 (KHTML, like Gecko; compatible; GoogleOther) Chrome/141.0.7390.122 Safari/537.36"
66.249.66.74 - - [05/Dec/2025:15:39:05 +0300] "GET /wp-content/plugins/elementor/assets/js/frontend-modules.min.js?ver=3.32.4 HTTP/1.1" 200 21773 "https://hamza2roues.com/product/huile-moteur-10w40-7100-4t-1l-motul/" "Mozilla/5.0 AppleWebKit/537.36 (KHTML, like Gecko; compatible; GoogleOther) Chrome/141.0.7390.122 Safari/537.36"
66.249.66.74 - - [05/Dec/2025:15:39:06 +0300] "GET /wp-includes/js/jquery/ui/core.min.js?ver=1.13.3 HTTP/1.1" 200 6351 "https://hamza2roues.com/product/huile-moteur-10w40-7100-4t-1l-motul/" "Mozilla/5.0 AppleWebKit/537.36 (KHTML, like Gecko; compatible; GoogleOther) Chrome/141.0.7390.122 Safari/537.36"
66.249.66.193 - - [05/Dec/2025:15:39:11 +0300] "GET /wp-content/themes/woodmart/js/scripts/global/clearSearch.min.js?ver=8.2.6 HTTP/1.1" 200 446 "https://hamza2roues.com/product/huile-moteur-10w40-7100-4t-1l-motul/" "Mozilla/5.0 AppleWebKit/537.36 (KHTML, like Gecko; compatible; GoogleOther) Chrome/141.0.7390.122 Safari/537.36"
66.249.76.2 - - [05/Dec/2025:15:38:37 +0300] "GET /wp-content/themes/woodmart/css/parts/woo-widget-product-list.min.css?ver=8.2.6 HTTP/1.1" 200 293 "https://hamza2roues.com/product/huile-moteur-10w40-7100-4t-1l-motul/" "Mozilla/5.0 AppleWebKit/537.36 (KHTML, like Gecko; compatible; GoogleOther) Chrome/141.0.7390.122 Safari/537.36"
197.238.90.57 - - [05/Dec/2025:15:38:36 +0300] "POST /wp-admin/admin-ajax.php HTTP/2" 200 78 "https://hamza2roues.com/product/autocollant-sticker-uv-3d-honda/" "Mozilla/5.0 (Macintosh; Intel Mac OS X 10_15_7) AppleWebKit/537.36 (KHTML, like Gecko) Chrome/142.0.0.0 Safari/537.36"
197.238.90.57 - - [05/Dec/2025:15:38:36 +0300] "POST /wp-admin/admin-ajax.php HTTP/2" 200 80 "https://hamza2roues.com/product/systeme-dalarme-moto/" "Mozilla/5.0 (Macintosh; Intel Mac OS X 10_15_7) AppleWebKit/537.36 (KHTML, like Gecko) Chrome/142.0.0.0 Safari/537.36"
197.26.83.75 - - [05/Dec/2025:15:38:43 +0300] "POST /wp-admin/admin-ajax.php HTTP/2" 200 78 "https://hamza2roues.com/product/systeme-dalarme-moto/" "Mozilla/5.0 (Linux; Android 10; K) AppleWebKit/537.36 (KHTML, like Gecko) Chrome/142.0.0.0 Mobile Safari/537.36"
66.249.66.193 - - [05/Dec/2025:15:38:51 +0300] "GET /wp-content/uploads/elementor/css/post-870.css?ver=1760052552 HTTP/1.1" 200 712 "https://hamza2roues.com/product/huile-moteur-10w40-7100-4t-1l-motul/" "Mozilla/5.0 AppleWebKit/537.36 (KHTML, like Gecko; compatible; GoogleOther) Chrome/141.0.7390.122 Safari/537.36"
216.244.66.196 - - [05/Dec/2025:15:38:52 +0300] "GET /wp-content/uploads/2025/07/Sba6f33f0a95041d4aefaeec83ee31371y.jpg HTTP/1.1" 200 43861 "-" "Mozilla/5.0 (compatible; DotBot/1.2; +https://opensiteexplorer.org/dotbot; help@moz.com)"
193.111.77.77 - - [05/Dec/2025:15:38:55 +0300] "POST /wp-cron.php?doing_wp_cron=1764938334.9800579547882080078125 HTTP/1.1" 200 0 "-" "WordPress/6.9; https://hamza2roues.com"
197.26.83.75 - - [05/Dec/2025:15:38:53 +0300] "POST /wp-admin/admin-ajax.php HTTP/2" 200 78 "https://hamza2roues.com/product/systeme-dalarme-moto/" "Mozilla/5.0 (Linux; Android 10; K) AppleWebKit/537.36 (KHTML, like Gecko) Chrome/142.0.0.0 Mobile Safari/537.36"
66.249.66.193 - - [05/Dec/2025:15:39:00 +0300] "GET /wp-content/plugins/contact-form-7/includes/js/index.js?ver=6.1.2 HTTP/1.1" 200 3724 "https://hamza2roues.com/product/huile-moteur-10w40-7100-4t-1l-motul/" "Mozilla/5.0 AppleWebKit/537.36 (KHTML, like Gecko; compatible; GoogleOther) Chrome/141.0.7390.122 Safari/537.36"
197.26.83.75 - - [05/Dec/2025:15:39:02 +0300] "POST /wp-admin/admin-ajax.php HTTP/2" 200 80 "https://hamza2roues.com/product/systeme-dalarme-moto/" "Mozilla/5.0 (Linux; Android 10; K) AppleWebKit/537.36 (KHTML, like Gecko) Chrome/142.0.0.0 Mobile Safari/537.36"
66.249.66.193 - - [05/Dec/2025:15:39:04 +0300] "GET /wp-content/themes/woodmart/js/scripts/wc/woocommerceNotices.min.js?ver=8.2.6 HTTP/1.1" 200 221 "https://hamza2roues.com/product/huile-moteur-10w40-7100-4t-1l-motul/" "Mozilla/5.0 AppleWebKit/537.36 (KHTML, like Gecko; compatible; GoogleOther) Chrome/141.0.7390.122 Safari/537.36"
216.244.66.196 - - [05/Dec/2025:15:39:06 +0300] "GET /wp-content/uploads/2025/09/anti-parasite-ngk-lzfh-s120.jpg HTTP/1.1" 200 35701 "-" "Mozilla/5.0 (compatible; DotBot/1.2; +https://opensiteexplorer.org/dotbot; help@moz.com)"
66.249.66.33 - - [05/Dec/2025:15:39:08 +0300] "GET /wp-content/themes/woodmart/js/libs/autocomplete.min.js?ver=8.2.6 HTTP/1.1" 200 4083 "https://hamza2roues.com/product/huile-moteur-10w40-7100-4t-1l-motul/" "Mozilla/5.0 AppleWebKit/537.36 (KHTML, like Gecko; compatible; GoogleOther) Chrome/141.0.7390.122 Safari/537.36"
66.249.66.33 - - [05/Dec/2025:15:39:12 +0300] "GET /wp-content/themes/woodmart/js/scripts/menu/menuOverlay.min.js?ver=8.2.6 HTTP/1.1" 200 614 "https://hamza2roues.com/product/huile-moteur-10w40-7100-4t-1l-motul/" "Mozilla/5.0 AppleWebKit/537.36 (KHTML, like Gecko; compatible; GoogleOther) Chrome/141.0.7390.122 Safari/537.36"
66.249.66.33 - - [05/Dec/2025:15:38:58 +0300] "GET /wp-content/themes/woodmart/js/scripts/wc/updateCartFragmentsFix.js?ver=8.2.6 HTTP/1.1" 200 495 "https://hamza2roues.com/product/huile-moteur-10w40-7100-4t-1l-motul/" "Mozilla/5.0 AppleWebKit/537.36 (KHTML, like Gecko; compatible; GoogleOther) Chrome/141.0.7390.122 Safari/537.36"
66.249.76.2 - - [05/Dec/2025:15:39:00 +0300] "GET /wp-content/plugins/contact-form-7/includes/swv/js/index.js?ver=6.1.2 HTTP/1.1" 200 3171 "https://hamza2roues.com/product/huile-moteur-10w40-7100-4t-1l-motul/" "Mozilla/5.0 AppleWebKit/537.36 (KHTML, like Gecko; compatible; GoogleOther) Chrome/141.0.7390.122 Safari/537.36"
66.249.76.2 - - [05/Dec/2025:15:39:00 +0300] "GET /wp-content/plugins/woocommerce/assets/js/frontend/woocommerce.min.js?ver=10.2.2 HTTP/1.1" 200 1182 "https://hamza2roues.com/product/huile-moteur-10w40-7100-4t-1l-motul/" "Mozilla/5.0 AppleWebKit/537.36 (KHTML, like Gecko; compatible; GoogleOther) Chrome/141.0.7390.122 Safari/537.36"
