51.89.129.144 - - [05/Dec/2025:16:45:36 +0300] "GET /product/compteur-mbk-ovetto-ancien-2/ HTTP/2" 200 32849 "-" "Mozilla/5.0 (compatible; AhrefsBot/7.0; +http://ahrefs.com/robot/)"
197.244.82.246 - - [05/Dec/2025:16:46:19 +0300] "POST /wp-admin/admin-ajax.php HTTP/2" 200 79 "https://hamza2roues.com/product/dosseret-moto-universel-takeya/" "Mozilla/5.0 (Windows NT 10.0; Win64; x64) AppleWebKit/537.36 (KHTML, like Gecko) Chrome/142.0.0.0 Safari/537.36"
165.50.17.4 - - [05/Dec/2025:16:46:50 +0300] "POST /wp-json/wp-statistics/v2/online HTTP/1.1" 200 19 "https://hamza2roues.com/?s=ngk&post_type=product" "Mozilla/5.0 (Macintosh; Intel Mac OS X 10_15_7) AppleWebKit/537.36 (KHTML, like Gecko) Chrome/116.0.0.0 Safari/537.36"
197.244.82.246 - - [05/Dec/2025:16:47:19 +0300] "POST /wp-admin/admin-ajax.php HTTP/2" 200 80 "https://hamza2roues.com/product/dosseret-moto-universel-takeya/" "Mozilla/5.0 (Windows NT 10.0; Win64; x64) AppleWebKit/537.36 (KHTML, like Gecko) Chrome/142.0.0.0 Safari/537.36"
114.119.143.177 - - [05/Dec/2025:16:47:28 +0300] "GET /product-category/pieces-moto/partie-cycle/page/8/?per_page=9&shop_view=grid&per_row=3 HTTP/1.1" 200 35430 "https://hamza2roues.com/product-category/pieces-moto/partie-cycle?per_page=9&shop_view=grid&per_row=3" "Mozilla/5.0 (Linux; Android 7.0;) AppleWebKit/537.36 (KHTML, like Gecko) Mobile Safari/537.36 (compatible; PetalBot;+https://webmaster.petalsearch.com/site/petalbot)"
196.178.198.252 - - [05/Dec/2025:16:48:18 +0300] "POST /wp-admin/admin-ajax.php HTTP/1.1" 200 70 "https://hamza2roues.com/wp-admin/admin.php?page=wc-orders" "Mozilla/5.0 (Windows NT 10.0; Win64; x64) AppleWebKit/537.36 (KHTML, like Gecko) Chrome/142.0.0.0 Safari/537.36"
40.77.177.46 - - [05/Dec/2025:16:43:38 +0300] "GET /wp-content/plugins/contact-form-7/includes/swv/js/index.js?ver=6.1.3 HTTP/2" 200 12512 "-" "Mozilla/5.0 AppleWebKit/537.36 (KHTML, like Gecko; compatible; bingbot/2.0; +http://www.bing.com/bingbot.htm) Chrome/100.0.4896.127 Safari/537.36"
165.50.17.4 - - [05/Dec/2025:16:43:47 +0300] "POST /wp-json/wp-statistics/v2/online HTTP/1.1" 200 19 "https://hamza2roues.com/?s=ngk&post_type=product" "Mozilla/5.0 (Macintosh; Intel Mac OS X 10_15_7) AppleWebKit/537.36 (KHTML, like Gecko) Chrome/116.0.0.0 Safari/537.36"
196.179.254.122 - - [05/Dec/2025:16:44:02 +0300] "GET /wp-content/uploads/2025/10/IMG_4056-e1760467279366.jpeg HTTP/2" 200 69349 "https://www.google.com/" "Mozilla/5.0 (Windows NT 10.0; Win64; x64) AppleWebKit/537.36 (KHTML, like Gecko) Chrome/143.0.0.0 Safari/537.36"
114.119.159.37 - - [05/Dec/2025:16:44:35 +0300] "GET /product-category/pieces-moto/partie-cycle/?per_page=9&shop_view=grid&per_row=4 HTTP/1.1" 200 34864 "-" "Mozilla/5.0 (Linux; Android 7.0;) AppleWebKit/537.36 (KHTML, like Gecko) Mobile Safari/537.36 (compatible; PetalBot;+https://webmaster.petalsearch.com/site/petalbot)"
197.238.90.57 - - [05/Dec/2025:16:45:34 +0300] "POST /wp-admin/admin-ajax.php HTTP/1.1" 200 80 "https://hamza2roues.com/product/autocollant-sticker-uv-3d-honda/" "Mozilla/5.0 (Macintosh; Intel Mac OS X 10_15_7) AppleWebKit/537.36 (KHTML, like Gecko) Chrome/142.0.0.0 Safari/537.36"
197.238.90.57 - - [05/Dec/2025:16:45:34 +0300] "POST /wp-admin/admin-ajax.php HTTP/1.1" 200 80 "https://hamza2roues.com/product/systeme-dalarme-moto/" "Mozilla/5.0 (Macintosh; Intel Mac OS X 10_15_7) AppleWebKit/537.36 (KHTML, like Gecko) Chrome/142.0.0.0 Safari/537.36"
197.238.90.57 - - [05/Dec/2025:16:47:34 +0300] "POST /wp-admin/admin-ajax.php HTTP/1.1" 200 79 "https://hamza2roues.com/product/autocollant-sticker-uv-3d-honda/" "Mozilla/5.0 (Macintosh; Intel Mac OS X 10_15_7) AppleWebKit/537.36 (KHTML, like Gecko) Chrome/142.0.0.0 Safari/537.36"
197.238.90.57 - - [05/Dec/2025:16:47:34 +0300] "POST /wp-admin/admin-ajax.php HTTP/1.1" 200 80 "https://hamza2roues.com/product/systeme-dalarme-moto/" "Mozilla/5.0 (Macintosh; Intel Mac OS X 10_15_7) AppleWebKit/537.36 (KHTML, like Gecko) Chrome/142.0.0.0 Safari/537.36"
193.111.77.77 - - [05/Dec/2025:16:47:52 +0300] "POST /wp-cron.php?doing_wp_cron=1764942472.8022129535675048828125 HTTP/1.1" 200 0 "-" "WordPress/6.9; https://hamza2roues.com"
114.119.130.240 - - [05/Dec/2025:16:48:44 +0300] "GET /product-category/pieces-moto/partie-cycle/page/7/?per_row=3&shop_view=grid&per_page=9 HTTP/1.1" 200 35271 "https://hamza2roues.com/product-category/pieces-moto/partie-cycle/page/7?per_row=3&shop_view=grid&per_page=9" "Mozilla/5.0 (Linux; Android 7.0;) AppleWebKit/537.36 (KHTML, like Gecko) Mobile Safari/537.36 (compatible; PetalBot;+https://webmaster.petalsearch.com/site/petalbot)"
196.178.198.252 - - [05/Dec/2025:16:50:19 +0300] "POST /wp-admin/admin-ajax.php HTTP/1.1" 200 70 "https://hamza2roues.com/wp-admin/admin.php?page=wc-orders" "Mozilla/5.0 (Windows NT 10.0; Win64; x64) AppleWebKit/537.36 (KHTML, like Gecko) Chrome/142.0.0.0 Safari/537.36"
197.238.90.57 - - [05/Dec/2025:16:50:34 +0300] "POST /wp-admin/admin-ajax.php HTTP/2" 200 78 "https://hamza2roues.com/product/systeme-dalarme-moto/" "Mozilla/5.0 (Macintosh; Intel Mac OS X 10_15_7) AppleWebKit/537.36 (KHTML, like Gecko) Chrome/142.0.0.0 Safari/537.36"
197.238.90.57 - - [05/Dec/2025:16:50:34 +0300] "POST /wp-admin/admin-ajax.php HTTP/2" 200 80 "https://hamza2roues.com/product/autocollant-sticker-uv-3d-honda/" "Mozilla/5.0 (Macintosh; Intel Mac OS X 10_15_7) AppleWebKit/537.36 (KHTML, like Gecko) Chrome/142.0.0.0 Safari/537.36"
165.50.17.4 - - [05/Dec/2025:16:50:54 +0300] "POST /wp-json/wp-statistics/v2/online HTTP/1.1" 200 19 "https://hamza2roues.com/?s=ngk&post_type=product" "Mozilla/5.0 (Macintosh; Intel Mac OS X 10_15_7) AppleWebKit/537.36 (KHTML, like Gecko) Chrome/116.0.0.0 Safari/537.36"
40.77.179.212 - - [05/Dec/2025:16:43:32 +0300] "GET /wp-content/plugins/elementor/assets/css/widget-divider.min.css?ver=3.33.2 HTTP/2" 200 4258 "-" "Mozilla/5.0 AppleWebKit/537.36 (KHTML, like Gecko; compatible; bingbot/2.0; +http://www.bing.com/bingbot.htm) Chrome/100.0.4896.127 Safari/537.36"
40.77.179.230 - - [05/Dec/2025:16:43:32 +0300] "GET /wp-content/uploads/elementor/css/post-52.css?ver=1764156585 HTTP/2" 200 5330 "-" "Mozilla/5.0 AppleWebKit/537.36 (KHTML, like Gecko; compatible; bingbot/2.0; +http://www.bing.com/bingbot.htm) Chrome/100.0.4896.127 Safari/537.36"
40.77.179.189 - - [05/Dec/2025:16:43:32 +0300] "GET /wp-content/plugins/mailchimp-for-wp/assets/js/forms.js?ver=4.10.8 HTTP/2" 200 6555 "-" "Mozilla/5.0 AppleWebKit/537.36 (KHTML, like Gecko; compatible; bingbot/2.0; +http://www.bing.com/bingbot.htm) Chrome/100.0.4896.127 Safari/537.36"
193.111.77.77 - - [05/Dec/2025:16:43:49 +0300] "POST /wp-cron.php?doing_wp_cron=1764942229.0397388935089111328125 HTTP/1.1" 200 0 "-" "WordPress/6.9; https://hamza2roues.com"
193.111.77.77 - - [05/Dec/2025:16:44:49 +0300] "POST /wp-cron.php?doing_wp_cron=1764942289.7541189193725585937500 HTTP/1.1" 200 0 "-" "WordPress/6.9; https://hamza2roues.com"
196.178.198.252 - - [05/Dec/2025:16:46:17 +0300] "POST /wp-admin/admin-ajax.php HTTP/1.1" 200 70 "https://hamza2roues.com/wp-admin/admin.php?page=wc-orders" "Mozilla/5.0 (Windows NT 10.0; Win64; x64) AppleWebKit/537.36 (KHTML, like Gecko) Chrome/142.0.0.0 Safari/537.36"
197.238.90.57 - - [05/Dec/2025:16:46:34 +0300] "POST /wp-admin/admin-ajax.php HTTP/1.1" 200 77 "https://hamza2roues.com/product/systeme-dalarme-moto/" "Mozilla/5.0 (Macintosh; Intel Mac OS X 10_15_7) AppleWebKit/537.36 (KHTML, like Gecko) Chrome/142.0.0.0 Safari/537.36"
197.238.90.57 - - [05/Dec/2025:16:46:34 +0300] "POST /wp-admin/admin-ajax.php HTTP/1.1" 200 80 "https://hamza2roues.com/product/autocollant-sticker-uv-3d-honda/" "Mozilla/5.0 (Macintosh; Intel Mac OS X 10_15_7) AppleWebKit/537.36 (KHTML, like Gecko) Chrome/142.0.0.0 Safari/537.36"
193.111.77.77 - - [05/Dec/2025:16:46:51 +0300] "POST /wp-cron.php?doing_wp_cron=1764942411.8340160846710205078125 HTTP/1.1" 200 0 "-" "WordPress/6.9; https://hamza2roues.com"
165.50.17.4 - - [05/Dec/2025:16:47:51 +0300] "POST /wp-json/wp-statistics/v2/online HTTP/1.1" 200 19 "https://hamza2roues.com/?s=ngk&post_type=product" "Mozilla/5.0 (Macintosh; Intel Mac OS X 10_15_7) AppleWebKit/537.36 (KHTML, like Gecko) Chrome/116.0.0.0 Safari/537.36"
165.50.17.4 - - [05/Dec/2025:16:48:52 +0300] "POST /wp-json/wp-statistics/v2/online HTTP/1.1" 200 19 "https://hamza2roues.com/?s=ngk&post_type=product" "Mozilla/5.0 (Macintosh; Intel Mac OS X 10_15_7) AppleWebKit/537.36 (KHTML, like Gecko) Chrome/116.0.0.0 Safari/537.36"
51.68.186.52 - - [05/Dec/2025:16:48:56 +0300] "GET /wp-content/plugins/wpdirectorykit/public/css/animation.css HTTP/2" 301 0 "-" "Mozilla/5.0 (Windows NT 10.0; Win64; x64) AppleWebKit/537.36 (KHTML, like Gecko) Chrome/127.0.0.0 Safari/537.36"
51.68.186.52 - - [05/Dec/2025:16:48:57 +0300] "GET / HTTP/2" 200 403018 "-" "Mozilla/5.0 (Windows NT 10.0; Win64; x64) AppleWebKit/537.36 (KHTML, like Gecko) Chrome/127.0.0.0 Safari/537.36"
114.119.143.177 - - [05/Dec/2025:16:50:09 +0300] "GET /product-category/pieces-moto/partie-cycle/page/7/?per_row=3&per_page=9&shop_view=grid HTTP/1.1" 200 35283 "https://hamza2roues.com/product-category/pieces-moto/partie-cycle/?per_row=3&per_page=9&shop_view=grid" "Mozilla/5.0 (Linux; Android 7.0;) AppleWebKit/537.36 (KHTML, like Gecko) Mobile Safari/537.36 (compatible; PetalBot;+https://webmaster.petalsearch.com/site/petalbot)"
114.119.130.240 - - [05/Dec/2025:16:51:32 +0300] "GET /product-category/pieces-moto/partie-cycle/page/7/?per_page=12&shop_view=grid&per_row=4 HTTP/1.1" 200 35385 "https://hamza2roues.com/product-category/pieces-moto/partie-cycle/page/4?per_page=12&shop_view=grid&per_row=4" "Mozilla/5.0 (Linux; Android 7.0;) AppleWebKit/537.36 (KHTML, like Gecko) Mobile Safari/537.36 (compatible; PetalBot;+https://webmaster.petalsearch.com/site/petalbot)"
197.238.90.57 - - [05/Dec/2025:16:51:35 +0300] "POST /wp-admin/admin-ajax.php HTTP/2" 200 78 "https://hamza2roues.com/product/systeme-dalarme-moto/" "Mozilla/5.0 (Macintosh; Intel Mac OS X 10_15_7) AppleWebKit/537.36 (KHTML, like Gecko) Chrome/142.0.0.0 Safari/537.36"
197.238.90.57 - - [05/Dec/2025:16:51:35 +0300] "POST /wp-admin/admin-ajax.php HTTP/2" 200 79 "https://hamza2roues.com/product/autocollant-sticker-uv-3d-honda/" "Mozilla/5.0 (Macintosh; Intel Mac OS X 10_15_7) AppleWebKit/537.36 (KHTML, like Gecko) Chrome/142.0.0.0 Safari/537.36"
165.50.17.4 - - [05/Dec/2025:16:51:55 +0300] "POST /wp-json/wp-statistics/v2/online HTTP/1.1" 200 19 "https://hamza2roues.com/?s=ngk&post_type=product" "Mozilla/5.0 (Macintosh; Intel Mac OS X 10_15_7) AppleWebKit/537.36 (KHTML, like Gecko) Chrome/116.0.0.0 Safari/537.36"
66.249.66.11 - - [05/Dec/2025:16:52:02 +0300] "GET /wp-content/themes/woodmart/css/parts/woo-opt-free-progress-bar.min.css?ver=8.2.6 HTTP/1.1" 200 258 "https://hamza2roues.com/product/poignee-moto-rizoma/" "Mozilla/5.0 AppleWebKit/537.36 (KHTML, like Gecko; compatible; GoogleOther) Chrome/141.0.7390.122 Safari/537.36"
66.249.76.3 - - [05/Dec/2025:16:52:05 +0300] "GET /wp-content/themes/woodmart/css/parts/woo-mod-block-notices.min.css?ver=8.2.6 HTTP/1.1" 200 584 "https://hamza2roues.com/product/poignee-moto-rizoma/" "Mozilla/5.0 AppleWebKit/537.36 (KHTML, like Gecko; compatible; GoogleOther) Chrome/141.0.7390.122 Safari/537.36"
66.249.76.3 - - [05/Dec/2025:16:52:05 +0300] "GET /wp-content/themes/woodmart-child/style.css?ver=8.2.6 HTTP/1.1" 200 196 "https://hamza2roues.com/product/poignee-moto-rizoma/" "Mozilla/5.0 AppleWebKit/537.36 (KHTML, like Gecko; compatible; GoogleOther) Chrome/141.0.7390.122 Safari/537.36"
66.249.66.11 - - [05/Dec/2025:16:52:06 +0300] "GET /wp-content/themes/woodmart/css/parts/woo-mod-progress-bar.min.css?ver=8.2.6 HTTP/1.1" 200 293 "https://hamza2roues.com/product/poignee-moto-rizoma/" "Mozilla/5.0 AppleWebKit/537.36 (KHTML, like Gecko; compatible; GoogleOther) Chrome/141.0.7390.122 Safari/537.36"
66.249.66.11 - - [05/Dec/2025:16:52:06 +0300] "GET /wp-content/themes/woodmart/css/parts/header-el-search.min.css?ver=8.2.6 HTTP/1.1" 200 413 "https://hamza2roues.com/product/poignee-moto-rizoma/" "Mozilla/5.0 AppleWebKit/537.36 (KHTML, like Gecko; compatible; GoogleOther) Chrome/141.0.7390.122 Safari/537.36"
66.249.76.3 - - [05/Dec/2025:16:52:06 +0300] "GET /wp-content/themes/woodmart/css/parts/wp-blocks.min.css?ver=8.2.6 HTTP/1.1" 200 871 "https://hamza2roues.com/product/poignee-moto-rizoma/" "Mozilla/5.0 AppleWebKit/537.36 (KHTML, like Gecko; compatible; GoogleOther) Chrome/141.0.7390.122 Safari/537.36"
66.249.76.3 - - [05/Dec/2025:16:52:07 +0300] "GET /wp-content/themes/woodmart/css/parts/header-el-cart.min.css?ver=8.2.6 HTTP/1.1" 200 536 "https://hamza2roues.com/product/poignee-moto-rizoma/" "Mozilla/5.0 AppleWebKit/537.36 (KHTML, like Gecko; compatible; GoogleOther) Chrome/141.0.7390.122 Safari/537.36"
66.249.76.3 - - [05/Dec/2025:16:52:07 +0300] "GET /wp-content/themes/woodmart/css/parts/header-el-cart-design-3.min.css?ver=8.2.6 HTTP/1.1" 200 272 "https://hamza2roues.com/product/poignee-moto-rizoma/" "Mozilla/5.0 AppleWebKit/537.36 (KHTML, like Gecko; compatible; GoogleOther) Chrome/141.0.7390.122 Safari/537.36"
66.249.66.11 - - [05/Dec/2025:16:52:08 +0300] "GET /wp-content/themes/woodmart/css/parts/woo-widget-product-list.min.css?ver=8.2.6 HTTP/1.1" 200 293 "https://hamza2roues.com/product/poignee-moto-rizoma/" "Mozilla/5.0 AppleWebKit/537.36 (KHTML, like Gecko; compatible; GoogleOther) Chrome/141.0.7390.122 Safari/537.36"
66.249.66.11 - - [05/Dec/2025:16:52:08 +0300] "GET /wp-content/themes/woodmart/css/parts/el-banner-hover-zoom.min.css?ver=8.2.6 HTTP/1.1" 200 156 "https://hamza2roues.com/product/poignee-moto-rizoma/" "Mozilla/5.0 AppleWebKit/537.36 (KHTML, like Gecko; compatible; GoogleOther) Chrome/141.0.7390.122 Safari/537.36"
193.111.77.77 - - [05/Dec/2025:16:51:56 +0300] "POST /wp-cron.php?doing_wp_cron=1764942716.7099530696868896484375 HTTP/1.1" 200 0 "-" "WordPress/6.9; https://hamza2roues.com"
66.249.66.193 - - [05/Dec/2025:16:52:00 +0300] "GET /wp-content/uploads/order-tracker-by-phone-number/frontend.css?ver=1752416979 HTTP/1.1" 200 590 "https://hamza2roues.com/product/poignee-moto-rizoma/" "Mozilla/5.0 AppleWebKit/537.36 (KHTML, like Gecko; compatible; GoogleOther) Chrome/141.0.7390.122 Safari/537.36"
66.249.66.76 - - [05/Dec/2025:16:52:00 +0300] "GET /wp-content/uploads/elementor/css/custom-frontend.min.css?ver=1759706950 HTTP/1.1" 200 5906 "https://hamza2roues.com/product/poignee-moto-rizoma/" "Mozilla/5.0 AppleWebKit/537.36 (KHTML, like Gecko; compatible; GoogleOther) Chrome/141.0.7390.122 Safari/537.36"
66.249.66.76 - - [05/Dec/2025:16:52:05 +0300] "GET /wp-content/uploads/elementor/css/post-7.css?ver=1759706950 HTTP/1.1" 200 298 "https://hamza2roues.com/product/poignee-moto-rizoma/" "Mozilla/5.0 AppleWebKit/537.36 (KHTML, like Gecko; compatible; GoogleOther) Chrome/141.0.7390.122 Safari/537.36"
66.249.66.194 - - [05/Dec/2025:16:52:07 +0300] "GET /wp-content/themes/woodmart/css/parts/woo-mod-stock-status.min.css?ver=8.2.6 HTTP/1.1" 200 334 "https://hamza2roues.com/product/poignee-moto-rizoma/" "Mozilla/5.0 AppleWebKit/537.36 (KHTML, like Gecko; compatible; GoogleOther) Chrome/141.0.7390.122 Safari/537.36"
66.249.76.2 - - [05/Dec/2025:16:52:08 +0300] "GET /wp-content/themes/woodmart/css/parts/woo-widget-shopping-cart.min.css?ver=8.2.6 HTTP/1.1" 200 1130 "https://hamza2roues.com/product/poignee-moto-rizoma/" "Mozilla/5.0 AppleWebKit/537.36 (KHTML, like Gecko; compatible; GoogleOther) Chrome/141.0.7390.122 Safari/537.36"
66.249.76.2 - - [05/Dec/2025:16:52:08 +0300] "GET /wp-content/themes/woodmart/css/parts/lib-swiper.min.css?ver=8.2.6 HTTP/1.1" 200 488 "https://hamza2roues.com/product/poignee-moto-rizoma/" "Mozilla/5.0 AppleWebKit/537.36 (KHTML, like Gecko; compatible; GoogleOther) Chrome/141.0.7390.122 Safari/537.36"
66.249.66.33 - - [05/Dec/2025:16:52:08 +0300] "GET /wp-content/themes/woodmart/css/parts/woo-single-prod-el-gallery.min.css?ver=8.2.6 HTTP/1.1" 200 1183 "https://hamza2roues.com/product/poignee-moto-rizoma/" "Mozilla/5.0 AppleWebKit/537.36 (KHTML, like Gecko; compatible; GoogleOther) Chrome/141.0.7390.122 Safari/537.36"
66.249.76.2 - - [05/Dec/2025:16:52:09 +0300] "GET /wp-content/themes/woodmart/css/parts/el-section-title.min.css?ver=8.2.6 HTTP/1.1" 200 460 "https://hamza2roues.com/product/poignee-moto-rizoma/" "Mozilla/5.0 AppleWebKit/537.36 (KHTML, like Gecko; compatible; GoogleOther) Chrome/141.0.7390.122 Safari/537.36"
66.249.76.2 - - [05/Dec/2025:16:52:10 +0300] "GET /wp-content/themes/woodmart/css/parts/opt-widget-collapse.min.css?ver=8.2.6 HTTP/1.1" 200 355 "https://hamza2roues.com/product/poignee-moto-rizoma/" "Mozilla/5.0 AppleWebKit/537.36 (KHTML, like Gecko; compatible; GoogleOther) Chrome/141.0.7390.122 Safari/537.36"
66.249.76.2 - - [05/Dec/2025:16:52:10 +0300] "GET /wp-content/themes/woodmart/css/parts/wd-search-form.min.css?ver=8.2.6 HTTP/1.1" 200 602 "https://hamza2roues.com/product/poignee-moto-rizoma/" "Mozilla/5.0 AppleWebKit/537.36 (KHTML, like Gecko; compatible; GoogleOther) Chrome/141.0.7390.122 Safari/537.36"
66.249.66.33 - - [05/Dec/2025:16:52:10 +0300] "GET /wp-content/uploads/elementor/css/post-844.css?ver=1759707170 HTTP/1.1" 200 1101 "https://hamza2roues.com/product/poignee-moto-rizoma/" "Mozilla/5.0 AppleWebKit/537.36 (KHTML, like Gecko; compatible; GoogleOther) Chrome/141.0.7390.122 Safari/537.36"
66.249.76.2 - - [05/Dec/2025:16:52:10 +0300] "GET /wp-content/themes/woodmart/css/parts/wd-search-results.min.css?ver=8.2.6 HTTP/1.1" 200 735 "https://hamza2roues.com/product/poignee-moto-rizoma/" "Mozilla/5.0 AppleWebKit/537.36 (KHTML, like Gecko; compatible; GoogleOther) Chrome/141.0.7390.122 Safari/537.36"
114.119.130.240 - - [05/Dec/2025:16:45:57 +0300] "GET /product-category/pieces-moto/partie-cycle/page/9/?per_row=2&per_page=9&shop_view=grid HTTP/1.1" 200 35289 "https://hamza2roues.com/product-category/pieces-moto/partie-cycle/page/1/?per_row=2&per_page=9&shop_view=grid" "Mozilla/5.0 (Linux; Android 7.0;) AppleWebKit/537.36 (KHTML, like Gecko) Mobile Safari/537.36 (compatible; PetalBot;+https://webmaster.petalsearch.com/site/petalbot)"
193.111.77.77 - - [05/Dec/2025:16:48:20 +0300] "POST /wp-cron.php?doing_wp_cron=1764942500.5160439014434814453125 HTTP/1.1" 200 0 "-" "WordPress/6.9; https://hamza2roues.com"
154.53.48.99 - - [05/Dec/2025:16:49:08 +0300] "GET /wp-login.php HTTP/2" 200 4289 "-" "Mozilla/5.0 (Windows NT 6.3; Win64; x64; Trident/7.0; MDDCJS; rv:11.0) like Gecko"
154.53.48.99 - - [05/Dec/2025:16:49:14 +0300] "POST /wp-login.php HTTP/2" 503 6714 "https://hamza2roues.com/wp-login.php" "Mozilla/5.0 (Windows NT 6.3; Win64; x64; Trident/7.0; MDDCJS; rv:11.0) like Gecko"
197.238.90.57 - - [05/Dec/2025:16:49:35 +0300] "POST /wp-admin/admin-ajax.php HTTP/2" 200 80 "https://hamza2roues.com/product/autocollant-sticker-uv-3d-honda/" "Mozilla/5.0 (Macintosh; Intel Mac OS X 10_15_7) AppleWebKit/537.36 (KHTML, like Gecko) Chrome/142.0.0.0 Safari/537.36"
197.238.90.57 - - [05/Dec/2025:16:49:35 +0300] "POST /wp-admin/admin-ajax.php HTTP/2" 200 78 "https://hamza2roues.com/product/systeme-dalarme-moto/" "Mozilla/5.0 (Macintosh; Intel Mac OS X 10_15_7) AppleWebKit/537.36 (KHTML, like Gecko) Chrome/142.0.0.0 Safari/537.36"
193.111.77.77 - - [05/Dec/2025:16:50:11 +0300] "POST /wp-cron.php?doing_wp_cron=1764942611.3840410709381103515625 HTTP/1.1" 200 0 "-" "WordPress/6.9; https://hamza2roues.com"
193.111.77.77 - - [05/Dec/2025:16:50:55 +0300] "POST /wp-cron.php?doing_wp_cron=1764942655.8060820102691650390625 HTTP/1.1" 200 0 "-" "WordPress/6.9; https://hamza2roues.com"
72.14.201.102 - - [05/Dec/2025:16:51:20 +0300] "GET /product/vilebrequin-yamaha-booster-crank-shaft/ HTTP/2" 200 34224 "https://www.google.com/" "Mozilla/5.0 (Linux; Android 10; K) AppleWebKit/537.36 (KHTML, like Gecko) Chrome/142.0.0.0 Mobile Safari/537.36"
66.249.66.74 - - [05/Dec/2025:16:52:00 +0300] "GET /wp-content/themes/woodmart/css/parts/mod-star-rating.min.css?ver=8.2.6 HTTP/1.1" 200 199 "https://hamza2roues.com/product/poignee-moto-rizoma/" "Mozilla/5.0 AppleWebKit/537.36 (KHTML, like Gecko; compatible; GoogleOther) Chrome/141.0.7390.122 Safari/537.36"
66.249.66.33 - - [05/Dec/2025:16:52:03 +0300] "GET /wp-content/plugins/wp-whatsapp/assets/dist/css/style.css?ver=6.8.3 HTTP/1.1" 200 4361 "https://hamza2roues.com/product/poignee-moto-rizoma/" "Mozilla/5.0 AppleWebKit/537.36 (KHTML, like Gecko; compatible; GoogleOther) Chrome/141.0.7390.122 Safari/537.36"
66.249.66.165 - - [05/Dec/2025:16:52:06 +0300] "GET /wp-content/themes/woodmart/css/parts/mod-tools.min.css?ver=8.2.6 HTTP/1.1" 200 852 "https://hamza2roues.com/product/poignee-moto-rizoma/" "Mozilla/5.0 AppleWebKit/537.36 (KHTML, like Gecko; compatible; GoogleOther) Chrome/141.0.7390.122 Safari/537.36"
66.249.66.165 - - [05/Dec/2025:16:52:08 +0300] "GET /wp-content/themes/woodmart/css/parts/woo-mod-swatches-base.min.css?ver=8.2.6 HTTP/1.1" 200 657 "https://hamza2roues.com/product/poignee-moto-rizoma/" "Mozilla/5.0 AppleWebKit/537.36 (KHTML, like Gecko; compatible; GoogleOther) Chrome/141.0.7390.122 Safari/537.36"
66.249.66.34 - - [05/Dec/2025:16:52:08 +0300] "GET /wp-content/themes/woodmart/css/parts/header-el-search-form.min.css?ver=8.2.6 HTTP/1.1" 200 266 "https://hamza2roues.com/product/poignee-moto-rizoma/" "Mozilla/5.0 AppleWebKit/537.36 (KHTML, like Gecko; compatible; GoogleOther) Chrome/141.0.7390.122 Safari/537.36"
66.249.66.165 - - [05/Dec/2025:16:52:11 +0300] "GET /wp-content/uploads/2025/09/xts-theme_settings_default-1758235633.css?ver=8.2.6 HTTP/1.1" 301 0 "https://hamza2roues.com/product/poignee-moto-rizoma/" "Mozilla/5.0 AppleWebKit/537.36 (KHTML, like Gecko; compatible; GoogleOther) Chrome/141.0.7390.122 Safari/537.36"
66.249.76.2 - - [05/Dec/2025:16:52:11 +0300] "GET /wp-content/themes/woodmart/css/parts/woo-single-prod-el-tabs-opt-layout-tabs.min.css?ver=8.2.6 HTTP/1.1" 200 217 "https://hamza2roues.com/product/poignee-moto-rizoma/" "Mozilla/5.0 AppleWebKit/537.36 (KHTML, like Gecko; compatible; GoogleOther) Chrome/141.0.7390.122 Safari/537.36"
66.249.66.33 - - [05/Dec/2025:16:52:11 +0300] "GET /wp-content/themes/woodmart/css/parts/woo-opt-products-bg.min.css?ver=8.2.6 HTTP/1.1" 200 124 "https://hamza2roues.com/product/poignee-moto-rizoma/" "Mozilla/5.0 AppleWebKit/537.36 (KHTML, like Gecko; compatible; GoogleOther) Chrome/141.0.7390.122 Safari/537.36"
66.249.66.33 - - [05/Dec/2025:16:52:11 +0300] "GET /wp-content/themes/woodmart/css/parts/woo-el-breadcrumbs-builder.min.css?ver=8.2.6 HTTP/1.1" 200 149 "https://hamza2roues.com/product/poignee-moto-rizoma/" "Mozilla/5.0 AppleWebKit/537.36 (KHTML, like Gecko; compatible; GoogleOther) Chrome/141.0.7390.122 Safari/537.36"
66.249.76.2 - - [05/Dec/2025:16:52:12 +0300] "GET /wp-content/themes/woodmart/css/parts/opt-bottom-toolbar.min.css?ver=8.2.6 HTTP/1.1" 200 620 "https://hamza2roues.com/product/poignee-moto-rizoma/" "Mozilla/5.0 AppleWebKit/537.36 (KHTML, like Gecko; compatible; GoogleOther) Chrome/141.0.7390.122 Safari/537.36"
66.249.66.33 - - [05/Dec/2025:16:52:13 +0300] "GET /wp-content/themes/woodmart/css/parts/woo-single-prod-builder.min.css?ver=8.2.6 HTTP/1.1" 200 753 "https://hamza2roues.com/product/poignee-moto-rizoma/" "Mozilla/5.0 AppleWebKit/537.36 (KHTML, like Gecko; compatible; GoogleOther) Chrome/141.0.7390.122 Safari/537.36"
66.249.76.2 - - [05/Dec/2025:16:52:13 +0300] "GET /wp-content/themes/woodmart/css/parts/el-button.min.css?ver=8.2.6 HTTP/1.1" 200 501 "https://hamza2roues.com/product/poignee-moto-rizoma/" "Mozilla/5.0 AppleWebKit/537.36 (KHTML, like Gecko; compatible; GoogleOther) Chrome/141.0.7390.122 Safari/537.36"
66.249.76.2 - - [05/Dec/2025:16:52:14 +0300] "GET /wp-content/themes/woodmart/css/parts/woo-single-prod-el-navigation.min.css?ver=8.2.6 HTTP/1.1" 200 356 "https://hamza2roues.com/product/poignee-moto-rizoma/" "Mozilla/5.0 AppleWebKit/537.36 (KHTML, like Gecko; compatible; GoogleOther) Chrome/141.0.7390.122 Safari/537.36"
102.159.103.128 - - [05/Dec/2025:16:52:14 +0300] "GET /wp-content/uploads/2025/09/8BJbX9PIRs00TM8BNfxS0sydvvah6SJ6aTEdiUly.jpg HTTP/2" 200 50313 "https://myactivity.google.com/" "Mozilla/5.0 (iPhone; CPU iPhone OS 18_5_0 like Mac OS X) AppleWebKit/605.1.15 (KHTML, like Gecko) GSA/385.0.802777482 Mobile/15E148 Safari/604.1"
66.249.66.33 - - [05/Dec/2025:16:52:14 +0300] "GET /wp-content/themes/woodmart/css/parts/el-tabs.min.css?ver=8.2.6 HTTP/1.1" 200 1084 "https://hamza2roues.com/product/poignee-moto-rizoma/" "Mozilla/5.0 AppleWebKit/537.36 (KHTML, like Gecko; compatible; GoogleOther) Chrome/141.0.7390.122 Safari/537.36"
66.249.76.2 - - [05/Dec/2025:16:52:14 +0300] "GET /wp-content/themes/woodmart/css/parts/header-el-mobile-nav-dropdown.min.css?ver=8.2.6 HTTP/1.1" 200 90 "https://hamza2roues.com/product/poignee-moto-rizoma/" "Mozilla/5.0 AppleWebKit/537.36 (KHTML, like Gecko; compatible; GoogleOther) Chrome/141.0.7390.122 Safari/537.36"
66.249.76.2 - - [05/Dec/2025:16:52:14 +0300] "GET /wp-content/themes/woodmart/css/parts/woo-opt-visits-count.min.css?ver=8.2.6 HTTP/1.1" 200 154 "https://hamza2roues.com/product/poignee-moto-rizoma/" "Mozilla/5.0 AppleWebKit/537.36 (KHTML, like Gecko; compatible; GoogleOther) Chrome/141.0.7390.122 Safari/537.36"
66.249.76.2 - - [05/Dec/2025:16:52:15 +0300] "GET /wp-content/plugins/woocommerce/assets/js/jquery-blockui/jquery.blockUI.min.js?ver=2.7.0-wc.10.2.2 HTTP/1.1" 200 3080 "https://hamza2roues.com/product/poignee-moto-rizoma/" "Mozilla/5.0 AppleWebKit/537.36 (KHTML, like Gecko; compatible; GoogleOther) Chrome/141.0.7390.122 Safari/537.36"
66.249.66.33 - - [05/Dec/2025:16:52:16 +0300] "GET /wp-content/themes/woodmart/css/parts/lib-magnific-popup.min.css?ver=8.2.6 HTTP/1.1" 200 688 "https://hamza2roues.com/product/poignee-moto-rizoma/" "Mozilla/5.0 AppleWebKit/537.36 (KHTML, like Gecko; compatible; GoogleOther) Chrome/141.0.7390.122 Safari/537.36"
66.249.76.2 - - [05/Dec/2025:16:52:17 +0300] "GET /wp-includes/js/mediaelement/mediaelementplayer-legacy.min.css?ver=4.2.17 HTTP/1.1" 200 2204 "https://hamza2roues.com/product/poignee-moto-rizoma/" "Mozilla/5.0 AppleWebKit/537.36 (KHTML, like Gecko; compatible; GoogleOther) Chrome/141.0.7390.122 Safari/537.36"
66.249.66.33 - - [05/Dec/2025:16:52:17 +0300] "GET /wp-content/themes/woodmart/css/parts/int-elem-base.min.css?ver=8.2.6 HTTP/1.1" 200 1261 "https://hamza2roues.com/product/poignee-moto-rizoma/" "Mozilla/5.0 AppleWebKit/537.36 (KHTML, like Gecko; compatible; GoogleOther) Chrome/141.0.7390.122 Safari/537.36"
66.249.76.2 - - [05/Dec/2025:16:52:18 +0300] "GET /wp-content/themes/woodmart/css/parts/woo-mod-shop-attributes.min.css?ver=8.2.6 HTTP/1.1" 200 345 "https://hamza2roues.com/product/poignee-moto-rizoma/" "Mozilla/5.0 AppleWebKit/537.36 (KHTML, like Gecko; compatible; GoogleOther) Chrome/141.0.7390.122 Safari/537.36"
66.249.76.2 - - [05/Dec/2025:16:52:18 +0300] "GET /wp-content/themes/woodmart/css/parts/woo-single-prod-el-gallery-opt-thumb-left-desktop.min.css?ver=8.2.6 HTTP/1.1" 200 475 "https://hamza2roues.com/product/poignee-moto-rizoma/" "Mozilla/5.0 AppleWebKit/537.36 (KHTML, like Gecko; compatible; GoogleOther) Chrome/141.0.7390.122 Safari/537.36"
66.249.76.2 - - [05/Dec/2025:16:52:18 +0300] "GET /wp-content/themes/woodmart/css/parts/woo-mod-add-btn-replace.min.css?ver=8.2.6 HTTP/1.1" 200 445 "https://hamza2roues.com/product/poignee-moto-rizoma/" "Mozilla/5.0 AppleWebKit/537.36 (KHTML, like Gecko; compatible; GoogleOther) Chrome/141.0.7390.122 Safari/537.36"
66.249.66.33 - - [05/Dec/2025:16:52:18 +0300] "GET /wp-content/themes/woodmart/css/parts/woo-opt-stretch-cont.min.css?ver=8.2.6 HTTP/1.1" 200 233 "https://hamza2roues.com/product/poignee-moto-rizoma/" "Mozilla/5.0 AppleWebKit/537.36 (KHTML, like Gecko; compatible; GoogleOther) Chrome/141.0.7390.122 Safari/537.36"
66.249.66.33 - - [05/Dec/2025:16:52:19 +0300] "GET /wp-content/themes/woodmart/css/parts/footer-base.min.css?ver=8.2.6 HTTP/1.1" 200 325 "https://hamza2roues.com/product/poignee-moto-rizoma/" "Mozilla/5.0 AppleWebKit/537.36 (KHTML, like Gecko; compatible; GoogleOther) Chrome/141.0.7390.122 Safari/537.36"
66.249.76.2 - - [05/Dec/2025:16:52:19 +0300] "GET /wp-content/themes/woodmart/css/parts/opt-scrolltotop.min.css?ver=8.2.6 HTTP/1.1" 200 316 "https://hamza2roues.com/product/poignee-moto-rizoma/" "Mozilla/5.0 AppleWebKit/537.36 (KHTML, like Gecko; compatible; GoogleOther) Chrome/141.0.7390.122 Safari/537.36"
66.249.66.33 - - [05/Dec/2025:16:52:19 +0300] "GET /wp-content/themes/woodmart/css/parts/mod-nav-menu-label.min.css?ver=8.2.6 HTTP/1.1" 200 335 "https://hamza2roues.com/product/poignee-moto-rizoma/" "Mozilla/5.0 AppleWebKit/537.36 (KHTML, like Gecko; compatible; GoogleOther) Chrome/141.0.7390.122 Safari/537.36"
66.249.76.2 - - [05/Dec/2025:16:52:20 +0300] "GET /wp-content/plugins/jetpack/jetpack_vendor/automattic/jetpack-forms/dist/modules/form/view.js?ver=14.8 HTTP/1.1" 200 2406 "https://hamza2roues.com/product/poignee-moto-rizoma/" "Mozilla/5.0 AppleWebKit/537.36 (KHTML, like Gecko; compatible; GoogleOther) Chrome/141.0.7390.122 Safari/537.36"
66.249.76.2 - - [05/Dec/2025:16:52:20 +0300] "GET /wp-content/themes/woodmart/css/parts/woo-opt-title-limit.min.css?ver=8.2.6 HTTP/1.1" 200 118 "https://hamza2roues.com/product/poignee-moto-rizoma/" "Mozilla/5.0 AppleWebKit/537.36 (KHTML, like Gecko; compatible; GoogleOther) Chrome/141.0.7390.122 Safari/537.36"
66.249.66.11 - - [05/Dec/2025:16:52:09 +0300] "GET /wp-content/themes/woodmart/css/parts/el-banner-btn-hover.min.css?ver=8.2.6 HTTP/1.1" 200 325 "https://hamza2roues.com/product/poignee-moto-rizoma/" "Mozilla/5.0 AppleWebKit/537.36 (KHTML, like Gecko; compatible; GoogleOther) Chrome/141.0.7390.122 Safari/537.36"
66.249.66.11 - - [05/Dec/2025:16:52:09 +0300] "GET /wp-content/themes/woodmart/css/parts/wd-search-dropdown.min.css?ver=8.2.6 HTTP/1.1" 200 542 "https://hamza2roues.com/product/poignee-moto-rizoma/" "Mozilla/5.0 AppleWebKit/537.36 (KHTML, like Gecko; compatible; GoogleOther) Chrome/141.0.7390.122 Safari/537.36"
66.249.66.11 - - [05/Dec/2025:16:52:09 +0300] "GET /wp-content/themes/woodmart/css/parts/el-brand.min.css?ver=8.2.6 HTTP/1.1" 200 393 "https://hamza2roues.com/product/poignee-moto-rizoma/" "Mozilla/5.0 AppleWebKit/537.36 (KHTML, like Gecko; compatible; GoogleOther) Chrome/141.0.7390.122 Safari/537.36"
66.249.66.74 - - [05/Dec/2025:16:52:12 +0300] "GET /wp-content/themes/woodmart/css/parts/el-info-box.min.css?ver=8.2.6 HTTP/1.1" 200 935 "https://hamza2roues.com/product/poignee-moto-rizoma/" "Mozilla/5.0 AppleWebKit/537.36 (KHTML, like Gecko; compatible; GoogleOther) Chrome/141.0.7390.122 Safari/537.36"
66.249.66.11 - - [05/Dec/2025:16:52:12 +0300] "GET /wp-content/themes/woodmart/css/parts/woo-product-loop-quick.min.css?ver=8.2.6 HTTP/1.1" 200 569 "https://hamza2roues.com/product/poignee-moto-rizoma/" "Mozilla/5.0 AppleWebKit/537.36 (KHTML, like Gecko; compatible; GoogleOther) Chrome/141.0.7390.122 Safari/537.36"
66.249.66.11 - - [05/Dec/2025:16:52:13 +0300] "GET /wp-content/themes/woodmart/css/parts/header-el-base.min.css?ver=8.2.6 HTTP/1.1" 200 325 "https://hamza2roues.com/product/poignee-moto-rizoma/" "Mozilla/5.0 AppleWebKit/537.36 (KHTML, like Gecko; compatible; GoogleOther) Chrome/141.0.7390.122 Safari/537.36"
66.249.66.74 - - [05/Dec/2025:16:52:15 +0300] "GET /wp-content/themes/woodmart/css/parts/int-wordfence.min.css?ver=8.2.6 HTTP/1.1" 200 167 "https://hamza2roues.com/product/poignee-moto-rizoma/" "Mozilla/5.0 AppleWebKit/537.36 (KHTML, like Gecko; compatible; GoogleOther) Chrome/141.0.7390.122 Safari/537.36"
66.249.66.74 - - [05/Dec/2025:16:52:15 +0300] "GET /wp-includes/js/jquery/jquery-migrate.min.js?ver=3.4.1 HTTP/1.1" 200 4344 "https://hamza2roues.com/product/poignee-moto-rizoma/" "Mozilla/5.0 AppleWebKit/537.36 (KHTML, like Gecko; compatible; GoogleOther) Chrome/141.0.7390.122 Safari/537.36"
66.249.66.11 - - [05/Dec/2025:16:52:15 +0300] "GET /wp-content/themes/woodmart/css/parts/el-text-block.min.css?ver=8.2.6 HTTP/1.1" 200 99 "https://hamza2roues.com/product/poignee-moto-rizoma/" "Mozilla/5.0 AppleWebKit/537.36 (KHTML, like Gecko; compatible; GoogleOther) Chrome/141.0.7390.122 Safari/537.36"
66.249.66.11 - - [05/Dec/2025:16:52:16 +0300] "GET /wp-content/themes/woodmart/css/parts/helpers-wpb-elem.min.css?ver=8.2.6 HTTP/1.1" 200 275 "https://hamza2roues.com/product/poignee-moto-rizoma/" "Mozilla/5.0 AppleWebKit/537.36 (KHTML, like Gecko; compatible; GoogleOther) Chrome/141.0.7390.122 Safari/537.36"
66.249.66.11 - - [05/Dec/2025:16:52:17 +0300] "GET /wp-content/themes/woodmart/css/parts/lib-swiper-arrows.min.css?ver=8.2.6 HTTP/1.1" 200 685 "https://hamza2roues.com/product/poignee-moto-rizoma/" "Mozilla/5.0 AppleWebKit/537.36 (KHTML, like Gecko; compatible; GoogleOther) Chrome/141.0.7390.122 Safari/537.36"
66.249.66.11 - - [05/Dec/2025:16:52:18 +0300] "GET /wp-content/themes/woodmart/css/parts/woo-mod-product-info.min.css?ver=8.2.6 HTTP/1.1" 200 266 "https://hamza2roues.com/product/poignee-moto-rizoma/" "Mozilla/5.0 AppleWebKit/537.36 (KHTML, like Gecko; compatible; GoogleOther) Chrome/141.0.7390.122 Safari/537.36"
66.249.66.11 - - [05/Dec/2025:16:52:21 +0300] "GET /wp-includes/js/jquery/jquery.min.js?ver=3.7.1 HTTP/1.1" 200 27470 "https://hamza2roues.com/product/poignee-moto-rizoma/" "Mozilla/5.0 AppleWebKit/537.36 (KHTML, like Gecko; compatible; GoogleOther) Chrome/141.0.7390.122 Safari/537.36"
66.249.66.165 - - [05/Dec/2025:16:52:13 +0300] "GET /wp-content/uploads/2025/08/IMG_3037-1-Photoroom-600x600.png HTTP/1.1" 200 54020 "https://hamza2roues.com/product/poignee-moto-rizoma/" "Mozilla/5.0 AppleWebKit/537.36 (KHTML, like Gecko; compatible; GoogleOther) Chrome/141.0.7390.122 Safari/537.36"
66.249.66.165 - - [05/Dec/2025:16:52:14 +0300] "GET /wp-content/plugins/woocommerce/assets/js/js-cookie/js.cookie.min.js?ver=2.1.4-wc.10.2.2 HTTP/1.1" 200 719 "https://hamza2roues.com/product/poignee-moto-rizoma/" "Mozilla/5.0 AppleWebKit/537.36 (KHTML, like Gecko; compatible; GoogleOther) Chrome/141.0.7390.122 Safari/537.36"
66.249.66.165 - - [05/Dec/2025:16:52:15 +0300] "GET /wp-content/themes/woodmart/css/parts/woo-product-loop.min.css?ver=8.2.6 HTTP/1.1" 200 1436 "https://hamza2roues.com/product/poignee-moto-rizoma/" "Mozilla/5.0 AppleWebKit/537.36 (KHTML, like Gecko; compatible; GoogleOther) Chrome/141.0.7390.122 Safari/537.36"
66.249.66.165 - - [05/Dec/2025:16:52:16 +0300] "GET /wp-includes/js/mediaelement/wp-mediaelement.min.css?ver=6.8.3 HTTP/1.1" 200 915 "https://hamza2roues.com/product/poignee-moto-rizoma/" "Mozilla/5.0 AppleWebKit/537.36 (KHTML, like Gecko; compatible; GoogleOther) Chrome/141.0.7390.122 Safari/537.36"
66.249.66.193 - - [05/Dec/2025:16:52:16 +0300] "GET /wp-content/themes/woodmart/js/scripts/global/scrollBar.min.js?ver=8.2.6 HTTP/1.1" 200 138 "https://hamza2roues.com/product/poignee-moto-rizoma/" "Mozilla/5.0 AppleWebKit/537.36 (KHTML, like Gecko; compatible; GoogleOther) Chrome/141.0.7390.122 Safari/537.36"
66.249.66.165 - - [05/Dec/2025:16:52:17 +0300] "GET /wp-content/themes/woodmart/css/parts/base.min.css?ver=8.2.6 HTTP/1.1" 200 8633 "https://hamza2roues.com/product/poignee-moto-rizoma/" "Mozilla/5.0 AppleWebKit/537.36 (KHTML, like Gecko; compatible; GoogleOther) Chrome/141.0.7390.122 Safari/537.36"
66.249.66.165 - - [05/Dec/2025:16:52:17 +0300] "GET /wp-content/themes/woodmart/css/parts/woo-opt-est-del.min.css?ver=8.2.6 HTTP/1.1" 200 179 "https://hamza2roues.com/product/poignee-moto-rizoma/" "Mozilla/5.0 AppleWebKit/537.36 (KHTML, like Gecko; compatible; GoogleOther) Chrome/141.0.7390.122 Safari/537.36"
66.249.66.193 - - [05/Dec/2025:16:52:19 +0300] "GET /wp-content/themes/woodmart/css/parts/el-banner.min.css?ver=8.2.6 HTTP/1.1" 200 594 "https://hamza2roues.com/product/poignee-moto-rizoma/" "Mozilla/5.0 AppleWebKit/537.36 (KHTML, like Gecko; compatible; GoogleOther) Chrome/141.0.7390.122 Safari/537.36"
66.249.66.165 - - [05/Dec/2025:16:52:20 +0300] "GET /wp-includes/js/dist/script-modules/interactivity/index.min.js?ver=55aebb6e0a16726baffb HTTP/1.1" 200 13628 "https://hamza2roues.com/product/poignee-moto-rizoma/" "Mozilla/5.0 AppleWebKit/537.36 (KHTML, like Gecko; compatible; GoogleOther) Chrome/141.0.7390.122 Safari/537.36"
66.249.66.165 - - [05/Dec/2025:16:52:20 +0300] "GET /wp-content/themes/woodmart/css/parts/post-types-mod-comments.min.css?ver=8.2.6 HTTP/1.1" 200 1018 "https://hamza2roues.com/product/poignee-moto-rizoma/" "Mozilla/5.0 AppleWebKit/537.36 (KHTML, like Gecko; compatible; GoogleOther) Chrome/141.0.7390.122 Safari/537.36"
66.249.66.193 - - [05/Dec/2025:16:52:20 +0300] "GET /wp-content/themes/woodmart/css/parts/woo-mod-product-labels.min.css?ver=8.2.6 HTTP/1.1" 200 363 "https://hamza2roues.com/product/poignee-moto-rizoma/" "Mozilla/5.0 AppleWebKit/537.36 (KHTML, like Gecko; compatible; GoogleOther) Chrome/141.0.7390.122 Safari/537.36"
66.249.66.193 - - [05/Dec/2025:16:52:21 +0300] "GET /wp-content/themes/woodmart/css/parts/woocommerce-base.min.css?ver=8.2.6 HTTP/1.1" 200 1492 "https://hamza2roues.com/product/poignee-moto-rizoma/" "Mozilla/5.0 AppleWebKit/537.36 (KHTML, like Gecko; compatible; GoogleOther) Chrome/141.0.7390.122 Safari/537.36"
66.249.66.165 - - [05/Dec/2025:16:52:22 +0300] "GET /wp-content/themes/woodmart/css/parts/header-el-cart-side.min.css?ver=8.2.6 HTTP/1.1" 200 287 "https://hamza2roues.com/product/poignee-moto-rizoma/" "Mozilla/5.0 AppleWebKit/537.36 (KHTML, like Gecko; compatible; GoogleOther) Chrome/141.0.7390.122 Safari/537.36"
197.244.82.246 - - [05/Dec/2025:16:48:19 +0300] "POST /wp-admin/admin-ajax.php HTTP/2" 200 80 "https://hamza2roues.com/product/dosseret-moto-universel-takeya/" "Mozilla/5.0 (Windows NT 10.0; Win64; x64) AppleWebKit/537.36 (KHTML, like Gecko) Chrome/142.0.0.0 Safari/537.36"
197.238.90.57 - - [05/Dec/2025:16:48:35 +0300] "POST /wp-admin/admin-ajax.php HTTP/2" 200 77 "https://hamza2roues.com/product/systeme-dalarme-moto/" "Mozilla/5.0 (Macintosh; Intel Mac OS X 10_15_7) AppleWebKit/537.36 (KHTML, like Gecko) Chrome/142.0.0.0 Safari/537.36"
197.238.90.57 - - [05/Dec/2025:16:48:35 +0300] "POST /wp-admin/admin-ajax.php HTTP/2" 200 80 "https://hamza2roues.com/product/autocollant-sticker-uv-3d-honda/" "Mozilla/5.0 (Macintosh; Intel Mac OS X 10_15_7) AppleWebKit/537.36 (KHTML, like Gecko) Chrome/142.0.0.0 Safari/537.36"
193.111.77.77 - - [05/Dec/2025:16:48:46 +0300] "POST /wp-cron.php?doing_wp_cron=1764942526.4523079395294189453125 HTTP/1.1" 200 0 "-" "WordPress/6.9; https://hamza2roues.com"
197.244.82.246 - - [05/Dec/2025:16:49:19 +0300] "POST /wp-admin/admin-ajax.php HTTP/2" 200 80 "https://hamza2roues.com/product/dosseret-moto-universel-takeya/" "Mozilla/5.0 (Windows NT 10.0; Win64; x64) AppleWebKit/537.36 (KHTML, like Gecko) Chrome/142.0.0.0 Safari/537.36"
193.111.77.77 - - [05/Dec/2025:16:49:55 +0300] "POST /wp-cron.php?doing_wp_cron=1764942595.0928189754486083984375 HTTP/1.1" 200 0 "-" "WordPress/6.9; https://hamza2roues.com"
165.50.17.4 - - [05/Dec/2025:16:49:53 +0300] "POST /wp-json/wp-statistics/v2/online HTTP/1.1" 200 19 "https://hamza2roues.com/?s=ngk&post_type=product" "Mozilla/5.0 (Macintosh; Intel Mac OS X 10_15_7) AppleWebKit/537.36 (KHTML, like Gecko) Chrome/116.0.0.0 Safari/537.36"
197.244.82.246 - - [05/Dec/2025:16:50:19 +0300] "POST /wp-admin/admin-ajax.php HTTP/2" 200 80 "https://hamza2roues.com/product/dosseret-moto-universel-takeya/" "Mozilla/5.0 (Windows NT 10.0; Win64; x64) AppleWebKit/537.36 (KHTML, like Gecko) Chrome/142.0.0.0 Safari/537.36"
197.244.82.246 - - [05/Dec/2025:16:51:19 +0300] "POST /wp-admin/admin-ajax.php HTTP/2" 200 80 "https://hamza2roues.com/product/dosseret-moto-universel-takeya/" "Mozilla/5.0 (Windows NT 10.0; Win64; x64) AppleWebKit/537.36 (KHTML, like Gecko) Chrome/142.0.0.0 Safari/537.36"
66.249.66.75 - - [05/Dec/2025:16:52:05 +0300] "GET /wp-includes/css/dist/block-library/style.min.css?ver=6.8.3 HTTP/1.1" 200 13607 "https://hamza2roues.com/product/poignee-moto-rizoma/" "Mozilla/5.0 AppleWebKit/537.36 (KHTML, like Gecko; compatible; GoogleOther) Chrome/141.0.7390.122 Safari/537.36"
66.249.66.75 - - [05/Dec/2025:16:52:06 +0300] "GET /wp-content/themes/woodmart/css/parts/woo-single-prod-el-base.min.css?ver=8.2.6 HTTP/1.1" 200 367 "https://hamza2roues.com/product/poignee-moto-rizoma/" "Mozilla/5.0 AppleWebKit/537.36 (KHTML, like Gecko; compatible; GoogleOther) Chrome/141.0.7390.122 Safari/537.36"
66.249.66.193 - - [05/Dec/2025:16:52:08 +0300] "GET /wp-content/themes/woodmart/css/parts/woo-mod-quantity.min.css?ver=8.2.6 HTTP/1.1" 200 394 "https://hamza2roues.com/product/poignee-moto-rizoma/" "Mozilla/5.0 AppleWebKit/537.36 (KHTML, like Gecko; compatible; GoogleOther) Chrome/141.0.7390.122 Safari/537.36"
197.244.82.246 - - [05/Dec/2025:16:52:19 +0300] "POST /wp-admin/admin-ajax.php HTTP/2" 200 80 "https://hamza2roues.com/product/dosseret-moto-universel-takeya/" "Mozilla/5.0 (Windows NT 10.0; Win64; x64) AppleWebKit/537.36 (KHTML, like Gecko) Chrome/142.0.0.0 Safari/537.36"
196.178.198.252 - - [05/Dec/2025:16:52:22 +0300] "POST /wp-admin/admin-ajax.php HTTP/2" 200 70 "https://hamza2roues.com/wp-admin/admin.php?page=wc-orders" "Mozilla/5.0 (Windows NT 10.0; Win64; x64) AppleWebKit/537.36 (KHTML, like Gecko) Chrome/142.0.0.0 Safari/537.36"
74.7.228.160 - - [05/Dec/2025:16:52:24 +0300] "GET /product/pneu-moto-2-75-17-shivko/ HTTP/2" 200 33595 "-" "Mozilla/5.0 (Macintosh; Intel Mac OS X 10_15_7) AppleWebKit/537.36 (KHTML, like Gecko) Chrome/131.0.0.0 Safari/537.36; compatible; OAI-SearchBot/1.3; +https://openai.com/searchbot"
66.249.66.33 - - [05/Dec/2025:16:52:21 +0300] "GET /wp-content/uploads/2025/07/xts-header_695440-1752423732.css?ver=8.2.6 HTTP/1.1" 200 590 "https://hamza2roues.com/product/poignee-moto-rizoma/" "Mozilla/5.0 AppleWebKit/537.36 (KHTML, like Gecko; compatible; GoogleOther) Chrome/141.0.7390.122 Safari/537.36"
66.249.76.2 - - [05/Dec/2025:16:52:22 +0300] "GET /wp-content/themes/woodmart/css/parts/el-list-wpb-elem.min.css?ver=8.2.6 HTTP/1.1" 200 151 "https://hamza2roues.com/product/poignee-moto-rizoma/" "Mozilla/5.0 AppleWebKit/537.36 (KHTML, like Gecko; compatible; GoogleOther) Chrome/141.0.7390.122 Safari/537.36"
66.249.76.2 - - [05/Dec/2025:16:52:22 +0300] "GET /wp-content/themes/woodmart/css/parts/lib-photoswipe.min.css?ver=8.2.6 HTTP/1.1" 200 1575 "https://hamza2roues.com/product/poignee-moto-rizoma/" "Mozilla/5.0 AppleWebKit/537.36 (KHTML, like Gecko; compatible; GoogleOther) Chrome/141.0.7390.122 Safari/537.36"
66.249.66.33 - - [05/Dec/2025:16:52:22 +0300] "GET /wp-content/themes/woodmart/css/parts/lib-swiper-pagin.min.css?ver=8.2.6 HTTP/1.1" 200 397 "https://hamza2roues.com/product/poignee-moto-rizoma/" "Mozilla/5.0 AppleWebKit/537.36 (KHTML, like Gecko; compatible; GoogleOther) Chrome/141.0.7390.122 Safari/537.36"
74.7.242.171 - - [05/Dec/2025:16:52:27 +0300] "GET /?p=2708 HTTP/2" 301 0 "-" "Mozilla/5.0 (Macintosh; Intel Mac OS X 10_15_7) AppleWebKit/537.36 (KHTML, like Gecko) Chrome/131.0.0.0 Safari/537.36; compatible; OAI-SearchBot/1.3; +https://openai.com/searchbot"
74.7.242.171 - - [05/Dec/2025:16:52:28 +0300] "GET /product/pneu-moto-2-75-17-shivko/ HTTP/2" 200 33593 "-" "Mozilla/5.0 (Macintosh; Intel Mac OS X 10_15_7) AppleWebKit/537.36 (KHTML, like Gecko) Chrome/131.0.0.0 Safari/537.36; compatible; OAI-SearchBot/1.3; +https://openai.com/searchbot"
66.249.66.193 - - [05/Dec/2025:16:52:33 +0300] "GET /wp-content/uploads/elementor/css/post-870.css?ver=1759707170 HTTP/1.1" 200 712 "https://hamza2roues.com/product/poignee-moto-rizoma/" "Mozilla/5.0 AppleWebKit/537.36 (KHTML, like Gecko; compatible; GoogleOther) Chrome/141.0.7390.122 Safari/537.36"
66.249.76.2 - - [05/Dec/2025:16:52:33 +0300] "GET / HTTP/1.1" 200 44482 "https://hamza2roues.com/product/poignee-moto-rizoma/" "Mozilla/5.0 AppleWebKit/537.36 (KHTML, like Gecko; compatible; GoogleOther) Chrome/141.0.7390.122 Safari/537.36"
66.249.66.33 - - [05/Dec/2025:16:52:34 +0300] "GET /wp-content/uploads/elementor/css/post-52.css?ver=1759706951 HTTP/1.1" 200 652 "https://hamza2roues.com/product/poignee-moto-rizoma/" "Mozilla/5.0 AppleWebKit/537.36 (KHTML, like Gecko; compatible; GoogleOther) Chrome/141.0.7390.122 Safari/537.36"
66.249.66.12 - - [05/Dec/2025:16:52:41 +0300] "GET /wp-content/themes/woodmart/css/parts/el-toggle.min.css?ver=8.2.6 HTTP/1.1" 200 357 "https://hamza2roues.com/product/poignee-moto-rizoma/" "Mozilla/5.0 AppleWebKit/537.36 (KHTML, like Gecko; compatible; GoogleOther) Chrome/141.0.7390.122 Safari/537.36"
66.249.76.3 - - [05/Dec/2025:16:52:48 +0300] "GET /wp-content/themes/woodmart/js/scripts/wc/productImages.min.js?ver=8.2.6 HTTP/1.1" 200 513 "https://hamza2roues.com/product/poignee-moto-rizoma/" "Mozilla/5.0 AppleWebKit/537.36 (KHTML, like Gecko; compatible; GoogleOther) Chrome/141.0.7390.122 Safari/537.36"
66.249.76.3 - - [05/Dec/2025:16:52:50 +0300] "GET /wp-content/themes/woodmart/js/scripts/wc/quickView.min.js?ver=8.2.6 HTTP/1.1" 200 701 "https://hamza2roues.com/product/poignee-moto-rizoma/" "Mozilla/5.0 AppleWebKit/537.36 (KHTML, like Gecko; compatible; GoogleOther) Chrome/141.0.7390.122 Safari/537.36"
66.249.76.3 - - [05/Dec/2025:16:52:50 +0300] "GET /wp-content/themes/woodmart/js/scripts/global/swiperInit.min.js?ver=8.2.6 HTTP/1.1" 200 1953 "https://hamza2roues.com/product/poignee-moto-rizoma/" "Mozilla/5.0 AppleWebKit/537.36 (KHTML, like Gecko; compatible; GoogleOther) Chrome/141.0.7390.122 Safari/537.36"
74.7.227.148 - - [05/Dec/2025:16:52:25 +0300] "GET /?p=2708 HTTP/2" 301 0 "-" "Mozilla/5.0 AppleWebKit/537.36 (KHTML, like Gecko; compatible; GPTBot/1.3; +https://openai.com/gptbot)"
74.7.227.148 - - [05/Dec/2025:16:52:27 +0300] "GET /product/pneu-moto-2-75-17-shivko/ HTTP/2" 200 33593 "-" "Mozilla/5.0 AppleWebKit/537.36 (KHTML, like Gecko; compatible; GPTBot/1.3; +https://openai.com/gptbot)"
66.249.66.33 - - [05/Dec/2025:16:52:45 +0300] "GET /wp-content/plugins/wp-statistics/assets/js/tracker.js?ver=14.14.1 HTTP/1.1" 200 2296 "https://hamza2roues.com/product/poignee-moto-rizoma/" "Mozilla/5.0 AppleWebKit/537.36 (KHTML, like Gecko; compatible; GoogleOther) Chrome/141.0.7390.122 Safari/537.36"
66.249.66.12 - - [05/Dec/2025:16:52:47 +0300] "GET /wp-content/plugins/wp-whatsapp/assets/js/whatsapp-button.js?ver=3.7.3 HTTP/1.1" 200 401 "https://hamza2roues.com/product/poignee-moto-rizoma/" "Mozilla/5.0 AppleWebKit/537.36 (KHTML, like Gecko; compatible; GoogleOther) Chrome/141.0.7390.122 Safari/537.36"
66.249.66.33 - - [05/Dec/2025:16:52:48 +0300] "GET /wp-content/themes/woodmart/js/libs/autocomplete.min.js?ver=8.2.6 HTTP/1.1" 200 4083 "https://hamza2roues.com/product/poignee-moto-rizoma/" "Mozilla/5.0 AppleWebKit/537.36 (KHTML, like Gecko; compatible; GoogleOther) Chrome/141.0.7390.122 Safari/537.36"
66.249.66.33 - - [05/Dec/2025:16:52:48 +0300] "GET /wp-content/themes/woodmart/js/scripts/wc/updateCartFragmentsFix.js?ver=8.2.6 HTTP/1.1" 200 495 "https://hamza2roues.com/product/poignee-moto-rizoma/" "Mozilla/5.0 AppleWebKit/537.36 (KHTML, like Gecko; compatible; GoogleOther) Chrome/141.0.7390.122 Safari/537.36"
66.249.66.12 - - [05/Dec/2025:16:52:48 +0300] "GET /wp-content/themes/woodmart/js/scripts/global/helpers.min.js?ver=8.2.6 HTTP/1.1" 200 1597 "https://hamza2roues.com/product/poignee-moto-rizoma/" "Mozilla/5.0 AppleWebKit/537.36 (KHTML, like Gecko; compatible; GoogleOther) Chrome/141.0.7390.122 Safari/537.36"
66.249.66.75 - - [05/Dec/2025:16:52:51 +0300] "GET /wp-content/themes/woodmart/js/scripts/wc/actionAfterAddToCart.min.js?ver=8.2.6 HTTP/1.1" 200 643 "https://hamza2roues.com/product/poignee-moto-rizoma/" "Mozilla/5.0 AppleWebKit/537.36 (KHTML, like Gecko; compatible; GoogleOther) Chrome/141.0.7390.122 Safari/537.36"
66.249.66.33 - - [05/Dec/2025:16:52:51 +0300] "GET /wp-content/themes/woodmart/js/scripts/global/hiddenSidebar.min.js?ver=8.2.6 HTTP/1.1" 200 497 "https://hamza2roues.com/product/poignee-moto-rizoma/" "Mozilla/5.0 AppleWebKit/537.36 (KHTML, like Gecko; compatible; GoogleOther) Chrome/141.0.7390.122 Safari/537.36"
66.249.66.12 - - [05/Dec/2025:16:52:51 +0300] "GET /wp-content/themes/woodmart/js/scripts/global/clearSearch.min.js?ver=8.2.6 HTTP/1.1" 200 446 "https://hamza2roues.com/product/poignee-moto-rizoma/" "Mozilla/5.0 AppleWebKit/537.36 (KHTML, like Gecko; compatible; GoogleOther) Chrome/141.0.7390.122 Safari/537.36"
66.249.66.75 - - [05/Dec/2025:16:52:52 +0300] "GET /wp-content/themes/woodmart/js/scripts/global/ajaxSearch.min.js?ver=8.2.6 HTTP/1.1" 200 1538 "https://hamza2roues.com/product/poignee-moto-rizoma/" "Mozilla/5.0 AppleWebKit/537.36 (KHTML, like Gecko; compatible; GoogleOther) Chrome/141.0.7390.122 Safari/537.36"
66.249.66.75 - - [05/Dec/2025:16:52:52 +0300] "GET /wp-content/themes/woodmart/js/scripts/menu/menuOffsets.min.js?ver=8.2.6 HTTP/1.1" 200 891 "https://hamza2roues.com/product/poignee-moto-rizoma/" "Mozilla/5.0 AppleWebKit/537.36 (KHTML, like Gecko; compatible; GoogleOther) Chrome/141.0.7390.122 Safari/537.36"
66.249.66.12 - - [05/Dec/2025:16:52:53 +0300] "GET /wp-content/themes/woodmart/js/scripts/global/mailchimp.min.js?ver=8.2.6 HTTP/1.1" 200 269 "https://hamza2roues.com/product/poignee-moto-rizoma/" "Mozilla/5.0 AppleWebKit/537.36 (KHTML, like Gecko; compatible; GoogleOther) Chrome/141.0.7390.122 Safari/537.36"
197.238.90.57 - - [05/Dec/2025:16:52:34 +0300] "POST /wp-admin/admin-ajax.php HTTP/2" 200 78 "https://hamza2roues.com/product/systeme-dalarme-moto/" "Mozilla/5.0 (Macintosh; Intel Mac OS X 10_15_7) AppleWebKit/537.36 (KHTML, like Gecko) Chrome/142.0.0.0 Safari/537.36"
197.238.90.57 - - [05/Dec/2025:16:52:34 +0300] "POST /wp-admin/admin-ajax.php HTTP/2" 200 80 "https://hamza2roues.com/product/autocollant-sticker-uv-3d-honda/" "Mozilla/5.0 (Macintosh; Intel Mac OS X 10_15_7) AppleWebKit/537.36 (KHTML, like Gecko) Chrome/142.0.0.0 Safari/537.36"
66.249.70.196 - - [05/Dec/2025:16:52:43 +0300] "GET /wp-content/uploads/elementor/google-fonts/css/lexenddeca.css?ver=1751470288 HTTP/1.1" 200 462 "https://hamza2roues.com/product/poignee-moto-rizoma/" "Mozilla/5.0 AppleWebKit/537.36 (KHTML, like Gecko; compatible; GoogleOther) Chrome/141.0.7390.122 Safari/537.36"
