160.157.139.21 - - [05/Dec/2025:15:23:56 +0300] "GET /wp-content/uploads/2025/07/IMG_2655-Photoroom-600x600.png HTTP/1.1" 200 69457 "https://hamza2roues.com/product-category/pneus/" "Mozilla/5.0 (Linux; Android 10; K) AppleWebKit/537.36 (KHTML, like Gecko) Chrome/142.0.0.0 Mobile Safari/537.36"
160.157.139.21 - - [05/Dec/2025:15:23:56 +0300] "GET /wp-content/uploads/2025/07/IMG_2658-Photoroom-600x600.png HTTP/1.1" 200 64720 "https://hamza2roues.com/product-category/pneus/" "Mozilla/5.0 (Linux; Android 10; K) AppleWebKit/537.36 (KHTML, like Gecko) Chrome/142.0.0.0 Mobile Safari/537.36"
160.157.139.21 - - [05/Dec/2025:15:23:59 +0300] "GET /product/pneu-moto-2-50-17-royal-tire/ HTTP/1.1" 200 32844 "https://hamza2roues.com/product-category/pneus/" "Mozilla/5.0 (Linux; Android 10; K) AppleWebKit/537.36 (KHTML, like Gecko) Chrome/142.0.0.0 Mobile Safari/537.36"
160.157.139.21 - - [05/Dec/2025:15:23:59 +0300] "GET /product/pneu-moto-80-90-14-royal-tire/ HTTP/1.1" 200 32803 "https://hamza2roues.com/product-category/pneus/" "Mozilla/5.0 (Linux; Android 10; K) AppleWebKit/537.36 (KHTML, like Gecko) Chrome/142.0.0.0 Mobile Safari/537.36"
160.157.139.21 - - [05/Dec/2025:15:24:00 +0300] "GET /wp-content/uploads/2025/07/IMG_2661-Photoroom-e1752528884986-600x600.png HTTP/1.1" 200 69894 "https://hamza2roues.com/product-category/pneus/" "Mozilla/5.0 (Linux; Android 10; K) AppleWebKit/537.36 (KHTML, like Gecko) Chrome/142.0.0.0 Mobile Safari/537.36"
160.157.139.21 - - [05/Dec/2025:15:24:00 +0300] "GET /wp-content/uploads/2025/07/IMG_2664-Photoroom-e1752528632776-600x600.png HTTP/1.1" 200 62549 "https://hamza2roues.com/product-category/pneus/" "Mozilla/5.0 (Linux; Android 10; K) AppleWebKit/537.36 (KHTML, like Gecko) Chrome/142.0.0.0 Mobile Safari/537.36"
160.157.139.21 - - [05/Dec/2025:15:24:06 +0300] "GET /product/pneu-moto-3-00-10-shivko/ HTTP/1.1" 200 33480 "https://hamza2roues.com/product-category/pneus/" "Mozilla/5.0 (Linux; Android 10; K) AppleWebKit/537.36 (KHTML, like Gecko) Chrome/142.0.0.0 Mobile Safari/537.36"
160.157.139.21 - - [05/Dec/2025:15:24:06 +0300] "GET /wp-content/uploads/2025/07/IMG_2630-Photoroom-e1752528026797-600x600.png HTTP/1.1" 200 38884 "https://hamza2roues.com/product-category/pneus/" "Mozilla/5.0 (Linux; Android 10; K) AppleWebKit/537.36 (KHTML, like Gecko) Chrome/142.0.0.0 Mobile Safari/537.36"
160.157.139.21 - - [05/Dec/2025:15:24:06 +0300] "GET /wp-content/uploads/2025/07/IMG_2627-Photoroom-e1752527704522-600x600.png HTTP/1.1" 200 54085 "https://hamza2roues.com/product-category/pneus/" "Mozilla/5.0 (Linux; Android 10; K) AppleWebKit/537.36 (KHTML, like Gecko) Chrome/142.0.0.0 Mobile Safari/537.36"
160.157.139.21 - - [05/Dec/2025:15:24:06 +0300] "GET /product/pneu-moto-120-70-12-royal-tire/ HTTP/1.1" 200 33604 "https://hamza2roues.com/product-category/pneus/" "Mozilla/5.0 (Linux; Android 10; K) AppleWebKit/537.36 (KHTML, like Gecko) Chrome/142.0.0.0 Mobile Safari/537.36"
160.157.139.21 - - [05/Dec/2025:15:24:06 +0300] "GET /wp-content/uploads/2025/07/Sba6f33f0a95041d4aefaeec83ee31371y-768x768.jpg HTTP/1.1" 200 32800 "https://hamza2roues.com/product-category/pneus/" "Mozilla/5.0 (Linux; Android 10; K) AppleWebKit/537.36 (KHTML, like Gecko) Chrome/142.0.0.0 Mobile Safari/537.36"
160.157.139.21 - - [05/Dec/2025:15:24:06 +0300] "GET /wp-content/uploads/2025/07/Sba6f33f0a95041d4aefaeec83ee31371y-3-768x768.jpg HTTP/1.1" 200 32800 "https://hamza2roues.com/product-category/pneus/" "Mozilla/5.0 (Linux; Android 10; K) AppleWebKit/537.36 (KHTML, like Gecko) Chrome/142.0.0.0 Mobile Safari/537.36"
160.157.139.21 - - [05/Dec/2025:15:24:08 +0300] "GET /wp-content/uploads/2025/07/Sba6f33f0a95041d4aefaeec83ee31371y-2-768x768.jpg HTTP/1.1" 200 32800 "https://hamza2roues.com/product-category/pneus/" "Mozilla/5.0 (Linux; Android 10; K) AppleWebKit/537.36 (KHTML, like Gecko) Chrome/142.0.0.0 Mobile Safari/537.36"
160.157.139.21 - - [05/Dec/2025:15:24:08 +0300] "GET /wp-content/uploads/2025/07/Sba6f33f0a95041d4aefaeec83ee31371y-1-768x768.jpg HTTP/1.1" 200 32800 "https://hamza2roues.com/product-category/pneus/" "Mozilla/5.0 (Linux; Android 10; K) AppleWebKit/537.36 (KHTML, like Gecko) Chrome/142.0.0.0 Mobile Safari/537.36"
160.157.139.21 - - [05/Dec/2025:15:24:07 +0300] "POST /?wc-ajax=add_to_cart HTTP/1.1" 200 1114 "https://hamza2roues.com/product-category/pneus/" "Mozilla/5.0 (Linux; Android 10; K) AppleWebKit/537.36 (KHTML, like Gecko) Chrome/142.0.0.0 Mobile Safari/537.36"
193.111.77.77 - - [05/Dec/2025:15:24:10 +0300] "GET /wp-content/uploads/2025/07/IMG_2646-Photoroom.png HTTP/1.1" 200 126600 "-" "-"
160.157.139.21 - - [05/Dec/2025:15:24:09 +0300] "GET /product/pneu-moto-130-90-10-shivko/ HTTP/1.1" 200 34308 "https://hamza2roues.com/product-category/pneus/" "Mozilla/5.0 (Linux; Android 10; K) AppleWebKit/537.36 (KHTML, like Gecko) Chrome/142.0.0.0 Mobile Safari/537.36"
160.157.139.21 - - [05/Dec/2025:15:24:11 +0300] "GET /wp-content/uploads/elementor/css/post-844.css?ver=1764891357 HTTP/1.1" 200 1101 "https://hamza2roues.com/product/pneu-moto-130-90-10-shivko/" "Mozilla/5.0 (Linux; Android 10; K) AppleWebKit/537.36 (KHTML, like Gecko) Chrome/142.0.0.0 Mobile Safari/537.36"
160.157.139.21 - - [05/Dec/2025:15:24:11 +0300] "GET /wp-content/uploads/elementor/css/post-870.css?ver=1764891357 HTTP/1.1" 200 712 "https://hamza2roues.com/product/pneu-moto-130-90-10-shivko/" "Mozilla/5.0 (Linux; Android 10; K) AppleWebKit/537.36 (KHTML, like Gecko) Chrome/142.0.0.0 Mobile Safari/537.36"
160.157.139.21 - - [05/Dec/2025:15:24:11 +0300] "GET /wp-content/plugins/elementor/assets/css/widget-divider.min.css?ver=3.33.3 HTTP/1.1" 200 643 "https://hamza2roues.com/product/pneu-moto-130-90-10-shivko/" "Mozilla/5.0 (Linux; Android 10; K) AppleWebKit/537.36 (KHTML, like Gecko) Chrome/142.0.0.0 Mobile Safari/537.36"
160.157.139.21 - - [05/Dec/2025:15:24:11 +0300] "GET /wp-content/uploads/2025/07/IMG_2646-Photoroom-768x711.png HTTP/1.1" 200 80693 "https://hamza2roues.com/product/pneu-moto-130-90-10-shivko/" "Mozilla/5.0 (Linux; Android 10; K) AppleWebKit/537.36 (KHTML, like Gecko) Chrome/142.0.0.0 Mobile Safari/537.36"
160.157.139.21 - - [05/Dec/2025:15:24:11 +0300] "GET /wp-content/uploads/2025/07/IMG_2648-Photoroom-300x266.png HTTP/1.1" 200 24042 "https://hamza2roues.com/product/pneu-moto-130-90-10-shivko/" "Mozilla/5.0 (Linux; Android 10; K) AppleWebKit/537.36 (KHTML, like Gecko) Chrome/142.0.0.0 Mobile Safari/537.36"
160.157.139.21 - - [05/Dec/2025:15:24:12 +0300] "POST /wp-json/wp-statistics/v2/hit HTTP/1.1" 200 19 "https://hamza2roues.com/product/pneu-moto-130-90-10-shivko/" "Mozilla/5.0 (Linux; Android 10; K) AppleWebKit/537.36 (KHTML, like Gecko) Chrome/142.0.0.0 Mobile Safari/537.36"
160.157.139.21 - - [05/Dec/2025:15:24:19 +0300] "GET /wp-content/uploads/2025/07/IMG_2648-Photoroom-768x680.png HTTP/1.1" 200 132542 "https://hamza2roues.com/product/pneu-moto-130-90-10-shivko/" "Mozilla/5.0 (Linux; Android 10; K) AppleWebKit/537.36 (KHTML, like Gecko) Chrome/142.0.0.0 Mobile Safari/537.36"
160.157.139.21 - - [05/Dec/2025:15:24:20 +0300] "POST /?wc-ajax=get_refreshed_fragments HTTP/1.1" 200 1114 "https://hamza2roues.com/product-category/pneus/" "Mozilla/5.0 (Linux; Android 10; K) AppleWebKit/537.36 (KHTML, like Gecko) Chrome/142.0.0.0 Mobile Safari/537.36"
160.157.139.21 - - [05/Dec/2025:15:24:24 +0300] "GET /wp-content/uploads/2025/07/IMG_2668-Photoroom-e1752524016150-600x600.png HTTP/1.1" 200 74168 "https://hamza2roues.com/product-category/pneus/" "Mozilla/5.0 (Linux; Android 10; K) AppleWebKit/537.36 (KHTML, like Gecko) Chrome/142.0.0.0 Mobile Safari/537.36"
160.157.139.21 - - [05/Dec/2025:15:24:24 +0300] "GET /wp-content/uploads/2025/07/IMG_2667-Photoroom-e1752523704807-600x600.png HTTP/1.1" 200 70092 "https://hamza2roues.com/product-category/pneus/" "Mozilla/5.0 (Linux; Android 10; K) AppleWebKit/537.36 (KHTML, like Gecko) Chrome/142.0.0.0 Mobile Safari/537.36"
160.157.139.21 - - [05/Dec/2025:15:24:24 +0300] "GET /wp-content/uploads/2025/01/IMG_2508-Photoroom-e1752340587396-600x600.png HTTP/1.1" 200 43887 "https://hamza2roues.com/product-category/pneus/" "Mozilla/5.0 (Linux; Android 10; K) AppleWebKit/537.36 (KHTML, like Gecko) Chrome/142.0.0.0 Mobile Safari/537.36"
193.111.77.77 - - [05/Dec/2025:15:24:25 +0300] "GET /wp-content/uploads/2025/07/IMG_2627-Photoroom-e1752527704522.png HTTP/1.1" 200 106071 "-" "-"
160.157.139.21 - - [05/Dec/2025:15:24:24 +0300] "GET /product/pneu-moto-2-75-16-royal-tire/ HTTP/1.1" 200 33574 "https://hamza2roues.com/product-category/pneus/" "Mozilla/5.0 (Linux; Android 10; K) AppleWebKit/537.36 (KHTML, like Gecko) Chrome/142.0.0.0 Mobile Safari/537.36"
160.157.139.21 - - [05/Dec/2025:15:24:26 +0300] "POST /?wc-ajax=get_refreshed_fragments HTTP/1.1" 200 1114 "https://hamza2roues.com/product-category/pieces-moto/carburation/" "Mozilla/5.0 (Linux; Android 10; K) AppleWebKit/537.36 (KHTML, like Gecko) Chrome/142.0.0.0 Mobile Safari/537.36"
160.157.139.21 - - [05/Dec/2025:15:24:29 +0300] "GET /product-category/moto/ HTTP/1.1" 200 32561 "https://hamza2roues.com/product-category/pieces-moto/carburation/" "Mozilla/5.0 (Linux; Android 10; K) AppleWebKit/537.36 (KHTML, like Gecko) Chrome/142.0.0.0 Mobile Safari/537.36"
160.157.139.21 - - [05/Dec/2025:15:24:31 +0300] "GET /wp-content/uploads/2025/11/unnamed-35-e1763594255987-600x600.jpg HTTP/1.1" 200 37838 "https://hamza2roues.com/product-category/moto/" "Mozilla/5.0 (Linux; Android 10; K) AppleWebKit/537.36 (KHTML, like Gecko) Chrome/142.0.0.0 Mobile Safari/537.36"
160.157.139.21 - - [05/Dec/2025:15:24:31 +0300] "GET /wp-content/uploads/2025/11/unnamed-34-e1763594149698-600x600.jpg HTTP/1.1" 200 32014 "https://hamza2roues.com/product-category/moto/" "Mozilla/5.0 (Linux; Android 10; K) AppleWebKit/537.36 (KHTML, like Gecko) Chrome/142.0.0.0 Mobile Safari/537.36"
160.157.139.21 - - [05/Dec/2025:15:24:31 +0300] "GET /wp-content/uploads/2025/10/unnamed-18-600x600.jpg HTTP/1.1" 200 27191 "https://hamza2roues.com/product-category/moto/" "Mozilla/5.0 (Linux; Android 10; K) AppleWebKit/537.36 (KHTML, like Gecko) Chrome/142.0.0.0 Mobile Safari/537.36"
160.157.139.21 - - [05/Dec/2025:15:24:31 +0300] "GET /wp-content/uploads/2025/11/unnamed-37-e1763594763560-600x600.jpg HTTP/1.1" 200 22489 "https://hamza2roues.com/product-category/moto/" "Mozilla/5.0 (Linux; Android 10; K) AppleWebKit/537.36 (KHTML, like Gecko) Chrome/142.0.0.0 Mobile Safari/537.36"
160.157.139.21 - - [05/Dec/2025:15:24:32 +0300] "GET /wp-content/uploads/2025/11/unnamed-38-e1763594955378-600x600.jpg HTTP/1.1" 200 25152 "https://hamza2roues.com/product-category/moto/" "Mozilla/5.0 (Linux; Android 10; K) AppleWebKit/537.36 (KHTML, like Gecko) Chrome/142.0.0.0 Mobile Safari/537.36"
160.157.139.21 - - [05/Dec/2025:15:24:32 +0300] "GET /wp-content/uploads/2025/11/IMG_5193-Photoroom-e1763585039508-600x600.png HTTP/1.1" 200 30213 "https://hamza2roues.com/product-category/moto/" "Mozilla/5.0 (Linux; Android 10; K) AppleWebKit/537.36 (KHTML, like Gecko) Chrome/142.0.0.0 Mobile Safari/537.36"
160.157.139.21 - - [05/Dec/2025:15:24:33 +0300] "GET /wp-content/uploads/2025/10/unnamed-36-e1763594377684-600x600.jpg HTTP/1.1" 200 37785 "https://hamza2roues.com/product-category/moto/" "Mozilla/5.0 (Linux; Android 10; K) AppleWebKit/537.36 (KHTML, like Gecko) Chrome/142.0.0.0 Mobile Safari/537.36"
160.157.139.21 - - [05/Dec/2025:15:24:33 +0300] "GET /wp-content/uploads/2025/10/Logo-H2R.pdf-5-e1760918421185-600x600.png HTTP/1.1" 200 67018 "https://hamza2roues.com/product-category/moto/" "Mozilla/5.0 (Linux; Android 10; K) AppleWebKit/537.36 (KHTML, like Gecko) Chrome/142.0.0.0 Mobile Safari/537.36"
160.157.139.21 - - [05/Dec/2025:15:24:31 +0300] "POST /wp-json/wp-statistics/v2/hit HTTP/1.1" 200 19 "https://hamza2roues.com/product-category/moto/" "Mozilla/5.0 (Linux; Android 10; K) AppleWebKit/537.36 (KHTML, like Gecko) Chrome/142.0.0.0 Mobile Safari/537.36"
160.157.139.21 - - [05/Dec/2025:15:24:35 +0300] "GET /wp-content/uploads/2025/10/Av.-Fethi-Zouheir-Ennkhilet-Ariana-13-e1760402861312-600x600.png HTTP/1.1" 200 49319 "https://hamza2roues.com/product-category/moto/" "Mozilla/5.0 (Linux; Android 10; K) AppleWebKit/537.36 (KHTML, like Gecko) Chrome/142.0.0.0 Mobile Safari/537.36"
160.157.139.21 - - [05/Dec/2025:15:24:35 +0300] "GET /wp-content/uploads/2025/10/Av.-Fethi-Zouheir-Ennkhilet-Ariana-12-e1760402094926-600x600.png HTTP/1.1" 200 54957 "https://hamza2roues.com/product-category/moto/" "Mozilla/5.0 (Linux; Android 10; K) AppleWebKit/537.36 (KHTML, like Gecko) Chrome/142.0.0.0 Mobile Safari/537.36"
160.157.139.21 - - [05/Dec/2025:15:24:37 +0300] "GET /wp-content/uploads/2025/10/Av.-Fethi-Zouheir-Ennkhilet-Ariana-9-e1759674529740-600x600.png HTTP/1.1" 200 53272 "https://hamza2roues.com/product-category/moto/" "Mozilla/5.0 (Linux; Android 10; K) AppleWebKit/537.36 (KHTML, like Gecko) Chrome/142.0.0.0 Mobile Safari/537.36"
160.157.139.21 - - [05/Dec/2025:15:24:37 +0300] "GET /wp-content/uploads/2025/10/Av.-Fethi-Zouheir-Ennkhilet-Ariana-8-e1759674320231-600x600.png HTTP/1.1" 200 34877 "https://hamza2roues.com/product-category/moto/" "Mozilla/5.0 (Linux; Android 10; K) AppleWebKit/537.36 (KHTML, like Gecko) Chrome/142.0.0.0 Mobile Safari/537.36"
160.157.139.21 - - [05/Dec/2025:15:24:35 +0300] "GET /product/moto-spring-st-125cc-vert/ HTTP/1.1" 200 35236 "https://hamza2roues.com/product-category/moto/" "Mozilla/5.0 (Linux; Android 10; K) AppleWebKit/537.36 (KHTML, like Gecko) Chrome/142.0.0.0 Mobile Safari/537.36"
160.157.139.21 - - [05/Dec/2025:15:24:37 +0300] "GET /wp-content/uploads/2025/10/Av.-Fethi-Zouheir-Ennkhilet-Ariana-7-e1759673939476-600x600.png HTTP/1.1" 200 29187 "https://hamza2roues.com/product-category/moto/" "Mozilla/5.0 (Linux; Android 10; K) AppleWebKit/537.36 (KHTML, like Gecko) Chrome/142.0.0.0 Mobile Safari/537.36"
160.157.139.21 - - [05/Dec/2025:15:24:37 +0300] "GET /wp-content/uploads/2025/10/Av.-Fethi-Zouheir-Ennkhilet-Ariana-10-e1759674768689-600x600.png HTTP/1.1" 200 31931 "https://hamza2roues.com/product-category/moto/" "Mozilla/5.0 (Linux; Android 10; K) AppleWebKit/537.36 (KHTML, like Gecko) Chrome/142.0.0.0 Mobile Safari/537.36"
160.157.139.21 - - [05/Dec/2025:15:24:38 +0300] "GET /wp-content/uploads/2025/01/vcxdore-66a255f52d9343.28830976-600x600.png HTTP/1.1" 200 73676 "https://hamza2roues.com/product-category/moto/" "Mozilla/5.0 (Linux; Android 10; K) AppleWebKit/537.36 (KHTML, like Gecko) Chrome/142.0.0.0 Mobile Safari/537.36"
160.157.139.21 - - [05/Dec/2025:15:24:38 +0300] "GET /wp-content/uploads/2025/01/bleu-66a2556ebc1c97.65498384-600x600.png HTTP/1.1" 200 59876 "https://hamza2roues.com/product-category/moto/" "Mozilla/5.0 (Linux; Android 10; K) AppleWebKit/537.36 (KHTML, like Gecko) Chrome/142.0.0.0 Mobile Safari/537.36"
160.157.139.21 - - [05/Dec/2025:15:24:40 +0300] "GET /wp-content/uploads/2025/01/462573126_1302427984534999_5751185894994741724_n-672df58a826e09.82067863-768x767.jpg HTTP/1.1" 200 57837 "https://hamza2roues.com/product-category/moto/" "Mozilla/5.0 (Linux; Android 10; K) AppleWebKit/537.36 (KHTML, like Gecko) Chrome/142.0.0.0 Mobile Safari/537.36"
160.157.139.21 - - [05/Dec/2025:15:24:38 +0300] "GET /product/spring-st-125cc-2/ HTTP/1.1" 200 34710 "https://hamza2roues.com/product-category/moto/" "Mozilla/5.0 (Linux; Android 10; K) AppleWebKit/537.36 (KHTML, like Gecko) Chrome/142.0.0.0 Mobile Safari/537.36"
193.111.77.77 - - [05/Dec/2025:15:24:43 +0300] "GET /wp-content/uploads/2025/01/462573126_1302427984534999_5751185894994741724_n-672df58a826e09.82067863.jpg HTTP/1.1" 200 56365 "-" "-"
193.111.77.77 - - [05/Dec/2025:15:18:52 +0300] "GET /wp-content/uploads/2025/10/21719_Motorbike_Molygen_4T_10W_40_Scooter_1l_40d9-1.png HTTP/1.1" 200 41941 "-" "-"
193.111.77.77 - - [05/Dec/2025:15:19:01 +0300] "GET /wp-content/uploads/2025/07/IMG_2655-Photoroom.png HTTP/1.1" 200 128602 "-" "-"
66.249.66.35 - - [05/Dec/2025:15:19:10 +0300] "GET /wp-content/themes/woodmart/css/parts/woo-page-empty-page.min.css?ver=8.2.6 HTTP/1.1" 200 503 "https://hamza2roues.com/compare/" "Mozilla/5.0 (Linux; Android 6.0.1; Nexus 5X Build/MMB29P) AppleWebKit/537.36 (KHTML, like Gecko) Chrome/141.0.7390.122 Mobile Safari/537.36 (compatible; Googlebot/2.1; +http://www.google.com/bot.html)"
66.249.66.13 - - [05/Dec/2025:15:19:13 +0300] "POST /wp-json/wp-statistics/v2/hit HTTP/1.1" 200 56 "https://hamza2roues.com/compare/" "Mozilla/5.0 (Linux; Android 6.0.1; Nexus 5X Build/MMB29P) AppleWebKit/537.36 (KHTML, like Gecko) Chrome/141.0.7390.122 Mobile Safari/537.36 (compatible; Googlebot/2.1; +http://www.google.com/bot.html)"
114.119.142.12 - - [05/Dec/2025:15:19:34 +0300] "GET /product/pot-sc-project-bleu-2 HTTP/1.1" 301 0 "https://hamza2roues.com/product-category/pieces-moto/partie-cycle/page/2?per_row=4&per_page=24&shop_view=grid" "Mozilla/5.0 (Linux; Android 7.0;) AppleWebKit/537.36 (KHTML, like Gecko) Mobile Safari/537.36 (compatible; PetalBot;+https://webmaster.petalsearch.com/site/petalbot)"
114.119.142.12 - - [05/Dec/2025:15:19:36 +0300] "GET /product/pot-sc-project-bleu-2/ HTTP/1.1" 200 35883 "https://hamza2roues.com/product-category/pieces-moto/partie-cycle/page/2?per_row=4&per_page=24&shop_view=grid" "Mozilla/5.0 (Linux; Android 7.0;) AppleWebKit/537.36 (KHTML, like Gecko) Mobile Safari/537.36 (compatible; PetalBot;+https://webmaster.petalsearch.com/site/petalbot)"
193.111.77.77 - - [05/Dec/2025:15:20:02 +0300] "POST /wp-cron.php?doing_wp_cron=1764937202.2521159648895263671875 HTTP/1.1" 200 0 "-" "WordPress/6.9; https://hamza2roues.com"
66.249.66.12 - - [05/Dec/2025:15:20:14 +0300] "GET /product/kit-chaine-yamaha-xtx-660-regina/?add-to-cart=141 HTTP/1.1" 200 35910 "-" "Mozilla/5.0 (Linux; Android 6.0.1; Nexus 5X Build/MMB29P) AppleWebKit/537.36 (KHTML, like Gecko) Chrome/141.0.7390.122 Mobile Safari/537.36 (compatible; Googlebot/2.1; +http://www.google.com/bot.html)"
193.111.77.77 - - [05/Dec/2025:15:20:28 +0300] "POST /wp-cron.php?doing_wp_cron=1764937228.4362599849700927734375 HTTP/1.1" 200 0 "-" "WordPress/6.9; https://hamza2roues.com"
193.111.77.77 - - [05/Dec/2025:15:20:48 +0300] "POST /wp-cron.php?doing_wp_cron=1764937248.2324500083923339843750 HTTP/1.1" 200 0 "-" "WordPress/6.9; https://hamza2roues.com"
114.119.145.68 - - [05/Dec/2025:15:20:57 +0300] "GET /product/plaquettes-de-frein-arriere-cb-hornet-900/ HTTP/1.1" 200 39612 "https://hamza2roues.com/product-category/pieces-moto/page/2?per_row=4&shop_view=grid&per_page=24" "Mozilla/5.0 (Linux; Android 7.0;) AppleWebKit/537.36 (KHTML, like Gecko) Mobile Safari/537.36 (compatible; PetalBot;+https://webmaster.petalsearch.com/site/petalbot)"
193.111.77.77 - - [05/Dec/2025:15:23:20 +0300] "POST /wp-cron.php?doing_wp_cron=1764937400.7546560764312744140625 HTTP/1.1" 200 0 "-" "WordPress/6.9; https://hamza2roues.com"
193.111.77.77 - - [05/Dec/2025:15:23:46 +0300] "POST /wp-cron.php?doing_wp_cron=1764937426.0143780708312988281250 HTTP/1.1" 200 0 "-" "WordPress/6.9; https://hamza2roues.com"
197.238.90.57 - - [05/Dec/2025:15:24:36 +0300] "POST /wp-admin/admin-ajax.php HTTP/2" 200 77 "https://hamza2roues.com/product/systeme-dalarme-moto/" "Mozilla/5.0 (Macintosh; Intel Mac OS X 10_15_7) AppleWebKit/537.36 (KHTML, like Gecko) Chrome/142.0.0.0 Safari/537.36"
197.238.90.57 - - [05/Dec/2025:15:24:36 +0300] "POST /wp-admin/admin-ajax.php HTTP/2" 200 78 "https://hamza2roues.com/product/autocollant-sticker-uv-3d-honda/" "Mozilla/5.0 (Macintosh; Intel Mac OS X 10_15_7) AppleWebKit/537.36 (KHTML, like Gecko) Chrome/142.0.0.0 Safari/537.36"
160.157.139.21 - - [05/Dec/2025:15:24:42 +0300] "GET /product/scooter-pista-vcx-102cc-blanc/ HTTP/1.1" 200 34604 "https://hamza2roues.com/product-category/moto/" "Mozilla/5.0 (Linux; Android 10; K) AppleWebKit/537.36 (KHTML, like Gecko) Chrome/142.0.0.0 Mobile Safari/537.36"
160.157.139.21 - - [05/Dec/2025:15:24:47 +0300] "GET /product-category/occasion/ HTTP/1.1" 200 29655 "https://hamza2roues.com/product-category/moto/" "Mozilla/5.0 (Linux; Android 10; K) AppleWebKit/537.36 (KHTML, like Gecko) Chrome/142.0.0.0 Mobile Safari/537.36"
160.157.139.21 - - [05/Dec/2025:15:24:49 +0300] "GET /wp-content/uploads/2025/07/512691405_1040203278229102_7149552174406931799_n-Photoroom-2-600x600.png HTTP/1.1" 200 70363 "https://hamza2roues.com/product-category/occasion/" "Mozilla/5.0 (Linux; Android 10; K) AppleWebKit/537.36 (KHTML, like Gecko) Chrome/142.0.0.0 Mobile Safari/537.36"
160.157.139.21 - - [05/Dec/2025:15:24:50 +0300] "POST /wp-json/wp-statistics/v2/hit HTTP/1.1" 200 19 "https://hamza2roues.com/product-category/occasion/" "Mozilla/5.0 (Linux; Android 10; K) AppleWebKit/537.36 (KHTML, like Gecko) Chrome/142.0.0.0 Mobile Safari/537.36"
160.157.139.21 - - [05/Dec/2025:15:25:02 +0300] "GET /product-category/pieces-moto/ HTTP/1.1" 200 53962 "https://hamza2roues.com/product-category/occasion/" "Mozilla/5.0 (Linux; Android 10; K) AppleWebKit/537.36 (KHTML, like Gecko) Chrome/142.0.0.0 Mobile Safari/537.36"
160.157.139.21 - - [05/Dec/2025:15:25:07 +0300] "POST /wp-json/wp-statistics/v2/hit HTTP/1.1" 200 19 "https://hamza2roues.com/product-category/pieces-moto/" "Mozilla/5.0 (Linux; Android 10; K) AppleWebKit/537.36 (KHTML, like Gecko) Chrome/142.0.0.0 Mobile Safari/537.36"
114.119.153.161 - - [05/Dec/2025:15:25:08 +0300] "GET /product-category/pieces-moto/vacuum-cleaners/page/2/?per_row=4&shop_view=grid&per_page=12 HTTP/1.1" 200 32605 "https://hamza2roues.com/product-category/pieces-moto/vacuum-cleaners/page/2?per_row=4&shop_view=grid&per_page=12" "Mozilla/5.0 (Linux; Android 7.0;) AppleWebKit/537.36 (KHTML, like Gecko) Mobile Safari/537.36 (compatible; PetalBot;+https://webmaster.petalsearch.com/site/petalbot)"
160.157.139.21 - - [05/Dec/2025:15:25:12 +0300] "GET /wp-content/uploads/2025/07/bougie-ngk-cr9eix-iridium-ix.jpg HTTP/1.1" 200 6186 "https://hamza2roues.com/product-category/pieces-moto/" "Mozilla/5.0 (Linux; Android 10; K) AppleWebKit/537.36 (KHTML, like Gecko) Chrome/142.0.0.0 Mobile Safari/537.36"
160.157.139.21 - - [05/Dec/2025:15:25:15 +0300] "GET /wp-content/uploads/2025/07/plaquettes-de-frein-avant-xr6-beta-rr-rieju-spike-768x768.jpg HTTP/1.1" 200 39294 "https://hamza2roues.com/product-category/pieces-moto/" "Mozilla/5.0 (Linux; Android 10; K) AppleWebKit/537.36 (KHTML, like Gecko) Chrome/142.0.0.0 Mobile Safari/537.36"
160.157.139.21 - - [05/Dec/2025:15:25:15 +0300] "GET /wp-content/uploads/2025/07/MA669417.H0-768x768.jpg HTTP/1.1" 200 43589 "https://hamza2roues.com/product-category/pieces-moto/" "Mozilla/5.0 (Linux; Android 10; K) AppleWebKit/537.36 (KHTML, like Gecko) Chrome/142.0.0.0 Mobile Safari/537.36"
160.157.139.21 - - [05/Dec/2025:15:25:16 +0300] "POST /wp-json/wp-statistics/v2/hit HTTP/1.1" 200 19 "https://hamza2roues.com/product-category/pieces-moto/echappement/" "Mozilla/5.0 (Linux; Android 10; K) AppleWebKit/537.36 (KHTML, like Gecko) Chrome/142.0.0.0 Mobile Safari/537.36"
160.157.139.21 - - [05/Dec/2025:15:25:16 +0300] "GET /product-category/pieces-moto/echappement/?_pjax=.wd-page-content HTTP/1.1" 200 10997 "https://hamza2roues.com/product-category/pieces-moto/" "Mozilla/5.0 (Linux; Android 10; K) AppleWebKit/537.36 (KHTML, like Gecko) Chrome/142.0.0.0 Mobile Safari/537.36"
160.157.139.21 - - [05/Dec/2025:15:25:15 +0300] "GET /product-category/pieces-moto/echappement/ HTTP/1.1" 200 33602 "https://hamza2roues.com/product-category/pieces-moto/" "Mozilla/5.0 (Linux; Android 10; K) AppleWebKit/537.36 (KHTML, like Gecko) Chrome/142.0.0.0 Mobile Safari/537.36"
160.157.139.21 - - [05/Dec/2025:15:25:19 +0300] "GET /wp-content/uploads/2025/12/unnamed-47-e1764691034235-600x600.jpg HTTP/1.1" 200 16337 "https://hamza2roues.com/product-category/pieces-moto/echappement/" "Mozilla/5.0 (Linux; Android 10; K) AppleWebKit/537.36 (KHTML, like Gecko) Chrome/142.0.0.0 Mobile Safari/537.36"
160.157.139.21 - - [05/Dec/2025:15:25:19 +0300] "GET /wp-content/uploads/2025/12/unnamed-45-e1764690357249-600x600.jpg HTTP/1.1" 200 17707 "https://hamza2roues.com/product-category/pieces-moto/echappement/" "Mozilla/5.0 (Linux; Android 10; K) AppleWebKit/537.36 (KHTML, like Gecko) Chrome/142.0.0.0 Mobile Safari/537.36"
160.157.139.21 - - [05/Dec/2025:15:25:19 +0300] "GET /wp-content/uploads/2025/10/pot-d-echappement-sife-mbk-nitro-ovetto-768x768.jpg HTTP/1.1" 200 20987 "https://hamza2roues.com/product-category/pieces-moto/echappement/" "Mozilla/5.0 (Linux; Android 10; K) AppleWebKit/537.36 (KHTML, like Gecko) Chrome/142.0.0.0 Mobile Safari/537.36"
160.157.139.21 - - [05/Dec/2025:15:25:19 +0300] "GET /wp-content/uploads/2025/10/pot-d-echappement-sife-mbk-booster-slider-50-768x768.jpg HTTP/1.1" 200 18953 "https://hamza2roues.com/product-category/pieces-moto/echappement/" "Mozilla/5.0 (Linux; Android 10; K) AppleWebKit/537.36 (KHTML, like Gecko) Chrome/142.0.0.0 Mobile Safari/537.36"
160.157.139.21 - - [05/Dec/2025:15:25:19 +0300] "GET /wp-content/uploads/2025/08/Design-sans-titre-71-e1754234125842-600x600.png HTTP/1.1" 200 36397 "https://hamza2roues.com/product-category/pieces-moto/echappement/" "Mozilla/5.0 (Linux; Android 10; K) AppleWebKit/537.36 (KHTML, like Gecko) Chrome/142.0.0.0 Mobile Safari/537.36"
160.157.139.21 - - [05/Dec/2025:15:25:19 +0300] "GET /wp-content/uploads/2025/08/497536330_2621227938218722_4191945039184504370_n-Photoroom-e1754233531897-600x600.png HTTP/1.1" 200 27798 "https://hamza2roues.com/product-category/pieces-moto/echappement/" "Mozilla/5.0 (Linux; Android 10; K) AppleWebKit/537.36 (KHTML, like Gecko) Chrome/142.0.0.0 Mobile Safari/537.36"
160.157.139.21 - - [05/Dec/2025:15:25:19 +0300] "GET /wp-content/uploads/2025/07/487476778_1055590086594662_7014231927769944945_n-Photoroom-e1752713453190-600x600.png HTTP/1.1" 200 24714 "https://hamza2roues.com/product-category/pieces-moto/echappement/" "Mozilla/5.0 (Linux; Android 10; K) AppleWebKit/537.36 (KHTML, like Gecko) Chrome/142.0.0.0 Mobile Safari/537.36"
160.157.139.21 - - [05/Dec/2025:15:25:19 +0300] "GET /wp-content/uploads/2025/07/IMG_2585-Photoroom-e1752341750518-600x600.png HTTP/1.1" 200 36071 "https://hamza2roues.com/product-category/pieces-moto/echappement/" "Mozilla/5.0 (Linux; Android 10; K) AppleWebKit/537.36 (KHTML, like Gecko) Chrome/142.0.0.0 Mobile Safari/537.36"
160.157.139.21 - - [05/Dec/2025:15:25:19 +0300] "GET /wp-content/uploads/2025/01/IMG_2584-Photoroom-e1752341625963-600x600.png HTTP/1.1" 200 39817 "https://hamza2roues.com/product-category/pieces-moto/echappement/" "Mozilla/5.0 (Linux; Android 10; K) AppleWebKit/537.36 (KHTML, like Gecko) Chrome/142.0.0.0 Mobile Safari/537.36"
160.157.139.21 - - [05/Dec/2025:15:25:19 +0300] "GET /wp-content/uploads/2025/08/526826232_1971539580321383_2967470438743373338_n-Photoroom-1-600x600.png HTTP/1.1" 200 26176 "https://hamza2roues.com/product-category/pieces-moto/echappement/" "Mozilla/5.0 (Linux; Android 10; K) AppleWebKit/537.36 (KHTML, like Gecko) Chrome/142.0.0.0 Mobile Safari/537.36"
160.157.139.21 - - [05/Dec/2025:15:25:19 +0300] "GET /wp-content/uploads/2025/12/IMG_5343-Photoroom-e1764690871610-600x600.png HTTP/1.1" 200 146470 "https://hamza2roues.com/product-category/pieces-moto/echappement/" "Mozilla/5.0 (Linux; Android 10; K) AppleWebKit/537.36 (KHTML, like Gecko) Chrome/142.0.0.0 Mobile Safari/537.36"
160.157.139.21 - - [05/Dec/2025:15:25:22 +0300] "GET /product/pot-dechappement-akrapovic-complet-gy6-125cc/ HTTP/1.1" 200 34045 "https://hamza2roues.com/product-category/pieces-moto/echappement/" "Mozilla/5.0 (Linux; Android 10; K) AppleWebKit/537.36 (KHTML, like Gecko) Chrome/142.0.0.0 Mobile Safari/537.36"
160.157.139.21 - - [05/Dec/2025:15:22:55 +0300] "GET /wp-content/uploads/2025/08/unnamed-5-600x600.jpg HTTP/1.1" 200 35440 "https://hamza2roues.com/product-category/casque/" "Mozilla/5.0 (Linux; Android 10; K) AppleWebKit/537.36 (KHTML, like Gecko) Chrome/142.0.0.0 Mobile Safari/537.36"
160.157.139.21 - - [05/Dec/2025:15:22:58 +0300] "GET /wp-content/uploads/2025/08/unnamed-4-e1759979842606-600x600.jpg HTTP/1.1" 200 29814 "https://hamza2roues.com/product-category/casque/" "Mozilla/5.0 (Linux; Android 10; K) AppleWebKit/537.36 (KHTML, like Gecko) Chrome/142.0.0.0 Mobile Safari/537.36"
160.157.139.21 - - [05/Dec/2025:15:23:03 +0300] "GET /product/casque-moto-jet-vrweare-rouge/ HTTP/1.1" 200 33840 "https://hamza2roues.com/product-category/casque/" "Mozilla/5.0 (Linux; Android 10; K) AppleWebKit/537.36 (KHTML, like Gecko) Chrome/142.0.0.0 Mobile Safari/537.36"
160.157.139.21 - - [05/Dec/2025:15:23:05 +0300] "GET /wp-content/uploads/2025/07/logo-marque-piaggio-Photoroom.png HTTP/1.1" 200 7113 "https://hamza2roues.com/product-category/casque/" "Mozilla/5.0 (Linux; Android 10; K) AppleWebKit/537.36 (KHTML, like Gecko) Chrome/142.0.0.0 Mobile Safari/537.36"
160.157.139.21 - - [05/Dec/2025:15:23:05 +0300] "GET /wp-content/uploads/2025/07/logo.png HTTP/1.1" 200 2695 "https://hamza2roues.com/product-category/casque/" "Mozilla/5.0 (Linux; Android 10; K) AppleWebKit/537.36 (KHTML, like Gecko) Chrome/142.0.0.0 Mobile Safari/537.36"
160.157.139.21 - - [05/Dec/2025:15:23:05 +0300] "GET /wp-content/uploads/2025/10/telechargement-2025-10-04T020445.517-Photoroom.png HTTP/1.1" 200 8034 "https://hamza2roues.com/product-category/casque/" "Mozilla/5.0 (Linux; Android 10; K) AppleWebKit/537.36 (KHTML, like Gecko) Chrome/142.0.0.0 Mobile Safari/537.36"
160.157.139.21 - - [05/Dec/2025:15:23:05 +0300] "GET /wp-content/uploads/2025/07/Design-sans-titre-50-e1752182086509.png HTTP/1.1" 200 32186 "https://hamza2roues.com/product-category/casque/" "Mozilla/5.0 (Linux; Android 10; K) AppleWebKit/537.36 (KHTML, like Gecko) Chrome/142.0.0.0 Mobile Safari/537.36"
160.157.139.21 - - [05/Dec/2025:15:23:10 +0300] "GET /product/casque-integral/ HTTP/1.1" 200 34294 "https://hamza2roues.com/product-category/casque/" "Mozilla/5.0 (Linux; Android 10; K) AppleWebKit/537.36 (KHTML, like Gecko) Chrome/142.0.0.0 Mobile Safari/537.36"
160.157.139.21 - - [05/Dec/2025:15:23:17 +0300] "GET /product/casque-moto-jet-noir-vert-k5/ HTTP/1.1" 200 34615 "https://hamza2roues.com/product-category/casque/" "Mozilla/5.0 (Linux; Android 10; K) AppleWebKit/537.36 (KHTML, like Gecko) Chrome/142.0.0.0 Mobile Safari/537.36"
197.244.82.246 - - [05/Dec/2025:15:23:19 +0300] "POST /wp-admin/admin-ajax.php HTTP/2" 200 77 "https://hamza2roues.com/product/dosseret-moto-universel-takeya/" "Mozilla/5.0 (Windows NT 10.0; Win64; x64) AppleWebKit/537.36 (KHTML, like Gecko) Chrome/142.0.0.0 Safari/537.36"
197.244.82.246 - - [05/Dec/2025:15:24:19 +0300] "POST /wp-admin/admin-ajax.php HTTP/2" 200 79 "https://hamza2roues.com/product/dosseret-moto-universel-takeya/" "Mozilla/5.0 (Windows NT 10.0; Win64; x64) AppleWebKit/537.36 (KHTML, like Gecko) Chrome/142.0.0.0 Safari/537.36"
197.244.82.246 - - [05/Dec/2025:15:25:19 +0300] "POST /wp-admin/admin-ajax.php HTTP/2" 200 80 "https://hamza2roues.com/product/dosseret-moto-universel-takeya/" "Mozilla/5.0 (Windows NT 10.0; Win64; x64) AppleWebKit/537.36 (KHTML, like Gecko) Chrome/142.0.0.0 Safari/537.36"
193.111.77.77 - - [05/Dec/2025:15:25:23 +0300] "GET /wp-content/uploads/2025/12/unnamed-61.jpg HTTP/1.1" 200 42600 "-" "-"
193.111.77.77 - - [05/Dec/2025:15:25:39 +0300] "GET /wp-content/uploads/2025/10/pot-d-echappement-sife-mbk-booster-slider-50.jpg HTTP/1.1" 200 23201 "-" "-"
193.111.77.77 - - [05/Dec/2025:15:25:46 +0300] "POST /wp-cron.php?doing_wp_cron=1764937546.5106849670410156250000 HTTP/1.1" 200 0 "-" "WordPress/6.9; https://hamza2roues.com"
193.111.77.77 - - [05/Dec/2025:15:25:05 +0300] "POST /wp-cron.php?doing_wp_cron=1764937505.7480869293212890625000 HTTP/1.1" 200 0 "-" "WordPress/6.9; https://hamza2roues.com"
216.244.66.196 - - [05/Dec/2025:15:25:14 +0300] "GET /robots.txt HTTP/1.1" 200 126 "-" "Mozilla/5.0 (compatible; DotBot/1.2; +https://opensiteexplorer.org/dotbot; help@moz.com)"
197.238.90.57 - - [05/Dec/2025:15:25:35 +0300] "POST /wp-admin/admin-ajax.php HTTP/2" 200 78 "https://hamza2roues.com/product/autocollant-sticker-uv-3d-honda/" "Mozilla/5.0 (Macintosh; Intel Mac OS X 10_15_7) AppleWebKit/537.36 (KHTML, like Gecko) Chrome/142.0.0.0 Safari/537.36"
197.238.90.57 - - [05/Dec/2025:15:25:35 +0300] "POST /wp-admin/admin-ajax.php HTTP/2" 200 78 "https://hamza2roues.com/product/systeme-dalarme-moto/" "Mozilla/5.0 (Macintosh; Intel Mac OS X 10_15_7) AppleWebKit/537.36 (KHTML, like Gecko) Chrome/142.0.0.0 Safari/537.36"
66.249.76.3 - - [05/Dec/2025:15:25:56 +0300] "GET /marque/sc-project/?per_page=9 HTTP/1.1" 200 30798 "-" "Mozilla/5.0 (Linux; Android 6.0.1; Nexus 5X Build/MMB29P) AppleWebKit/537.36 (KHTML, like Gecko) Chrome/141.0.7390.122 Mobile Safari/537.36 (compatible; Googlebot/2.1; +http://www.google.com/bot.html)"
66.249.66.165 - - [05/Dec/2025:15:26:05 +0300] "POST /wp-json/wp-statistics/v2/hit HTTP/1.1" 200 56 "https://hamza2roues.com/marque/sc-project/?per_page=9" "Mozilla/5.0 (Linux; Android 6.0.1; Nexus 5X Build/MMB29P) AppleWebKit/537.36 (KHTML, like Gecko) Chrome/141.0.7390.122 Mobile Safari/537.36 (compatible; Googlebot/2.1; +http://www.google.com/bot.html)"
66.249.66.166 - - [05/Dec/2025:15:26:09 +0300] "POST /?wc-ajax=get_refreshed_fragments HTTP/1.1" 200 499 "https://hamza2roues.com/marque/sc-project/?per_page=9" "Mozilla/5.0 (Linux; Android 6.0.1; Nexus 5X Build/MMB29P) AppleWebKit/537.36 (KHTML, like Gecko) Chrome/141.0.7390.122 Mobile Safari/537.36 (compatible; Googlebot/2.1; +http://www.google.com/bot.html)"
197.238.90.57 - - [05/Dec/2025:15:27:35 +0300] "POST /wp-admin/admin-ajax.php HTTP/2" 200 78 "https://hamza2roues.com/product/autocollant-sticker-uv-3d-honda/" "Mozilla/5.0 (Macintosh; Intel Mac OS X 10_15_7) AppleWebKit/537.36 (KHTML, like Gecko) Chrome/142.0.0.0 Safari/537.36"
197.238.90.57 - - [05/Dec/2025:15:27:35 +0300] "POST /wp-admin/admin-ajax.php HTTP/2" 200 77 "https://hamza2roues.com/product/systeme-dalarme-moto/" "Mozilla/5.0 (Macintosh; Intel Mac OS X 10_15_7) AppleWebKit/537.36 (KHTML, like Gecko) Chrome/142.0.0.0 Safari/537.36"
193.111.77.77 - - [05/Dec/2025:15:29:11 +0300] "POST /wp-cron.php?doing_wp_cron=1764937751.1345078945159912109375 HTTP/1.1" 200 0 "-" "WordPress/6.9; https://hamza2roues.com"
114.119.135.96 - - [05/Dec/2025:15:29:21 +0300] "GET /product-category/pieces-moto/vacuum-cleaners/?per_page=12&shop_view=grid&per_row=4 HTTP/1.1" 200 34362 "https://hamza2roues.com/product-category/pieces-moto/vacuum-cleaners/page/2?per_page=12&shop_view=grid&per_row=4" "Mozilla/5.0 (Linux; Android 7.0;) AppleWebKit/537.36 (KHTML, like Gecko) Mobile Safari/537.36 (compatible; PetalBot;+https://webmaster.petalsearch.com/site/petalbot)"
197.238.90.57 - - [05/Dec/2025:15:29:35 +0300] "POST /wp-admin/admin-ajax.php HTTP/1.1" 200 78 "https://hamza2roues.com/product/systeme-dalarme-moto/" "Mozilla/5.0 (Macintosh; Intel Mac OS X 10_15_7) AppleWebKit/537.36 (KHTML, like Gecko) Chrome/142.0.0.0 Safari/537.36"
197.238.90.57 - - [05/Dec/2025:15:29:35 +0300] "POST /wp-admin/admin-ajax.php HTTP/1.1" 200 77 "https://hamza2roues.com/product/autocollant-sticker-uv-3d-honda/" "Mozilla/5.0 (Macintosh; Intel Mac OS X 10_15_7) AppleWebKit/537.36 (KHTML, like Gecko) Chrome/142.0.0.0 Safari/537.36"
197.10.109.89 - - [05/Dec/2025:15:30:41 +0300] "GET /wp-content/uploads/2025/08/IMG_3033-1-Photoroom-600x600.png HTTP/2" 200 139236 "-" "com.google.android.googlequicksearchbox/301639434 (Linux; U; Android 10; en_GB; Redmi Note 9S; Build/QKQ1.191215.002; Cronet/144.0.7509.3)"
114.119.135.96 - - [05/Dec/2025:15:22:24 +0300] "GET /product-category/pieces-moto/vacuum-cleaners/page/2/?per_page=9&shop_view=grid&per_row=2 HTTP/1.1" 200 33179 "-" "Mozilla/5.0 (Linux; Android 7.0;) AppleWebKit/537.36 (KHTML, like Gecko) Mobile Safari/537.36 (compatible; PetalBot;+https://webmaster.petalsearch.com/site/petalbot)"
193.111.77.77 - - [05/Dec/2025:15:24:36 +0300] "GET /wp-content/uploads/2025/10/unnamed-18.jpg HTTP/1.1" 200 57188 "-" "-"
193.111.77.77 - - [05/Dec/2025:15:24:39 +0300] "GET /wp-content/uploads/2025/10/Av.-Fethi-Zouheir-Ennkhilet-Ariana-13-e1760402861312.png HTTP/1.1" 200 160401 "-" "-"
193.111.77.77 - - [05/Dec/2025:15:24:49 +0300] "POST /wp-cron.php?doing_wp_cron=1764937489.2666180133819580078125 HTTP/1.1" 200 0 "-" "WordPress/6.9; https://hamza2roues.com"
193.111.77.77 - - [05/Dec/2025:15:25:37 +0300] "GET /wp-content/uploads/2025/12/unnamed-45-e1764690357249.jpg HTTP/1.1" 200 26071 "-" "-"
178.156.133.109 - - [05/Dec/2025:15:25:39 +0300] "GET /wp-login.php HTTP/2" 200 4289 "-" "Mozilla/5.0 (Macintosh; Intel Mac OS X 10_13_1) AppleWebKit/604.3.1 (KHTML, like Gecko) Version/11.0.1 Safari/604.3.1"
178.156.133.109 - - [05/Dec/2025:15:25:43 +0300] "POST /wp-login.php HTTP/2" 503 6714 "https://hamza2roues.com/wp-login.php" "Mozilla/5.0 (Macintosh; Intel Mac OS X 10_13_1) AppleWebKit/604.3.1 (KHTML, like Gecko) Version/11.0.1 Safari/604.3.1"
193.111.77.77 - - [05/Dec/2025:15:26:17 +0300] "POST /wp-cron.php?doing_wp_cron=1764937577.7500689029693603515625 HTTP/1.1" 200 0 "-" "WordPress/6.9; https://hamza2roues.com"
114.119.157.124 - - [05/Dec/2025:15:26:31 +0300] "GET /product-category/pieces-moto/vacuum-cleaners/page/2/?per_row=3&shop_view=grid&per_page=12 HTTP/1.1" 200 32499 "https://hamza2roues.com/product-category/pieces-moto/vacuum-cleaners?per_row=3&shop_view=grid&per_page=12" "Mozilla/5.0 (Linux; Android 7.0;) AppleWebKit/537.36 (KHTML, like Gecko) Mobile Safari/537.36 (compatible; PetalBot;+https://webmaster.petalsearch.com/site/petalbot)"
193.111.77.77 - - [05/Dec/2025:15:27:20 +0300] "POST /wp-cron.php?doing_wp_cron=1764937640.7960259914398193359375 HTTP/1.1" 200 0 "-" "WordPress/6.9; https://hamza2roues.com"
193.111.77.77 - - [05/Dec/2025:15:29:10 +0300] "GET /wp-content/uploads/2025/09/IMG_3528-Photoroom.png HTTP/1.1" 200 78799 "-" "-"
197.244.82.246 - - [05/Dec/2025:15:30:20 +0300] "POST /wp-admin/admin-ajax.php HTTP/2" 200 79 "https://hamza2roues.com/product/dosseret-moto-universel-takeya/" "Mozilla/5.0 (Windows NT 10.0; Win64; x64) AppleWebKit/537.36 (KHTML, like Gecko) Chrome/142.0.0.0 Safari/537.36"
51.89.129.20 - - [05/Dec/2025:15:31:08 +0300] "GET / HTTP/2" 200 44482 "-" "Mozilla/5.0 (compatible; AhrefsBot/7.0; +http://ahrefs.com/robot/)"
197.244.82.246 - - [05/Dec/2025:15:31:19 +0300] "POST /wp-admin/admin-ajax.php HTTP/2" 200 78 "https://hamza2roues.com/product/dosseret-moto-universel-takeya/" "Mozilla/5.0 (Windows NT 10.0; Win64; x64) AppleWebKit/537.36 (KHTML, like Gecko) Chrome/142.0.0.0 Safari/537.36"
197.238.90.57 - - [05/Dec/2025:15:31:35 +0300] "POST /wp-admin/admin-ajax.php HTTP/1.1" 200 77 "https://hamza2roues.com/product/autocollant-sticker-uv-3d-honda/" "Mozilla/5.0 (Macintosh; Intel Mac OS X 10_15_7) AppleWebKit/537.36 (KHTML, like Gecko) Chrome/142.0.0.0 Safari/537.36"
197.238.90.57 - - [05/Dec/2025:15:31:35 +0300] "POST /wp-admin/admin-ajax.php HTTP/1.1" 200 80 "https://hamza2roues.com/product/systeme-dalarme-moto/" "Mozilla/5.0 (Macintosh; Intel Mac OS X 10_15_7) AppleWebKit/537.36 (KHTML, like Gecko) Chrome/142.0.0.0 Safari/537.36"
114.119.153.161 - - [05/Dec/2025:15:32:05 +0300] "GET /product-category/pieces-moto/vacuum-cleaners/page/1/?per_row=4&shop_view=grid&per_page=12 HTTP/1.1" 301 0 "https://hamza2roues.com/product-category/pieces-moto/vacuum-cleaners/page/2?per_row=4&shop_view=grid&per_page=12" "Mozilla/5.0 (Linux; Android 7.0;) AppleWebKit/537.36 (KHTML, like Gecko) Mobile Safari/537.36 (compatible; PetalBot;+https://webmaster.petalsearch.com/site/petalbot)"
197.10.109.89 - - [05/Dec/2025:15:32:09 +0300] "GET /wp-includes/js/mediaelement/wp-mediaelement.min.css?ver=6.8.3 HTTP/2" 200 915 "-" "Mozilla/5.0 (Linux; Android 10; K) AppleWebKit/537.36 (KHTML, like Gecko) Chrome/142.0.0.0 Mobile Safari/537.36"
197.10.109.89 - - [05/Dec/2025:15:32:09 +0300] "GET /wp-includes/css/dist/block-library/style.min.css?ver=6.8.3 HTTP/2" 200 13607 "-" "Mozilla/5.0 (Linux; Android 10; K) AppleWebKit/537.36 (KHTML, like Gecko) Chrome/142.0.0.0 Mobile Safari/537.36"
197.10.109.89 - - [05/Dec/2025:15:32:09 +0300] "GET /wp-includes/js/mediaelement/mediaelementplayer-legacy.min.css?ver=4.2.17 HTTP/2" 200 2204 "-" "Mozilla/5.0 (Linux; Android 10; K) AppleWebKit/537.36 (KHTML, like Gecko) Chrome/142.0.0.0 Mobile Safari/537.36"
197.10.109.89 - - [05/Dec/2025:15:32:09 +0300] "GET /marque/rizoma/ HTTP/2" 200 31714 "https://www.google.com/" "Mozilla/5.0 (Linux; Android 10; K) AppleWebKit/537.36 (KHTML, like Gecko) Chrome/142.0.0.0 Mobile Safari/537.36"
197.10.109.89 - - [05/Dec/2025:15:32:09 +0300] "GET /wp-content/plugins/wp-whatsapp/assets/dist/css/style.css?ver=6.8.3 HTTP/2" 200 4361 "-" "Mozilla/5.0 (Linux; Android 10; K) AppleWebKit/537.36 (KHTML, like Gecko) Chrome/142.0.0.0 Mobile Safari/537.36"
197.10.109.89 - - [05/Dec/2025:15:32:09 +0300] "GET /wp-content/uploads/order-tracker-by-phone-number/frontend.css?ver=1752416979 HTTP/2" 200 590 "-" "Mozilla/5.0 (Linux; Android 10; K) AppleWebKit/537.36 (KHTML, like Gecko) Chrome/142.0.0.0 Mobile Safari/537.36"
197.10.109.89 - - [05/Dec/2025:15:32:09 +0300] "GET /wp-content/themes/woodmart/css/parts/woo-widget-price-filter.min.css?ver=8.2.6 HTTP/2" 200 114 "-" "Mozilla/5.0 (Linux; Android 10; K) AppleWebKit/537.36 (KHTML, like Gecko) Chrome/142.0.0.0 Mobile Safari/537.36"
197.10.109.89 - - [05/Dec/2025:15:32:09 +0300] "GET /wp-content/uploads/elementor/css/custom-frontend.min.css?ver=1763592969 HTTP/2" 200 5906 "https://hamza2roues.com/marque/rizoma/" "Mozilla/5.0 (Linux; Android 10; K) AppleWebKit/537.36 (KHTML, like Gecko) Chrome/142.0.0.0 Mobile Safari/537.36"
197.10.109.89 - - [05/Dec/2025:15:32:09 +0300] "GET /wp-content/uploads/elementor/css/post-7.css?ver=1763592969 HTTP/2" 200 298 "https://hamza2roues.com/marque/rizoma/" "Mozilla/5.0 (Linux; Android 10; K) AppleWebKit/537.36 (KHTML, like Gecko) Chrome/142.0.0.0 Mobile Safari/537.36"
197.10.109.89 - - [05/Dec/2025:15:32:09 +0300] "GET /wp-content/themes/woodmart/css/parts/base.min.css?ver=8.2.6 HTTP/2" 200 8633 "https://hamza2roues.com/marque/rizoma/" "Mozilla/5.0 (Linux; Android 10; K) AppleWebKit/537.36 (KHTML, like Gecko) Chrome/142.0.0.0 Mobile Safari/537.36"
197.10.109.89 - - [05/Dec/2025:15:32:09 +0300] "GET /wp-content/themes/woodmart/css/parts/helpers-wpb-elem.min.css?ver=8.2.6 HTTP/2" 200 275 "https://hamza2roues.com/marque/rizoma/" "Mozilla/5.0 (Linux; Android 10; K) AppleWebKit/537.36 (KHTML, like Gecko) Chrome/142.0.0.0 Mobile Safari/537.36"
197.10.109.89 - - [05/Dec/2025:15:32:09 +0300] "GET /wp-content/themes/woodmart/css/parts/int-elem-base.min.css?ver=8.2.6 HTTP/2" 200 1261 "https://hamza2roues.com/marque/rizoma/" "Mozilla/5.0 (Linux; Android 10; K) AppleWebKit/537.36 (KHTML, like Gecko) Chrome/142.0.0.0 Mobile Safari/537.36"
197.10.109.89 - - [05/Dec/2025:15:32:09 +0300] "GET /wp-content/themes/woodmart/css/parts/woocommerce-base.min.css?ver=8.2.6 HTTP/2" 200 1492 "https://hamza2roues.com/marque/rizoma/" "Mozilla/5.0 (Linux; Android 10; K) AppleWebKit/537.36 (KHTML, like Gecko) Chrome/142.0.0.0 Mobile Safari/537.36"
197.10.109.89 - - [05/Dec/2025:15:32:09 +0300] "GET /wp-content/themes/woodmart/css/parts/mod-star-rating.min.css?ver=8.2.6 HTTP/2" 200 199 "https://hamza2roues.com/marque/rizoma/" "Mozilla/5.0 (Linux; Android 10; K) AppleWebKit/537.36 (KHTML, like Gecko) Chrome/142.0.0.0 Mobile Safari/537.36"
197.10.109.89 - - [05/Dec/2025:15:32:09 +0300] "GET /wp-content/themes/woodmart/css/parts/woo-mod-block-notices.min.css?ver=8.2.6 HTTP/2" 200 584 "https://hamza2roues.com/marque/rizoma/" "Mozilla/5.0 (Linux; Android 10; K) AppleWebKit/537.36 (KHTML, like Gecko) Chrome/142.0.0.0 Mobile Safari/537.36"
197.10.109.89 - - [05/Dec/2025:15:32:09 +0300] "GET /wp-content/themes/woodmart/css/parts/woo-opt-free-progress-bar.min.css?ver=8.2.6 HTTP/2" 200 258 "https://hamza2roues.com/marque/rizoma/" "Mozilla/5.0 (Linux; Android 10; K) AppleWebKit/537.36 (KHTML, like Gecko) Chrome/142.0.0.0 Mobile Safari/537.36"
197.10.109.89 - - [05/Dec/2025:15:32:09 +0300] "GET /wp-content/themes/woodmart/css/parts/woo-mod-progress-bar.min.css?ver=8.2.6 HTTP/2" 200 293 "https://hamza2roues.com/marque/rizoma/" "Mozilla/5.0 (Linux; Android 10; K) AppleWebKit/537.36 (KHTML, like Gecko) Chrome/142.0.0.0 Mobile Safari/537.36"
197.10.109.89 - - [05/Dec/2025:15:32:09 +0300] "GET /wp-content/themes/woodmart/css/parts/woo-widget-active-filters.min.css?ver=8.2.6 HTTP/2" 200 157 "https://hamza2roues.com/marque/rizoma/" "Mozilla/5.0 (Linux; Android 10; K) AppleWebKit/537.36 (KHTML, like Gecko) Chrome/142.0.0.0 Mobile Safari/537.36"
197.10.109.89 - - [05/Dec/2025:15:32:09 +0300] "GET /wp-content/themes/woodmart/css/parts/woo-shop-builder.min.css?ver=8.2.6 HTTP/2" 200 119 "https://hamza2roues.com/marque/rizoma/" "Mozilla/5.0 (Linux; Android 10; K) AppleWebKit/537.36 (KHTML, like Gecko) Chrome/142.0.0.0 Mobile Safari/537.36"
197.10.109.89 - - [05/Dec/2025:15:32:09 +0300] "GET /wp-content/themes/woodmart/css/parts/wp-blocks.min.css?ver=8.2.6 HTTP/2" 200 871 "https://hamza2roues.com/marque/rizoma/" "Mozilla/5.0 (Linux; Android 10; K) AppleWebKit/537.36 (KHTML, like Gecko) Chrome/142.0.0.0 Mobile Safari/537.36"
197.10.109.89 - - [05/Dec/2025:15:32:09 +0300] "GET /wp-content/themes/woodmart-child/style.css?ver=8.2.6 HTTP/2" 200 196 "https://hamza2roues.com/marque/rizoma/" "Mozilla/5.0 (Linux; Android 10; K) AppleWebKit/537.36 (KHTML, like Gecko) Chrome/142.0.0.0 Mobile Safari/537.36"
197.10.109.89 - - [05/Dec/2025:15:32:09 +0300] "GET /wp-content/themes/woodmart/css/parts/header-base.min.css?ver=8.2.6 HTTP/2" 200 2671 "https://hamza2roues.com/marque/rizoma/" "Mozilla/5.0 (Linux; Android 10; K) AppleWebKit/537.36 (KHTML, like Gecko) Chrome/142.0.0.0 Mobile Safari/537.36"
197.10.109.89 - - [05/Dec/2025:15:32:09 +0300] "GET /wp-content/themes/woodmart/css/parts/mod-tools.min.css?ver=8.2.6 HTTP/2" 200 852 "https://hamza2roues.com/marque/rizoma/" "Mozilla/5.0 (Linux; Android 10; K) AppleWebKit/537.36 (KHTML, like Gecko) Chrome/142.0.0.0 Mobile Safari/537.36"
197.10.109.89 - - [05/Dec/2025:15:32:09 +0300] "GET /wp-content/themes/woodmart/css/parts/header-el-search.min.css?ver=8.2.6 HTTP/2" 200 413 "https://hamza2roues.com/marque/rizoma/" "Mozilla/5.0 (Linux; Android 10; K) AppleWebKit/537.36 (KHTML, like Gecko) Chrome/142.0.0.0 Mobile Safari/537.36"
197.10.109.89 - - [05/Dec/2025:15:32:09 +0300] "GET /wp-content/themes/woodmart/css/parts/header-el-search-form.min.css?ver=8.2.6 HTTP/2" 200 266 "https://hamza2roues.com/marque/rizoma/" "Mozilla/5.0 (Linux; Android 10; K) AppleWebKit/537.36 (KHTML, like Gecko) Chrome/142.0.0.0 Mobile Safari/537.36"
197.10.109.89 - - [05/Dec/2025:15:32:09 +0300] "GET /wp-content/themes/woodmart/css/parts/wd-search-results.min.css?ver=8.2.6 HTTP/2" 200 735 "https://hamza2roues.com/marque/rizoma/" "Mozilla/5.0 (Linux; Android 10; K) AppleWebKit/537.36 (KHTML, like Gecko) Chrome/142.0.0.0 Mobile Safari/537.36"
197.10.109.89 - - [05/Dec/2025:15:32:09 +0300] "GET /wp-content/themes/woodmart/css/parts/wd-search-dropdown.min.css?ver=8.2.6 HTTP/2" 200 542 "https://hamza2roues.com/marque/rizoma/" "Mozilla/5.0 (Linux; Android 10; K) AppleWebKit/537.36 (KHTML, like Gecko) Chrome/142.0.0.0 Mobile Safari/537.36"
197.10.109.89 - - [05/Dec/2025:15:32:09 +0300] "GET /wp-content/themes/woodmart/css/parts/header-el-base.min.css?ver=8.2.6 HTTP/2" 200 325 "https://hamza2roues.com/marque/rizoma/" "Mozilla/5.0 (Linux; Android 10; K) AppleWebKit/537.36 (KHTML, like Gecko) Chrome/142.0.0.0 Mobile Safari/537.36"
197.10.109.89 - - [05/Dec/2025:15:32:09 +0300] "GET /wp-content/themes/woodmart/css/parts/el-info-box.min.css?ver=8.2.6 HTTP/2" 200 935 "https://hamza2roues.com/marque/rizoma/" "Mozilla/5.0 (Linux; Android 10; K) AppleWebKit/537.36 (KHTML, like Gecko) Chrome/142.0.0.0 Mobile Safari/537.36"
197.10.109.89 - - [05/Dec/2025:15:32:09 +0300] "GET /wp-content/themes/woodmart/css/parts/header-el-cart-design-3.min.css?ver=8.2.6 HTTP/2" 200 272 "https://hamza2roues.com/marque/rizoma/" "Mozilla/5.0 (Linux; Android 10; K) AppleWebKit/537.36 (KHTML, like Gecko) Chrome/142.0.0.0 Mobile Safari/537.36"
197.10.109.89 - - [05/Dec/2025:15:32:09 +0300] "GET /wp-content/themes/woodmart/css/parts/header-el-cart-side.min.css?ver=8.2.6 HTTP/2" 200 287 "https://hamza2roues.com/marque/rizoma/" "Mozilla/5.0 (Linux; Android 10; K) AppleWebKit/537.36 (KHTML, like Gecko) Chrome/142.0.0.0 Mobile Safari/537.36"
197.10.109.89 - - [05/Dec/2025:15:32:09 +0300] "GET /wp-content/themes/woodmart/css/parts/header-el-cart.min.css?ver=8.2.6 HTTP/2" 200 536 "https://hamza2roues.com/marque/rizoma/" "Mozilla/5.0 (Linux; Android 10; K) AppleWebKit/537.36 (KHTML, like Gecko) Chrome/142.0.0.0 Mobile Safari/537.36"
197.10.109.89 - - [05/Dec/2025:15:32:09 +0300] "GET /wp-content/themes/woodmart/css/parts/woo-widget-shopping-cart.min.css?ver=8.2.6 HTTP/2" 200 1130 "https://hamza2roues.com/marque/rizoma/" "Mozilla/5.0 (Linux; Android 10; K) AppleWebKit/537.36 (KHTML, like Gecko) Chrome/142.0.0.0 Mobile Safari/537.36"
197.10.109.89 - - [05/Dec/2025:15:32:09 +0300] "GET /wp-content/themes/woodmart/css/parts/lib-swiper-arrows.min.css?ver=8.2.6 HTTP/2" 200 685 "https://hamza2roues.com/marque/rizoma/" "Mozilla/5.0 (Linux; Android 10; K) AppleWebKit/537.36 (KHTML, like Gecko) Chrome/142.0.0.0 Mobile Safari/537.36"
197.10.109.89 - - [05/Dec/2025:15:32:09 +0300] "GET /wp-content/themes/woodmart/css/parts/woo-widget-wd-layered-nav.min.css?ver=8.2.6 HTTP/2" 200 284 "https://hamza2roues.com/marque/rizoma/" "Mozilla/5.0 (Linux; Android 10; K) AppleWebKit/537.36 (KHTML, like Gecko) Chrome/142.0.0.0 Mobile Safari/537.36"
197.10.109.89 - - [05/Dec/2025:15:32:09 +0300] "GET /wp-content/themes/woodmart/css/parts/woo-mod-swatches-base.min.css?ver=8.2.6 HTTP/2" 200 657 "https://hamza2roues.com/marque/rizoma/" "Mozilla/5.0 (Linux; Android 10; K) AppleWebKit/537.36 (KHTML, like Gecko) Chrome/142.0.0.0 Mobile Safari/537.36"
197.10.109.89 - - [05/Dec/2025:15:32:09 +0300] "GET /wp-content/themes/woodmart/css/parts/woo-mod-swatches-filter.min.css?ver=8.2.6 HTTP/2" 200 532 "https://hamza2roues.com/marque/rizoma/" "Mozilla/5.0 (Linux; Android 10; K) AppleWebKit/537.36 (KHTML, like Gecko) Chrome/142.0.0.0 Mobile Safari/537.36"
