197.244.82.246 - - [05/Dec/2025:15:54:19 +0300] "POST /wp-admin/admin-ajax.php HTTP/2" 200 80 "https://hamza2roues.com/product/dosseret-moto-universel-takeya/" "Mozilla/5.0 (Windows NT 10.0; Win64; x64) AppleWebKit/537.36 (KHTML, like Gecko) Chrome/142.0.0.0 Safari/537.36"
114.119.135.96 - - [05/Dec/2025:15:54:27 +0300] "GET /product-category/pieces-moto/transmission/?per_row=3&shop_view=grid&per_page=24 HTTP/1.1" 200 32280 "-" "Mozilla/5.0 (Linux; Android 7.0;) AppleWebKit/537.36 (KHTML, like Gecko) Mobile Safari/537.36 (compatible; PetalBot;+https://webmaster.petalsearch.com/site/petalbot)"
197.238.90.57 - - [05/Dec/2025:15:54:36 +0300] "POST /wp-admin/admin-ajax.php HTTP/2" 200 80 "https://hamza2roues.com/product/autocollant-sticker-uv-3d-honda/" "Mozilla/5.0 (Macintosh; Intel Mac OS X 10_15_7) AppleWebKit/537.36 (KHTML, like Gecko) Chrome/142.0.0.0 Safari/537.36"
114.119.142.12 - - [05/Dec/2025:15:48:48 +0300] "GET /product-category/pieces-moto/vacuum-cleaners/?per_row=3&per_page=18&shop_view=grid HTTP/1.1" 200 34581 "https://hamza2roues.com/product-category/pieces-moto/vacuum-cleaners/?per_row=3&per_page=12&shop_view=grid" "Mozilla/5.0 (Linux; Android 7.0;) AppleWebKit/537.36 (KHTML, like Gecko) Mobile Safari/537.36 (compatible; PetalBot;+https://webmaster.petalsearch.com/site/petalbot)"
157.230.120.255 - - [05/Dec/2025:15:49:13 +0300] "GET /wp-content/plugins/acf-extended/readme.txt HTTP/1.1" 301 0 "-" "Mozilla/5.0 (Kubuntu; Linux x86_64) AppleWebKit/537.36 (KHTML, like Gecko) Chrome/137.0.0.0 Safari/537.36"
197.238.90.57 - - [05/Dec/2025:15:49:35 +0300] "POST /wp-admin/admin-ajax.php HTTP/2" 200 78 "https://hamza2roues.com/product/systeme-dalarme-moto/" "Mozilla/5.0 (Macintosh; Intel Mac OS X 10_15_7) AppleWebKit/537.36 (KHTML, like Gecko) Chrome/142.0.0.0 Safari/537.36"
197.238.90.57 - - [05/Dec/2025:15:49:35 +0300] "POST /wp-admin/admin-ajax.php HTTP/2" 200 78 "https://hamza2roues.com/product/autocollant-sticker-uv-3d-honda/" "Mozilla/5.0 (Macintosh; Intel Mac OS X 10_15_7) AppleWebKit/537.36 (KHTML, like Gecko) Chrome/142.0.0.0 Safari/537.36"
193.111.77.77 - - [05/Dec/2025:15:50:58 +0300] "POST /wp-cron.php?doing_wp_cron=1764939058.3819370269775390625000 HTTP/1.1" 200 0 "-" "WordPress/6.9; https://hamza2roues.com"
66.249.66.193 - - [05/Dec/2025:15:51:02 +0300] "GET /product/yamaha-tmax-530-560-pack-vidange-motul-5100/ HTTP/1.1" 200 34332 "-" "Mozilla/5.0 (Linux; Android 6.0.1; Nexus 5X Build/MMB29P) AppleWebKit/537.36 (KHTML, like Gecko) Chrome/141.0.7390.122 Mobile Safari/537.36 (compatible; Googlebot/2.1; +http://www.google.com/bot.html)"
185.182.184.134 - - [05/Dec/2025:15:51:07 +0300] "GET /wp-login.php HTTP/2" 200 4289 "-" "Mozilla/5.0 (X11; CrOS x86_64 10452.96.0) AppleWebKit/537.36 (KHTML, like Gecko) Chrome/66.0.3359.181 Safari/537.36"
185.182.184.134 - - [05/Dec/2025:15:51:09 +0300] "POST /wp-login.php HTTP/2" 503 6714 "https://hamza2roues.com/wp-login.php" "Mozilla/5.0 (X11; CrOS x86_64 10452.96.0) AppleWebKit/537.36 (KHTML, like Gecko) Chrome/66.0.3359.181 Safari/537.36"
193.111.77.77 - - [05/Dec/2025:15:52:01 +0300] "GET /wp-admin/admin-ajax.php?action=wordfence_doScan&isFork=1&scanMode=standard&cronKey=4cf9985a673f3bd9bc483f84d74d9ef9&signature=d03a2d7ceb9046cae2aa2aa6e9de3fab934d970c9cde19482ba51cdbc8c17ef8 HTTP/1.1" 200 0 "-" "WordPress/6.9; https://hamza2roues.com"
193.111.77.77 - - [05/Dec/2025:15:52:34 +0300] "GET /wp-admin/admin-ajax.php?action=wordfence_doScan&isFork=1&scanMode=standard&cronKey=66d0ce617035d2f2c50862bcfdc075de&signature=52c67af46da348c671c57cf7b07f14e28370be9ca5c4e19a95035bd2e4617af2 HTTP/1.1" 200 0 "-" "WordPress/6.9; https://hamza2roues.com"
193.111.77.77 - - [05/Dec/2025:15:54:38 +0300] "POST /wp-cron.php?doing_wp_cron=1764939278.5894770622253417968750 HTTP/1.1" 200 0 "-" "WordPress/6.9; https://hamza2roues.com"
193.111.77.77 - - [05/Dec/2025:15:54:45 +0300] "POST /wp-cron.php?doing_wp_cron=1764939285.3870759010314941406250 HTTP/1.1" 200 0 "-" "WordPress/6.9; https://hamza2roues.com"
193.111.77.77 - - [05/Dec/2025:15:56:21 +0300] "POST /wp-cron.php?doing_wp_cron=1764939381.6633360385894775390625 HTTP/1.1" 200 0 "-" "WordPress/6.9; https://hamza2roues.com"
193.111.77.77 - - [05/Dec/2025:15:55:48 +0300] "GET /wp-admin/admin-ajax.php?action=wordfence_doScan&isFork=1&scanMode=standard&cronKey=3743ea16e24adf2615bbec39ecf3a2a1&signature=d65d5c60d8a483955ba49ca9b454a16abbc5cb34a0cd7347496cbf3e5e4d3ecc HTTP/1.1" 200 0 "-" "WordPress/6.9; https://hamza2roues.com"
193.111.77.77 - - [05/Dec/2025:15:56:20 +0300] "GET /wp-admin/admin-ajax.php?action=wordfence_doScan&isFork=1&scanMode=standard&cronKey=c4656f76b7748315ad42876e181d4e40&signature=3c6dbacd003e77f06ef430b11f8f2c71bbc75ebf72d50772d65c05a65e141aad HTTP/1.1" 200 0 "-" "WordPress/6.9; https://hamza2roues.com"
193.111.77.77 - - [05/Dec/2025:15:57:36 +0300] "POST /wp-cron.php?doing_wp_cron=1764939456.5232961177825927734375 HTTP/1.1" 200 0 "-" "WordPress/6.9; https://hamza2roues.com"
114.119.135.96 - - [05/Dec/2025:15:54:23 +0300] "GET /product-category/pieces-moto/transmission?per_row=3&shop_view=grid&per_page=24 HTTP/1.1" 301 0 "-" "Mozilla/5.0 (Linux; Android 7.0;) AppleWebKit/537.36 (KHTML, like Gecko) Mobile Safari/537.36 (compatible; PetalBot;+https://webmaster.petalsearch.com/site/petalbot)"
197.2.183.165 - - [05/Dec/2025:15:54:58 +0300] "POST /wp-admin/admin-ajax.php HTTP/2" 200 80 "https://hamza2roues.com/product/pneu-moto-2-75-17-shivko/" "Mozilla/5.0 (Windows NT 10.0; Win64; x64) AppleWebKit/537.36 (KHTML, like Gecko) Chrome/143.0.0.0 Safari/537.36"
193.111.77.77 - - [05/Dec/2025:15:55:17 +0300] "POST /wp-cron.php?doing_wp_cron=1764939317.4060111045837402343750 HTTP/1.1" 200 0 "-" "WordPress/6.9; https://hamza2roues.com"
197.238.90.57 - - [05/Dec/2025:15:55:35 +0300] "POST /wp-admin/admin-ajax.php HTTP/2" 200 80 "https://hamza2roues.com/product/autocollant-sticker-uv-3d-honda/" "Mozilla/5.0 (Macintosh; Intel Mac OS X 10_15_7) AppleWebKit/537.36 (KHTML, like Gecko) Chrome/142.0.0.0 Safari/537.36"
193.111.77.77 - - [05/Dec/2025:15:55:37 +0300] "POST /wp-cron.php?doing_wp_cron=1764939337.6917209625244140625000 HTTP/1.1" 200 0 "-" "WordPress/6.9; https://hamza2roues.com"
197.238.90.57 - - [05/Dec/2025:15:55:35 +0300] "POST /wp-admin/admin-ajax.php HTTP/2" 200 78 "https://hamza2roues.com/product/systeme-dalarme-moto/" "Mozilla/5.0 (Macintosh; Intel Mac OS X 10_15_7) AppleWebKit/537.36 (KHTML, like Gecko) Chrome/142.0.0.0 Safari/537.36"
114.119.157.124 - - [05/Dec/2025:15:55:48 +0300] "GET /wp-content/uploads/2025/12/unnamed-49-e1764691417530.jpg HTTP/1.1" 200 24734 "https://hamza2roues.com/shop/page/2?per_row=2&per_page=9&shop_view=grid" "Mozilla/5.0 (Linux; Android 7.0;) AppleWebKit/537.36 (KHTML, like Gecko) Mobile Safari/537.36 (compatible; PetalBot;+https://webmaster.petalsearch.com/site/petalbot)"
193.111.77.77 - - [05/Dec/2025:15:55:16 +0300] "GET /wp-admin/admin-ajax.php?action=wordfence_doScan&isFork=1&scanMode=standard&cronKey=c520d5cc6dcd394f32dc46132376846f&signature=024b5e1432358b6f5c7cc64108071ee93101ce4104c9aa4feec9298f49809511 HTTP/1.1" 200 0 "-" "WordPress/6.9; https://hamza2roues.com"
197.2.183.165 - - [05/Dec/2025:15:55:57 +0300] "POST /wp-admin/admin-ajax.php HTTP/2" 200 80 "https://hamza2roues.com/product/pneu-moto-2-75-17-shivko/" "Mozilla/5.0 (Windows NT 10.0; Win64; x64) AppleWebKit/537.36 (KHTML, like Gecko) Chrome/143.0.0.0 Safari/537.36"
197.2.183.165 - - [05/Dec/2025:15:56:57 +0300] "POST /wp-admin/admin-ajax.php HTTP/2" 200 79 "https://hamza2roues.com/product/pneu-moto-2-75-17-shivko/" "Mozilla/5.0 (Windows NT 10.0; Win64; x64) AppleWebKit/537.36 (KHTML, like Gecko) Chrome/143.0.0.0 Safari/537.36"
197.238.90.57 - - [05/Dec/2025:15:57:35 +0300] "POST /wp-admin/admin-ajax.php HTTP/2" 200 78 "https://hamza2roues.com/product/systeme-dalarme-moto/" "Mozilla/5.0 (Macintosh; Intel Mac OS X 10_15_7) AppleWebKit/537.36 (KHTML, like Gecko) Chrome/142.0.0.0 Safari/537.36"
193.111.77.77 - - [05/Dec/2025:15:57:36 +0300] "POST /wp-cron.php?doing_wp_cron=1764939456.5689289569854736328125 HTTP/1.1" 200 0 "-" "WordPress/6.9; https://hamza2roues.com"
197.238.90.57 - - [05/Dec/2025:15:57:35 +0300] "POST /wp-admin/admin-ajax.php HTTP/2" 200 78 "https://hamza2roues.com/product/autocollant-sticker-uv-3d-honda/" "Mozilla/5.0 (Macintosh; Intel Mac OS X 10_15_7) AppleWebKit/537.36 (KHTML, like Gecko) Chrome/142.0.0.0 Safari/537.36"
66.249.66.33 - - [05/Dec/2025:15:57:51 +0300] "GET /wp-content/themes/woodmart/css/parts/mod-nav-vertical.min.css?ver=8.2.6 HTTP/1.1" 200 573 "https://hamza2roues.com/track-you-order/" "Mozilla/5.0 (Linux; Android 6.0.1; Nexus 5X Build/MMB29P) AppleWebKit/537.36 (KHTML, like Gecko) Chrome/141.0.7390.122 Mobile Safari/537.36 (compatible; Googlebot/2.1; +http://www.google.com/bot.html)"
193.111.77.77 - - [05/Dec/2025:15:57:55 +0300] "POST /wp-cron.php?doing_wp_cron=1764939475.8826649188995361328125 HTTP/1.1" 200 0 "-" "WordPress/6.9; https://hamza2roues.com"
197.238.90.57 - - [05/Dec/2025:15:54:36 +0300] "POST /wp-admin/admin-ajax.php HTTP/2" 200 78 "https://hamza2roues.com/product/systeme-dalarme-moto/" "Mozilla/5.0 (Macintosh; Intel Mac OS X 10_15_7) AppleWebKit/537.36 (KHTML, like Gecko) Chrome/142.0.0.0 Safari/537.36"
197.244.82.246 - - [05/Dec/2025:15:55:19 +0300] "POST /wp-admin/admin-ajax.php HTTP/2" 200 79 "https://hamza2roues.com/product/dosseret-moto-universel-takeya/" "Mozilla/5.0 (Windows NT 10.0; Win64; x64) AppleWebKit/537.36 (KHTML, like Gecko) Chrome/142.0.0.0 Safari/537.36"
197.244.82.246 - - [05/Dec/2025:15:56:19 +0300] "POST /wp-admin/admin-ajax.php HTTP/2" 200 80 "https://hamza2roues.com/product/dosseret-moto-universel-takeya/" "Mozilla/5.0 (Windows NT 10.0; Win64; x64) AppleWebKit/537.36 (KHTML, like Gecko) Chrome/142.0.0.0 Safari/537.36"
197.244.82.246 - - [05/Dec/2025:15:57:19 +0300] "POST /wp-admin/admin-ajax.php HTTP/2" 200 80 "https://hamza2roues.com/product/dosseret-moto-universel-takeya/" "Mozilla/5.0 (Windows NT 10.0; Win64; x64) AppleWebKit/537.36 (KHTML, like Gecko) Chrome/142.0.0.0 Safari/537.36"
197.244.82.246 - - [05/Dec/2025:15:58:19 +0300] "POST /wp-admin/admin-ajax.php HTTP/2" 200 80 "https://hamza2roues.com/product/dosseret-moto-universel-takeya/" "Mozilla/5.0 (Windows NT 10.0; Win64; x64) AppleWebKit/537.36 (KHTML, like Gecko) Chrome/142.0.0.0 Safari/537.36"
193.111.77.77 - - [05/Dec/2025:15:58:36 +0300] "GET /wp-content/uploads/2025/01/IMG_2584-Photoroom-e1752341625963.png HTTP/1.1" 200 92857 "-" "-"
197.244.82.246 - - [05/Dec/2025:15:59:19 +0300] "POST /wp-admin/admin-ajax.php HTTP/2" 200 80 "https://hamza2roues.com/product/dosseret-moto-universel-takeya/" "Mozilla/5.0 (Windows NT 10.0; Win64; x64) AppleWebKit/537.36 (KHTML, like Gecko) Chrome/142.0.0.0 Safari/537.36"
41.62.98.252 - - [05/Dec/2025:15:59:25 +0300] "GET /product-category/casque/ HTTP/2" 200 32342 "https://www.google.com/" "Mozilla/5.0 (Windows NT 10.0; Win64; x64) AppleWebKit/537.36 (KHTML, like Gecko) Chrome/140.0.0.0 Safari/537.36 OPR/124.0.0.0"
41.62.98.252 - - [05/Dec/2025:15:59:25 +0300] "GET /wp-includes/css/dist/block-library/style.min.css?ver=6.9 HTTP/2" 200 13607 "https://hamza2roues.com/product-category/casque/" "Mozilla/5.0 (Windows NT 10.0; Win64; x64) AppleWebKit/537.36 (KHTML, like Gecko) Chrome/140.0.0.0 Safari/537.36 OPR/124.0.0.0"
41.62.98.252 - - [05/Dec/2025:15:59:25 +0300] "GET /wp-includes/js/mediaelement/mediaelementplayer-legacy.min.css?ver=4.2.17 HTTP/2" 200 2204 "https://hamza2roues.com/product-category/casque/" "Mozilla/5.0 (Windows NT 10.0; Win64; x64) AppleWebKit/537.36 (KHTML, like Gecko) Chrome/140.0.0.0 Safari/537.36 OPR/124.0.0.0"
41.62.98.252 - - [05/Dec/2025:15:59:25 +0300] "GET /wp-includes/js/mediaelement/wp-mediaelement.min.css?ver=6.9 HTTP/2" 200 915 "https://hamza2roues.com/product-category/casque/" "Mozilla/5.0 (Windows NT 10.0; Win64; x64) AppleWebKit/537.36 (KHTML, like Gecko) Chrome/140.0.0.0 Safari/537.36 OPR/124.0.0.0"
41.62.98.252 - - [05/Dec/2025:15:59:25 +0300] "GET /wp-content/plugins/wp-whatsapp/assets/dist/css/style.css?ver=6.9 HTTP/2" 200 4361 "https://hamza2roues.com/product-category/casque/" "Mozilla/5.0 (Windows NT 10.0; Win64; x64) AppleWebKit/537.36 (KHTML, like Gecko) Chrome/140.0.0.0 Safari/537.36 OPR/124.0.0.0"
41.62.98.252 - - [05/Dec/2025:15:59:25 +0300] "GET /wp-content/uploads/order-tracker-by-phone-number/frontend.css?ver=1752416979 HTTP/2" 200 590 "https://hamza2roues.com/product-category/casque/" "Mozilla/5.0 (Windows NT 10.0; Win64; x64) AppleWebKit/537.36 (KHTML, like Gecko) Chrome/140.0.0.0 Safari/537.36 OPR/124.0.0.0"
41.62.98.252 - - [05/Dec/2025:15:59:25 +0300] "GET /wp-content/themes/woodmart/css/parts/woo-widget-price-filter.min.css?ver=8.2.6 HTTP/2" 200 114 "https://hamza2roues.com/product-category/casque/" "Mozilla/5.0 (Windows NT 10.0; Win64; x64) AppleWebKit/537.36 (KHTML, like Gecko) Chrome/140.0.0.0 Safari/537.36 OPR/124.0.0.0"
41.62.98.252 - - [05/Dec/2025:15:59:25 +0300] "GET /wp-content/uploads/elementor/css/custom-frontend.min.css?ver=1764891301 HTTP/2" 200 5906 "https://hamza2roues.com/product-category/casque/" "Mozilla/5.0 (Windows NT 10.0; Win64; x64) AppleWebKit/537.36 (KHTML, like Gecko) Chrome/140.0.0.0 Safari/537.36 OPR/124.0.0.0"
41.62.98.252 - - [05/Dec/2025:15:59:25 +0300] "GET /wp-content/uploads/elementor/css/post-7.css?ver=1764891301 HTTP/2" 200 298 "https://hamza2roues.com/product-category/casque/" "Mozilla/5.0 (Windows NT 10.0; Win64; x64) AppleWebKit/537.36 (KHTML, like Gecko) Chrome/140.0.0.0 Safari/537.36 OPR/124.0.0.0"
41.62.98.252 - - [05/Dec/2025:15:59:25 +0300] "GET /wp-content/themes/woodmart/css/parts/base.min.css?ver=8.2.6 HTTP/2" 200 8633 "https://hamza2roues.com/product-category/casque/" "Mozilla/5.0 (Windows NT 10.0; Win64; x64) AppleWebKit/537.36 (KHTML, like Gecko) Chrome/140.0.0.0 Safari/537.36 OPR/124.0.0.0"
41.62.98.252 - - [05/Dec/2025:15:59:25 +0300] "GET /wp-content/themes/woodmart/css/parts/helpers-wpb-elem.min.css?ver=8.2.6 HTTP/2" 200 275 "https://hamza2roues.com/product-category/casque/" "Mozilla/5.0 (Windows NT 10.0; Win64; x64) AppleWebKit/537.36 (KHTML, like Gecko) Chrome/140.0.0.0 Safari/537.36 OPR/124.0.0.0"
41.62.98.252 - - [05/Dec/2025:15:59:25 +0300] "GET /wp-content/themes/woodmart/css/parts/int-elem-base.min.css?ver=8.2.6 HTTP/2" 200 1261 "https://hamza2roues.com/product-category/casque/" "Mozilla/5.0 (Windows NT 10.0; Win64; x64) AppleWebKit/537.36 (KHTML, like Gecko) Chrome/140.0.0.0 Safari/537.36 OPR/124.0.0.0"
41.62.98.252 - - [05/Dec/2025:15:59:25 +0300] "GET /wp-content/themes/woodmart/css/parts/int-wordfence.min.css?ver=8.2.6 HTTP/2" 200 167 "https://hamza2roues.com/product-category/casque/" "Mozilla/5.0 (Windows NT 10.0; Win64; x64) AppleWebKit/537.36 (KHTML, like Gecko) Chrome/140.0.0.0 Safari/537.36 OPR/124.0.0.0"
41.62.98.252 - - [05/Dec/2025:15:59:25 +0300] "GET /wp-content/themes/woodmart/css/parts/woocommerce-base.min.css?ver=8.2.6 HTTP/2" 200 1492 "https://hamza2roues.com/product-category/casque/" "Mozilla/5.0 (Windows NT 10.0; Win64; x64) AppleWebKit/537.36 (KHTML, like Gecko) Chrome/140.0.0.0 Safari/537.36 OPR/124.0.0.0"
41.62.98.252 - - [05/Dec/2025:15:59:25 +0300] "GET /wp-content/themes/woodmart/css/parts/mod-star-rating.min.css?ver=8.2.6 HTTP/2" 200 199 "https://hamza2roues.com/product-category/casque/" "Mozilla/5.0 (Windows NT 10.0; Win64; x64) AppleWebKit/537.36 (KHTML, like Gecko) Chrome/140.0.0.0 Safari/537.36 OPR/124.0.0.0"
41.62.98.252 - - [05/Dec/2025:15:59:25 +0300] "GET /wp-content/themes/woodmart/css/parts/woo-mod-block-notices.min.css?ver=8.2.6 HTTP/2" 200 584 "https://hamza2roues.com/product-category/casque/" "Mozilla/5.0 (Windows NT 10.0; Win64; x64) AppleWebKit/537.36 (KHTML, like Gecko) Chrome/140.0.0.0 Safari/537.36 OPR/124.0.0.0"
41.62.98.252 - - [05/Dec/2025:15:59:25 +0300] "GET /wp-content/themes/woodmart/css/parts/woo-opt-free-progress-bar.min.css?ver=8.2.6 HTTP/2" 200 258 "https://hamza2roues.com/product-category/casque/" "Mozilla/5.0 (Windows NT 10.0; Win64; x64) AppleWebKit/537.36 (KHTML, like Gecko) Chrome/140.0.0.0 Safari/537.36 OPR/124.0.0.0"
41.62.98.252 - - [05/Dec/2025:15:59:25 +0300] "GET /wp-content/themes/woodmart/css/parts/woo-mod-progress-bar.min.css?ver=8.2.6 HTTP/2" 200 293 "https://hamza2roues.com/product-category/casque/" "Mozilla/5.0 (Windows NT 10.0; Win64; x64) AppleWebKit/537.36 (KHTML, like Gecko) Chrome/140.0.0.0 Safari/537.36 OPR/124.0.0.0"
41.62.98.252 - - [05/Dec/2025:15:59:25 +0300] "GET /wp-content/themes/woodmart/css/parts/woo-shop-builder.min.css?ver=8.2.6 HTTP/2" 200 119 "https://hamza2roues.com/product-category/casque/" "Mozilla/5.0 (Windows NT 10.0; Win64; x64) AppleWebKit/537.36 (KHTML, like Gecko) Chrome/140.0.0.0 Safari/537.36 OPR/124.0.0.0"
41.62.98.252 - - [05/Dec/2025:15:59:25 +0300] "GET /wp-content/themes/woodmart/css/parts/wp-blocks.min.css?ver=8.2.6 HTTP/2" 200 871 "https://hamza2roues.com/product-category/casque/" "Mozilla/5.0 (Windows NT 10.0; Win64; x64) AppleWebKit/537.36 (KHTML, like Gecko) Chrome/140.0.0.0 Safari/537.36 OPR/124.0.0.0"
41.62.98.252 - - [05/Dec/2025:15:59:25 +0300] "GET /wp-content/themes/woodmart-child/style.css?ver=8.2.6 HTTP/2" 200 196 "https://hamza2roues.com/product-category/casque/" "Mozilla/5.0 (Windows NT 10.0; Win64; x64) AppleWebKit/537.36 (KHTML, like Gecko) Chrome/140.0.0.0 Safari/537.36 OPR/124.0.0.0"
41.62.98.252 - - [05/Dec/2025:15:59:25 +0300] "GET /wp-content/themes/woodmart/css/parts/header-base.min.css?ver=8.2.6 HTTP/2" 200 2671 "https://hamza2roues.com/product-category/casque/" "Mozilla/5.0 (Windows NT 10.0; Win64; x64) AppleWebKit/537.36 (KHTML, like Gecko) Chrome/140.0.0.0 Safari/537.36 OPR/124.0.0.0"
41.62.98.252 - - [05/Dec/2025:15:59:25 +0300] "GET /wp-content/themes/woodmart/css/parts/mod-tools.min.css?ver=8.2.6 HTTP/2" 200 852 "https://hamza2roues.com/product-category/casque/" "Mozilla/5.0 (Windows NT 10.0; Win64; x64) AppleWebKit/537.36 (KHTML, like Gecko) Chrome/140.0.0.0 Safari/537.36 OPR/124.0.0.0"
41.62.98.252 - - [05/Dec/2025:15:59:25 +0300] "GET /wp-content/themes/woodmart/css/parts/header-el-search.min.css?ver=8.2.6 HTTP/2" 200 413 "https://hamza2roues.com/product-category/casque/" "Mozilla/5.0 (Windows NT 10.0; Win64; x64) AppleWebKit/537.36 (KHTML, like Gecko) Chrome/140.0.0.0 Safari/537.36 OPR/124.0.0.0"
41.62.98.252 - - [05/Dec/2025:15:59:25 +0300] "GET /wp-content/themes/woodmart/css/parts/wd-search-form.min.css?ver=8.2.6 HTTP/2" 200 602 "https://hamza2roues.com/product-category/casque/" "Mozilla/5.0 (Windows NT 10.0; Win64; x64) AppleWebKit/537.36 (KHTML, like Gecko) Chrome/140.0.0.0 Safari/537.36 OPR/124.0.0.0"
41.62.98.252 - - [05/Dec/2025:15:59:25 +0300] "GET /wp-content/themes/woodmart/css/parts/wd-search-results.min.css?ver=8.2.6 HTTP/2" 200 735 "https://hamza2roues.com/product-category/casque/" "Mozilla/5.0 (Windows NT 10.0; Win64; x64) AppleWebKit/537.36 (KHTML, like Gecko) Chrome/140.0.0.0 Safari/537.36 OPR/124.0.0.0"
41.62.98.252 - - [05/Dec/2025:15:59:25 +0300] "GET /wp-content/themes/woodmart/css/parts/wd-search-dropdown.min.css?ver=8.2.6 HTTP/2" 200 542 "https://hamza2roues.com/product-category/casque/" "Mozilla/5.0 (Windows NT 10.0; Win64; x64) AppleWebKit/537.36 (KHTML, like Gecko) Chrome/140.0.0.0 Safari/537.36 OPR/124.0.0.0"
41.62.98.252 - - [05/Dec/2025:15:59:25 +0300] "GET /wp-content/themes/woodmart/css/parts/header-el-base.min.css?ver=8.2.6 HTTP/2" 200 325 "https://hamza2roues.com/product-category/casque/" "Mozilla/5.0 (Windows NT 10.0; Win64; x64) AppleWebKit/537.36 (KHTML, like Gecko) Chrome/140.0.0.0 Safari/537.36 OPR/124.0.0.0"
41.62.98.252 - - [05/Dec/2025:15:59:25 +0300] "GET /wp-content/themes/woodmart/css/parts/el-info-box.min.css?ver=8.2.6 HTTP/2" 200 935 "https://hamza2roues.com/product-category/casque/" "Mozilla/5.0 (Windows NT 10.0; Win64; x64) AppleWebKit/537.36 (KHTML, like Gecko) Chrome/140.0.0.0 Safari/537.36 OPR/124.0.0.0"
41.62.98.252 - - [05/Dec/2025:15:59:25 +0300] "GET /wp-content/themes/woodmart/css/parts/header-el-cart-design-3.min.css?ver=8.2.6 HTTP/2" 200 272 "https://hamza2roues.com/product-category/casque/" "Mozilla/5.0 (Windows NT 10.0; Win64; x64) AppleWebKit/537.36 (KHTML, like Gecko) Chrome/140.0.0.0 Safari/537.36 OPR/124.0.0.0"
41.62.98.252 - - [05/Dec/2025:15:59:25 +0300] "GET /wp-content/themes/woodmart/css/parts/header-el-cart-side.min.css?ver=8.2.6 HTTP/2" 200 287 "https://hamza2roues.com/product-category/casque/" "Mozilla/5.0 (Windows NT 10.0; Win64; x64) AppleWebKit/537.36 (KHTML, like Gecko) Chrome/140.0.0.0 Safari/537.36 OPR/124.0.0.0"
41.62.98.252 - - [05/Dec/2025:15:59:25 +0300] "GET /wp-content/themes/woodmart/css/parts/header-el-cart.min.css?ver=8.2.6 HTTP/2" 200 536 "https://hamza2roues.com/product-category/casque/" "Mozilla/5.0 (Windows NT 10.0; Win64; x64) AppleWebKit/537.36 (KHTML, like Gecko) Chrome/140.0.0.0 Safari/537.36 OPR/124.0.0.0"
41.62.98.252 - - [05/Dec/2025:15:59:25 +0300] "GET /wp-content/themes/woodmart/css/parts/woo-widget-shopping-cart.min.css?ver=8.2.6 HTTP/2" 200 1130 "https://hamza2roues.com/product-category/casque/" "Mozilla/5.0 (Windows NT 10.0; Win64; x64) AppleWebKit/537.36 (KHTML, like Gecko) Chrome/140.0.0.0 Safari/537.36 OPR/124.0.0.0"
41.62.98.252 - - [05/Dec/2025:15:59:25 +0300] "GET /wp-content/themes/woodmart/css/parts/woo-widget-product-list.min.css?ver=8.2.6 HTTP/2" 200 293 "https://hamza2roues.com/product-category/casque/" "Mozilla/5.0 (Windows NT 10.0; Win64; x64) AppleWebKit/537.36 (KHTML, like Gecko) Chrome/140.0.0.0 Safari/537.36 OPR/124.0.0.0"
41.62.98.252 - - [05/Dec/2025:15:59:25 +0300] "GET /wp-content/themes/woodmart/css/parts/woo-widget-active-filters.min.css?ver=8.2.6 HTTP/2" 200 157 "https://hamza2roues.com/product-category/casque/" "Mozilla/5.0 (Windows NT 10.0; Win64; x64) AppleWebKit/537.36 (KHTML, like Gecko) Chrome/140.0.0.0 Safari/537.36 OPR/124.0.0.0"
41.62.98.252 - - [05/Dec/2025:15:59:25 +0300] "GET /wp-content/themes/woodmart/css/parts/header-el-search-form.min.css?ver=8.2.6 HTTP/2" 200 266 "https://hamza2roues.com/product-category/casque/" "Mozilla/5.0 (Windows NT 10.0; Win64; x64) AppleWebKit/537.36 (KHTML, like Gecko) Chrome/140.0.0.0 Safari/537.36 OPR/124.0.0.0"
41.62.98.252 - - [05/Dec/2025:15:59:25 +0300] "GET /wp-content/themes/woodmart/css/parts/header-el-mobile-nav-dropdown.min.css?ver=8.2.6 HTTP/2" 200 90 "https://hamza2roues.com/product-category/casque/" "Mozilla/5.0 (Windows NT 10.0; Win64; x64) AppleWebKit/537.36 (KHTML, like Gecko) Chrome/140.0.0.0 Safari/537.36 OPR/124.0.0.0"
41.62.98.252 - - [05/Dec/2025:15:59:25 +0300] "GET /wp-content/themes/woodmart/css/parts/el-button.min.css?ver=8.2.6 HTTP/2" 200 501 "https://hamza2roues.com/product-category/casque/" "Mozilla/5.0 (Windows NT 10.0; Win64; x64) AppleWebKit/537.36 (KHTML, like Gecko) Chrome/140.0.0.0 Safari/537.36 OPR/124.0.0.0"
41.62.98.252 - - [05/Dec/2025:15:59:25 +0300] "GET /wp-content/themes/woodmart/css/parts/woo-el-breadcrumbs-builder.min.css?ver=8.2.6 HTTP/2" 200 149 "https://hamza2roues.com/product-category/casque/" "Mozilla/5.0 (Windows NT 10.0; Win64; x64) AppleWebKit/537.36 (KHTML, like Gecko) Chrome/140.0.0.0 Safari/537.36 OPR/124.0.0.0"
41.62.98.252 - - [05/Dec/2025:15:59:25 +0300] "GET /wp-content/themes/woodmart/css/parts/woo-widget-wd-layered-nav.min.css?ver=8.2.6 HTTP/2" 200 284 "https://hamza2roues.com/product-category/casque/" "Mozilla/5.0 (Windows NT 10.0; Win64; x64) AppleWebKit/537.36 (KHTML, like Gecko) Chrome/140.0.0.0 Safari/537.36 OPR/124.0.0.0"
41.62.98.252 - - [05/Dec/2025:15:59:25 +0300] "GET /wp-content/themes/woodmart/css/parts/woo-mod-swatches-base.min.css?ver=8.2.6 HTTP/2" 200 657 "https://hamza2roues.com/product-category/casque/" "Mozilla/5.0 (Windows NT 10.0; Win64; x64) AppleWebKit/537.36 (KHTML, like Gecko) Chrome/140.0.0.0 Safari/537.36 OPR/124.0.0.0"
41.62.98.252 - - [05/Dec/2025:15:59:25 +0300] "GET /wp-content/themes/woodmart/css/parts/woo-mod-swatches-filter.min.css?ver=8.2.6 HTTP/2" 200 532 "https://hamza2roues.com/product-category/casque/" "Mozilla/5.0 (Windows NT 10.0; Win64; x64) AppleWebKit/537.36 (KHTML, like Gecko) Chrome/140.0.0.0 Safari/537.36 OPR/124.0.0.0"
41.62.98.252 - - [05/Dec/2025:15:59:25 +0300] "GET /wp-content/themes/woodmart/css/parts/mod-filter-search.min.css?ver=8.2.6 HTTP/2" 200 228 "https://hamza2roues.com/product-category/casque/" "Mozilla/5.0 (Windows NT 10.0; Win64; x64) AppleWebKit/537.36 (KHTML, like Gecko) Chrome/140.0.0.0 Safari/537.36 OPR/124.0.0.0"
41.62.98.252 - - [05/Dec/2025:15:59:25 +0300] "GET /wp-content/themes/woodmart/css/parts/woo-mod-swatches-style-1.min.css?ver=8.2.6 HTTP/2" 200 336 "https://hamza2roues.com/product-category/casque/" "Mozilla/5.0 (Windows NT 10.0; Win64; x64) AppleWebKit/537.36 (KHTML, like Gecko) Chrome/140.0.0.0 Safari/537.36 OPR/124.0.0.0"
41.62.98.252 - - [05/Dec/2025:15:59:25 +0300] "GET /wp-content/themes/woodmart/css/parts/woo-mod-widget-checkboxes.min.css?ver=8.2.6 HTTP/2" 200 213 "https://hamza2roues.com/product-category/casque/" "Mozilla/5.0 (Windows NT 10.0; Win64; x64) AppleWebKit/537.36 (KHTML, like Gecko) Chrome/140.0.0.0 Safari/537.36 OPR/124.0.0.0"
41.62.98.252 - - [05/Dec/2025:15:59:25 +0300] "GET /wp-content/themes/woodmart/css/parts/woo-product-loop-quick.min.css?ver=8.2.6 HTTP/2" 200 569 "https://hamza2roues.com/product-category/casque/" "Mozilla/5.0 (Windows NT 10.0; Win64; x64) AppleWebKit/537.36 (KHTML, like Gecko) Chrome/140.0.0.0 Safari/537.36 OPR/124.0.0.0"
41.62.98.252 - - [05/Dec/2025:15:59:25 +0300] "GET /wp-content/themes/woodmart/css/parts/woo-mod-add-btn-replace.min.css?ver=8.2.6 HTTP/2" 200 445 "https://hamza2roues.com/product-category/casque/" "Mozilla/5.0 (Windows NT 10.0; Win64; x64) AppleWebKit/537.36 (KHTML, like Gecko) Chrome/140.0.0.0 Safari/537.36 OPR/124.0.0.0"
41.62.98.252 - - [05/Dec/2025:15:59:25 +0300] "GET /wp-content/themes/woodmart/css/parts/woo-categories-loop.min.css?ver=8.2.6 HTTP/2" 200 224 "https://hamza2roues.com/product-category/casque/" "Mozilla/5.0 (Windows NT 10.0; Win64; x64) AppleWebKit/537.36 (KHTML, like Gecko) Chrome/140.0.0.0 Safari/537.36 OPR/124.0.0.0"
41.62.98.252 - - [05/Dec/2025:15:59:25 +0300] "GET /wp-content/themes/woodmart/css/parts/woo-categories-loop-old.min.css?ver=8.2.6 HTTP/2" 200 293 "https://hamza2roues.com/product-category/casque/" "Mozilla/5.0 (Windows NT 10.0; Win64; x64) AppleWebKit/537.36 (KHTML, like Gecko) Chrome/140.0.0.0 Safari/537.36 OPR/124.0.0.0"
41.62.98.252 - - [05/Dec/2025:15:59:25 +0300] "GET /wp-content/themes/woodmart/css/parts/woo-opt-stretch-cont.min.css?ver=8.2.6 HTTP/2" 200 233 "https://hamza2roues.com/product-category/casque/" "Mozilla/5.0 (Windows NT 10.0; Win64; x64) AppleWebKit/537.36 (KHTML, like Gecko) Chrome/140.0.0.0 Safari/537.36 OPR/124.0.0.0"
41.62.98.252 - - [05/Dec/2025:15:59:25 +0300] "GET /wp-content/themes/woodmart/css/parts/woo-opt-products-bg.min.css?ver=8.2.6 HTTP/2" 200 124 "https://hamza2roues.com/product-category/casque/" "Mozilla/5.0 (Windows NT 10.0; Win64; x64) AppleWebKit/537.36 (KHTML, like Gecko) Chrome/140.0.0.0 Safari/537.36 OPR/124.0.0.0"
41.62.98.252 - - [05/Dec/2025:15:59:25 +0300] "GET /wp-content/themes/woodmart/css/parts/woo-mod-product-labels.min.css?ver=8.2.6 HTTP/2" 200 363 "https://hamza2roues.com/product-category/casque/" "Mozilla/5.0 (Windows NT 10.0; Win64; x64) AppleWebKit/537.36 (KHTML, like Gecko) Chrome/140.0.0.0 Safari/537.36 OPR/124.0.0.0"
41.62.98.252 - - [05/Dec/2025:15:59:25 +0300] "GET /wp-content/themes/woodmart/css/parts/woo-mod-swatches-style-4.min.css?ver=8.2.6 HTTP/2" 200 344 "https://hamza2roues.com/product-category/casque/" "Mozilla/5.0 (Windows NT 10.0; Win64; x64) AppleWebKit/537.36 (KHTML, like Gecko) Chrome/140.0.0.0 Safari/537.36 OPR/124.0.0.0"
41.62.98.252 - - [05/Dec/2025:15:59:25 +0300] "GET /wp-content/themes/woodmart/css/parts/woo-opt-grid-gallery.min.css?ver=8.2.6 HTTP/2" 200 562 "https://hamza2roues.com/product-category/casque/" "Mozilla/5.0 (Windows NT 10.0; Win64; x64) AppleWebKit/537.36 (KHTML, like Gecko) Chrome/140.0.0.0 Safari/537.36 OPR/124.0.0.0"
41.62.98.252 - - [05/Dec/2025:15:59:25 +0300] "GET /wp-content/themes/woodmart/css/parts/lib-swiper.min.css?ver=8.2.6 HTTP/2" 200 488 "https://hamza2roues.com/product-category/casque/" "Mozilla/5.0 (Windows NT 10.0; Win64; x64) AppleWebKit/537.36 (KHTML, like Gecko) Chrome/140.0.0.0 Safari/537.36 OPR/124.0.0.0"
41.62.98.252 - - [05/Dec/2025:15:59:25 +0300] "GET /wp-content/themes/woodmart/css/parts/el-brand.min.css?ver=8.2.6 HTTP/2" 200 393 "https://hamza2roues.com/product-category/casque/" "Mozilla/5.0 (Windows NT 10.0; Win64; x64) AppleWebKit/537.36 (KHTML, like Gecko) Chrome/140.0.0.0 Safari/537.36 OPR/124.0.0.0"
41.62.98.252 - - [05/Dec/2025:15:59:25 +0300] "GET /wp-content/themes/woodmart/css/parts/lib-swiper-arrows.min.css?ver=8.2.6 HTTP/2" 200 685 "https://hamza2roues.com/product-category/casque/" "Mozilla/5.0 (Windows NT 10.0; Win64; x64) AppleWebKit/537.36 (KHTML, like Gecko) Chrome/140.0.0.0 Safari/537.36 OPR/124.0.0.0"
41.62.98.252 - - [05/Dec/2025:15:59:25 +0300] "GET /wp-content/themes/woodmart/css/parts/lib-swiper-pagin.min.css?ver=8.2.6 HTTP/2" 200 397 "https://hamza2roues.com/product-category/casque/" "Mozilla/5.0 (Windows NT 10.0; Win64; x64) AppleWebKit/537.36 (KHTML, like Gecko) Chrome/140.0.0.0 Safari/537.36 OPR/124.0.0.0"
41.62.98.252 - - [05/Dec/2025:15:59:25 +0300] "GET /wp-content/themes/woodmart/css/parts/el-section-title.min.css?ver=8.2.6 HTTP/2" 200 460 "https://hamza2roues.com/product-category/casque/" "Mozilla/5.0 (Windows NT 10.0; Win64; x64) AppleWebKit/537.36 (KHTML, like Gecko) Chrome/140.0.0.0 Safari/537.36 OPR/124.0.0.0"
41.62.98.252 - - [05/Dec/2025:15:59:25 +0300] "GET /wp-content/themes/woodmart/css/parts/el-text-block.min.css?ver=8.2.6 HTTP/2" 200 99 "https://hamza2roues.com/product-category/casque/" "Mozilla/5.0 (Windows NT 10.0; Win64; x64) AppleWebKit/537.36 (KHTML, like Gecko) Chrome/140.0.0.0 Safari/537.36 OPR/124.0.0.0"
41.62.98.252 - - [05/Dec/2025:15:59:25 +0300] "GET /wp-content/themes/woodmart/css/parts/el-off-canvas-column-btn.min.css?ver=8.2.6 HTTP/2" 200 159 "https://hamza2roues.com/product-category/casque/" "Mozilla/5.0 (Windows NT 10.0; Win64; x64) AppleWebKit/537.36 (KHTML, like Gecko) Chrome/140.0.0.0 Safari/537.36 OPR/124.0.0.0"
41.62.98.252 - - [05/Dec/2025:15:59:25 +0300] "GET /wp-content/themes/woodmart/css/parts/footer-base.min.css?ver=8.2.6 HTTP/2" 200 325 "https://hamza2roues.com/product-category/casque/" "Mozilla/5.0 (Windows NT 10.0; Win64; x64) AppleWebKit/537.36 (KHTML, like Gecko) Chrome/140.0.0.0 Safari/537.36 OPR/124.0.0.0"
41.62.98.252 - - [05/Dec/2025:15:59:25 +0300] "GET /wp-content/themes/woodmart/css/parts/mod-nav-menu-label.min.css?ver=8.2.6 HTTP/2" 200 335 "https://hamza2roues.com/product-category/casque/" "Mozilla/5.0 (Windows NT 10.0; Win64; x64) AppleWebKit/537.36 (KHTML, like Gecko) Chrome/140.0.0.0 Safari/537.36 OPR/124.0.0.0"
41.62.98.252 - - [05/Dec/2025:15:59:25 +0300] "GET /wp-content/themes/woodmart/css/parts/opt-scrolltotop.min.css?ver=8.2.6 HTTP/2" 200 316 "https://hamza2roues.com/product-category/casque/" "Mozilla/5.0 (Windows NT 10.0; Win64; x64) AppleWebKit/537.36 (KHTML, like Gecko) Chrome/140.0.0.0 Safari/537.36 OPR/124.0.0.0"
41.62.98.252 - - [05/Dec/2025:15:59:25 +0300] "GET /wp-content/themes/woodmart/css/parts/opt-bottom-toolbar.min.css?ver=8.2.6 HTTP/2" 200 620 "https://hamza2roues.com/product-category/casque/" "Mozilla/5.0 (Windows NT 10.0; Win64; x64) AppleWebKit/537.36 (KHTML, like Gecko) Chrome/140.0.0.0 Safari/537.36 OPR/124.0.0.0"
41.62.98.252 - - [05/Dec/2025:15:59:25 +0300] "GET /wp-content/themes/woodmart/css/parts/mod-sticky-sidebar-opener.min.css?ver=8.2.6 HTTP/2" 200 229 "https://hamza2roues.com/product-category/casque/" "Mozilla/5.0 (Windows NT 10.0; Win64; x64) AppleWebKit/537.36 (KHTML, like Gecko) Chrome/140.0.0.0 Safari/537.36 OPR/124.0.0.0"
41.62.98.252 - - [05/Dec/2025:15:59:25 +0300] "GET /wp-content/uploads/2025/07/xts-header_695440-1752423732.css?ver=8.2.6 HTTP/2" 200 590 "https://hamza2roues.com/product-category/casque/" "Mozilla/5.0 (Windows NT 10.0; Win64; x64) AppleWebKit/537.36 (KHTML, like Gecko) Chrome/140.0.0.0 Safari/537.36 OPR/124.0.0.0"
41.62.98.252 - - [05/Dec/2025:15:59:25 +0300] "GET /wp-content/uploads/2025/11/xts-theme_settings_default-1762092360.css?ver=8.2.6 HTTP/2" 200 1332 "https://hamza2roues.com/product-category/casque/" "Mozilla/5.0 (Windows NT 10.0; Win64; x64) AppleWebKit/537.36 (KHTML, like Gecko) Chrome/140.0.0.0 Safari/537.36 OPR/124.0.0.0"
41.62.98.252 - - [05/Dec/2025:15:59:25 +0300] "GET /wp-content/themes/woodmart/css/parts/opt-off-canvas-sidebar.min.css?ver=8.2.6 HTTP/2" 200 205 "https://hamza2roues.com/product-category/casque/" "Mozilla/5.0 (Windows NT 10.0; Win64; x64) AppleWebKit/537.36 (KHTML, like Gecko) Chrome/140.0.0.0 Safari/537.36 OPR/124.0.0.0"
41.62.98.252 - - [05/Dec/2025:15:59:25 +0300] "GET /wp-includes/js/jquery/jquery-migrate.min.js?ver=3.4.1 HTTP/2" 200 4344 "https://hamza2roues.com/product-category/casque/" "Mozilla/5.0 (Windows NT 10.0; Win64; x64) AppleWebKit/537.36 (KHTML, like Gecko) Chrome/140.0.0.0 Safari/537.36 OPR/124.0.0.0"
41.62.98.252 - - [05/Dec/2025:15:59:25 +0300] "GET /wp-content/plugins/woocommerce/assets/js/jquery-blockui/jquery.blockUI.min.js?ver=2.7.0-wc.10.3.6 HTTP/2" 200 3080 "https://hamza2roues.com/product-category/casque/" "Mozilla/5.0 (Windows NT 10.0; Win64; x64) AppleWebKit/537.36 (KHTML, like Gecko) Chrome/140.0.0.0 Safari/537.36 OPR/124.0.0.0"
41.62.98.252 - - [05/Dec/2025:15:59:25 +0300] "GET /wp-content/plugins/woocommerce/assets/js/js-cookie/js.cookie.min.js?ver=2.1.4-wc.10.3.6 HTTP/2" 200 719 "https://hamza2roues.com/product-category/casque/" "Mozilla/5.0 (Windows NT 10.0; Win64; x64) AppleWebKit/537.36 (KHTML, like Gecko) Chrome/140.0.0.0 Safari/537.36 OPR/124.0.0.0"
41.62.98.252 - - [05/Dec/2025:15:59:25 +0300] "GET /wp-content/themes/woodmart/js/scripts/global/scrollBar.min.js?ver=8.2.6 HTTP/2" 200 138 "https://hamza2roues.com/product-category/casque/" "Mozilla/5.0 (Windows NT 10.0; Win64; x64) AppleWebKit/537.36 (KHTML, like Gecko) Chrome/140.0.0.0 Safari/537.36 OPR/124.0.0.0"
41.62.98.252 - - [05/Dec/2025:15:59:25 +0300] "GET /wp-content/plugins/jetpack/jetpack_vendor/automattic/jetpack-forms/dist/modules/form/view.js?ver=14.8 HTTP/2" 200 2406 "https://hamza2roues.com/product-category/casque/" "Mozilla/5.0 (Windows NT 10.0; Win64; x64) AppleWebKit/537.36 (KHTML, like Gecko) Chrome/140.0.0.0 Safari/537.36 OPR/124.0.0.0"
41.62.98.252 - - [05/Dec/2025:15:59:25 +0300] "GET /wp-content/uploads/2025/07/hamza-ROUES-5-e1751471760509.png HTTP/2" 200 18258 "https://hamza2roues.com/product-category/casque/" "Mozilla/5.0 (Windows NT 10.0; Win64; x64) AppleWebKit/537.36 (KHTML, like Gecko) Chrome/140.0.0.0 Safari/537.36 OPR/124.0.0.0"
41.62.98.252 - - [05/Dec/2025:15:59:25 +0300] "GET /wp-includes/js/dist/script-modules/interactivity/index.min.js?ver=8964710565a1d258501f HTTP/2" 200 13628 "https://hamza2roues.com/product-category/casque/" "Mozilla/5.0 (Windows NT 10.0; Win64; x64) AppleWebKit/537.36 (KHTML, like Gecko) Chrome/140.0.0.0 Safari/537.36 OPR/124.0.0.0"
41.62.98.252 - - [05/Dec/2025:15:59:25 +0300] "GET /wp-content/uploads/elementor/css/post-1294.css?ver=1764891301 HTTP/2" 200 629 "https://hamza2roues.com/product-category/casque/" "Mozilla/5.0 (Windows NT 10.0; Win64; x64) AppleWebKit/537.36 (KHTML, like Gecko) Chrome/140.0.0.0 Safari/537.36 OPR/124.0.0.0"
41.62.98.252 - - [05/Dec/2025:15:59:25 +0300] "GET /wp-content/themes/woodmart/css/parts/int-elem-opt-off-canvas-column.min.css?ver=8.2.6 HTTP/2" 200 429 "https://hamza2roues.com/product-category/casque/" "Mozilla/5.0 (Windows NT 10.0; Win64; x64) AppleWebKit/537.36 (KHTML, like Gecko) Chrome/140.0.0.0 Safari/537.36 OPR/124.0.0.0"
41.62.98.252 - - [05/Dec/2025:15:59:25 +0300] "GET /wp-content/themes/woodmart/css/parts/woo-shop-el-products-view.min.css?ver=8.2.6 HTTP/2" 200 215 "https://hamza2roues.com/product-category/casque/" "Mozilla/5.0 (Windows NT 10.0; Win64; x64) AppleWebKit/537.36 (KHTML, like Gecko) Chrome/140.0.0.0 Safari/537.36 OPR/124.0.0.0"
66.249.76.2 - - [05/Dec/2025:15:57:53 +0300] "GET /wp-content/themes/woodmart/css/parts/el-menu.min.css?ver=8.2.6 HTTP/1.1" 200 122 "https://hamza2roues.com/track-you-order/" "Mozilla/5.0 (Linux; Android 6.0.1; Nexus 5X Build/MMB29P) AppleWebKit/537.36 (KHTML, like Gecko) Chrome/141.0.7390.122 Mobile Safari/537.36 (compatible; Googlebot/2.1; +http://www.google.com/bot.html)"
66.249.76.2 - - [05/Dec/2025:15:57:54 +0300] "POST /wp-json/wp-statistics/v2/hit HTTP/1.1" 200 56 "https://hamza2roues.com/track-you-order/" "Mozilla/5.0 (Linux; Android 6.0.1; Nexus 5X Build/MMB29P) AppleWebKit/537.36 (KHTML, like Gecko) Chrome/141.0.7390.122 Mobile Safari/537.36 (compatible; Googlebot/2.1; +http://www.google.com/bot.html)"
66.249.76.2 - - [05/Dec/2025:15:57:56 +0300] "POST /?wc-ajax=get_refreshed_fragments HTTP/1.1" 200 499 "https://hamza2roues.com/track-you-order/" "Mozilla/5.0 (Linux; Android 6.0.1; Nexus 5X Build/MMB29P) AppleWebKit/537.36 (KHTML, like Gecko) Chrome/141.0.7390.122 Mobile Safari/537.36 (compatible; Googlebot/2.1; +http://www.google.com/bot.html)"
197.238.90.57 - - [05/Dec/2025:15:58:36 +0300] "POST /wp-admin/admin-ajax.php HTTP/2" 200 78 "https://hamza2roues.com/product/systeme-dalarme-moto/" "Mozilla/5.0 (Macintosh; Intel Mac OS X 10_15_7) AppleWebKit/537.36 (KHTML, like Gecko) Chrome/142.0.0.0 Safari/537.36"
197.238.90.57 - - [05/Dec/2025:15:58:36 +0300] "POST /wp-admin/admin-ajax.php HTTP/2" 200 77 "https://hamza2roues.com/product/autocollant-sticker-uv-3d-honda/" "Mozilla/5.0 (Macintosh; Intel Mac OS X 10_15_7) AppleWebKit/537.36 (KHTML, like Gecko) Chrome/142.0.0.0 Safari/537.36"
41.62.98.252 - - [05/Dec/2025:15:59:26 +0300] "GET /wp-content/themes/woodmart/css/parts/int-elem-opt-sticky-column.min.css?ver=8.2.6 HTTP/1.1" 200 143 "https://hamza2roues.com/product-category/casque/" "Mozilla/5.0 (Windows NT 10.0; Win64; x64) AppleWebKit/537.36 (KHTML, like Gecko) Chrome/140.0.0.0 Safari/537.36 OPR/124.0.0.0"
41.62.98.252 - - [05/Dec/2025:15:59:26 +0300] "GET /wp-content/themes/woodmart/css/parts/elem-opt-collapsible-content.min.css?ver=8.2.6 HTTP/1.1" 200 309 "https://hamza2roues.com/product-category/casque/" "Mozilla/5.0 (Windows NT 10.0; Win64; x64) AppleWebKit/537.36 (KHTML, like Gecko) Chrome/140.0.0.0 Safari/537.36 OPR/124.0.0.0"
41.62.98.252 - - [05/Dec/2025:15:59:26 +0300] "GET /wp-content/uploads/elementor/css/post-52.css?ver=1764891301 HTTP/1.1" 200 652 "https://hamza2roues.com/product-category/casque/" "Mozilla/5.0 (Windows NT 10.0; Win64; x64) AppleWebKit/537.36 (KHTML, like Gecko) Chrome/140.0.0.0 Safari/537.36 OPR/124.0.0.0"
41.62.98.252 - - [05/Dec/2025:15:59:26 +0300] "GET /wp-content/themes/woodmart/css/parts/el-toggle.min.css?ver=8.2.6 HTTP/1.1" 200 357 "https://hamza2roues.com/product-category/casque/" "Mozilla/5.0 (Windows NT 10.0; Win64; x64) AppleWebKit/537.36 (KHTML, like Gecko) Chrome/140.0.0.0 Safari/537.36 OPR/124.0.0.0"
41.62.98.252 - - [05/Dec/2025:15:59:26 +0300] "GET /wp-content/plugins/woocommerce/assets/client/blocks/wc-blocks.css?ver=wc-10.3.6 HTTP/1.1" 200 2237 "https://hamza2roues.com/product-category/casque/" "Mozilla/5.0 (Windows NT 10.0; Win64; x64) AppleWebKit/537.36 (KHTML, like Gecko) Chrome/140.0.0.0 Safari/537.36 OPR/124.0.0.0"
41.62.98.252 - - [05/Dec/2025:15:59:26 +0300] "GET /wp-content/themes/woodmart/js/scripts/wc/updateCartFragmentsFix.js?ver=8.2.6 HTTP/1.1" 200 495 "https://hamza2roues.com/product-category/casque/" "Mozilla/5.0 (Windows NT 10.0; Win64; x64) AppleWebKit/537.36 (KHTML, like Gecko) Chrome/140.0.0.0 Safari/537.36 OPR/124.0.0.0"
41.62.98.252 - - [05/Dec/2025:15:59:26 +0300] "GET /wp-includes/js/dist/hooks.min.js?ver=dd5603f07f9220ed27f1 HTTP/1.1" 200 1746 "https://hamza2roues.com/product-category/casque/" "Mozilla/5.0 (Windows NT 10.0; Win64; x64) AppleWebKit/537.36 (KHTML, like Gecko) Chrome/140.0.0.0 Safari/537.36 OPR/124.0.0.0"
41.62.98.252 - - [05/Dec/2025:15:59:26 +0300] "GET /wp-includes/js/dist/i18n.min.js?ver=c26c3dc7bed366793375 HTTP/1.1" 200 2018 "https://hamza2roues.com/product-category/casque/" "Mozilla/5.0 (Windows NT 10.0; Win64; x64) AppleWebKit/537.36 (KHTML, like Gecko) Chrome/140.0.0.0 Safari/537.36 OPR/124.0.0.0"
41.62.98.252 - - [05/Dec/2025:15:59:26 +0300] "GET /wp-content/plugins/contact-form-7/includes/swv/js/index.js?ver=6.1.4 HTTP/1.1" 200 3171 "https://hamza2roues.com/product-category/casque/" "Mozilla/5.0 (Windows NT 10.0; Win64; x64) AppleWebKit/537.36 (KHTML, like Gecko) Chrome/140.0.0.0 Safari/537.36 OPR/124.0.0.0"
41.62.98.252 - - [05/Dec/2025:15:59:26 +0300] "GET /wp-content/plugins/contact-form-7/includes/js/index.js?ver=6.1.4 HTTP/1.1" 200 3724 "https://hamza2roues.com/product-category/casque/" "Mozilla/5.0 (Windows NT 10.0; Win64; x64) AppleWebKit/537.36 (KHTML, like Gecko) Chrome/140.0.0.0 Safari/537.36 OPR/124.0.0.0"
41.62.98.252 - - [05/Dec/2025:15:59:26 +0300] "GET /wp-content/plugins/woocommerce/assets/js/frontend/woocommerce.min.js?ver=10.3.6 HTTP/1.1" 200 1182 "https://hamza2roues.com/product-category/casque/" "Mozilla/5.0 (Windows NT 10.0; Win64; x64) AppleWebKit/537.36 (KHTML, like Gecko) Chrome/140.0.0.0 Safari/537.36 OPR/124.0.0.0"
41.62.98.252 - - [05/Dec/2025:15:59:26 +0300] "GET /wp-content/uploads/order-tracker-by-phone-number/frontend.js?ver=1752416979 HTTP/1.1" 200 433 "https://hamza2roues.com/product-category/casque/" "Mozilla/5.0 (Windows NT 10.0; Win64; x64) AppleWebKit/537.36 (KHTML, like Gecko) Chrome/140.0.0.0 Safari/537.36 OPR/124.0.0.0"
41.62.98.252 - - [05/Dec/2025:15:59:26 +0300] "GET /wp-content/plugins/wp-whatsapp/assets/js/whatsapp-button.js?ver=3.7.3 HTTP/1.1" 200 401 "https://hamza2roues.com/product-category/casque/" "Mozilla/5.0 (Windows NT 10.0; Win64; x64) AppleWebKit/537.36 (KHTML, like Gecko) Chrome/140.0.0.0 Safari/537.36 OPR/124.0.0.0"
41.62.98.252 - - [05/Dec/2025:15:59:26 +0300] "GET /wp-content/plugins/woocommerce/assets/js/frontend/order-attribution.min.js?ver=10.3.6 HTTP/1.1" 200 930 "https://hamza2roues.com/product-category/casque/" "Mozilla/5.0 (Windows NT 10.0; Win64; x64) AppleWebKit/537.36 (KHTML, like Gecko) Chrome/140.0.0.0 Safari/537.36 OPR/124.0.0.0"
41.62.98.252 - - [05/Dec/2025:15:59:26 +0300] "GET /wp-content/themes/woodmart/js/scripts/wc/woocommerceNotices.min.js?ver=8.2.6 HTTP/1.1" 200 221 "https://hamza2roues.com/product-category/casque/" "Mozilla/5.0 (Windows NT 10.0; Win64; x64) AppleWebKit/537.36 (KHTML, like Gecko) Chrome/140.0.0.0 Safari/537.36 OPR/124.0.0.0"
41.62.98.252 - - [05/Dec/2025:15:59:26 +0300] "GET /wp-content/themes/woodmart/js/scripts/wc/ajaxFilters.min.js?ver=8.2.6 HTTP/1.1" 200 879 "https://hamza2roues.com/product-category/casque/" "Mozilla/5.0 (Windows NT 10.0; Win64; x64) AppleWebKit/537.36 (KHTML, like Gecko) Chrome/140.0.0.0 Safari/537.36 OPR/124.0.0.0"
41.62.98.252 - - [05/Dec/2025:15:59:26 +0300] "GET /wp-content/themes/woodmart/js/scripts/wc/sortByWidget.min.js?ver=8.2.6 HTTP/1.1" 200 332 "https://hamza2roues.com/product-category/casque/" "Mozilla/5.0 (Windows NT 10.0; Win64; x64) AppleWebKit/537.36 (KHTML, like Gecko) Chrome/140.0.0.0 Safari/537.36 OPR/124.0.0.0"
41.62.98.252 - - [05/Dec/2025:15:59:26 +0300] "GET /wp-content/themes/woodmart/js/scripts/wc/shopPageInit.min.js?ver=8.2.6 HTTP/1.1" 200 193 "https://hamza2roues.com/product-category/casque/" "Mozilla/5.0 (Windows NT 10.0; Win64; x64) AppleWebKit/537.36 (KHTML, like Gecko) Chrome/140.0.0.0 Safari/537.36 OPR/124.0.0.0"
41.62.98.252 - - [05/Dec/2025:15:59:26 +0300] "GET /wp-content/themes/woodmart/js/scripts/global/clickOnScrollButton.min.js?ver=8.2.6 HTTP/1.1" 200 225 "https://hamza2roues.com/product-category/casque/" "Mozilla/5.0 (Windows NT 10.0; Win64; x64) AppleWebKit/537.36 (KHTML, like Gecko) Chrome/140.0.0.0 Safari/537.36 OPR/124.0.0.0"
41.62.98.252 - - [05/Dec/2025:15:59:26 +0300] "GET /wp-content/themes/woodmart/js/scripts/global/backHistory.min.js?ver=8.2.6 HTTP/1.1" 200 229 "https://hamza2roues.com/product-category/casque/" "Mozilla/5.0 (Windows NT 10.0; Win64; x64) AppleWebKit/537.36 (KHTML, like Gecko) Chrome/140.0.0.0 Safari/537.36 OPR/124.0.0.0"
41.62.98.252 - - [05/Dec/2025:15:59:26 +0300] "GET /wp-content/themes/woodmart/js/scripts/header/headerBuilder.min.js?ver=8.2.6 HTTP/1.1" 200 915 "https://hamza2roues.com/product-category/casque/" "Mozilla/5.0 (Windows NT 10.0; Win64; x64) AppleWebKit/537.36 (KHTML, like Gecko) Chrome/140.0.0.0 Safari/537.36 OPR/124.0.0.0"
41.62.98.252 - - [05/Dec/2025:15:59:26 +0300] "GET /wp-content/themes/woodmart/js/scripts/menu/menuOffsets.min.js?ver=8.2.6 HTTP/1.1" 200 891 "https://hamza2roues.com/product-category/casque/" "Mozilla/5.0 (Windows NT 10.0; Win64; x64) AppleWebKit/537.36 (KHTML, like Gecko) Chrome/140.0.0.0 Safari/537.36 OPR/124.0.0.0"
41.62.98.252 - - [05/Dec/2025:15:59:26 +0300] "GET /wp-content/plugins/wp-whatsapp/assets/dist/js/njt-whatsapp.js?ver=3.7.3 HTTP/1.1" 200 16666 "https://hamza2roues.com/product-category/casque/" "Mozilla/5.0 (Windows NT 10.0; Win64; x64) AppleWebKit/537.36 (KHTML, like Gecko) Chrome/140.0.0.0 Safari/537.36 OPR/124.0.0.0"
41.62.98.252 - - [05/Dec/2025:15:59:26 +0300] "GET /wp-content/themes/woodmart/js/scripts/menu/menuSetUp.min.js?ver=8.2.6 HTTP/1.1" 200 575 "https://hamza2roues.com/product-category/casque/" "Mozilla/5.0 (Windows NT 10.0; Win64; x64) AppleWebKit/537.36 (KHTML, like Gecko) Chrome/140.0.0.0 Safari/537.36 OPR/124.0.0.0"
41.62.98.252 - - [05/Dec/2025:15:59:26 +0300] "GET /wp-content/plugins/woocommerce/assets/js/sourcebuster/sourcebuster.min.js?ver=10.3.6 HTTP/1.1" 200 4333 "https://hamza2roues.com/product-category/casque/" "Mozilla/5.0 (Windows NT 10.0; Win64; x64) AppleWebKit/537.36 (KHTML, like Gecko) Chrome/140.0.0.0 Safari/537.36 OPR/124.0.0.0"
41.62.98.252 - - [05/Dec/2025:15:59:26 +0300] "GET /wp-content/themes/woodmart/js/scripts/global/clearSearch.min.js?ver=8.2.6 HTTP/1.1" 200 446 "https://hamza2roues.com/product-category/casque/" "Mozilla/5.0 (Windows NT 10.0; Win64; x64) AppleWebKit/537.36 (KHTML, like Gecko) Chrome/140.0.0.0 Safari/537.36 OPR/124.0.0.0"
41.62.98.252 - - [05/Dec/2025:15:59:26 +0300] "GET /wp-content/plugins/wp-statistics/assets/js/tracker.js?ver=14.14.1 HTTP/1.1" 200 2296 "https://hamza2roues.com/product-category/casque/" "Mozilla/5.0 (Windows NT 10.0; Win64; x64) AppleWebKit/537.36 (KHTML, like Gecko) Chrome/140.0.0.0 Safari/537.36 OPR/124.0.0.0"
41.62.98.252 - - [05/Dec/2025:15:59:26 +0300] "GET /wp-content/themes/woodmart/js/libs/sticky-kit.min.js?ver=8.2.6 HTTP/1.1" 200 876 "https://hamza2roues.com/product-category/casque/" "Mozilla/5.0 (Windows NT 10.0; Win64; x64) AppleWebKit/537.36 (KHTML, like Gecko) Chrome/140.0.0.0 Safari/537.36 OPR/124.0.0.0"
41.62.98.252 - - [05/Dec/2025:15:59:26 +0300] "GET /wp-content/themes/woodmart/js/scripts/global/stickyColumn.min.js?ver=8.2.6 HTTP/1.1" 200 702 "https://hamza2roues.com/product-category/casque/" "Mozilla/5.0 (Windows NT 10.0; Win64; x64) AppleWebKit/537.36 (KHTML, like Gecko) Chrome/140.0.0.0 Safari/537.36 OPR/124.0.0.0"
41.62.98.252 - - [05/Dec/2025:15:59:26 +0300] "GET /wp-content/themes/woodmart/js/scripts/elements/offCanvasColumnBtn.min.js?ver=8.2.6 HTTP/1.1" 200 799 "https://hamza2roues.com/product-category/casque/" "Mozilla/5.0 (Windows NT 10.0; Win64; x64) AppleWebKit/537.36 (KHTML, like Gecko) Chrome/140.0.0.0 Safari/537.36 OPR/124.0.0.0"
41.62.98.252 - - [05/Dec/2025:15:59:26 +0300] "GET /wp-content/themes/woodmart/js/libs/pjax.min.js?ver=8.2.6 HTTP/1.1" 200 2947 "https://hamza2roues.com/product-category/casque/" "Mozilla/5.0 (Windows NT 10.0; Win64; x64) AppleWebKit/537.36 (KHTML, like Gecko) Chrome/140.0.0.0 Safari/537.36 OPR/124.0.0.0"
41.62.98.252 - - [05/Dec/2025:15:59:26 +0300] "GET /wp-content/themes/woodmart/js/scripts/global/helpers.min.js?ver=8.2.6 HTTP/1.1" 200 1597 "https://hamza2roues.com/product-category/casque/" "Mozilla/5.0 (Windows NT 10.0; Win64; x64) AppleWebKit/537.36 (KHTML, like Gecko) Chrome/140.0.0.0 Safari/537.36 OPR/124.0.0.0"
41.62.98.252 - - [05/Dec/2025:15:59:26 +0300] "GET /wp-content/themes/woodmart/js/scripts/wc/addToCartAllTypes.min.js?ver=8.2.6 HTTP/1.1" 200 779 "https://hamza2roues.com/product-category/casque/" "Mozilla/5.0 (Windows NT 10.0; Win64; x64) AppleWebKit/537.36 (KHTML, like Gecko) Chrome/140.0.0.0 Safari/537.36 OPR/124.0.0.0"
41.62.98.252 - - [05/Dec/2025:15:59:26 +0300] "GET /wp-includes/js/wp-util.min.js?ver=6.9 HTTP/1.1" 200 656 "https://hamza2roues.com/product-category/casque/" "Mozilla/5.0 (Windows NT 10.0; Win64; x64) AppleWebKit/537.36 (KHTML, like Gecko) Chrome/140.0.0.0 Safari/537.36 OPR/124.0.0.0"
41.62.98.252 - - [05/Dec/2025:15:59:26 +0300] "GET /wp-content/themes/woodmart/js/scripts/wc/quickView.min.js?ver=8.2.6 HTTP/1.1" 200 701 "https://hamza2roues.com/product-category/casque/" "Mozilla/5.0 (Windows NT 10.0; Win64; x64) AppleWebKit/537.36 (KHTML, like Gecko) Chrome/140.0.0.0 Safari/537.36 OPR/124.0.0.0"
41.62.98.252 - - [05/Dec/2025:15:59:26 +0300] "GET /wp-content/plugins/wp-smushit/app/assets/js/smush-lazy-load.min.js?ver=3.22.1 HTTP/1.1" 200 7062 "https://hamza2roues.com/product-category/casque/" "Mozilla/5.0 (Windows NT 10.0; Win64; x64) AppleWebKit/537.36 (KHTML, like Gecko) Chrome/140.0.0.0 Safari/537.36 OPR/124.0.0.0"
41.62.98.252 - - [05/Dec/2025:15:59:26 +0300] "GET /wp-content/themes/woodmart/js/scripts/global/btnsToolTips.min.js?ver=8.2.6 HTTP/1.1" 200 861 "https://hamza2roues.com/product-category/casque/" "Mozilla/5.0 (Windows NT 10.0; Win64; x64) AppleWebKit/537.36 (KHTML, like Gecko) Chrome/140.0.0.0 Safari/537.36 OPR/124.0.0.0"
41.62.98.252 - - [05/Dec/2025:15:59:26 +0300] "GET /wp-content/themes/woodmart/js/scripts/wc/woocommerceQuantity.min.js?ver=8.2.6 HTTP/1.1" 200 414 "https://hamza2roues.com/product-category/casque/" "Mozilla/5.0 (Windows NT 10.0; Win64; x64) AppleWebKit/537.36 (KHTML, like Gecko) Chrome/140.0.0.0 Safari/537.36 OPR/124.0.0.0"
