66.249.76.2 - - [05/Dec/2025:15:39:01 +0300] "GET /wp-content/plugins/wp-whatsapp/assets/dist/js/njt-whatsapp.js?ver=3.7.3 HTTP/1.1" 200 16666 "https://hamza2roues.com/product/huile-moteur-10w40-7100-4t-1l-motul/" "Mozilla/5.0 AppleWebKit/537.36 (KHTML, like Gecko; compatible; GoogleOther) Chrome/141.0.7390.122 Safari/537.36"
66.249.76.2 - - [05/Dec/2025:15:39:02 +0300] "GET /wp-content/plugins/wp-whatsapp/assets/js/whatsapp-button.js?ver=3.7.3 HTTP/1.1" 200 401 "https://hamza2roues.com/product/huile-moteur-10w40-7100-4t-1l-motul/" "Mozilla/5.0 AppleWebKit/537.36 (KHTML, like Gecko; compatible; GoogleOther) Chrome/141.0.7390.122 Safari/537.36"
66.249.76.2 - - [05/Dec/2025:15:39:02 +0300] "GET /wp-content/plugins/woocommerce/assets/js/sourcebuster/sourcebuster.min.js?ver=10.2.2 HTTP/1.1" 200 4333 "https://hamza2roues.com/product/huile-moteur-10w40-7100-4t-1l-motul/" "Mozilla/5.0 AppleWebKit/537.36 (KHTML, like Gecko; compatible; GoogleOther) Chrome/141.0.7390.122 Safari/537.36"
66.249.76.2 - - [05/Dec/2025:15:39:03 +0300] "GET /wp-content/themes/woodmart/js/scripts/global/helpers.min.js?ver=8.2.6 HTTP/1.1" 200 1597 "https://hamza2roues.com/product/huile-moteur-10w40-7100-4t-1l-motul/" "Mozilla/5.0 AppleWebKit/537.36 (KHTML, like Gecko; compatible; GoogleOther) Chrome/141.0.7390.122 Safari/537.36"
66.249.76.2 - - [05/Dec/2025:15:39:04 +0300] "GET /wp-content/themes/woodmart/js/scripts/wc/trackProductViewed.min.js?ver=8.2.6 HTTP/1.1" 200 230 "https://hamza2roues.com/product/huile-moteur-10w40-7100-4t-1l-motul/" "Mozilla/5.0 AppleWebKit/537.36 (KHTML, like Gecko; compatible; GoogleOther) Chrome/141.0.7390.122 Safari/537.36"
66.249.76.2 - - [05/Dec/2025:15:39:08 +0300] "GET /wp-content/themes/woodmart/js/scripts/menu/menuSetUp.min.js?ver=8.2.6 HTTP/1.1" 200 575 "https://hamza2roues.com/product/huile-moteur-10w40-7100-4t-1l-motul/" "Mozilla/5.0 AppleWebKit/537.36 (KHTML, like Gecko; compatible; GoogleOther) Chrome/141.0.7390.122 Safari/537.36"
66.249.76.2 - - [05/Dec/2025:15:39:10 +0300] "GET /wp-content/themes/woodmart/js/scripts/global/ajaxSearch.min.js?ver=8.2.6 HTTP/1.1" 200 1538 "https://hamza2roues.com/product/huile-moteur-10w40-7100-4t-1l-motul/" "Mozilla/5.0 AppleWebKit/537.36 (KHTML, like Gecko; compatible; GoogleOther) Chrome/141.0.7390.122 Safari/537.36"
66.249.76.2 - - [05/Dec/2025:15:39:13 +0300] "GET /wp-content/themes/woodmart/js/scripts/wc/productImages.min.js?ver=8.2.6 HTTP/1.1" 200 513 "https://hamza2roues.com/product/huile-moteur-10w40-7100-4t-1l-motul/" "Mozilla/5.0 AppleWebKit/537.36 (KHTML, like Gecko; compatible; GoogleOther) Chrome/141.0.7390.122 Safari/537.36"
66.249.66.11 - - [05/Dec/2025:15:39:14 +0300] "GET /wp-content/themes/woodmart/js/libs/swiper.min.js?ver=8.2.6 HTTP/1.1" 200 26988 "https://hamza2roues.com/product/huile-moteur-10w40-7100-4t-1l-motul/" "Mozilla/5.0 AppleWebKit/537.36 (KHTML, like Gecko; compatible; GoogleOther) Chrome/141.0.7390.122 Safari/537.36"
197.26.83.75 - - [05/Dec/2025:15:39:12 +0300] "POST /wp-json/wp-statistics/v2/online HTTP/2" 200 19 "https://hamza2roues.com/product/systeme-dalarme-moto/" "Mozilla/5.0 (Linux; Android 10; K) AppleWebKit/537.36 (KHTML, like Gecko) Chrome/142.0.0.0 Mobile Safari/537.36"
197.26.83.75 - - [05/Dec/2025:15:39:12 +0300] "POST /wp-admin/admin-ajax.php HTTP/2" 200 80 "https://hamza2roues.com/product/systeme-dalarme-moto/" "Mozilla/5.0 (Linux; Android 10; K) AppleWebKit/537.36 (KHTML, like Gecko) Chrome/142.0.0.0 Mobile Safari/537.36"
193.111.77.77 - - [05/Dec/2025:15:38:40 +0300] "GET /?action=backuply_curl_backup&security=de2ba10c91 HTTP/1.1" 200 0 "-" "Mozilla/5.0 (Windows NT 10.0; Win64; x64) AppleWebKit/537.36 (KHTML, like Gecko) Chrome/128.0.0.0 Safari/537.36"
197.26.83.75 - - [05/Dec/2025:15:39:22 +0300] "POST /wp-admin/admin-ajax.php HTTP/2" 200 79 "https://hamza2roues.com/product/systeme-dalarme-moto/" "Mozilla/5.0 (Linux; Android 10; K) AppleWebKit/537.36 (KHTML, like Gecko) Chrome/142.0.0.0 Mobile Safari/537.36"
197.26.83.75 - - [05/Dec/2025:15:39:32 +0300] "POST /wp-admin/admin-ajax.php HTTP/2" 200 77 "https://hamza2roues.com/product/systeme-dalarme-moto/" "Mozilla/5.0 (Linux; Android 10; K) AppleWebKit/537.36 (KHTML, like Gecko) Chrome/142.0.0.0 Mobile Safari/537.36"
197.238.90.57 - - [05/Dec/2025:15:39:35 +0300] "POST /wp-admin/admin-ajax.php HTTP/2" 200 78 "https://hamza2roues.com/product/autocollant-sticker-uv-3d-honda/" "Mozilla/5.0 (Macintosh; Intel Mac OS X 10_15_7) AppleWebKit/537.36 (KHTML, like Gecko) Chrome/142.0.0.0 Safari/537.36"
197.238.90.57 - - [05/Dec/2025:15:39:35 +0300] "POST /wp-admin/admin-ajax.php HTTP/2" 200 77 "https://hamza2roues.com/product/systeme-dalarme-moto/" "Mozilla/5.0 (Macintosh; Intel Mac OS X 10_15_7) AppleWebKit/537.36 (KHTML, like Gecko) Chrome/142.0.0.0 Safari/537.36"
197.26.83.75 - - [05/Dec/2025:15:39:42 +0300] "POST /wp-admin/admin-ajax.php HTTP/2" 200 77 "https://hamza2roues.com/product/systeme-dalarme-moto/" "Mozilla/5.0 (Linux; Android 10; K) AppleWebKit/537.36 (KHTML, like Gecko) Chrome/142.0.0.0 Mobile Safari/537.36"
197.26.83.75 - - [05/Dec/2025:15:39:52 +0300] "POST /wp-admin/admin-ajax.php HTTP/2" 200 78 "https://hamza2roues.com/product/systeme-dalarme-moto/" "Mozilla/5.0 (Linux; Android 10; K) AppleWebKit/537.36 (KHTML, like Gecko) Chrome/142.0.0.0 Mobile Safari/537.36"
197.26.83.75 - - [05/Dec/2025:15:40:02 +0300] "POST /wp-admin/admin-ajax.php HTTP/2" 200 77 "https://hamza2roues.com/product/systeme-dalarme-moto/" "Mozilla/5.0 (Linux; Android 10; K) AppleWebKit/537.36 (KHTML, like Gecko) Chrome/142.0.0.0 Mobile Safari/537.36"
197.26.83.75 - - [05/Dec/2025:15:40:06 +0300] "GET /track-you-order/ HTTP/2" 200 21541 "https://hamza2roues.com/product/systeme-dalarme-moto/" "Mozilla/5.0 (Linux; Android 10; K) AppleWebKit/537.36 (KHTML, like Gecko) Chrome/142.0.0.0 Mobile Safari/537.36"
197.26.83.75 - - [05/Dec/2025:15:40:09 +0300] "GET /wp-content/uploads/elementor/css/post-33.css?ver=1764938408 HTTP/2" 200 627 "https://hamza2roues.com/track-you-order/" "Mozilla/5.0 (Linux; Android 10; K) AppleWebKit/537.36 (KHTML, like Gecko) Chrome/142.0.0.0 Mobile Safari/537.36"
41.185.8.76 - - [05/Dec/2025:15:40:08 +0300] "GET /wp-login.php HTTP/2" 200 4289 "-" "Mozilla/5.0 (X11; CrOS x86_64 10452.96.0) AppleWebKit/537.36 (KHTML, like Gecko) Chrome/66.0.3359.181 Safari/537.36"
197.26.83.75 - - [05/Dec/2025:15:40:09 +0300] "POST /wp-json/wp-statistics/v2/hit HTTP/2" 200 0 "https://hamza2roues.com/track-you-order/" "Mozilla/5.0 (Linux; Android 10; K) AppleWebKit/537.36 (KHTML, like Gecko) Chrome/142.0.0.0 Mobile Safari/537.36"
197.26.83.75 - - [05/Dec/2025:15:40:10 +0300] "POST /wp-json/wp-statistics/v2/hit HTTP/2" 200 19 "https://hamza2roues.com/track-you-order/" "Mozilla/5.0 (Linux; Android 10; K) AppleWebKit/537.36 (KHTML, like Gecko) Chrome/142.0.0.0 Mobile Safari/537.36"
66.249.66.11 - - [05/Dec/2025:15:39:00 +0300] "GET /wp-includes/js/dist/i18n.min.js?ver=5e580eb46a90c2b997e6 HTTP/1.1" 200 2018 "https://hamza2roues.com/product/huile-moteur-10w40-7100-4t-1l-motul/" "Mozilla/5.0 AppleWebKit/537.36 (KHTML, like Gecko; compatible; GoogleOther) Chrome/141.0.7390.122 Safari/537.36"
66.249.66.11 - - [05/Dec/2025:15:39:03 +0300] "GET /wp-content/plugins/wp-statistics/assets/js/tracker.js?ver=14.14.1 HTTP/1.1" 200 2296 "https://hamza2roues.com/product/huile-moteur-10w40-7100-4t-1l-motul/" "Mozilla/5.0 AppleWebKit/537.36 (KHTML, like Gecko; compatible; GoogleOther) Chrome/141.0.7390.122 Safari/537.36"
66.249.66.11 - - [05/Dec/2025:15:39:06 +0300] "GET /wp-content/plugins/elementor/assets/js/frontend.min.js?ver=3.32.4 HTTP/1.1" 200 9190 "https://hamza2roues.com/product/huile-moteur-10w40-7100-4t-1l-motul/" "Mozilla/5.0 AppleWebKit/537.36 (KHTML, like Gecko; compatible; GoogleOther) Chrome/141.0.7390.122 Safari/537.36"
66.249.66.165 - - [05/Dec/2025:15:39:07 +0300] "GET /wp-content/themes/woodmart/js/scripts/header/headerBuilder.min.js?ver=8.2.6 HTTP/1.1" 200 915 "https://hamza2roues.com/product/huile-moteur-10w40-7100-4t-1l-motul/" "Mozilla/5.0 AppleWebKit/537.36 (KHTML, like Gecko; compatible; GoogleOther) Chrome/141.0.7390.122 Safari/537.36"
66.249.66.11 - - [05/Dec/2025:15:39:07 +0300] "GET /wp-content/themes/woodmart/js/scripts/menu/menuOffsets.min.js?ver=8.2.6 HTTP/1.1" 200 891 "https://hamza2roues.com/product/huile-moteur-10w40-7100-4t-1l-motul/" "Mozilla/5.0 AppleWebKit/537.36 (KHTML, like Gecko; compatible; GoogleOther) Chrome/141.0.7390.122 Safari/537.36"
66.249.66.74 - - [05/Dec/2025:15:39:11 +0300] "GET /wp-content/themes/woodmart/js/scripts/wc/onRemoveFromCart.min.js?ver=8.2.6 HTTP/1.1" 200 167 "https://hamza2roues.com/product/huile-moteur-10w40-7100-4t-1l-motul/" "Mozilla/5.0 AppleWebKit/537.36 (KHTML, like Gecko; compatible; GoogleOther) Chrome/141.0.7390.122 Safari/537.36"
66.249.66.74 - - [05/Dec/2025:15:39:13 +0300] "GET /wp-content/themes/woodmart/js/scripts/global/callPhotoSwipe.min.js?ver=8.2.6 HTTP/1.1" 200 484 "https://hamza2roues.com/product/huile-moteur-10w40-7100-4t-1l-motul/" "Mozilla/5.0 AppleWebKit/537.36 (KHTML, like Gecko; compatible; GoogleOther) Chrome/141.0.7390.122 Safari/537.36"
114.119.159.37 - - [05/Dec/2025:15:39:14 +0300] "GET /product/cable-accelerateur-ovetto HTTP/1.1" 301 0 "https://hamza2roues.com/shop/page/3?per_row=3&shop_view=grid" "Mozilla/5.0 (Linux; Android 7.0;) AppleWebKit/537.36 (KHTML, like Gecko) Mobile Safari/537.36 (compatible; PetalBot;+https://webmaster.petalsearch.com/site/petalbot)"
114.119.159.37 - - [05/Dec/2025:15:39:17 +0300] "GET /product/cable-accelerateur-ovetto/ HTTP/1.1" 200 36189 "https://hamza2roues.com/shop/page/3?per_row=3&shop_view=grid" "Mozilla/5.0 (Linux; Android 7.0;) AppleWebKit/537.36 (KHTML, like Gecko) Mobile Safari/537.36 (compatible; PetalBot;+https://webmaster.petalsearch.com/site/petalbot)"
193.111.77.77 - - [05/Dec/2025:15:40:59 +0300] "POST /wp-cron.php?doing_wp_cron=1764938459.0323469638824462890625 HTTP/1.1" 200 0 "-" "WordPress/6.9; https://hamza2roues.com"
193.111.77.77 - - [05/Dec/2025:15:40:23 +0300] "GET /?action=backuply_curl_backup&security=de2ba10c91 HTTP/1.1" 200 0 "-" "Mozilla/5.0 (Windows NT 10.0; Win64; x64) AppleWebKit/537.36 (KHTML, like Gecko) Chrome/128.0.0.0 Safari/537.36"
193.186.4.102 - - [05/Dec/2025:15:41:11 +0300] "GET /marque/divinol/ HTTP/2" 200 30716 "https://www.google.com/" "Mozilla/5.0 (Linux; Android 10; K) AppleWebKit/537.36 (KHTML, like Gecko) Chrome/142.0.0.0 Mobile Safari/537.36"
193.111.77.77 - - [05/Dec/2025:15:41:24 +0300] "POST /wp-cron.php?doing_wp_cron=1764938484.0183660984039306640625 HTTP/1.1" 200 0 "-" "WordPress/6.9; https://hamza2roues.com"
193.111.77.77 - - [05/Dec/2025:15:41:14 +0300] "GET /?action=backuply_curl_backup&security=de2ba10c91 HTTP/1.1" 200 0 "-" "Mozilla/5.0 (Windows NT 10.0; Win64; x64) AppleWebKit/537.36 (KHTML, like Gecko) Chrome/128.0.0.0 Safari/537.36"
41.185.8.76 - - [05/Dec/2025:15:40:10 +0300] "POST /wp-login.php HTTP/2" 200 4382 "https://hamza2roues.com/wp-login.php" "Mozilla/5.0 (X11; CrOS x86_64 10452.96.0) AppleWebKit/537.36 (KHTML, like Gecko) Chrome/66.0.3359.181 Safari/537.36"
197.26.83.75 - - [05/Dec/2025:15:40:21 +0300] "POST /wp-admin/admin-ajax.php HTTP/2" 200 733 "https://hamza2roues.com/track-you-order/" "Mozilla/5.0 (Linux; Android 10; K) AppleWebKit/537.36 (KHTML, like Gecko) Chrome/142.0.0.0 Mobile Safari/537.36"
114.119.143.177 - - [05/Dec/2025:15:40:33 +0300] "GET /product-category/vidange/?shop_view=grid&per_row=4 HTTP/1.1" 200 33788 "https://hamza2roues.com/product-category/vidange?filter_product_brand=65%2C75" "Mozilla/5.0 (Linux; Android 7.0;) AppleWebKit/537.36 (KHTML, like Gecko) Mobile Safari/537.36 (compatible; PetalBot;+https://webmaster.petalsearch.com/site/petalbot)"
197.238.90.57 - - [05/Dec/2025:15:40:36 +0300] "POST /wp-admin/admin-ajax.php HTTP/2" 200 77 "https://hamza2roues.com/product/autocollant-sticker-uv-3d-honda/" "Mozilla/5.0 (Macintosh; Intel Mac OS X 10_15_7) AppleWebKit/537.36 (KHTML, like Gecko) Chrome/142.0.0.0 Safari/537.36"
197.238.90.57 - - [05/Dec/2025:15:40:36 +0300] "POST /wp-admin/admin-ajax.php HTTP/2" 200 80 "https://hamza2roues.com/product/systeme-dalarme-moto/" "Mozilla/5.0 (Macintosh; Intel Mac OS X 10_15_7) AppleWebKit/537.36 (KHTML, like Gecko) Chrome/142.0.0.0 Safari/537.36"
197.26.83.75 - - [05/Dec/2025:15:41:10 +0300] "POST /wp-json/wp-statistics/v2/online HTTP/2" 200 19 "https://hamza2roues.com/track-you-order/" "Mozilla/5.0 (Linux; Android 10; K) AppleWebKit/537.36 (KHTML, like Gecko) Chrome/142.0.0.0 Mobile Safari/537.36"
114.119.142.12 - - [05/Dec/2025:15:41:55 +0300] "GET /product-category/pieces-moto/vacuum-cleaners/page/1/?per_row=3&shop_view=grid&per_page=12 HTTP/1.1" 301 0 "https://hamza2roues.com/product-category/pieces-moto/vacuum-cleaners/page/2/?per_row=3&shop_view=grid&per_page=12" "Mozilla/5.0 (Linux; Android 7.0;) AppleWebKit/537.36 (KHTML, like Gecko) Mobile Safari/537.36 (compatible; PetalBot;+https://webmaster.petalsearch.com/site/petalbot)"
66.249.66.11 - - [05/Dec/2025:15:42:06 +0300] "GET /product/paire-tube-fourche-hammer/?add-to-cart=4921 HTTP/1.1" 200 34156 "-" "Mozilla/5.0 (Linux; Android 6.0.1; Nexus 5X Build/MMB29P) AppleWebKit/537.36 (KHTML, like Gecko) Chrome/141.0.7390.122 Mobile Safari/537.36 (compatible; Googlebot/2.1; +http://www.google.com/bot.html)"
197.26.83.75 - - [05/Dec/2025:15:42:09 +0300] "POST /wp-json/wp-statistics/v2/online HTTP/2" 200 19 "https://hamza2roues.com/track-you-order/" "Mozilla/5.0 (Linux; Android 10; K) AppleWebKit/537.36 (KHTML, like Gecko) Chrome/142.0.0.0 Mobile Safari/537.36"
197.26.83.75 - - [05/Dec/2025:15:42:11 +0300] "POST /?wc-ajax=get_refreshed_fragments HTTP/2" 200 499 "https://hamza2roues.com/product/systeme-dalarme-moto/" "Mozilla/5.0 (Linux; Android 10; K) AppleWebKit/537.36 (KHTML, like Gecko) Chrome/142.0.0.0 Mobile Safari/537.36"
197.26.83.75 - - [05/Dec/2025:15:42:11 +0300] "POST /wp-admin/admin-ajax.php HTTP/2" 200 77 "https://hamza2roues.com/product/systeme-dalarme-moto/" "Mozilla/5.0 (Linux; Android 10; K) AppleWebKit/537.36 (KHTML, like Gecko) Chrome/142.0.0.0 Mobile Safari/537.36"
197.26.83.75 - - [05/Dec/2025:15:42:11 +0300] "POST /wp-json/wp-statistics/v2/online HTTP/2" 200 19 "https://hamza2roues.com/product/systeme-dalarme-moto/" "Mozilla/5.0 (Linux; Android 10; K) AppleWebKit/537.36 (KHTML, like Gecko) Chrome/142.0.0.0 Mobile Safari/537.36"
197.26.83.75 - - [05/Dec/2025:15:42:12 +0300] "POST /wp-admin/admin-ajax.php HTTP/2" 200 80 "https://hamza2roues.com/product/systeme-dalarme-moto/" "Mozilla/5.0 (Linux; Android 10; K) AppleWebKit/537.36 (KHTML, like Gecko) Chrome/142.0.0.0 Mobile Safari/537.36"
197.26.83.75 - - [05/Dec/2025:15:42:23 +0300] "POST /wp-admin/admin-ajax.php HTTP/2" 200 78 "https://hamza2roues.com/product/systeme-dalarme-moto/" "Mozilla/5.0 (Linux; Android 10; K) AppleWebKit/537.36 (KHTML, like Gecko) Chrome/142.0.0.0 Mobile Safari/537.36"
193.111.77.77 - - [05/Dec/2025:15:39:16 +0300] "POST /wp-cron.php?doing_wp_cron=1764938356.0229499340057373046875 HTTP/1.1" 200 0 "-" "WordPress/6.9; https://hamza2roues.com"
216.244.66.196 - - [05/Dec/2025:15:39:18 +0300] "GET /wp-content/uploads/2025/10/IMG_4635-e1761331324772.jpeg HTTP/1.1" 200 80246 "-" "Mozilla/5.0 (compatible; DotBot/1.2; +https://opensiteexplorer.org/dotbot; help@moz.com)"
197.244.82.246 - - [05/Dec/2025:15:39:19 +0300] "POST /wp-admin/admin-ajax.php HTTP/2" 200 80 "https://hamza2roues.com/product/dosseret-moto-universel-takeya/" "Mozilla/5.0 (Windows NT 10.0; Win64; x64) AppleWebKit/537.36 (KHTML, like Gecko) Chrome/142.0.0.0 Safari/537.36"
193.111.77.77 - - [05/Dec/2025:15:39:31 +0300] "GET /?action=backuply_curl_backup&security=de2ba10c91 HTTP/1.1" 200 0 "-" "Mozilla/5.0 (Windows NT 10.0; Win64; x64) AppleWebKit/537.36 (KHTML, like Gecko) Chrome/128.0.0.0 Safari/537.36"
193.111.77.77 - - [05/Dec/2025:15:40:20 +0300] "POST /wp-cron.php?doing_wp_cron=1764938420.5888400077819824218750 HTTP/1.1" 200 0 "-" "WordPress/6.9; https://hamza2roues.com"
197.244.82.246 - - [05/Dec/2025:15:40:19 +0300] "POST /wp-admin/admin-ajax.php HTTP/2" 200 80 "https://hamza2roues.com/product/dosseret-moto-universel-takeya/" "Mozilla/5.0 (Windows NT 10.0; Win64; x64) AppleWebKit/537.36 (KHTML, like Gecko) Chrome/142.0.0.0 Safari/537.36"
114.119.143.177 - - [05/Dec/2025:15:40:31 +0300] "GET /product-category/vidange?shop_view=grid&per_row=4 HTTP/1.1" 301 0 "https://hamza2roues.com/product-category/vidange?filter_product_brand=65%2C75" "Mozilla/5.0 (Linux; Android 7.0;) AppleWebKit/537.36 (KHTML, like Gecko) Mobile Safari/537.36 (compatible; PetalBot;+https://webmaster.petalsearch.com/site/petalbot)"
193.111.77.77 - - [05/Dec/2025:15:40:33 +0300] "POST /wp-cron.php?doing_wp_cron=1764938433.1021769046783447265625 HTTP/1.1" 200 0 "-" "WordPress/6.9; https://hamza2roues.com"
197.244.82.246 - - [05/Dec/2025:15:41:19 +0300] "POST /wp-admin/admin-ajax.php HTTP/2" 200 80 "https://hamza2roues.com/product/dosseret-moto-universel-takeya/" "Mozilla/5.0 (Windows NT 10.0; Win64; x64) AppleWebKit/537.36 (KHTML, like Gecko) Chrome/142.0.0.0 Safari/537.36"
197.238.90.57 - - [05/Dec/2025:15:41:35 +0300] "POST /wp-admin/admin-ajax.php HTTP/2" 200 78 "https://hamza2roues.com/product/autocollant-sticker-uv-3d-honda/" "Mozilla/5.0 (Macintosh; Intel Mac OS X 10_15_7) AppleWebKit/537.36 (KHTML, like Gecko) Chrome/142.0.0.0 Safari/537.36"
197.238.90.57 - - [05/Dec/2025:15:41:35 +0300] "POST /wp-admin/admin-ajax.php HTTP/2" 200 78 "https://hamza2roues.com/product/systeme-dalarme-moto/" "Mozilla/5.0 (Macintosh; Intel Mac OS X 10_15_7) AppleWebKit/537.36 (KHTML, like Gecko) Chrome/142.0.0.0 Safari/537.36"
193.111.77.77 - - [05/Dec/2025:15:41:40 +0300] "GET /?action=backuply_curl_backup&security=de2ba10c91 HTTP/1.1" 200 0 "-" "Mozilla/5.0 (Windows NT 10.0; Win64; x64) AppleWebKit/537.36 (KHTML, like Gecko) Chrome/128.0.0.0 Safari/537.36"
197.244.82.246 - - [05/Dec/2025:15:42:19 +0300] "POST /wp-admin/admin-ajax.php HTTP/2" 200 78 "https://hamza2roues.com/product/dosseret-moto-universel-takeya/" "Mozilla/5.0 (Windows NT 10.0; Win64; x64) AppleWebKit/537.36 (KHTML, like Gecko) Chrome/142.0.0.0 Safari/537.36"
193.111.77.77 - - [05/Dec/2025:15:42:51 +0300] "POST /wp-cron.php?doing_wp_cron=1764938571.7619559764862060546875 HTTP/1.1" 200 0 "-" "WordPress/6.9; https://hamza2roues.com"
193.111.77.77 - - [05/Dec/2025:15:42:32 +0300] "GET /?action=backuply_curl_backup&security=de2ba10c91 HTTP/1.1" 200 0 "-" "Mozilla/5.0 (Windows NT 10.0; Win64; x64) AppleWebKit/537.36 (KHTML, like Gecko) Chrome/128.0.0.0 Safari/537.36"
114.119.145.68 - - [05/Dec/2025:15:43:15 +0300] "GET /product-category/pieces-moto/vacuum-cleaners/page/1/?per_page=9 HTTP/1.1" 301 0 "https://hamza2roues.com/product-category/pieces-moto/vacuum-cleaners/page/2/?per_page=9" "Mozilla/5.0 (Linux; Android 7.0;) AppleWebKit/537.36 (KHTML, like Gecko) Mobile Safari/537.36 (compatible; PetalBot;+https://webmaster.petalsearch.com/site/petalbot)"
197.244.82.246 - - [05/Dec/2025:15:43:19 +0300] "POST /wp-admin/admin-ajax.php HTTP/2" 200 78 "https://hamza2roues.com/product/dosseret-moto-universel-takeya/" "Mozilla/5.0 (Windows NT 10.0; Win64; x64) AppleWebKit/537.36 (KHTML, like Gecko) Chrome/142.0.0.0 Safari/537.36"
66.249.76.3 - - [05/Dec/2025:15:43:59 +0300] "POST /?wc-ajax=get_refreshed_fragments HTTP/1.1" 200 1149 "https://hamza2roues.com/product/paire-tube-fourche-hammer/?add-to-cart=4921" "Mozilla/5.0 (Linux; Android 6.0.1; Nexus 5X Build/MMB29P) AppleWebKit/537.36 (KHTML, like Gecko) Chrome/141.0.7390.122 Mobile Safari/537.36 (compatible; Googlebot/2.1; +http://www.google.com/bot.html)"
197.244.82.246 - - [05/Dec/2025:15:44:19 +0300] "POST /wp-admin/admin-ajax.php HTTP/2" 200 78 "https://hamza2roues.com/product/dosseret-moto-universel-takeya/" "Mozilla/5.0 (Windows NT 10.0; Win64; x64) AppleWebKit/537.36 (KHTML, like Gecko) Chrome/142.0.0.0 Safari/537.36"
114.119.157.124 - - [05/Dec/2025:15:44:38 +0300] "GET /product-category/pieces-moto/vacuum-cleaners/?per_row=4&shop_view=grid&per_page=9 HTTP/1.1" 200 33924 "https://hamza2roues.com/product-category/pieces-moto/vacuum-cleaners/?shop_view=grid&per_row=4" "Mozilla/5.0 (Linux; Android 7.0;) AppleWebKit/537.36 (KHTML, like Gecko) Mobile Safari/537.36 (compatible; PetalBot;+https://webmaster.petalsearch.com/site/petalbot)"
193.111.77.77 - - [05/Dec/2025:15:44:00 +0300] "GET /?action=backuply_curl_backup&security=de2ba10c91 HTTP/1.1" 200 0 "-" "Mozilla/5.0 (Windows NT 10.0; Win64; x64) AppleWebKit/537.36 (KHTML, like Gecko) Chrome/128.0.0.0 Safari/537.36"
66.249.66.195 - - [05/Dec/2025:15:45:09 +0300] "GET /product/anti-parasite-lzfh-ngk-cosse-bougie-dallumage/?add-to-cart=4921 HTTP/1.1" 200 35351 "-" "Mozilla/5.0 (Linux; Android 6.0.1; Nexus 5X Build/MMB29P) AppleWebKit/537.36 (KHTML, like Gecko) Chrome/141.0.7390.122 Mobile Safari/537.36 (compatible; Googlebot/2.1; +http://www.google.com/bot.html)"
197.244.82.246 - - [05/Dec/2025:15:45:19 +0300] "POST /wp-admin/admin-ajax.php HTTP/2" 200 78 "https://hamza2roues.com/product/dosseret-moto-universel-takeya/" "Mozilla/5.0 (Windows NT 10.0; Win64; x64) AppleWebKit/537.36 (KHTML, like Gecko) Chrome/142.0.0.0 Safari/537.36"
66.249.76.3 - - [05/Dec/2025:15:45:19 +0300] "POST /wp-json/wp-statistics/v2/hit HTTP/1.1" 200 56 "https://hamza2roues.com/product/anti-parasite-lzfh-ngk-cosse-bougie-dallumage/?add-to-cart=4921" "Mozilla/5.0 (Linux; Android 6.0.1; Nexus 5X Build/MMB29P) AppleWebKit/537.36 (KHTML, like Gecko) Chrome/141.0.7390.122 Mobile Safari/537.36 (compatible; Googlebot/2.1; +http://www.google.com/bot.html)"
197.238.90.57 - - [05/Dec/2025:15:45:35 +0300] "POST /wp-admin/admin-ajax.php HTTP/2" 200 78 "https://hamza2roues.com/product/autocollant-sticker-uv-3d-honda/" "Mozilla/5.0 (Macintosh; Intel Mac OS X 10_15_7) AppleWebKit/537.36 (KHTML, like Gecko) Chrome/142.0.0.0 Safari/537.36"
197.238.90.57 - - [05/Dec/2025:15:45:35 +0300] "POST /wp-admin/admin-ajax.php HTTP/2" 200 80 "https://hamza2roues.com/product/systeme-dalarme-moto/" "Mozilla/5.0 (Macintosh; Intel Mac OS X 10_15_7) AppleWebKit/537.36 (KHTML, like Gecko) Chrome/142.0.0.0 Safari/537.36"
114.119.130.240 - - [05/Dec/2025:15:46:01 +0300] "GET /product-category/pieces-moto/vacuum-cleaners/?per_row=4&shop_view=grid&per_page=24 HTTP/1.1" 200 34579 "https://hamza2roues.com/product-category/pieces-moto/vacuum-cleaners/?shop_view=grid&per_row=4" "Mozilla/5.0 (Linux; Android 7.0;) AppleWebKit/537.36 (KHTML, like Gecko) Mobile Safari/537.36 (compatible; PetalBot;+https://webmaster.petalsearch.com/site/petalbot)"
197.244.82.246 - - [05/Dec/2025:15:46:19 +0300] "POST /wp-admin/admin-ajax.php HTTP/2" 200 78 "https://hamza2roues.com/product/dosseret-moto-universel-takeya/" "Mozilla/5.0 (Windows NT 10.0; Win64; x64) AppleWebKit/537.36 (KHTML, like Gecko) Chrome/142.0.0.0 Safari/537.36"
114.119.142.12 - - [05/Dec/2025:15:41:58 +0300] "GET /product-category/pieces-moto/vacuum-cleaners/?per_row=3&shop_view=grid&per_page=12 HTTP/1.1" 200 34382 "https://hamza2roues.com/product-category/pieces-moto/vacuum-cleaners/page/2/?per_row=3&shop_view=grid&per_page=12" "Mozilla/5.0 (Linux; Android 7.0;) AppleWebKit/537.36 (KHTML, like Gecko) Mobile Safari/537.36 (compatible; PetalBot;+https://webmaster.petalsearch.com/site/petalbot)"
193.111.77.77 - - [05/Dec/2025:15:42:08 +0300] "GET /wp-content/uploads/2025/08/IMG_3328-1-Photoroom.png HTTP/1.1" 200 24970 "-" "-"
193.111.77.77 - - [05/Dec/2025:15:42:24 +0300] "POST /wp-cron.php?doing_wp_cron=1764938544.7235190868377685546875 HTTP/1.1" 200 0 "-" "WordPress/6.9; https://hamza2roues.com"
193.111.77.77 - - [05/Dec/2025:15:42:42 +0300] "POST /wp-cron.php?doing_wp_cron=1764938562.0205628871917724609375 HTTP/1.1" 200 0 "-" "WordPress/6.9; https://hamza2roues.com"
193.111.77.77 - - [05/Dec/2025:15:42:06 +0300] "GET /?action=backuply_curl_backup&security=de2ba10c91 HTTP/1.1" 200 0 "-" "Mozilla/5.0 (Windows NT 10.0; Win64; x64) AppleWebKit/537.36 (KHTML, like Gecko) Chrome/128.0.0.0 Safari/537.36"
193.111.77.77 - - [05/Dec/2025:15:43:07 +0300] "POST /wp-cron.php?doing_wp_cron=1764938587.1048319339752197265625 HTTP/1.1" 200 0 "-" "WordPress/6.9; https://hamza2roues.com"
193.111.77.77 - - [05/Dec/2025:15:42:57 +0300] "GET /?action=backuply_curl_backup&security=de2ba10c91 HTTP/1.1" 200 0 "-" "Mozilla/5.0 (Windows NT 10.0; Win64; x64) AppleWebKit/537.36 (KHTML, like Gecko) Chrome/128.0.0.0 Safari/537.36"
193.111.77.77 - - [05/Dec/2025:15:43:34 +0300] "GET /?action=backuply_curl_backup&security=de2ba10c91 HTTP/1.1" 200 0 "-" "Mozilla/5.0 (Windows NT 10.0; Win64; x64) AppleWebKit/537.36 (KHTML, like Gecko) Chrome/128.0.0.0 Safari/537.36"
193.111.77.77 - - [05/Dec/2025:15:45:10 +0300] "GET /wp-content/uploads/2025/09/anti-parasite-ngk-lzfh-s120.jpg HTTP/1.1" 200 35701 "-" "-"
66.249.66.11 - - [05/Dec/2025:15:45:22 +0300] "POST /?wc-ajax=get_refreshed_fragments HTTP/1.1" 200 1147 "https://hamza2roues.com/product/anti-parasite-lzfh-ngk-cosse-bougie-dallumage/?add-to-cart=4921" "Mozilla/5.0 (Linux; Android 6.0.1; Nexus 5X Build/MMB29P) AppleWebKit/537.36 (KHTML, like Gecko) Chrome/141.0.7390.122 Mobile Safari/537.36 (compatible; Googlebot/2.1; +http://www.google.com/bot.html)"
193.111.77.77 - - [05/Dec/2025:15:46:03 +0300] "POST /wp-cron.php?doing_wp_cron=1764938763.5642900466918945312500 HTTP/1.1" 200 0 "-" "WordPress/6.9; https://hamza2roues.com"
197.238.90.57 - - [05/Dec/2025:15:46:36 +0300] "POST /wp-admin/admin-ajax.php HTTP/2" 200 79 "https://hamza2roues.com/product/autocollant-sticker-uv-3d-honda/" "Mozilla/5.0 (Macintosh; Intel Mac OS X 10_15_7) AppleWebKit/537.36 (KHTML, like Gecko) Chrome/142.0.0.0 Safari/537.36"
197.238.90.57 - - [05/Dec/2025:15:46:36 +0300] "POST /wp-admin/admin-ajax.php HTTP/2" 200 77 "https://hamza2roues.com/product/systeme-dalarme-moto/" "Mozilla/5.0 (Macintosh; Intel Mac OS X 10_15_7) AppleWebKit/537.36 (KHTML, like Gecko) Chrome/142.0.0.0 Safari/537.36"
193.111.77.77 - - [05/Dec/2025:15:47:37 +0300] "POST /wp-cron.php?doing_wp_cron=1764938857.0828490257263183593750 HTTP/1.1" 200 0 "-" "WordPress/6.9; https://hamza2roues.com"
193.111.77.77 - - [05/Dec/2025:15:47:41 +0300] "GET /wp-admin/admin-ajax.php?action=wordfence_doScan&isFork=0&scanMode=standard&cronKey=9ca329406b2ec8ec6cb8f5d3e31b852f&signature=a144263c5d3d459ec03036aab9e34907e51852e36a2f050190c86146a3486974 HTTP/1.1" 200 0 "-" "WordPress/6.9; https://hamza2roues.com"
193.111.77.77 - - [05/Dec/2025:15:48:16 +0300] "GET /wp-admin/admin-ajax.php?action=wordfence_doScan&isFork=1&scanMode=standard&cronKey=111755e7f8a3255999bf17492f5d1b35&signature=d86ecc1e0cd95face8396d5d054a4842748a6ac4783a0c3ff9dcb482db9992e8 HTTP/1.1" 200 0 "-" "WordPress/6.9; https://hamza2roues.com"
197.26.83.75 - - [05/Dec/2025:15:42:50 +0300] "POST /wp-admin/admin-ajax.php HTTP/2" 200 80 "https://hamza2roues.com/product/systeme-dalarme-moto/" "Mozilla/5.0 (Linux; Android 10; K) AppleWebKit/537.36 (KHTML, like Gecko) Chrome/142.0.0.0 Mobile Safari/537.36"
193.111.77.77 - - [05/Dec/2025:15:43:01 +0300] "POST /wp-cron.php?doing_wp_cron=1764938581.8618879318237304687500 HTTP/1.1" 200 0 "-" "WordPress/6.9; https://hamza2roues.com"
197.26.83.75 - - [05/Dec/2025:15:43:00 +0300] "POST /wp-admin/admin-ajax.php HTTP/2" 200 80 "https://hamza2roues.com/product/systeme-dalarme-moto/" "Mozilla/5.0 (Linux; Android 10; K) AppleWebKit/537.36 (KHTML, like Gecko) Chrome/142.0.0.0 Mobile Safari/537.36"
197.26.83.75 - - [05/Dec/2025:15:43:10 +0300] "POST /wp-admin/admin-ajax.php HTTP/2" 200 80 "https://hamza2roues.com/product/systeme-dalarme-moto/" "Mozilla/5.0 (Linux; Android 10; K) AppleWebKit/537.36 (KHTML, like Gecko) Chrome/142.0.0.0 Mobile Safari/537.36"
197.26.83.75 - - [05/Dec/2025:15:43:20 +0300] "POST /wp-admin/admin-ajax.php HTTP/2" 200 80 "https://hamza2roues.com/product/systeme-dalarme-moto/" "Mozilla/5.0 (Linux; Android 10; K) AppleWebKit/537.36 (KHTML, like Gecko) Chrome/142.0.0.0 Mobile Safari/537.36"
197.238.90.57 - - [05/Dec/2025:15:43:35 +0300] "POST /wp-admin/admin-ajax.php HTTP/1.1" 200 80 "https://hamza2roues.com/product/systeme-dalarme-moto/" "Mozilla/5.0 (Macintosh; Intel Mac OS X 10_15_7) AppleWebKit/537.36 (KHTML, like Gecko) Chrome/142.0.0.0 Safari/537.36"
197.238.90.57 - - [05/Dec/2025:15:43:35 +0300] "POST /wp-admin/admin-ajax.php HTTP/1.1" 200 77 "https://hamza2roues.com/product/autocollant-sticker-uv-3d-honda/" "Mozilla/5.0 (Macintosh; Intel Mac OS X 10_15_7) AppleWebKit/537.36 (KHTML, like Gecko) Chrome/142.0.0.0 Safari/537.36"
66.249.66.194 - - [05/Dec/2025:15:43:55 +0300] "POST /wp-json/wp-statistics/v2/hit HTTP/1.1" 200 56 "https://hamza2roues.com/product/paire-tube-fourche-hammer/?add-to-cart=4921" "Mozilla/5.0 (Linux; Android 6.0.1; Nexus 5X Build/MMB29P) AppleWebKit/537.36 (KHTML, like Gecko) Chrome/141.0.7390.122 Mobile Safari/537.36 (compatible; Googlebot/2.1; +http://www.google.com/bot.html)"
193.111.77.77 - - [05/Dec/2025:15:44:10 +0300] "POST /wp-cron.php?doing_wp_cron=1764938650.1817660331726074218750 HTTP/1.1" 200 0 "-" "WordPress/6.9; https://hamza2roues.com"
197.238.90.57 - - [05/Dec/2025:15:44:36 +0300] "POST /wp-admin/admin-ajax.php HTTP/2" 200 80 "https://hamza2roues.com/product/systeme-dalarme-moto/" "Mozilla/5.0 (Macintosh; Intel Mac OS X 10_15_7) AppleWebKit/537.36 (KHTML, like Gecko) Chrome/142.0.0.0 Safari/537.36"
197.238.90.57 - - [05/Dec/2025:15:44:36 +0300] "POST /wp-admin/admin-ajax.php HTTP/2" 200 79 "https://hamza2roues.com/product/autocollant-sticker-uv-3d-honda/" "Mozilla/5.0 (Macintosh; Intel Mac OS X 10_15_7) AppleWebKit/537.36 (KHTML, like Gecko) Chrome/142.0.0.0 Safari/537.36"
193.111.77.77 - - [05/Dec/2025:15:44:32 +0300] "GET /?action=backuply_curl_backup&security=de2ba10c91 HTTP/1.1" 200 0 "-" "Mozilla/5.0 (Windows NT 10.0; Win64; x64) AppleWebKit/537.36 (KHTML, like Gecko) Chrome/128.0.0.0 Safari/537.36"
198.244.242.70 - - [05/Dec/2025:15:46:17 +0300] "GET /product/huile-de-fourche-10w-8303-mannol/ HTTP/2" 200 33941 "-" "Mozilla/5.0 (compatible; AhrefsBot/7.0; +http://ahrefs.com/robot/)"
114.119.145.68 - - [05/Dec/2025:15:47:25 +0300] "GET /product-category/pieces-moto/vacuum-cleaners/?per_row=3&shop_view=grid&per_page=24 HTTP/1.1" 200 34589 "https://hamza2roues.com/product-category/pieces-moto/vacuum-cleaners/?shop_view=grid&per_row=3" "Mozilla/5.0 (Linux; Android 7.0;) AppleWebKit/537.36 (KHTML, like Gecko) Mobile Safari/537.36 (compatible; PetalBot;+https://webmaster.petalsearch.com/site/petalbot)"
193.111.77.77 - - [05/Dec/2025:15:48:38 +0300] "POST /wp-cron.php?doing_wp_cron=1764938918.2071630954742431640625 HTTP/1.1" 200 0 "-" "WordPress/6.9; https://hamza2roues.com"
193.111.77.77 - - [05/Dec/2025:15:49:13 +0300] "POST /?wordfence_syncAttackData=1764938953.4532 HTTP/1.1" 200 0 "-" "WordPress/6.9; https://hamza2roues.com"
66.249.66.193 - - [05/Dec/2025:15:39:12 +0300] "GET /wp-content/themes/woodmart/js/scripts/wc/wishlist.min.js?ver=8.2.6 HTTP/1.1" 200 1816 "https://hamza2roues.com/product/huile-moteur-10w40-7100-4t-1l-motul/" "Mozilla/5.0 AppleWebKit/537.36 (KHTML, like Gecko; compatible; GoogleOther) Chrome/141.0.7390.122 Safari/537.36"
66.249.66.193 - - [05/Dec/2025:15:39:13 +0300] "GET /wp-content/themes/woodmart/js/libs/photoswipe-bundle.min.js?ver=8.2.6 HTTP/1.1" 200 12619 "https://hamza2roues.com/product/huile-moteur-10w40-7100-4t-1l-motul/" "Mozilla/5.0 AppleWebKit/537.36 (KHTML, like Gecko; compatible; GoogleOther) Chrome/141.0.7390.122 Safari/537.36"
193.111.77.77 - - [05/Dec/2025:15:39:06 +0300] "GET /?action=backuply_curl_backup&security=de2ba10c91 HTTP/1.1" 200 0 "-" "Mozilla/5.0 (Windows NT 10.0; Win64; x64) AppleWebKit/537.36 (KHTML, like Gecko) Chrome/128.0.0.0 Safari/537.36"
193.111.77.77 - - [05/Dec/2025:15:39:57 +0300] "GET /?action=backuply_curl_backup&security=de2ba10c91 HTTP/1.1" 200 0 "-" "Mozilla/5.0 (Windows NT 10.0; Win64; x64) AppleWebKit/537.36 (KHTML, like Gecko) Chrome/128.0.0.0 Safari/537.36"
193.111.77.77 - - [05/Dec/2025:15:40:49 +0300] "GET /?action=backuply_curl_backup&security=de2ba10c91 HTTP/1.1" 200 0 "-" "Mozilla/5.0 (Windows NT 10.0; Win64; x64) AppleWebKit/537.36 (KHTML, like Gecko) Chrome/128.0.0.0 Safari/537.36"
197.238.90.57 - - [05/Dec/2025:15:42:35 +0300] "POST /wp-admin/admin-ajax.php HTTP/1.1" 200 80 "https://hamza2roues.com/product/systeme-dalarme-moto/" "Mozilla/5.0 (Macintosh; Intel Mac OS X 10_15_7) AppleWebKit/537.36 (KHTML, like Gecko) Chrome/142.0.0.0 Safari/537.36"
197.238.90.57 - - [05/Dec/2025:15:42:35 +0300] "POST /wp-admin/admin-ajax.php HTTP/1.1" 200 80 "https://hamza2roues.com/product/autocollant-sticker-uv-3d-honda/" "Mozilla/5.0 (Macintosh; Intel Mac OS X 10_15_7) AppleWebKit/537.36 (KHTML, like Gecko) Chrome/142.0.0.0 Safari/537.36"
114.119.145.68 - - [05/Dec/2025:15:43:17 +0300] "GET /product-category/pieces-moto/vacuum-cleaners/?per_page=9 HTTP/1.1" 200 33884 "https://hamza2roues.com/product-category/pieces-moto/vacuum-cleaners/page/2/?per_page=9" "Mozilla/5.0 (Linux; Android 7.0;) AppleWebKit/537.36 (KHTML, like Gecko) Mobile Safari/537.36 (compatible; PetalBot;+https://webmaster.petalsearch.com/site/petalbot)"
193.111.77.77 - - [05/Dec/2025:15:44:42 +0300] "POST /wp-cron.php?doing_wp_cron=1764938682.0036070346832275390625 HTTP/1.1" 200 0 "-" "WordPress/6.9; https://hamza2roues.com"
193.111.77.77 - - [05/Dec/2025:15:45:11 +0300] "POST /wp-cron.php?doing_wp_cron=1764938711.5045340061187744140625 HTTP/1.1" 200 0 "-" "WordPress/6.9; https://hamza2roues.com"
193.186.4.102 - - [05/Dec/2025:15:46:39 +0300] "GET /marque/ipone/ HTTP/2" 200 30595 "https://www.google.com/" "Mozilla/5.0 (Windows NT 10.0; Win64; x64) AppleWebKit/537.36 (KHTML, like Gecko) Chrome/142.0.0.0 Safari/537.36"
193.111.77.77 - - [05/Dec/2025:15:47:20 +0300] "POST /wp-cron.php?doing_wp_cron=1764938840.6781249046325683593750 HTTP/1.1" 200 0 "-" "WordPress/6.9; https://hamza2roues.com"
193.111.77.77 - - [05/Dec/2025:15:47:38 +0300] "POST /wp-admin/admin-ajax.php?action=wordfence_testAjax HTTP/1.1" 200 16 "-" "WordPress/6.9; https://hamza2roues.com"
45.119.87.125 - - [05/Dec/2025:15:48:31 +0300] "GET /wp-login.php HTTP/2" 200 0 "-" "Mozilla/5.0 (Windows NT 6.1; Trident/7.0; MALC; rv:11.0) like Gecko"
193.111.77.77 - - [05/Dec/2025:15:48:42 +0300] "GET /wp-content/uploads/2025/07/feu-arriere-complet-transparent-mbk-booster-spirit.jpg HTTP/1.1" 200 39991 "-" "-"
66.249.66.75 - - [05/Dec/2025:15:48:40 +0300] "GET /product/feu-arriere-booster-spirit-crystal/?add-to-cart=141 HTTP/1.1" 200 33777 "-" "Mozilla/5.0 (Linux; Android 6.0.1; Nexus 5X Build/MMB29P) AppleWebKit/537.36 (KHTML, like Gecko) Chrome/141.0.7390.122 Mobile Safari/537.36 (compatible; Googlebot/2.1; +http://www.google.com/bot.html)"
193.111.77.77 - - [05/Dec/2025:15:48:49 +0300] "POST /wp-cron.php?doing_wp_cron=1764938929.3748428821563720703125 HTTP/1.1" 200 0 "-" "WordPress/6.9; https://hamza2roues.com"
197.244.82.246 - - [05/Dec/2025:15:47:19 +0300] "POST /wp-admin/admin-ajax.php HTTP/2" 200 77 "https://hamza2roues.com/product/dosseret-moto-universel-takeya/" "Mozilla/5.0 (Windows NT 10.0; Win64; x64) AppleWebKit/537.36 (KHTML, like Gecko) Chrome/142.0.0.0 Safari/537.36"
197.238.90.57 - - [05/Dec/2025:15:47:35 +0300] "POST /wp-admin/admin-ajax.php HTTP/2" 200 78 "https://hamza2roues.com/product/systeme-dalarme-moto/" "Mozilla/5.0 (Macintosh; Intel Mac OS X 10_15_7) AppleWebKit/537.36 (KHTML, like Gecko) Chrome/142.0.0.0 Safari/537.36"
197.238.90.57 - - [05/Dec/2025:15:47:35 +0300] "POST /wp-admin/admin-ajax.php HTTP/2" 200 80 "https://hamza2roues.com/product/autocollant-sticker-uv-3d-honda/" "Mozilla/5.0 (Macintosh; Intel Mac OS X 10_15_7) AppleWebKit/537.36 (KHTML, like Gecko) Chrome/142.0.0.0 Safari/537.36"
193.111.77.77 - - [05/Dec/2025:15:48:09 +0300] "GET /.user.ini HTTP/1.1" 403 2283 "-" "WordPress/6.9; https://hamza2roues.com"
193.111.77.77 - - [05/Dec/2025:15:48:20 +0300] "POST /wp-cron.php?doing_wp_cron=1764938900.6667430400848388671875 HTTP/1.1" 200 0 "-" "WordPress/6.9; https://hamza2roues.com"
197.244.82.246 - - [05/Dec/2025:15:48:19 +0300] "POST /wp-admin/admin-ajax.php HTTP/2" 200 78 "https://hamza2roues.com/product/dosseret-moto-universel-takeya/" "Mozilla/5.0 (Windows NT 10.0; Win64; x64) AppleWebKit/537.36 (KHTML, like Gecko) Chrome/142.0.0.0 Safari/537.36"
197.238.90.57 - - [05/Dec/2025:15:48:36 +0300] "POST /wp-admin/admin-ajax.php HTTP/2" 200 79 "https://hamza2roues.com/product/autocollant-sticker-uv-3d-honda/" "Mozilla/5.0 (Macintosh; Intel Mac OS X 10_15_7) AppleWebKit/537.36 (KHTML, like Gecko) Chrome/142.0.0.0 Safari/537.36"
197.238.90.57 - - [05/Dec/2025:15:48:36 +0300] "POST /wp-admin/admin-ajax.php HTTP/2" 200 77 "https://hamza2roues.com/product/systeme-dalarme-moto/" "Mozilla/5.0 (Macintosh; Intel Mac OS X 10_15_7) AppleWebKit/537.36 (KHTML, like Gecko) Chrome/142.0.0.0 Safari/537.36"
66.249.66.165 - - [05/Dec/2025:15:48:49 +0300] "GET /wp-content/uploads/elementor/css/post-870.css?ver=1762560000 HTTP/1.1" 200 712 "https://hamza2roues.com/product/feu-arriere-booster-spirit-crystal/?add-to-cart=141" "Mozilla/5.0 (Linux; Android 6.0.1; Nexus 5X Build/MMB29P) AppleWebKit/537.36 (KHTML, like Gecko) Chrome/141.0.7390.122 Mobile Safari/537.36 (compatible; Googlebot/2.1; +http://www.google.com/bot.html)"
66.249.66.165 - - [05/Dec/2025:15:48:52 +0300] "POST /wp-json/wp-statistics/v2/hit HTTP/1.1" 200 56 "https://hamza2roues.com/product/feu-arriere-booster-spirit-crystal/?add-to-cart=141" "Mozilla/5.0 (Linux; Android 6.0.1; Nexus 5X Build/MMB29P) AppleWebKit/537.36 (KHTML, like Gecko) Chrome/141.0.7390.122 Mobile Safari/537.36 (compatible; Googlebot/2.1; +http://www.google.com/bot.html)"
197.244.82.246 - - [05/Dec/2025:15:49:19 +0300] "POST /wp-admin/admin-ajax.php HTTP/2" 200 78 "https://hamza2roues.com/product/dosseret-moto-universel-takeya/" "Mozilla/5.0 (Windows NT 10.0; Win64; x64) AppleWebKit/537.36 (KHTML, like Gecko) Chrome/142.0.0.0 Safari/537.36"
114.119.145.68 - - [05/Dec/2025:15:50:15 +0300] "GET /product-category/pieces-moto/transmission/?shop_view=grid&per_row=3 HTTP/1.1" 200 32329 "https://hamza2roues.com/product-category/pieces-moto/transmission?filter_product_brand=121" "Mozilla/5.0 (Linux; Android 7.0;) AppleWebKit/537.36 (KHTML, like Gecko) Mobile Safari/537.36 (compatible; PetalBot;+https://webmaster.petalsearch.com/site/petalbot)"
66.249.66.166 - - [05/Dec/2025:15:50:16 +0300] "POST /?wc-ajax=get_refreshed_fragments HTTP/1.1" 200 499 "https://hamza2roues.com/product/casque-moto-jet-vrweare-rouge/" "Mozilla/5.0 (Linux; Android 6.0.1; Nexus 5X Build/MMB29P) AppleWebKit/537.36 (KHTML, like Gecko) Chrome/141.0.7390.122 Mobile Safari/537.36 (compatible; Googlebot/2.1; +http://www.google.com/bot.html)"
197.244.82.246 - - [05/Dec/2025:15:50:19 +0300] "POST /wp-admin/admin-ajax.php HTTP/2" 200 78 "https://hamza2roues.com/product/dosseret-moto-universel-takeya/" "Mozilla/5.0 (Windows NT 10.0; Win64; x64) AppleWebKit/537.36 (KHTML, like Gecko) Chrome/142.0.0.0 Safari/537.36"
66.249.66.34 - - [05/Dec/2025:15:49:53 +0300] "GET /product/casque-moto-jet-vrweare-rouge HTTP/1.1" 301 0 "-" "Mozilla/5.0 (Linux; Android 6.0.1; Nexus 5X Build/MMB29P) AppleWebKit/537.36 (KHTML, like Gecko) Chrome/141.0.7390.122 Mobile Safari/537.36 (compatible; Googlebot/2.1; +http://www.google.com/bot.html)"
162.120.187.15 - - [05/Dec/2025:15:50:02 +0300] "GET /product/compteur-digital-nitro-stunt-booster/ HTTP/2" 200 34758 "https://www.google.com/" "Mozilla/5.0 (Linux; Android 10; K) AppleWebKit/537.36 (KHTML, like Gecko) Chrome/142.0.0.0 Mobile Safari/537.36"
114.119.145.68 - - [05/Dec/2025:15:50:13 +0300] "GET /product-category/pieces-moto/transmission?shop_view=grid&per_row=3 HTTP/1.1" 301 0 "https://hamza2roues.com/product-category/pieces-moto/transmission?filter_product_brand=121" "Mozilla/5.0 (Linux; Android 7.0;) AppleWebKit/537.36 (KHTML, like Gecko) Mobile Safari/537.36 (compatible; PetalBot;+https://webmaster.petalsearch.com/site/petalbot)"
193.111.77.77 - - [05/Dec/2025:15:50:26 +0300] "POST /wp-cron.php?doing_wp_cron=1764939026.3934950828552246093750 HTTP/1.1" 200 0 "-" "WordPress/6.9; https://hamza2roues.com"
193.111.77.77 - - [05/Dec/2025:15:49:52 +0300] "GET /wp-admin/admin-ajax.php?action=wordfence_doScan&isFork=1&scanMode=standard&cronKey=2936b63436d28f721e012f03d3ab9a39&signature=80358e57651ca07f57c6d71f912ee58ab16ad6e90bc36770346bef6855e2c8d7 HTTP/1.1" 200 0 "-" "WordPress/6.9; https://hamza2roues.com"
197.238.90.57 - - [05/Dec/2025:15:50:35 +0300] "POST /wp-admin/admin-ajax.php HTTP/1.1" 200 77 "https://hamza2roues.com/product/autocollant-sticker-uv-3d-honda/" "Mozilla/5.0 (Macintosh; Intel Mac OS X 10_15_7) AppleWebKit/537.36 (KHTML, like Gecko) Chrome/142.0.0.0 Safari/537.36"
197.238.90.57 - - [05/Dec/2025:15:50:35 +0300] "POST /wp-admin/admin-ajax.php HTTP/1.1" 200 78 "https://hamza2roues.com/product/systeme-dalarme-moto/" "Mozilla/5.0 (Macintosh; Intel Mac OS X 10_15_7) AppleWebKit/537.36 (KHTML, like Gecko) Chrome/142.0.0.0 Safari/537.36"
66.249.66.33 - - [05/Dec/2025:15:51:14 +0300] "POST /wp-json/wp-statistics/v2/hit HTTP/1.1" 200 56 "https://hamza2roues.com/product/yamaha-tmax-530-560-pack-vidange-motul-5100/" "Mozilla/5.0 (Linux; Android 6.0.1; Nexus 5X Build/MMB29P) AppleWebKit/537.36 (KHTML, like Gecko) Chrome/141.0.7390.122 Mobile Safari/537.36 (compatible; Googlebot/2.1; +http://www.google.com/bot.html)"
66.249.66.11 - - [05/Dec/2025:15:51:18 +0300] "POST /?wc-ajax=get_refreshed_fragments HTTP/1.1" 200 499 "https://hamza2roues.com/product/yamaha-tmax-530-560-pack-vidange-motul-5100/" "Mozilla/5.0 (Linux; Android 6.0.1; Nexus 5X Build/MMB29P) AppleWebKit/537.36 (KHTML, like Gecko) Chrome/141.0.7390.122 Mobile Safari/537.36 (compatible; Googlebot/2.1; +http://www.google.com/bot.html)"
193.111.77.77 - - [05/Dec/2025:15:50:57 +0300] "GET /wp-admin/admin-ajax.php?action=wordfence_doScan&isFork=1&scanMode=standard&cronKey=b414fc027b704161b7d053da6304a981&signature=807dff695824801c9b649eede2d771e7b9d50f525f81301722ef7067101e8883 HTTP/1.1" 200 0 "-" "WordPress/6.9; https://hamza2roues.com"
193.111.77.77 - - [05/Dec/2025:15:52:35 +0300] "POST /wp-cron.php?doing_wp_cron=1764939155.3604969978332519531250 HTTP/1.1" 200 0 "-" "WordPress/6.9; https://hamza2roues.com"
197.238.90.57 - - [05/Dec/2025:15:52:36 +0300] "POST /wp-admin/admin-ajax.php HTTP/2" 200 77 "https://hamza2roues.com/product/systeme-dalarme-moto/" "Mozilla/5.0 (Macintosh; Intel Mac OS X 10_15_7) AppleWebKit/537.36 (KHTML, like Gecko) Chrome/142.0.0.0 Safari/537.36"
197.238.90.57 - - [05/Dec/2025:15:52:36 +0300] "POST /wp-admin/admin-ajax.php HTTP/2" 200 77 "https://hamza2roues.com/product/autocollant-sticker-uv-3d-honda/" "Mozilla/5.0 (Macintosh; Intel Mac OS X 10_15_7) AppleWebKit/537.36 (KHTML, like Gecko) Chrome/142.0.0.0 Safari/537.36"
193.111.77.77 - - [05/Dec/2025:15:53:03 +0300] "POST /wp-cron.php?doing_wp_cron=1764939183.1309850215911865234375 HTTP/1.1" 200 0 "-" "WordPress/6.9; https://hamza2roues.com"
193.111.77.77 - - [05/Dec/2025:15:49:21 +0300] "POST /wp-cron.php?doing_wp_cron=1764938961.3769049644470214843750 HTTP/1.1" 200 0 "-" "WordPress/6.9; https://hamza2roues.com"
193.111.77.77 - - [05/Dec/2025:15:48:48 +0300] "GET /wp-admin/admin-ajax.php?action=wordfence_doScan&isFork=1&scanMode=standard&cronKey=ed9f6f57a2973fd8d0be9f0ed3b89584&signature=d69836ff4c4d8d1b51bf407703bb556e3714ec4e025104b30060feffec309c0c HTTP/1.1" 200 0 "-" "WordPress/6.9; https://hamza2roues.com"
193.111.77.77 - - [05/Dec/2025:15:49:20 +0300] "GET /wp-admin/admin-ajax.php?action=wordfence_doScan&isFork=1&scanMode=standard&cronKey=36e7f3f80decc4803828b0bc54b28605&signature=81dada3e693caa2132ca2f9b198aae78661f636e3cc92651f70a99f3cbe3b74e HTTP/1.1" 200 0 "-" "WordPress/6.9; https://hamza2roues.com"
66.249.66.76 - - [05/Dec/2025:15:50:13 +0300] "POST /wp-json/wp-statistics/v2/hit HTTP/1.1" 200 56 "https://hamza2roues.com/product/casque-moto-jet-vrweare-rouge/" "Mozilla/5.0 (Linux; Android 6.0.1; Nexus 5X Build/MMB29P) AppleWebKit/537.36 (KHTML, like Gecko) Chrome/141.0.7390.122 Mobile Safari/537.36 (compatible; Googlebot/2.1; +http://www.google.com/bot.html)"
193.111.77.77 - - [05/Dec/2025:15:50:25 +0300] "GET /wp-admin/admin-ajax.php?action=wordfence_doScan&isFork=1&scanMode=standard&cronKey=bd9f2d48bf4ee17e6f307750f355e333&signature=f43ef32346826145aeb68632a0d18cd3a16e827c38e13a6ae49e67c0f3f699a5 HTTP/1.1" 200 0 "-" "WordPress/6.9; https://hamza2roues.com"
66.249.76.2 - - [05/Dec/2025:15:50:59 +0300] "GET /product/yamaha-tmax-530-560-pack-vidange-motul-5100 HTTP/1.1" 301 0 "-" "Mozilla/5.0 (Linux; Android 6.0.1; Nexus 5X Build/MMB29P) AppleWebKit/537.36 (KHTML, like Gecko) Chrome/141.0.7390.122 Mobile Safari/537.36 (compatible; Googlebot/2.1; +http://www.google.com/bot.html)"
193.111.77.77 - - [05/Dec/2025:15:51:30 +0300] "POST /wp-cron.php?doing_wp_cron=1764939090.3701748847961425781250 HTTP/1.1" 200 0 "-" "WordPress/6.9; https://hamza2roues.com"
114.119.135.96 - - [05/Dec/2025:15:51:38 +0300] "GET /product-category/pieces-moto/transmission?per_row=4&shop_view=grid&per_page=18 HTTP/1.1" 301 0 "https://hamza2roues.com/product-category/pieces-moto/transmission?shop_view=grid&per_row=4" "Mozilla/5.0 (Linux; Android 7.0;) AppleWebKit/537.36 (KHTML, like Gecko) Mobile Safari/537.36 (compatible; PetalBot;+https://webmaster.petalsearch.com/site/petalbot)"
114.119.135.96 - - [05/Dec/2025:15:51:41 +0300] "GET /product-category/pieces-moto/transmission/?per_row=4&shop_view=grid&per_page=18 HTTP/1.1" 200 32264 "https://hamza2roues.com/product-category/pieces-moto/transmission?shop_view=grid&per_row=4" "Mozilla/5.0 (Linux; Android 7.0;) AppleWebKit/537.36 (KHTML, like Gecko) Mobile Safari/537.36 (compatible; PetalBot;+https://webmaster.petalsearch.com/site/petalbot)"
193.111.77.77 - - [05/Dec/2025:15:51:29 +0300] "GET /wp-admin/admin-ajax.php?action=wordfence_doScan&isFork=1&scanMode=standard&cronKey=82d080ac6607d7280d317fefb9a7bcf2&signature=25e22b515c258acd8288f4a3d80dc40761fa4a032f0bb3984f473ec6009a0d7c HTTP/1.1" 200 0 "-" "WordPress/6.9; https://hamza2roues.com"
66.249.66.34 - - [05/Dec/2025:15:53:31 +0300] "GET /product/batterie-12v-5ah-shiro-moto/ HTTP/1.1" 200 32769 "-" "Mozilla/5.0 (Linux; Android 6.0.1; Nexus 5X Build/MMB29P) AppleWebKit/537.36 (KHTML, like Gecko) Chrome/141.0.7390.122 Mobile Safari/537.36 (compatible; Googlebot/2.1; +http://www.google.com/bot.html)"
197.238.90.57 - - [05/Dec/2025:15:53:35 +0300] "POST /wp-admin/admin-ajax.php HTTP/2" 200 79 "https://hamza2roues.com/product/autocollant-sticker-uv-3d-honda/" "Mozilla/5.0 (Macintosh; Intel Mac OS X 10_15_7) AppleWebKit/537.36 (KHTML, like Gecko) Chrome/142.0.0.0 Safari/537.36"
197.238.90.57 - - [05/Dec/2025:15:53:35 +0300] "POST /wp-admin/admin-ajax.php HTTP/2" 200 78 "https://hamza2roues.com/product/systeme-dalarme-moto/" "Mozilla/5.0 (Macintosh; Intel Mac OS X 10_15_7) AppleWebKit/537.36 (KHTML, like Gecko) Chrome/142.0.0.0 Safari/537.36"
193.111.77.77 - - [05/Dec/2025:15:51:00 +0300] "POST /wp-cron.php?doing_wp_cron=1764939060.6070361137390136718750 HTTP/1.1" 200 0 "-" "WordPress/6.9; https://hamza2roues.com"
197.244.82.246 - - [05/Dec/2025:15:51:19 +0300] "POST /wp-admin/admin-ajax.php HTTP/2" 200 77 "https://hamza2roues.com/product/dosseret-moto-universel-takeya/" "Mozilla/5.0 (Windows NT 10.0; Win64; x64) AppleWebKit/537.36 (KHTML, like Gecko) Chrome/142.0.0.0 Safari/537.36"
197.238.90.57 - - [05/Dec/2025:15:51:35 +0300] "POST /wp-admin/admin-ajax.php HTTP/1.1" 200 78 "https://hamza2roues.com/product/systeme-dalarme-moto/" "Mozilla/5.0 (Macintosh; Intel Mac OS X 10_15_7) AppleWebKit/537.36 (KHTML, like Gecko) Chrome/142.0.0.0 Safari/537.36"
197.238.90.57 - - [05/Dec/2025:15:51:35 +0300] "POST /wp-admin/admin-ajax.php HTTP/1.1" 200 80 "https://hamza2roues.com/product/autocollant-sticker-uv-3d-honda/" "Mozilla/5.0 (Macintosh; Intel Mac OS X 10_15_7) AppleWebKit/537.36 (KHTML, like Gecko) Chrome/142.0.0.0 Safari/537.36"
197.244.82.246 - - [05/Dec/2025:15:52:19 +0300] "POST /wp-admin/admin-ajax.php HTTP/2" 200 77 "https://hamza2roues.com/product/dosseret-moto-universel-takeya/" "Mozilla/5.0 (Windows NT 10.0; Win64; x64) AppleWebKit/537.36 (KHTML, like Gecko) Chrome/142.0.0.0 Safari/537.36"
114.119.159.37 - - [05/Dec/2025:15:53:01 +0300] "GET /product-category/pieces-moto/transmission?per_row=3&shop_view=grid&per_page=9 HTTP/1.1" 301 0 "-" "Mozilla/5.0 (Linux; Android 7.0;) AppleWebKit/537.36 (KHTML, like Gecko) Mobile Safari/537.36 (compatible; PetalBot;+https://webmaster.petalsearch.com/site/petalbot)"
114.119.159.37 - - [05/Dec/2025:15:53:03 +0300] "GET /product-category/pieces-moto/transmission/?per_row=3&shop_view=grid&per_page=9 HTTP/1.1" 200 32336 "-" "Mozilla/5.0 (Linux; Android 7.0;) AppleWebKit/537.36 (KHTML, like Gecko) Mobile Safari/537.36 (compatible; PetalBot;+https://webmaster.petalsearch.com/site/petalbot)"
66.249.66.12 - - [05/Dec/2025:15:53:05 +0300] "GET /product_cat-sitemap.xml HTTP/1.1" 200 712 "-" "Mozilla/5.0 (compatible; Googlebot/2.1; +http://www.google.com/bot.html)"
193.111.77.77 - - [05/Dec/2025:15:53:07 +0300] "POST /wp-cron.php?doing_wp_cron=1764939187.6512300968170166015625 HTTP/1.1" 200 0 "-" "WordPress/6.9; https://hamza2roues.com"
197.244.82.246 - - [05/Dec/2025:15:53:19 +0300] "POST /wp-admin/admin-ajax.php HTTP/2" 200 79 "https://hamza2roues.com/product/dosseret-moto-universel-takeya/" "Mozilla/5.0 (Windows NT 10.0; Win64; x64) AppleWebKit/537.36 (KHTML, like Gecko) Chrome/142.0.0.0 Safari/537.36"
66.249.66.194 - - [05/Dec/2025:15:53:29 +0300] "GET /product/playstation-4-slim/ HTTP/1.1" 301 0 "-" "Mozilla/5.0 (Linux; Android 6.0.1; Nexus 5X Build/MMB29P) AppleWebKit/537.36 (KHTML, like Gecko) Chrome/141.0.7390.122 Mobile Safari/537.36 (compatible; Googlebot/2.1; +http://www.google.com/bot.html)"
193.111.77.77 - - [05/Dec/2025:15:53:39 +0300] "GET /wp-admin/admin-ajax.php?action=wordfence_doScan&isFork=1&scanMode=standard&cronKey=72e6cb6262ccee73b00c2f0e209e6692&signature=13b2877630e3a7fdd48a7c40a8e1c692a42177c10fcb3e80418c7839ed89b8be HTTP/1.1" 200 0 "-" "WordPress/6.9; https://hamza2roues.com"
