102.158.26.18 - - [05/Dec/2025:16:39:09 +0300] "GET /wp-content/themes/woodmart/js/scripts/wc/wishlist.min.js?ver=8.2.6 HTTP/1.1" 200 1816 "https://hamza2roues.com/product/compteur-digital-nitro-stunt-booster/" "Mozilla/5.0 (Linux; Android 10; K) AppleWebKit/537.36 (KHTML, like Gecko) Chrome/142.0.0.0 Mobile Safari/537.36"
102.158.26.18 - - [05/Dec/2025:16:39:09 +0300] "GET /wp-content/themes/woodmart/js/libs/photoswipe-bundle.min.js?ver=8.2.6 HTTP/1.1" 200 12619 "https://hamza2roues.com/product/compteur-digital-nitro-stunt-booster/" "Mozilla/5.0 (Linux; Android 10; K) AppleWebKit/537.36 (KHTML, like Gecko) Chrome/142.0.0.0 Mobile Safari/537.36"
102.158.26.18 - - [05/Dec/2025:16:39:09 +0300] "GET /wp-content/themes/woodmart/js/scripts/global/swiperInit.min.js?ver=8.2.6 HTTP/1.1" 200 1953 "https://hamza2roues.com/product/compteur-digital-nitro-stunt-booster/" "Mozilla/5.0 (Linux; Android 10; K) AppleWebKit/537.36 (KHTML, like Gecko) Chrome/142.0.0.0 Mobile Safari/537.36"
102.158.26.18 - - [05/Dec/2025:16:39:09 +0300] "GET /wp-content/themes/woodmart/js/scripts/wc/productImagesGallery.min.js?ver=8.2.6 HTTP/1.1" 200 1758 "https://hamza2roues.com/product/compteur-digital-nitro-stunt-booster/" "Mozilla/5.0 (Linux; Android 10; K) AppleWebKit/537.36 (KHTML, like Gecko) Chrome/142.0.0.0 Mobile Safari/537.36"
102.158.26.18 - - [05/Dec/2025:16:39:09 +0300] "GET /wp-includes/js/imagesloaded.min.js?ver=5.0.0 HTTP/1.1" 200 1582 "https://hamza2roues.com/product/compteur-digital-nitro-stunt-booster/" "Mozilla/5.0 (Linux; Android 10; K) AppleWebKit/537.36 (KHTML, like Gecko) Chrome/142.0.0.0 Mobile Safari/537.36"
102.158.26.18 - - [05/Dec/2025:16:39:09 +0300] "GET /wp-content/themes/woodmart/js/scripts/wc/quickShopVariationForm.min.js?ver=8.2.6 HTTP/1.1" 200 1824 "https://hamza2roues.com/product/compteur-digital-nitro-stunt-booster/" "Mozilla/5.0 (Linux; Android 10; K) AppleWebKit/537.36 (KHTML, like Gecko) Chrome/142.0.0.0 Mobile Safari/537.36"
102.158.26.18 - - [05/Dec/2025:16:39:09 +0300] "GET /wp-content/themes/woodmart/js/libs/swiper.min.js?ver=8.2.6 HTTP/1.1" 200 26988 "https://hamza2roues.com/product/compteur-digital-nitro-stunt-booster/" "Mozilla/5.0 (Linux; Android 10; K) AppleWebKit/537.36 (KHTML, like Gecko) Chrome/142.0.0.0 Mobile Safari/537.36"
102.158.26.18 - - [05/Dec/2025:16:39:09 +0300] "GET /wp-includes/js/underscore.min.js?ver=1.13.7 HTTP/1.1" 200 6677 "https://hamza2roues.com/product/compteur-digital-nitro-stunt-booster/" "Mozilla/5.0 (Linux; Android 10; K) AppleWebKit/537.36 (KHTML, like Gecko) Chrome/142.0.0.0 Mobile Safari/537.36"
102.158.26.18 - - [05/Dec/2025:16:39:09 +0300] "GET /wp-content/themes/woodmart/js/scripts/wc/woodmartCompare.min.js?ver=8.2.6 HTTP/1.1" 200 1439 "https://hamza2roues.com/product/compteur-digital-nitro-stunt-booster/" "Mozilla/5.0 (Linux; Android 10; K) AppleWebKit/537.36 (KHTML, like Gecko) Chrome/142.0.0.0 Mobile Safari/537.36"
102.158.26.18 - - [05/Dec/2025:16:39:09 +0300] "GET /wp-content/themes/woodmart/js/libs/magnific-popup.min.js?ver=8.2.6 HTTP/1.1" 200 6680 "https://hamza2roues.com/product/compteur-digital-nitro-stunt-booster/" "Mozilla/5.0 (Linux; Android 10; K) AppleWebKit/537.36 (KHTML, like Gecko) Chrome/142.0.0.0 Mobile Safari/537.36"
102.158.26.18 - - [05/Dec/2025:16:39:09 +0300] "GET /wp-content/themes/woodmart/js/libs/tooltips.min.js?ver=8.2.6 HTTP/1.1" 200 3786 "https://hamza2roues.com/product/compteur-digital-nitro-stunt-booster/" "Mozilla/5.0 (Linux; Android 10; K) AppleWebKit/537.36 (KHTML, like Gecko) Chrome/142.0.0.0 Mobile Safari/537.36"
102.158.26.18 - - [05/Dec/2025:16:39:09 +0300] "GET /wp-content/themes/woodmart/js/scripts/wc/swatchesVariations.min.js?ver=8.2.6 HTTP/1.1" 200 2741 "https://hamza2roues.com/product/compteur-digital-nitro-stunt-booster/" "Mozilla/5.0 (Linux; Android 10; K) AppleWebKit/537.36 (KHTML, like Gecko) Chrome/142.0.0.0 Mobile Safari/537.36"
102.158.26.18 - - [05/Dec/2025:16:39:09 +0300] "GET /wp-content/themes/woodmart/js/scripts/menu/mobileNavigation.min.js?ver=8.2.6 HTTP/1.1" 200 1397 "https://hamza2roues.com/product/compteur-digital-nitro-stunt-booster/" "Mozilla/5.0 (Linux; Android 10; K) AppleWebKit/537.36 (KHTML, like Gecko) Chrome/142.0.0.0 Mobile Safari/537.36"
102.158.26.18 - - [05/Dec/2025:16:39:09 +0300] "GET /wp-content/plugins/woocommerce/assets/js/frontend/add-to-cart.min.js?ver=10.3.5 HTTP/1.1" 200 1144 "https://hamza2roues.com/product/compteur-digital-nitro-stunt-booster/" "Mozilla/5.0 (Linux; Android 10; K) AppleWebKit/537.36 (KHTML, like Gecko) Chrome/142.0.0.0 Mobile Safari/537.36"
102.158.26.18 - - [05/Dec/2025:16:39:09 +0300] "GET /wp-content/plugins/woocommerce/assets/js/frontend/single-product.min.js?ver=10.3.5 HTTP/1.1" 200 2505 "https://hamza2roues.com/product/compteur-digital-nitro-stunt-booster/" "Mozilla/5.0 (Linux; Android 10; K) AppleWebKit/537.36 (KHTML, like Gecko) Chrome/142.0.0.0 Mobile Safari/537.36"
102.158.26.18 - - [05/Dec/2025:16:39:09 +0300] "GET /wp-content/plugins/google-site-kit/dist/assets/js/googlesitekit-events-provider-contact-form-7-40476021fb6e59177033.js HTTP/1.1" 200 1559 "https://hamza2roues.com/product/compteur-digital-nitro-stunt-booster/" "Mozilla/5.0 (Linux; Android 10; K) AppleWebKit/537.36 (KHTML, like Gecko) Chrome/142.0.0.0 Mobile Safari/537.36"
102.158.26.18 - - [05/Dec/2025:16:39:09 +0300] "GET /wp-content/themes/woodmart/css/parts/opt-scrolltotop.min.css?ver=8.2.6 HTTP/2" 200 316 "https://hamza2roues.com/product/compteur-digital-nitro-stunt-booster/" "Mozilla/5.0 (Linux; Android 10; K) AppleWebKit/537.36 (KHTML, like Gecko) Chrome/142.0.0.0 Mobile Safari/537.36"
102.31.34.137 - - [05/Dec/2025:16:39:17 +0300] "POST /wp-admin/admin-ajax.php HTTP/1.1" 200 78 "https://hamza2roues.com/product/pot-dechappement-arrow-gris/" "Mozilla/5.0 (Linux; Android 10; K) AppleWebKit/537.36 (KHTML, like Gecko) Chrome/142.0.0.0 Mobile Safari/537.36"
197.3.194.6 - - [05/Dec/2025:16:39:20 +0300] "GET /wp-content/uploads/2025/10/unnamed-16.jpg HTTP/1.1" 200 45230 "https://hamza2roues.com/product-category/pieces-moto/" "Mozilla/5.0 (Linux; Android 10; K) AppleWebKit/537.36 (KHTML, like Gecko) Chrome/142.0.0.0 Mobile Safari/537.36"
197.3.194.6 - - [05/Dec/2025:16:39:20 +0300] "GET /wp-content/uploads/2025/10/IMG_4443-e1761042681468-600x600.jpeg HTTP/1.1" 200 19355 "https://hamza2roues.com/product-category/pieces-moto/" "Mozilla/5.0 (Linux; Android 10; K) AppleWebKit/537.36 (KHTML, like Gecko) Chrome/142.0.0.0 Mobile Safari/537.36"
197.3.194.6 - - [05/Dec/2025:16:39:20 +0300] "GET /product/plaquettes-de-frein-avant-z750/ HTTP/1.1" 200 35938 "https://hamza2roues.com/product-category/pieces-moto/" "Mozilla/5.0 (Linux; Android 10; K) AppleWebKit/537.36 (KHTML, like Gecko) Chrome/142.0.0.0 Mobile Safari/537.36"
197.3.194.6 - - [05/Dec/2025:16:39:20 +0300] "GET /wp-content/themes/woodmart/css/parts/woo-mod-quantity.min.css?ver=8.2.6 HTTP/1.1" 200 394 "https://hamza2roues.com/product/plaquettes-de-frein-avant-z750/" "Mozilla/5.0 (Linux; Android 10; K) AppleWebKit/537.36 (KHTML, like Gecko) Chrome/142.0.0.0 Mobile Safari/537.36"
197.3.194.6 - - [05/Dec/2025:16:39:20 +0300] "GET /wp-content/themes/woodmart/css/parts/woo-single-prod-el-base.min.css?ver=8.2.6 HTTP/1.1" 200 367 "https://hamza2roues.com/product/plaquettes-de-frein-avant-z750/" "Mozilla/5.0 (Linux; Android 10; K) AppleWebKit/537.36 (KHTML, like Gecko) Chrome/142.0.0.0 Mobile Safari/537.36"
197.3.194.6 - - [05/Dec/2025:16:39:20 +0300] "GET /wp-content/themes/woodmart/css/parts/woo-mod-stock-status.min.css?ver=8.2.6 HTTP/1.1" 200 334 "https://hamza2roues.com/product/plaquettes-de-frein-avant-z750/" "Mozilla/5.0 (Linux; Android 10; K) AppleWebKit/537.36 (KHTML, like Gecko) Chrome/142.0.0.0 Mobile Safari/537.36"
197.3.194.6 - - [05/Dec/2025:16:39:20 +0300] "GET /wp-content/themes/woodmart/css/parts/woo-mod-shop-attributes.min.css?ver=8.2.6 HTTP/1.1" 200 345 "https://hamza2roues.com/product/plaquettes-de-frein-avant-z750/" "Mozilla/5.0 (Linux; Android 10; K) AppleWebKit/537.36 (KHTML, like Gecko) Chrome/142.0.0.0 Mobile Safari/537.36"
197.3.194.6 - - [05/Dec/2025:16:39:20 +0300] "GET /wp-content/themes/woodmart/css/parts/woo-mod-product-info.min.css?ver=8.2.6 HTTP/1.1" 200 266 "https://hamza2roues.com/product/plaquettes-de-frein-avant-z750/" "Mozilla/5.0 (Linux; Android 10; K) AppleWebKit/537.36 (KHTML, like Gecko) Chrome/142.0.0.0 Mobile Safari/537.36"
197.3.194.6 - - [05/Dec/2025:16:39:20 +0300] "GET /wp-content/themes/woodmart/css/parts/woo-opt-est-del.min.css?ver=8.2.6 HTTP/1.1" 200 179 "https://hamza2roues.com/product/plaquettes-de-frein-avant-z750/" "Mozilla/5.0 (Linux; Android 10; K) AppleWebKit/537.36 (KHTML, like Gecko) Chrome/142.0.0.0 Mobile Safari/537.36"
197.3.194.6 - - [05/Dec/2025:16:39:20 +0300] "GET /wp-content/themes/woodmart/css/parts/woo-single-prod-builder.min.css?ver=8.2.6 HTTP/1.1" 200 753 "https://hamza2roues.com/product/plaquettes-de-frein-avant-z750/" "Mozilla/5.0 (Linux; Android 10; K) AppleWebKit/537.36 (KHTML, like Gecko) Chrome/142.0.0.0 Mobile Safari/537.36"
197.3.194.6 - - [05/Dec/2025:16:39:20 +0300] "GET /wp-content/themes/woodmart/css/parts/woo-single-prod-el-navigation.min.css?ver=8.2.6 HTTP/1.1" 200 356 "https://hamza2roues.com/product/plaquettes-de-frein-avant-z750/" "Mozilla/5.0 (Linux; Android 10; K) AppleWebKit/537.36 (KHTML, like Gecko) Chrome/142.0.0.0 Mobile Safari/537.36"
197.3.194.6 - - [05/Dec/2025:16:39:20 +0300] "GET /wp-content/themes/woodmart/css/parts/lib-photoswipe.min.css?ver=8.2.6 HTTP/1.1" 200 1575 "https://hamza2roues.com/product/plaquettes-de-frein-avant-z750/" "Mozilla/5.0 (Linux; Android 10; K) AppleWebKit/537.36 (KHTML, like Gecko) Chrome/142.0.0.0 Mobile Safari/537.36"
197.3.194.6 - - [05/Dec/2025:16:39:20 +0300] "GET /wp-content/themes/woodmart/css/parts/woo-single-prod-el-gallery.min.css?ver=8.2.6 HTTP/1.1" 200 1183 "https://hamza2roues.com/product/plaquettes-de-frein-avant-z750/" "Mozilla/5.0 (Linux; Android 10; K) AppleWebKit/537.36 (KHTML, like Gecko) Chrome/142.0.0.0 Mobile Safari/537.36"
197.3.194.6 - - [05/Dec/2025:16:39:20 +0300] "GET /wp-content/themes/woodmart/css/parts/woo-single-prod-el-gallery-opt-thumb-left-desktop.min.css?ver=8.2.6 HTTP/1.1" 200 475 "https://hamza2roues.com/product/plaquettes-de-frein-avant-z750/" "Mozilla/5.0 (Linux; Android 10; K) AppleWebKit/537.36 (KHTML, like Gecko) Chrome/142.0.0.0 Mobile Safari/537.36"
197.3.194.6 - - [05/Dec/2025:16:39:20 +0300] "GET /wp-content/themes/woodmart/css/parts/el-list.min.css?ver=8.2.6 HTTP/1.1" 200 548 "https://hamza2roues.com/product/plaquettes-de-frein-avant-z750/" "Mozilla/5.0 (Linux; Android 10; K) AppleWebKit/537.36 (KHTML, like Gecko) Chrome/142.0.0.0 Mobile Safari/537.36"
197.3.194.6 - - [05/Dec/2025:16:39:20 +0300] "GET /wp-content/themes/woodmart/css/parts/el-list-wpb-elem.min.css?ver=8.2.6 HTTP/1.1" 200 151 "https://hamza2roues.com/product/plaquettes-de-frein-avant-z750/" "Mozilla/5.0 (Linux; Android 10; K) AppleWebKit/537.36 (KHTML, like Gecko) Chrome/142.0.0.0 Mobile Safari/537.36"
197.3.194.6 - - [05/Dec/2025:16:39:20 +0300] "GET /wp-content/themes/woodmart/css/parts/woo-opt-visits-count.min.css?ver=8.2.6 HTTP/1.1" 200 154 "https://hamza2roues.com/product/plaquettes-de-frein-avant-z750/" "Mozilla/5.0 (Linux; Android 10; K) AppleWebKit/537.36 (KHTML, like Gecko) Chrome/142.0.0.0 Mobile Safari/537.36"
197.3.194.6 - - [05/Dec/2025:16:39:20 +0300] "GET /wp-content/themes/woodmart/css/parts/el-banner-hover-zoom.min.css?ver=8.2.6 HTTP/1.1" 200 156 "https://hamza2roues.com/product/plaquettes-de-frein-avant-z750/" "Mozilla/5.0 (Linux; Android 10; K) AppleWebKit/537.36 (KHTML, like Gecko) Chrome/142.0.0.0 Mobile Safari/537.36"
197.3.194.6 - - [05/Dec/2025:16:39:20 +0300] "GET /wp-content/themes/woodmart/css/parts/post-types-mod-comments.min.css?ver=8.2.6 HTTP/1.1" 200 1018 "https://hamza2roues.com/product/plaquettes-de-frein-avant-z750/" "Mozilla/5.0 (Linux; Android 10; K) AppleWebKit/537.36 (KHTML, like Gecko) Chrome/142.0.0.0 Mobile Safari/537.36"
197.3.194.6 - - [05/Dec/2025:16:39:20 +0300] "GET /wp-content/themes/woodmart/css/parts/woo-single-prod-el-tabs-opt-layout-tabs.min.css?ver=8.2.6 HTTP/1.1" 200 217 "https://hamza2roues.com/product/plaquettes-de-frein-avant-z750/" "Mozilla/5.0 (Linux; Android 10; K) AppleWebKit/537.36 (KHTML, like Gecko) Chrome/142.0.0.0 Mobile Safari/537.36"
197.3.194.6 - - [05/Dec/2025:16:39:20 +0300] "GET /wp-content/uploads/elementor/css/post-844.css?ver=1763592977 HTTP/1.1" 200 1101 "https://hamza2roues.com/product/plaquettes-de-frein-avant-z750/" "Mozilla/5.0 (Linux; Android 10; K) AppleWebKit/537.36 (KHTML, like Gecko) Chrome/142.0.0.0 Mobile Safari/537.36"
197.3.194.6 - - [05/Dec/2025:16:39:20 +0300] "GET /wp-content/uploads/elementor/css/post-870.css?ver=1763592977 HTTP/1.1" 200 712 "https://hamza2roues.com/product/plaquettes-de-frein-avant-z750/" "Mozilla/5.0 (Linux; Android 10; K) AppleWebKit/537.36 (KHTML, like Gecko) Chrome/142.0.0.0 Mobile Safari/537.36"
197.3.194.6 - - [05/Dec/2025:16:39:20 +0300] "GET /wp-content/themes/woodmart/js/libs/photoswipe-bundle.min.js?ver=8.2.6 HTTP/1.1" 200 12619 "https://hamza2roues.com/product/plaquettes-de-frein-avant-z750/" "Mozilla/5.0 (Linux; Android 10; K) AppleWebKit/537.36 (KHTML, like Gecko) Chrome/142.0.0.0 Mobile Safari/537.36"
197.3.194.6 - - [05/Dec/2025:16:39:20 +0300] "GET /wp-content/plugins/elementor/assets/css/widget-divider.min.css?ver=3.33.1 HTTP/1.1" 200 643 "https://hamza2roues.com/product/plaquettes-de-frein-avant-z750/" "Mozilla/5.0 (Linux; Android 10; K) AppleWebKit/537.36 (KHTML, like Gecko) Chrome/142.0.0.0 Mobile Safari/537.36"
197.3.194.6 - - [05/Dec/2025:16:39:20 +0300] "GET /wp-content/uploads/elementor/google-fonts/css/lexenddeca.css?ver=1751470288 HTTP/1.1" 200 462 "https://hamza2roues.com/product/plaquettes-de-frein-avant-z750/" "Mozilla/5.0 (Linux; Android 10; K) AppleWebKit/537.36 (KHTML, like Gecko) Chrome/142.0.0.0 Mobile Safari/537.36"
197.3.194.6 - - [05/Dec/2025:16:39:20 +0300] "GET /wp-content/themes/woodmart/js/scripts/wc/productImages.min.js?ver=8.2.6 HTTP/1.1" 200 513 "https://hamza2roues.com/product/plaquettes-de-frein-avant-z750/" "Mozilla/5.0 (Linux; Android 10; K) AppleWebKit/537.36 (KHTML, like Gecko) Chrome/142.0.0.0 Mobile Safari/537.36"
197.3.194.6 - - [05/Dec/2025:16:39:20 +0300] "GET /wp-content/themes/woodmart/js/scripts/global/callPhotoSwipe.min.js?ver=8.2.6 HTTP/1.1" 200 484 "https://hamza2roues.com/product/plaquettes-de-frein-avant-z750/" "Mozilla/5.0 (Linux; Android 10; K) AppleWebKit/537.36 (KHTML, like Gecko) Chrome/142.0.0.0 Mobile Safari/537.36"
197.3.194.6 - - [05/Dec/2025:16:39:20 +0300] "GET /wp-content/themes/woodmart/js/scripts/wc/countProductVisits.min.js?ver=8.2.6 HTTP/1.1" 200 356 "https://hamza2roues.com/product/plaquettes-de-frein-avant-z750/" "Mozilla/5.0 (Linux; Android 10; K) AppleWebKit/537.36 (KHTML, like Gecko) Chrome/142.0.0.0 Mobile Safari/537.36"
197.3.194.6 - - [05/Dec/2025:16:39:20 +0300] "GET /wp-content/plugins/woocommerce/assets/js/zoom/jquery.zoom.min.js?ver=1.7.21-wc.10.3.5 HTTP/1.1" 200 1014 "https://hamza2roues.com/product/plaquettes-de-frein-avant-z750/" "Mozilla/5.0 (Linux; Android 10; K) AppleWebKit/537.36 (KHTML, like Gecko) Chrome/142.0.0.0 Mobile Safari/537.36"
197.3.194.6 - - [05/Dec/2025:16:39:20 +0300] "GET /wp-content/plugins/woocommerce/assets/js/frontend/single-product.min.js?ver=10.3.5 HTTP/1.1" 200 2505 "https://hamza2roues.com/product/plaquettes-de-frein-avant-z750/" "Mozilla/5.0 (Linux; Android 10; K) AppleWebKit/537.36 (KHTML, like Gecko) Chrome/142.0.0.0 Mobile Safari/537.36"
197.3.194.6 - - [05/Dec/2025:16:39:20 +0300] "GET /wp-content/themes/woodmart/js/scripts/wc/trackProductViewed.min.js?ver=8.2.6 HTTP/1.1" 200 230 "https://hamza2roues.com/product/plaquettes-de-frein-avant-z750/" "Mozilla/5.0 (Linux; Android 10; K) AppleWebKit/537.36 (KHTML, like Gecko) Chrome/142.0.0.0 Mobile Safari/537.36"
197.3.194.6 - - [05/Dec/2025:16:39:20 +0300] "GET /wp-content/uploads/elementor/google-fonts/fonts/lexenddeca-k2f1fzfyk-dhse0uppuwq5qnjy8.woff2 HTTP/1.1" 200 39768 "https://hamza2roues.com/wp-content/uploads/elementor/google-fonts/css/lexenddeca.css?ver=1751470288" "Mozilla/5.0 (Linux; Android 10; K) AppleWebKit/537.36 (KHTML, like Gecko) Chrome/142.0.0.0 Mobile Safari/537.36"
197.3.194.6 - - [05/Dec/2025:16:39:20 +0300] "GET /wp-content/uploads/2025/01/291-768x71.png HTTP/1.1" 200 3906 "https://hamza2roues.com/product/plaquettes-de-frein-avant-z750/" "Mozilla/5.0 (Linux; Android 10; K) AppleWebKit/537.36 (KHTML, like Gecko) Chrome/142.0.0.0 Mobile Safari/537.36"
197.3.194.6 - - [05/Dec/2025:16:39:20 +0300] "POST /wp-json/wp-statistics/v2/hit HTTP/1.1" 200 19 "https://hamza2roues.com/product/plaquettes-de-frein-avant-z750/" "Mozilla/5.0 (Linux; Android 10; K) AppleWebKit/537.36 (KHTML, like Gecko) Chrome/142.0.0.0 Mobile Safari/537.36"
66.249.76.4 - - [05/Dec/2025:16:39:22 +0300] "GET /product/bougie-ngk-br9es/ HTTP/1.1" 200 35320 "-" "Mozilla/5.0 (Linux; Android 6.0.1; Nexus 5X Build/MMB29P) AppleWebKit/537.36 (KHTML, like Gecko) Chrome/141.0.7390.122 Mobile Safari/537.36 (compatible; Googlebot/2.1; +http://www.google.com/bot.html)"
102.31.34.137 - - [05/Dec/2025:16:39:27 +0300] "POST /wp-admin/admin-ajax.php HTTP/1.1" 200 78 "https://hamza2roues.com/product/pot-dechappement-arrow-gris/" "Mozilla/5.0 (Linux; Android 10; K) AppleWebKit/537.36 (KHTML, like Gecko) Chrome/142.0.0.0 Mobile Safari/537.36"
197.3.194.6 - - [05/Dec/2025:16:39:30 +0300] "POST /wp-admin/admin-ajax.php HTTP/1.1" 200 78 "https://hamza2roues.com/product/plaquettes-de-frein-avant-z750/" "Mozilla/5.0 (Linux; Android 10; K) AppleWebKit/537.36 (KHTML, like Gecko) Chrome/142.0.0.0 Mobile Safari/537.36"
197.3.194.6 - - [05/Dec/2025:16:39:31 +0300] "POST /?wc-ajax=get_refreshed_fragments HTTP/1.1" 200 499 "https://hamza2roues.com/product-category/pieces-moto/" "Mozilla/5.0 (Linux; Android 10; K) AppleWebKit/537.36 (KHTML, like Gecko) Chrome/142.0.0.0 Mobile Safari/537.36"
197.3.194.6 - - [05/Dec/2025:16:39:31 +0300] "POST /wp-json/wp-statistics/v2/online HTTP/1.1" 200 19 "https://hamza2roues.com/product-category/pieces-moto/" "Mozilla/5.0 (Linux; Android 10; K) AppleWebKit/537.36 (KHTML, like Gecko) Chrome/142.0.0.0 Mobile Safari/537.36"
197.3.194.6 - - [05/Dec/2025:16:39:33 +0300] "GET /wp-content/uploads/2025/10/unnamed-15.jpg HTTP/1.1" 200 43996 "https://hamza2roues.com/product-category/pieces-moto/" "Mozilla/5.0 (Linux; Android 10; K) AppleWebKit/537.36 (KHTML, like Gecko) Chrome/142.0.0.0 Mobile Safari/537.36"
197.3.194.6 - - [05/Dec/2025:16:39:33 +0300] "GET /wp-content/uploads/2025/10/Refroidisseur-de-moto-pour-Kawasaki-Ninalbanz800-2013-2016-Z750-2007-2010-Z1000-2007-2009.jpg_Q90.jpg_.webp HTTP/1.1" 200 53942 "https://hamza2roues.com/product-category/pieces-moto/" "Mozilla/5.0 (Linux; Android 10; K) AppleWebKit/537.36 (KHTML, like Gecko) Chrome/142.0.0.0 Mobile Safari/537.36"
197.3.194.6 - - [05/Dec/2025:16:39:34 +0300] "GET /wp-content/uploads/2025/10/Gemini_Generated_Image_in8826in8826in88-e1760663774335-600x600.png HTTP/1.1" 200 78623 "https://hamza2roues.com/product-category/pieces-moto/" "Mozilla/5.0 (Linux; Android 10; K) AppleWebKit/537.36 (KHTML, like Gecko) Chrome/142.0.0.0 Mobile Safari/537.36"
197.3.194.6 - - [05/Dec/2025:16:39:34 +0300] "GET /wp-content/uploads/2025/10/unnamed-25-e1760663167898-600x600.jpg HTTP/1.1" 200 16476 "https://hamza2roues.com/product-category/pieces-moto/" "Mozilla/5.0 (Linux; Android 10; K) AppleWebKit/537.36 (KHTML, like Gecko) Chrome/142.0.0.0 Mobile Safari/537.36"
197.3.194.6 - - [05/Dec/2025:16:39:35 +0300] "GET /wp-content/uploads/2025/10/Gemini_Generated_Image_fqjxo2fqjxo2fqjx-e1760662593570-600x600.png HTTP/1.1" 200 51763 "https://hamza2roues.com/product-category/pieces-moto/" "Mozilla/5.0 (Linux; Android 10; K) AppleWebKit/537.36 (KHTML, like Gecko) Chrome/142.0.0.0 Mobile Safari/537.36"
197.3.194.6 - - [05/Dec/2025:16:39:35 +0300] "GET /wp-content/uploads/2025/10/unnamed-19.jpg HTTP/1.1" 200 41910 "https://hamza2roues.com/product-category/pieces-moto/" "Mozilla/5.0 (Linux; Android 10; K) AppleWebKit/537.36 (KHTML, like Gecko) Chrome/142.0.0.0 Mobile Safari/537.36"
197.3.194.6 - - [05/Dec/2025:16:39:35 +0300] "GET /product/radiateur-kawasaki-z750/ HTTP/1.1" 200 34257 "https://hamza2roues.com/product-category/pieces-moto/" "Mozilla/5.0 (Linux; Android 10; K) AppleWebKit/537.36 (KHTML, like Gecko) Chrome/142.0.0.0 Mobile Safari/537.36"
197.3.194.6 - - [05/Dec/2025:16:39:35 +0300] "GET /wp-content/uploads/2025/10/unnamed-20-e1760660742659-600x600.jpg HTTP/1.1" 200 16317 "https://hamza2roues.com/product-category/pieces-moto/" "Mozilla/5.0 (Linux; Android 10; K) AppleWebKit/537.36 (KHTML, like Gecko) Chrome/142.0.0.0 Mobile Safari/537.36"
197.3.194.6 - - [05/Dec/2025:16:39:35 +0300] "GET /wp-content/uploads/2025/10/Gemini_Generated_Image_nm32wonm32wonm32-e1760657834775-600x600.png HTTP/1.1" 200 68212 "https://hamza2roues.com/product-category/pieces-moto/" "Mozilla/5.0 (Linux; Android 10; K) AppleWebKit/537.36 (KHTML, like Gecko) Chrome/142.0.0.0 Mobile Safari/537.36"
102.158.26.18 - - [05/Dec/2025:16:39:09 +0300] "GET /wp-content/plugins/mailchimp-for-wp/assets/js/forms.js?ver=4.10.8 HTTP/1.1" 200 2294 "https://hamza2roues.com/product/compteur-digital-nitro-stunt-booster/" "Mozilla/5.0 (Linux; Android 10; K) AppleWebKit/537.36 (KHTML, like Gecko) Chrome/142.0.0.0 Mobile Safari/537.36"
102.158.26.18 - - [05/Dec/2025:16:39:09 +0300] "GET /wp-content/plugins/google-site-kit/dist/assets/js/googlesitekit-events-provider-mailchimp-766d83b09856fae7cf87.js HTTP/1.1" 200 1557 "https://hamza2roues.com/product/compteur-digital-nitro-stunt-booster/" "Mozilla/5.0 (Linux; Android 10; K) AppleWebKit/537.36 (KHTML, like Gecko) Chrome/142.0.0.0 Mobile Safari/537.36"
102.158.26.18 - - [05/Dec/2025:16:39:09 +0300] "GET /wp-content/plugins/woocommerce/assets/js/frontend/add-to-cart-variation.min.js?ver=10.3.5 HTTP/1.1" 200 3494 "https://hamza2roues.com/product/compteur-digital-nitro-stunt-booster/" "Mozilla/5.0 (Linux; Android 10; K) AppleWebKit/537.36 (KHTML, like Gecko) Chrome/142.0.0.0 Mobile Safari/537.36"
102.158.26.18 - - [05/Dec/2025:16:39:09 +0300] "GET /wp-content/uploads/2025/10/IMG_4533.png HTTP/1.1" 200 120537 "https://hamza2roues.com/product/compteur-digital-nitro-stunt-booster/" "Mozilla/5.0 (Linux; Android 10; K) AppleWebKit/537.36 (KHTML, like Gecko) Chrome/142.0.0.0 Mobile Safari/537.36"
102.158.26.18 - - [05/Dec/2025:16:39:09 +0300] "GET /wp-content/uploads/2025/10/IMG_4532.png HTTP/1.1" 200 186249 "https://hamza2roues.com/product/compteur-digital-nitro-stunt-booster/" "Mozilla/5.0 (Linux; Android 10; K) AppleWebKit/537.36 (KHTML, like Gecko) Chrome/142.0.0.0 Mobile Safari/537.36"
102.158.26.18 - - [05/Dec/2025:16:39:10 +0300] "GET /wp-content/uploads/elementor/google-fonts/fonts/lexenddeca-k2f1fzfyk-dhse0uppuwq5qnjy8.woff2 HTTP/1.1" 200 39768 "https://hamza2roues.com/wp-content/uploads/elementor/google-fonts/css/lexenddeca.css?ver=1751470288" "Mozilla/5.0 (Linux; Android 10; K) AppleWebKit/537.36 (KHTML, like Gecko) Chrome/142.0.0.0 Mobile Safari/537.36"
102.158.26.18 - - [05/Dec/2025:16:39:10 +0300] "GET /wp-content/uploads/2025/01/291-768x71.png HTTP/1.1" 200 3906 "https://hamza2roues.com/product/compteur-digital-nitro-stunt-booster/" "Mozilla/5.0 (Linux; Android 10; K) AppleWebKit/537.36 (KHTML, like Gecko) Chrome/142.0.0.0 Mobile Safari/537.36"
102.158.26.18 - - [05/Dec/2025:16:39:10 +0300] "GET /wp-content/plugins/elementor/assets/js/shared-frontend-handlers.03caa53373b56d3bab67.bundle.min.js HTTP/1.1" 200 2340 "https://hamza2roues.com/product/compteur-digital-nitro-stunt-booster/" "Mozilla/5.0 (Linux; Android 10; K) AppleWebKit/537.36 (KHTML, like Gecko) Chrome/142.0.0.0 Mobile Safari/537.36"
102.158.26.18 - - [05/Dec/2025:16:39:10 +0300] "GET /wp-content/plugins/elementor/assets/js/text-editor.45609661e409413f1cef.bundle.min.js HTTP/1.1" 200 557 "https://hamza2roues.com/product/compteur-digital-nitro-stunt-booster/" "Mozilla/5.0 (Linux; Android 10; K) AppleWebKit/537.36 (KHTML, like Gecko) Chrome/142.0.0.0 Mobile Safari/537.36"
102.158.26.18 - - [05/Dec/2025:16:39:10 +0300] "POST /?wc-ajax=get_refreshed_fragments HTTP/1.1" 200 499 "https://hamza2roues.com/product/compteur-digital-nitro-stunt-booster/" "Mozilla/5.0 (Linux; Android 10; K) AppleWebKit/537.36 (KHTML, like Gecko) Chrome/142.0.0.0 Mobile Safari/537.36"
102.158.26.18 - - [05/Dec/2025:16:39:10 +0300] "POST /wp-json/wp-statistics/v2/hit HTTP/1.1" 200 19 "https://hamza2roues.com/product/compteur-digital-nitro-stunt-booster/" "Mozilla/5.0 (Linux; Android 10; K) AppleWebKit/537.36 (KHTML, like Gecko) Chrome/142.0.0.0 Mobile Safari/537.36"
66.249.66.75 - - [05/Dec/2025:16:39:32 +0300] "POST /wp-json/wp-statistics/v2/hit HTTP/1.1" 200 56 "https://hamza2roues.com/product/bougie-ngk-br9es/" "Mozilla/5.0 (Linux; Android 6.0.1; Nexus 5X Build/MMB29P) AppleWebKit/537.36 (KHTML, like Gecko) Chrome/141.0.7390.122 Mobile Safari/537.36 (compatible; Googlebot/2.1; +http://www.google.com/bot.html)"
197.3.194.6 - - [05/Dec/2025:16:39:36 +0300] "GET /wp-content/uploads/2025/10/IMG_4154-Photoroom-600x600.png HTTP/1.1" 200 22725 "https://hamza2roues.com/product-category/pieces-moto/" "Mozilla/5.0 (Linux; Android 10; K) AppleWebKit/537.36 (KHTML, like Gecko) Chrome/142.0.0.0 Mobile Safari/537.36"
197.3.194.6 - - [05/Dec/2025:16:39:36 +0300] "GET /product/vilebrequin-piaggio-typhoon/ HTTP/1.1" 200 34303 "https://hamza2roues.com/product-category/pieces-moto/" "Mozilla/5.0 (Linux; Android 10; K) AppleWebKit/537.36 (KHTML, like Gecko) Chrome/142.0.0.0 Mobile Safari/537.36"
197.3.194.6 - - [05/Dec/2025:16:39:37 +0300] "GET /wp-content/uploads/2025/10/IMG_3994-600x600.jpeg HTTP/1.1" 200 24084 "https://hamza2roues.com/product-category/pieces-moto/" "Mozilla/5.0 (Linux; Android 10; K) AppleWebKit/537.36 (KHTML, like Gecko) Chrome/142.0.0.0 Mobile Safari/537.36"
197.3.194.6 - - [05/Dec/2025:16:39:37 +0300] "GET /wp-content/uploads/2025/10/IMG_3884-e1760130733118-600x600.jpeg HTTP/1.1" 200 26426 "https://hamza2roues.com/product-category/pieces-moto/" "Mozilla/5.0 (Linux; Android 10; K) AppleWebKit/537.36 (KHTML, like Gecko) Chrome/142.0.0.0 Mobile Safari/537.36"
197.3.194.6 - - [05/Dec/2025:16:39:38 +0300] "GET /product-category/pieces-moto/business-laptop/ HTTP/1.1" 200 30000 "https://hamza2roues.com/product-category/pieces-moto/" "Mozilla/5.0 (Linux; Android 10; K) AppleWebKit/537.36 (KHTML, like Gecko) Chrome/142.0.0.0 Mobile Safari/537.36"
197.3.194.6 - - [05/Dec/2025:16:39:38 +0300] "GET /wp-content/uploads/2025/10/unnamed-4-5-e1760030084944-600x600.jpg HTTP/1.1" 200 34657 "https://hamza2roues.com/product-category/pieces-moto/" "Mozilla/5.0 (Linux; Android 10; K) AppleWebKit/537.36 (KHTML, like Gecko) Chrome/142.0.0.0 Mobile Safari/537.36"
197.3.194.6 - - [05/Dec/2025:16:39:38 +0300] "GET /wp-content/uploads/2025/10/unnamed-4-4-600x600.jpg HTTP/1.1" 200 39372 "https://hamza2roues.com/product-category/pieces-moto/" "Mozilla/5.0 (Linux; Android 10; K) AppleWebKit/537.36 (KHTML, like Gecko) Chrome/142.0.0.0 Mobile Safari/537.36"
197.3.194.6 - - [05/Dec/2025:16:39:38 +0300] "GET /wp-content/uploads/2025/10/unnamed-5-1-600x600.jpg HTTP/1.1" 200 40492 "https://hamza2roues.com/product-category/pieces-moto/" "Mozilla/5.0 (Linux; Android 10; K) AppleWebKit/537.36 (KHTML, like Gecko) Chrome/142.0.0.0 Mobile Safari/537.36"
197.3.194.6 - - [05/Dec/2025:16:39:38 +0300] "GET /wp-content/uploads/2025/10/unnamed-4-3-600x600.jpg HTTP/1.1" 200 39849 "https://hamza2roues.com/product-category/pieces-moto/" "Mozilla/5.0 (Linux; Android 10; K) AppleWebKit/537.36 (KHTML, like Gecko) Chrome/142.0.0.0 Mobile Safari/537.36"
197.3.194.6 - - [05/Dec/2025:16:39:38 +0300] "GET /wp-content/uploads/2025/10/unnamed-4-2-e1759979053797-600x600.jpg HTTP/1.1" 200 34199 "https://hamza2roues.com/product-category/pieces-moto/" "Mozilla/5.0 (Linux; Android 10; K) AppleWebKit/537.36 (KHTML, like Gecko) Chrome/142.0.0.0 Mobile Safari/537.36"
197.3.194.6 - - [05/Dec/2025:16:39:38 +0300] "GET /wp-content/uploads/2025/10/unnamed-6-e1759978358218-600x600.jpg HTTP/1.1" 200 39580 "https://hamza2roues.com/product-category/pieces-moto/" "Mozilla/5.0 (Linux; Android 10; K) AppleWebKit/537.36 (KHTML, like Gecko) Chrome/142.0.0.0 Mobile Safari/537.36"
197.3.194.6 - - [05/Dec/2025:16:39:39 +0300] "GET /wp-content/uploads/2025/10/unnamed-5-e1759978247949-600x600.jpg HTTP/1.1" 200 39822 "https://hamza2roues.com/product-category/pieces-moto/" "Mozilla/5.0 (Linux; Android 10; K) AppleWebKit/537.36 (KHTML, like Gecko) Chrome/142.0.0.0 Mobile Safari/537.36"
197.3.194.6 - - [05/Dec/2025:16:39:39 +0300] "GET /wp-content/uploads/2025/10/unnamed-4-e1759976718853-600x600.jpg HTTP/1.1" 200 40729 "https://hamza2roues.com/product-category/pieces-moto/" "Mozilla/5.0 (Linux; Android 10; K) AppleWebKit/537.36 (KHTML, like Gecko) Chrome/142.0.0.0 Mobile Safari/537.36"
102.31.34.137 - - [05/Dec/2025:16:39:37 +0300] "POST /wp-admin/admin-ajax.php HTTP/1.1" 200 77 "https://hamza2roues.com/product/pot-dechappement-arrow-gris/" "Mozilla/5.0 (Linux; Android 10; K) AppleWebKit/537.36 (KHTML, like Gecko) Chrome/142.0.0.0 Mobile Safari/537.36"
197.3.194.6 - - [05/Dec/2025:16:39:39 +0300] "GET /wp-content/uploads/2025/10/Gemini_Generated_Image_o7nbkeo7nbkeo7nb-e1759974961118-600x600.png HTTP/1.1" 200 60358 "https://hamza2roues.com/product-category/pieces-moto/" "Mozilla/5.0 (Linux; Android 10; K) AppleWebKit/537.36 (KHTML, like Gecko) Chrome/142.0.0.0 Mobile Safari/537.36"
197.3.194.6 - - [05/Dec/2025:16:39:39 +0300] "GET /wp-content/uploads/2025/10/kit-chaine-origine-hm-cre-f-250-r-13x48-520-avec-joints-toriques-1.jpg HTTP/1.1" 200 43625 "https://hamza2roues.com/product-category/pieces-moto/" "Mozilla/5.0 (Linux; Android 10; K) AppleWebKit/537.36 (KHTML, like Gecko) Chrome/142.0.0.0 Mobile Safari/537.36"
197.3.194.6 - - [05/Dec/2025:16:39:40 +0300] "GET /wp-content/uploads/2025/10/image-removebg-preview-87-7-1.png HTTP/1.1" 200 12266 "https://hamza2roues.com/product-category/pieces-moto/" "Mozilla/5.0 (Linux; Android 10; K) AppleWebKit/537.36 (KHTML, like Gecko) Chrome/142.0.0.0 Mobile Safari/537.36"
197.3.194.6 - - [05/Dec/2025:16:39:40 +0300] "GET /product/kit-chaine-yamaha-mt07-regina/ HTTP/1.1" 200 34946 "https://hamza2roues.com/product-category/pieces-moto/" "Mozilla/5.0 (Linux; Android 10; K) AppleWebKit/537.36 (KHTML, like Gecko) Chrome/142.0.0.0 Mobile Safari/537.36"
197.3.194.6 - - [05/Dec/2025:16:39:40 +0300] "GET /wp-content/uploads/2025/10/pot-d-echappement-sife-mbk-nitro-ovetto.jpg HTTP/1.1" 200 26094 "https://hamza2roues.com/product-category/pieces-moto/" "Mozilla/5.0 (Linux; Android 10; K) AppleWebKit/537.36 (KHTML, like Gecko) Chrome/142.0.0.0 Mobile Safari/537.36"
197.3.194.6 - - [05/Dec/2025:16:39:40 +0300] "GET /wp-content/uploads/2025/10/pot-d-echappement-sife-mbk-booster-slider-50.jpg HTTP/1.1" 200 23201 "https://hamza2roues.com/product-category/pieces-moto/" "Mozilla/5.0 (Linux; Android 10; K) AppleWebKit/537.36 (KHTML, like Gecko) Chrome/142.0.0.0 Mobile Safari/537.36"
197.3.194.6 - - [05/Dec/2025:16:39:42 +0300] "GET /wp-content/uploads/2025/09/anti-parasite-ngk-lzfh-s120.jpg HTTP/1.1" 200 35701 "https://hamza2roues.com/product-category/pieces-moto/" "Mozilla/5.0 (Linux; Android 10; K) AppleWebKit/537.36 (KHTML, like Gecko) Chrome/142.0.0.0 Mobile Safari/537.36"
197.3.194.6 - - [05/Dec/2025:16:39:42 +0300] "GET /wp-content/uploads/2025/09/bougie-ngk-cr9e-standard-1200x1200.jpg HTTP/1.1" 200 60490 "https://hamza2roues.com/product-category/pieces-moto/" "Mozilla/5.0 (Linux; Android 10; K) AppleWebKit/537.36 (KHTML, like Gecko) Chrome/142.0.0.0 Mobile Safari/537.36"
197.3.194.6 - - [05/Dec/2025:16:39:42 +0300] "GET /wp-content/uploads/2025/09/bougie-ngk-cr8eh-9-standard-1200x1200.jpg HTTP/1.1" 200 75050 "https://hamza2roues.com/product-category/pieces-moto/" "Mozilla/5.0 (Linux; Android 10; K) AppleWebKit/537.36 (KHTML, like Gecko) Chrome/142.0.0.0 Mobile Safari/537.36"
197.3.194.6 - - [05/Dec/2025:16:39:42 +0300] "GET /wp-content/uploads/2025/09/bougie-ngk-cr7e-standard-1-1200x1200.jpg HTTP/1.1" 200 58483 "https://hamza2roues.com/product-category/pieces-moto/" "Mozilla/5.0 (Linux; Android 10; K) AppleWebKit/537.36 (KHTML, like Gecko) Chrome/142.0.0.0 Mobile Safari/537.36"
197.3.194.6 - - [05/Dec/2025:16:39:42 +0300] "GET /product/pot-dechappement-mbk-booster-50-sife/ HTTP/1.1" 200 33537 "https://hamza2roues.com/product-category/pieces-moto/" "Mozilla/5.0 (Linux; Android 10; K) AppleWebKit/537.36 (KHTML, like Gecko) Chrome/142.0.0.0 Mobile Safari/537.36"
197.3.194.6 - - [05/Dec/2025:16:39:43 +0300] "GET /wp-content/uploads/2025/09/bougie-ngk-cr9ek-standard-1200x1200.jpg HTTP/1.1" 200 112378 "https://hamza2roues.com/product-category/pieces-moto/" "Mozilla/5.0 (Linux; Android 10; K) AppleWebKit/537.36 (KHTML, like Gecko) Chrome/142.0.0.0 Mobile Safari/537.36"
197.1.193.222 - - [05/Dec/2025:16:35:21 +0300] "GET /wp-content/uploads/2025/01/payment-logo.png HTTP/2" 200 4817 "https://hamza2roues.com/product-category/casque/" "Mozilla/5.0 (iPhone; CPU iPhone OS 26_1_0 like Mac OS X) AppleWebKit/605.1.15 (KHTML, like Gecko) CriOS/142.0.7444.148 Mobile/15E148 Safari/604.1"
197.238.90.57 - - [05/Dec/2025:16:35:35 +0300] "POST /wp-admin/admin-ajax.php HTTP/1.1" 200 80 "https://hamza2roues.com/product/systeme-dalarme-moto/" "Mozilla/5.0 (Macintosh; Intel Mac OS X 10_15_7) AppleWebKit/537.36 (KHTML, like Gecko) Chrome/142.0.0.0 Safari/537.36"
197.238.90.57 - - [05/Dec/2025:16:35:35 +0300] "POST /wp-admin/admin-ajax.php HTTP/1.1" 200 80 "https://hamza2roues.com/product/autocollant-sticker-uv-3d-honda/" "Mozilla/5.0 (Macintosh; Intel Mac OS X 10_15_7) AppleWebKit/537.36 (KHTML, like Gecko) Chrome/142.0.0.0 Safari/537.36"
114.119.145.68 - - [05/Dec/2025:16:36:14 +0300] "GET /product-category/pieces-moto/pompe/?per_row=3&per_page=18&shop_view=grid HTTP/1.1" 200 32724 "-" "Mozilla/5.0 (Linux; Android 7.0;) AppleWebKit/537.36 (KHTML, like Gecko) Mobile Safari/537.36 (compatible; PetalBot;+https://webmaster.petalsearch.com/site/petalbot)"
197.244.82.246 - - [05/Dec/2025:16:36:19 +0300] "POST /wp-admin/admin-ajax.php HTTP/2" 200 80 "https://hamza2roues.com/product/dosseret-moto-universel-takeya/" "Mozilla/5.0 (Windows NT 10.0; Win64; x64) AppleWebKit/537.36 (KHTML, like Gecko) Chrome/142.0.0.0 Safari/537.36"
66.249.92.33 - - [05/Dec/2025:16:37:12 +0300] "GET /wp-content/uploads/2025/10/pot-d-echappement-sife-mbk-booster-slider-50-600x600.jpg HTTP/1.1" 200 13777 "https://hamza2roues.com/product/huile-moteur-2t-r2000-scoot-fraise-1l-ipone/" "Mozilla/5.0 (X11; Linux x86_64) AppleWebKit/537.36 (KHTML, like Gecko) Chrome/141.0.7390.122 Safari/537.36"
197.244.82.246 - - [05/Dec/2025:16:37:19 +0300] "POST /wp-admin/admin-ajax.php HTTP/2" 200 77 "https://hamza2roues.com/product/dosseret-moto-universel-takeya/" "Mozilla/5.0 (Windows NT 10.0; Win64; x64) AppleWebKit/537.36 (KHTML, like Gecko) Chrome/142.0.0.0 Safari/537.36"
196.178.198.252 - - [05/Dec/2025:16:38:15 +0300] "POST /wp-admin/admin-ajax.php HTTP/2" 200 70 "https://hamza2roues.com/wp-admin/admin.php?page=wc-orders" "Mozilla/5.0 (Windows NT 10.0; Win64; x64) AppleWebKit/537.36 (KHTML, like Gecko) Chrome/142.0.0.0 Safari/537.36"
197.244.82.246 - - [05/Dec/2025:16:38:19 +0300] "POST /wp-admin/admin-ajax.php HTTP/2" 200 80 "https://hamza2roues.com/product/dosseret-moto-universel-takeya/" "Mozilla/5.0 (Windows NT 10.0; Win64; x64) AppleWebKit/537.36 (KHTML, like Gecko) Chrome/142.0.0.0 Safari/537.36"
66.249.66.165 - - [05/Dec/2025:16:38:22 +0300] "POST /wp-json/wp-statistics/v2/hit HTTP/1.1" 200 56 "https://hamza2roues.com/product/systeme-dalarme-moto-master-racing/?add-to-cart=143" "Mozilla/5.0 (Linux; Android 6.0.1; Nexus 5X Build/MMB29P) AppleWebKit/537.36 (KHTML, like Gecko) Chrome/141.0.7390.122 Mobile Safari/537.36 (compatible; Googlebot/2.1; +http://www.google.com/bot.html)"
197.244.82.246 - - [05/Dec/2025:16:39:19 +0300] "POST /wp-admin/admin-ajax.php HTTP/2" 200 80 "https://hamza2roues.com/product/dosseret-moto-universel-takeya/" "Mozilla/5.0 (Windows NT 10.0; Win64; x64) AppleWebKit/537.36 (KHTML, like Gecko) Chrome/142.0.0.0 Safari/537.36"
197.238.90.57 - - [05/Dec/2025:16:39:35 +0300] "POST /wp-admin/admin-ajax.php HTTP/2" 200 80 "https://hamza2roues.com/product/autocollant-sticker-uv-3d-honda/" "Mozilla/5.0 (Macintosh; Intel Mac OS X 10_15_7) AppleWebKit/537.36 (KHTML, like Gecko) Chrome/142.0.0.0 Safari/537.36"
197.238.90.57 - - [05/Dec/2025:16:39:35 +0300] "POST /wp-admin/admin-ajax.php HTTP/2" 200 78 "https://hamza2roues.com/product/systeme-dalarme-moto/" "Mozilla/5.0 (Macintosh; Intel Mac OS X 10_15_7) AppleWebKit/537.36 (KHTML, like Gecko) Chrome/142.0.0.0 Safari/537.36"
82.27.245.38 - - [05/Dec/2025:16:39:40 +0300] "GET /wp-login.php?action=register HTTP/1.1" 302 0 "-" "Mozilla/5.0 (Windows NT 10.0; Win64; x64) AppleWebKit/537.36 (KHTML, like Gecko) Chrome/142.0.0.0 Safari/537.36"
197.3.194.6 - - [05/Dec/2025:16:39:43 +0300] "GET /wp-content/uploads/2025/09/bougie-ngk-cr8ek-standard.jpg HTTP/1.1" 200 34238 "https://hamza2roues.com/product-category/pieces-moto/" "Mozilla/5.0 (Linux; Android 10; K) AppleWebKit/537.36 (KHTML, like Gecko) Chrome/142.0.0.0 Mobile Safari/537.36"
197.3.194.6 - - [05/Dec/2025:16:39:43 +0300] "GET /wp-content/uploads/2025/09/bougie-ngk-iridium-cr9eix-ontstoord-lange-schacht.jpg HTTP/1.1" 200 52592 "https://hamza2roues.com/product-category/pieces-moto/" "Mozilla/5.0 (Linux; Android 10; K) AppleWebKit/537.36 (KHTML, like Gecko) Chrome/142.0.0.0 Mobile Safari/537.36"
197.3.194.6 - - [05/Dec/2025:16:39:43 +0300] "GET /wp-content/uploads/2025/09/550165113_1107356794847083_2304507773343398080_n-Photoroom-1-e1758810851251-600x600.png HTTP/1.1" 200 160408 "https://hamza2roues.com/product-category/pieces-moto/" "Mozilla/5.0 (Linux; Android 10; K) AppleWebKit/537.36 (KHTML, like Gecko) Chrome/142.0.0.0 Mobile Safari/537.36"
197.3.194.6 - - [05/Dec/2025:16:39:43 +0300] "GET /wp-content/uploads/2025/09/IMG_3528-Photoroom-600x600.png HTTP/1.1" 200 41765 "https://hamza2roues.com/product-category/pieces-moto/" "Mozilla/5.0 (Linux; Android 10; K) AppleWebKit/537.36 (KHTML, like Gecko) Chrome/142.0.0.0 Mobile Safari/537.36"
197.3.194.6 - - [05/Dec/2025:16:39:43 +0300] "GET /wp-content/uploads/2025/09/IMG_3527-Photoroom.png HTTP/1.1" 200 62649 "https://hamza2roues.com/product-category/pieces-moto/" "Mozilla/5.0 (Linux; Android 10; K) AppleWebKit/537.36 (KHTML, like Gecko) Chrome/142.0.0.0 Mobile Safari/537.36"
197.3.194.6 - - [05/Dec/2025:16:39:44 +0300] "GET /product/bougie-cr8e-ngk/ HTTP/1.1" 200 34210 "https://hamza2roues.com/product-category/pieces-moto/" "Mozilla/5.0 (Linux; Android 10; K) AppleWebKit/537.36 (KHTML, like Gecko) Chrome/142.0.0.0 Mobile Safari/537.36"
197.3.194.6 - - [05/Dec/2025:16:39:44 +0300] "GET /wp-content/uploads/2025/09/H0f7a8a774a74476aaffee65837ea942eI.jpg_960x960q80.jpg HTTP/1.1" 200 54608 "https://hamza2roues.com/product-category/pieces-moto/" "Mozilla/5.0 (Linux; Android 10; K) AppleWebKit/537.36 (KHTML, like Gecko) Chrome/142.0.0.0 Mobile Safari/537.36"
197.3.194.6 - - [05/Dec/2025:16:39:44 +0300] "GET /wp-content/uploads/2025/09/pieces-de-rechange-et-accessoires-motos-20-e1758294045343-600x600.png HTTP/1.1" 200 26281 "https://hamza2roues.com/product-category/pieces-moto/" "Mozilla/5.0 (Linux; Android 10; K) AppleWebKit/537.36 (KHTML, like Gecko) Chrome/142.0.0.0 Mobile Safari/537.36"
197.3.194.6 - - [05/Dec/2025:16:39:45 +0300] "GET /wp-content/uploads/2025/08/693959_6321905-600x445.jpg HTTP/1.1" 200 29072 "https://hamza2roues.com/product-category/pieces-moto/" "Mozilla/5.0 (Linux; Android 10; K) AppleWebKit/537.36 (KHTML, like Gecko) Chrome/142.0.0.0 Mobile Safari/537.36"
197.3.194.6 - - [05/Dec/2025:16:39:45 +0300] "GET /wp-content/uploads/2025/08/IMG_3327-Photoroom-600x600.png HTTP/1.1" 200 23829 "https://hamza2roues.com/product-category/pieces-moto/" "Mozilla/5.0 (Linux; Android 10; K) AppleWebKit/537.36 (KHTML, like Gecko) Chrome/142.0.0.0 Mobile Safari/537.36"
197.3.194.6 - - [05/Dec/2025:16:39:47 +0300] "GET /wp-content/uploads/2025/08/IMG_3328-1-Photoroom-600x600.png HTTP/1.1" 200 13249 "https://hamza2roues.com/product-category/pieces-moto/" "Mozilla/5.0 (Linux; Android 10; K) AppleWebKit/537.36 (KHTML, like Gecko) Chrome/142.0.0.0 Mobile Safari/537.36"
197.3.194.6 - - [05/Dec/2025:16:39:47 +0300] "GET /wp-content/uploads/2025/08/IMG_3329-Photoroom-e1755900278777-600x600.png HTTP/1.1" 200 16403 "https://hamza2roues.com/product-category/pieces-moto/" "Mozilla/5.0 (Linux; Android 10; K) AppleWebKit/537.36 (KHTML, like Gecko) Chrome/142.0.0.0 Mobile Safari/537.36"
197.3.194.6 - - [05/Dec/2025:16:39:48 +0300] "GET /product/compteur-booster-5/ HTTP/1.1" 200 33478 "https://hamza2roues.com/product-category/pieces-moto/" "Mozilla/5.0 (Linux; Android 10; K) AppleWebKit/537.36 (KHTML, like Gecko) Chrome/142.0.0.0 Mobile Safari/537.36"
41.225.150.8 - - [05/Dec/2025:16:39:48 +0300] "GET /wp-content/plugins/elementor/assets/js/shared-frontend-handlers.03caa53373b56d3bab67.bundle.min.js HTTP/1.1" 200 2340 "https://hamza2roues.com/product/pot-dechappement-akrapovic-2/" "Mozilla/5.0 (iPhone; CPU iPhone OS 26_1_0 like Mac OS X) AppleWebKit/605.1.15 (KHTML, like Gecko) CriOS/142.0.7444.148 Mobile/15E148 Safari/604.1"
41.225.150.8 - - [05/Dec/2025:16:39:48 +0300] "GET /wp-content/plugins/elementor/assets/js/text-editor.45609661e409413f1cef.bundle.min.js HTTP/1.1" 200 557 "https://hamza2roues.com/product/pot-dechappement-akrapovic-2/" "Mozilla/5.0 (iPhone; CPU iPhone OS 26_1_0 like Mac OS X) AppleWebKit/605.1.15 (KHTML, like Gecko) CriOS/142.0.7444.148 Mobile/15E148 Safari/604.1"
197.3.194.6 - - [05/Dec/2025:16:39:48 +0300] "GET /wp-content/uploads/2025/08/IMG_3193-Photoroom-e1755271761716-600x600.png HTTP/1.1" 200 16664 "https://hamza2roues.com/product-category/pieces-moto/" "Mozilla/5.0 (Linux; Android 10; K) AppleWebKit/537.36 (KHTML, like Gecko) Chrome/142.0.0.0 Mobile Safari/537.36"
197.3.194.6 - - [05/Dec/2025:16:39:48 +0300] "GET /wp-content/uploads/2025/08/IMG_3195-Photoroom-e1755271415382-600x600.png HTTP/1.1" 200 28564 "https://hamza2roues.com/product-category/pieces-moto/" "Mozilla/5.0 (Linux; Android 10; K) AppleWebKit/537.36 (KHTML, like Gecko) Chrome/142.0.0.0 Mobile Safari/537.36"
197.3.194.6 - - [05/Dec/2025:16:39:49 +0300] "GET /wp-content/uploads/2025/08/IMG_3037-1-Photoroom-600x600.png HTTP/1.1" 200 54020 "https://hamza2roues.com/product-category/pieces-moto/" "Mozilla/5.0 (Linux; Android 10; K) AppleWebKit/537.36 (KHTML, like Gecko) Chrome/142.0.0.0 Mobile Safari/537.36"
197.3.194.6 - - [05/Dec/2025:16:39:49 +0300] "GET /wp-content/uploads/2025/08/IMG_3040-1-Photoroom-600x600.png HTTP/1.1" 200 74486 "https://hamza2roues.com/product-category/pieces-moto/" "Mozilla/5.0 (Linux; Android 10; K) AppleWebKit/537.36 (KHTML, like Gecko) Chrome/142.0.0.0 Mobile Safari/537.36"
197.3.194.6 - - [05/Dec/2025:16:39:49 +0300] "GET /wp-content/uploads/2025/08/IMG_3041-Photoroom-600x600.png HTTP/1.1" 200 87843 "https://hamza2roues.com/product-category/pieces-moto/" "Mozilla/5.0 (Linux; Android 10; K) AppleWebKit/537.36 (KHTML, like Gecko) Chrome/142.0.0.0 Mobile Safari/537.36"
197.3.194.6 - - [05/Dec/2025:16:39:49 +0300] "GET /wp-content/uploads/2025/08/IMG_3038-Photoroom-600x600.png HTTP/1.1" 200 75200 "https://hamza2roues.com/product-category/pieces-moto/" "Mozilla/5.0 (Linux; Android 10; K) AppleWebKit/537.36 (KHTML, like Gecko) Chrome/142.0.0.0 Mobile Safari/537.36"
41.225.150.8 - - [05/Dec/2025:16:39:48 +0300] "POST /?wc-ajax=get_refreshed_fragments HTTP/1.1" 200 499 "https://hamza2roues.com/product/pot-dechappement-akrapovic-2/" "Mozilla/5.0 (iPhone; CPU iPhone OS 26_1_0 like Mac OS X) AppleWebKit/605.1.15 (KHTML, like Gecko) CriOS/142.0.7444.148 Mobile/15E148 Safari/604.1"
197.3.194.6 - - [05/Dec/2025:16:39:50 +0300] "GET /wp-content/uploads/2025/08/IMG_3019-Photoroom-600x600.png HTTP/1.1" 200 38346 "https://hamza2roues.com/product-category/pieces-moto/" "Mozilla/5.0 (Linux; Android 10; K) AppleWebKit/537.36 (KHTML, like Gecko) Chrome/142.0.0.0 Mobile Safari/537.36"
197.3.194.6 - - [05/Dec/2025:16:39:50 +0300] "GET /wp-content/uploads/2025/08/IMG_3020-Photoroom-600x600.png HTTP/1.1" 200 38648 "https://hamza2roues.com/product-category/pieces-moto/" "Mozilla/5.0 (Linux; Android 10; K) AppleWebKit/537.36 (KHTML, like Gecko) Chrome/142.0.0.0 Mobile Safari/537.36"
102.31.34.137 - - [05/Dec/2025:16:39:47 +0300] "POST /wp-admin/admin-ajax.php HTTP/1.1" 200 77 "https://hamza2roues.com/product/pot-dechappement-arrow-gris/" "Mozilla/5.0 (Linux; Android 10; K) AppleWebKit/537.36 (KHTML, like Gecko) Chrome/142.0.0.0 Mobile Safari/537.36"
197.3.194.6 - - [05/Dec/2025:16:39:50 +0300] "GET /wp-content/uploads/2025/08/att.pg1YZCamJI5CCWatLGPpMowAfjGsbRR4Bqr6da67iTk-Photoroom-1-e1754581808104-600x600.png HTTP/1.1" 200 96686 "https://hamza2roues.com/product-category/pieces-moto/" "Mozilla/5.0 (Linux; Android 10; K) AppleWebKit/537.36 (KHTML, like Gecko) Chrome/142.0.0.0 Mobile Safari/537.36"
41.225.150.8 - - [05/Dec/2025:16:39:48 +0300] "POST /wp-json/wp-statistics/v2/hit HTTP/1.1" 200 19 "https://hamza2roues.com/product/pot-dechappement-akrapovic-2/" "Mozilla/5.0 (iPhone; CPU iPhone OS 26_1_0 like Mac OS X) AppleWebKit/605.1.15 (KHTML, like Gecko) CriOS/142.0.7444.148 Mobile/15E148 Safari/604.1"
197.3.194.6 - - [05/Dec/2025:16:39:51 +0300] "GET /wp-content/uploads/2025/08/IMG_3039-Photoroom-600x600.png HTTP/1.1" 200 63800 "https://hamza2roues.com/product-category/pieces-moto/" "Mozilla/5.0 (Linux; Android 10; K) AppleWebKit/537.36 (KHTML, like Gecko) Chrome/142.0.0.0 Mobile Safari/537.36"
197.3.194.6 - - [05/Dec/2025:16:39:51 +0300] "GET /wp-content/uploads/2025/08/IMG_3008-Photoroom-600x600.png HTTP/1.1" 200 24737 "https://hamza2roues.com/product-category/pieces-moto/" "Mozilla/5.0 (Linux; Android 10; K) AppleWebKit/537.36 (KHTML, like Gecko) Chrome/142.0.0.0 Mobile Safari/537.36"
197.3.194.6 - - [05/Dec/2025:16:39:51 +0300] "GET /wp-content/uploads/2025/08/526826232_1971539580321383_2967470438743373338_n-Photoroom-1-600x600.png HTTP/1.1" 200 26176 "https://hamza2roues.com/product-category/pieces-moto/" "Mozilla/5.0 (Linux; Android 10; K) AppleWebKit/537.36 (KHTML, like Gecko) Chrome/142.0.0.0 Mobile Safari/537.36"
197.3.194.6 - - [05/Dec/2025:16:39:51 +0300] "GET /wp-content/uploads/2025/08/Design-sans-titre-71-e1754234125842-600x600.png HTTP/1.1" 200 36397 "https://hamza2roues.com/product-category/pieces-moto/" "Mozilla/5.0 (Linux; Android 10; K) AppleWebKit/537.36 (KHTML, like Gecko) Chrome/142.0.0.0 Mobile Safari/537.36"
197.3.194.6 - - [05/Dec/2025:16:39:51 +0300] "GET /wp-content/uploads/2025/08/497536330_2621227938218722_4191945039184504370_n-Photoroom-e1754233531897-600x600.png HTTP/1.1" 200 27798 "https://hamza2roues.com/product-category/pieces-moto/" "Mozilla/5.0 (Linux; Android 10; K) AppleWebKit/537.36 (KHTML, like Gecko) Chrome/142.0.0.0 Mobile Safari/537.36"
197.3.194.6 - - [05/Dec/2025:16:39:51 +0300] "GET /wp-content/uploads/2025/08/Design-sans-titre-70-e1754230079179-600x600.png HTTP/1.1" 200 7543 "https://hamza2roues.com/product-category/pieces-moto/" "Mozilla/5.0 (Linux; Android 10; K) AppleWebKit/537.36 (KHTML, like Gecko) Chrome/142.0.0.0 Mobile Safari/537.36"
197.3.194.6 - - [05/Dec/2025:16:39:51 +0300] "GET /wp-content/uploads/2025/07/Design-sans-titre-69-e1753437943413-600x600.png HTTP/1.1" 200 19343 "https://hamza2roues.com/product-category/pieces-moto/" "Mozilla/5.0 (Linux; Android 10; K) AppleWebKit/537.36 (KHTML, like Gecko) Chrome/142.0.0.0 Mobile Safari/537.36"
197.3.194.6 - - [05/Dec/2025:16:39:51 +0300] "GET /wp-content/uploads/2025/07/passage-de-roue-yamaha-stunt-slider.jpg HTTP/1.1" 200 56161 "https://hamza2roues.com/product-category/pieces-moto/" "Mozilla/5.0 (Linux; Android 10; K) AppleWebKit/537.36 (KHTML, like Gecko) Chrome/142.0.0.0 Mobile Safari/537.36"
197.3.194.6 - - [05/Dec/2025:16:39:53 +0300] "GET /product-category/accessoires/ HTTP/1.1" 200 56031 "https://hamza2roues.com/" "Mozilla/5.0 (Linux; Android 10; K) AppleWebKit/537.36 (KHTML, like Gecko) Chrome/142.0.0.0 Mobile Safari/537.36"
197.3.194.6 - - [05/Dec/2025:16:39:54 +0300] "GET /wp-content/themes/woodmart/css/parts/woo-opt-quick-shop-2.min.css?ver=8.2.6 HTTP/1.1" 200 480 "https://hamza2roues.com/product-category/accessoires/" "Mozilla/5.0 (Linux; Android 10; K) AppleWebKit/537.36 (KHTML, like Gecko) Chrome/142.0.0.0 Mobile Safari/537.36"
197.3.194.6 - - [05/Dec/2025:16:39:54 +0300] "GET /wp-content/themes/woodmart/css/parts/woo-mod-variation-form.min.css?ver=8.2.6 HTTP/1.1" 200 721 "https://hamza2roues.com/product-category/accessoires/" "Mozilla/5.0 (Linux; Android 10; K) AppleWebKit/537.36 (KHTML, like Gecko) Chrome/142.0.0.0 Mobile Safari/537.36"
197.3.194.6 - - [05/Dec/2025:16:39:54 +0300] "GET /wp-content/themes/woodmart/css/parts/woo-mod-swatches-dis-style-1.min.css?ver=8.2.6 HTTP/1.1" 200 88 "https://hamza2roues.com/product-category/accessoires/" "Mozilla/5.0 (Linux; Android 10; K) AppleWebKit/537.36 (KHTML, like Gecko) Chrome/142.0.0.0 Mobile Safari/537.36"
197.3.194.6 - - [05/Dec/2025:16:39:52 +0300] "POST /?wc-ajax=get_refreshed_fragments HTTP/1.1" 200 499 "https://hamza2roues.com/" "Mozilla/5.0 (Linux; Android 10; K) AppleWebKit/537.36 (KHTML, like Gecko) Chrome/142.0.0.0 Mobile Safari/537.36"
197.3.194.6 - - [05/Dec/2025:16:39:52 +0300] "POST /wp-json/wp-statistics/v2/online HTTP/1.1" 200 19 "https://hamza2roues.com/" "Mozilla/5.0 (Linux; Android 10; K) AppleWebKit/537.36 (KHTML, like Gecko) Chrome/142.0.0.0 Mobile Safari/537.36"
197.3.194.6 - - [05/Dec/2025:16:39:54 +0300] "GET /wp-content/uploads/2025/09/evo7.webp HTTP/1.1" 200 6884 "https://hamza2roues.com/product-category/accessoires/" "Mozilla/5.0 (Linux; Android 10; K) AppleWebKit/537.36 (KHTML, like Gecko) Chrome/142.0.0.0 Mobile Safari/537.36"
