197.3.194.6 - - [05/Dec/2025:16:39:55 +0300] "GET /wp-content/uploads/2025/10/original-526f36c9ab23b0bc82cae6c6a2b2d180-Photoroom.png HTTP/1.1" 200 5151 "https://hamza2roues.com/product-category/accessoires/" "Mozilla/5.0 (Linux; Android 10; K) AppleWebKit/537.36 (KHTML, like Gecko) Chrome/142.0.0.0 Mobile Safari/537.36"
197.3.194.6 - - [05/Dec/2025:16:39:55 +0300] "GET /product/pot-dechappement-akrapovic-rouge/ HTTP/1.1" 200 32061 "https://hamza2roues.com/product-category/accessoires/" "Mozilla/5.0 (Linux; Android 10; K) AppleWebKit/537.36 (KHTML, like Gecko) Chrome/142.0.0.0 Mobile Safari/537.36"
197.3.194.6 - - [05/Dec/2025:16:39:56 +0300] "GET /product-category/pieces-moto/partie-cycle/ HTTP/1.1" 200 42915 "https://hamza2roues.com/product-category/accessoires/" "Mozilla/5.0 (Linux; Android 10; K) AppleWebKit/537.36 (KHTML, like Gecko) Chrome/142.0.0.0 Mobile Safari/537.36"
213.165.92.225 - - [05/Dec/2025:16:39:54 +0300] "GET /wp-login.php HTTP/2" 200 4289 "-" "Mozilla/5.0 (Windows NT 6.3; Win64; x64; Trident/7.0; MDDCJS; rv:11.0) like Gecko"
197.3.194.6 - - [05/Dec/2025:16:39:54 +0300] "POST /wp-json/wp-statistics/v2/hit HTTP/1.1" 200 19 "https://hamza2roues.com/product-category/accessoires/" "Mozilla/5.0 (Linux; Android 10; K) AppleWebKit/537.36 (KHTML, like Gecko) Chrome/142.0.0.0 Mobile Safari/537.36"
197.3.194.6 - - [05/Dec/2025:16:39:57 +0300] "GET /wp-content/uploads/2025/12/racingnb_honda_cb1000r_xl-2-e1764612573878-600x550.jpg HTTP/1.1" 200 45699 "https://hamza2roues.com/product-category/accessoires/" "Mozilla/5.0 (Linux; Android 10; K) AppleWebKit/537.36 (KHTML, like Gecko) Chrome/142.0.0.0 Mobile Safari/537.36"
197.3.194.6 - - [05/Dec/2025:16:39:57 +0300] "GET /wp-content/uploads/2025/01/IMG_2569-Photoroom-e1752342070320-600x600.png HTTP/1.1" 200 48595 "https://hamza2roues.com/product-category/accessoires/" "Mozilla/5.0 (Linux; Android 10; K) AppleWebKit/537.36 (KHTML, like Gecko) Chrome/142.0.0.0 Mobile Safari/537.36"
197.3.194.6 - - [05/Dec/2025:16:39:57 +0300] "GET /product/casque-moto-jet-rouge/ HTTP/1.1" 200 32945 "https://hamza2roues.com/product-category/accessoires/" "Mozilla/5.0 (Linux; Android 10; K) AppleWebKit/537.36 (KHTML, like Gecko) Chrome/142.0.0.0 Mobile Safari/537.36"
197.3.194.6 - - [05/Dec/2025:16:39:58 +0300] "GET /wp-content/uploads/2025/11/IMG_5005-e1762542756744-600x600.jpeg HTTP/1.1" 200 35264 "https://hamza2roues.com/product-category/accessoires/" "Mozilla/5.0 (Linux; Android 10; K) AppleWebKit/537.36 (KHTML, like Gecko) Chrome/142.0.0.0 Mobile Safari/537.36"
197.3.194.6 - - [05/Dec/2025:16:39:58 +0300] "GET /wp-content/uploads/2025/11/IMG_4887-600x600.jpeg HTTP/1.1" 200 25743 "https://hamza2roues.com/product-category/accessoires/" "Mozilla/5.0 (Linux; Android 10; K) AppleWebKit/537.36 (KHTML, like Gecko) Chrome/142.0.0.0 Mobile Safari/537.36"
102.31.34.137 - - [05/Dec/2025:16:39:57 +0300] "POST /wp-admin/admin-ajax.php HTTP/1.1" 200 80 "https://hamza2roues.com/product/pot-dechappement-arrow-gris/" "Mozilla/5.0 (Linux; Android 10; K) AppleWebKit/537.36 (KHTML, like Gecko) Chrome/142.0.0.0 Mobile Safari/537.36"
197.3.194.6 - - [05/Dec/2025:16:40:00 +0300] "GET /wp-content/uploads/2025/10/Gemini_Generated_Image_hrvo2ihrvo2ihrvo-e1762192899495-600x600.png HTTP/1.1" 200 96029 "https://hamza2roues.com/product-category/accessoires/" "Mozilla/5.0 (Linux; Android 10; K) AppleWebKit/537.36 (KHTML, like Gecko) Chrome/142.0.0.0 Mobile Safari/537.36"
197.3.194.6 - - [05/Dec/2025:16:40:00 +0300] "GET /product-category/pieces-moto/ HTTP/1.1" 200 52878 "https://hamza2roues.com/product-category/accessoires/" "Mozilla/5.0 (Linux; Android 10; K) AppleWebKit/537.36 (KHTML, like Gecko) Chrome/142.0.0.0 Mobile Safari/537.36"
197.3.194.6 - - [05/Dec/2025:16:40:00 +0300] "GET /wp-content/uploads/2025/10/unnamed-26-e1761600740442-600x600.jpg HTTP/1.1" 200 27407 "https://hamza2roues.com/product-category/accessoires/" "Mozilla/5.0 (Linux; Android 10; K) AppleWebKit/537.36 (KHTML, like Gecko) Chrome/142.0.0.0 Mobile Safari/537.36"
197.3.194.6 - - [05/Dec/2025:16:40:00 +0300] "GET /wp-content/uploads/2025/10/unnamed-27-e1761768717344-600x600.jpg HTTP/1.1" 200 35281 "https://hamza2roues.com/product-category/accessoires/" "Mozilla/5.0 (Linux; Android 10; K) AppleWebKit/537.36 (KHTML, like Gecko) Chrome/142.0.0.0 Mobile Safari/537.36"
197.3.194.6 - - [05/Dec/2025:16:40:00 +0300] "GET /wp-content/uploads/2025/10/unnamed-24-e1761600273131-600x600.jpg HTTP/1.1" 200 31497 "https://hamza2roues.com/product-category/accessoires/" "Mozilla/5.0 (Linux; Android 10; K) AppleWebKit/537.36 (KHTML, like Gecko) Chrome/142.0.0.0 Mobile Safari/537.36"
197.3.194.6 - - [05/Dec/2025:16:40:00 +0300] "GET /wp-content/uploads/2025/10/unnamed-23-e1761599392469-600x600.jpg HTTP/1.1" 200 43923 "https://hamza2roues.com/product-category/accessoires/" "Mozilla/5.0 (Linux; Android 10; K) AppleWebKit/537.36 (KHTML, like Gecko) Chrome/142.0.0.0 Mobile Safari/537.36"
197.3.194.6 - - [05/Dec/2025:16:40:01 +0300] "GET /wp-content/uploads/2025/10/Gemini_Generated_Image_eoc97oeoc97oeoc9-e1761598849806-600x600.png HTTP/1.1" 200 52487 "https://hamza2roues.com/product-category/accessoires/" "Mozilla/5.0 (Linux; Android 10; K) AppleWebKit/537.36 (KHTML, like Gecko) Chrome/142.0.0.0 Mobile Safari/537.36"
197.3.194.6 - - [05/Dec/2025:16:40:01 +0300] "GET /wp-content/uploads/2025/10/unnamed-29-600x600.jpg HTTP/1.1" 200 43438 "https://hamza2roues.com/product-category/accessoires/" "Mozilla/5.0 (Linux; Android 10; K) AppleWebKit/537.36 (KHTML, like Gecko) Chrome/142.0.0.0 Mobile Safari/537.36"
197.3.194.6 - - [05/Dec/2025:16:40:02 +0300] "GET /product/autocollant-sticker-uv-3d-ktm/ HTTP/1.1" 200 34390 "https://hamza2roues.com/product-category/accessoires/" "Mozilla/5.0 (Linux; Android 10; K) AppleWebKit/537.36 (KHTML, like Gecko) Chrome/142.0.0.0 Mobile Safari/537.36"
197.3.194.6 - - [05/Dec/2025:16:40:02 +0300] "GET /wp-content/uploads/2025/10/IMG_4639-e1761332237107-600x600.jpeg HTTP/1.1" 200 49248 "https://hamza2roues.com/product-category/accessoires/" "Mozilla/5.0 (Linux; Android 10; K) AppleWebKit/537.36 (KHTML, like Gecko) Chrome/142.0.0.0 Mobile Safari/537.36"
197.3.194.6 - - [05/Dec/2025:16:40:02 +0300] "GET /wp-content/uploads/2025/10/IMG_4640-e1761332393881-600x600.jpeg HTTP/1.1" 200 44893 "https://hamza2roues.com/product-category/accessoires/" "Mozilla/5.0 (Linux; Android 10; K) AppleWebKit/537.36 (KHTML, like Gecko) Chrome/142.0.0.0 Mobile Safari/537.36"
197.3.194.6 - - [05/Dec/2025:16:40:02 +0300] "GET /wp-content/uploads/2025/10/IMG_4638-e1761332111584-600x600.jpeg HTTP/1.1" 200 40701 "https://hamza2roues.com/product-category/accessoires/" "Mozilla/5.0 (Linux; Android 10; K) AppleWebKit/537.36 (KHTML, like Gecko) Chrome/142.0.0.0 Mobile Safari/537.36"
197.3.194.6 - - [05/Dec/2025:16:40:02 +0300] "GET /wp-content/uploads/2025/10/IMG_4636-e1761331867404-600x600.jpeg HTTP/1.1" 200 32618 "https://hamza2roues.com/product-category/accessoires/" "Mozilla/5.0 (Linux; Android 10; K) AppleWebKit/537.36 (KHTML, like Gecko) Chrome/142.0.0.0 Mobile Safari/537.36"
213.165.92.225 - - [05/Dec/2025:16:39:58 +0300] "POST /wp-login.php HTTP/2" 503 6713 "https://hamza2roues.com/wp-login.php" "Mozilla/5.0 (Windows NT 6.3; Win64; x64; Trident/7.0; MDDCJS; rv:11.0) like Gecko"
197.3.194.6 - - [05/Dec/2025:16:40:02 +0300] "GET /wp-content/uploads/2025/10/IMG_4634-e1761331607737-600x600.jpeg HTTP/1.1" 200 39255 "https://hamza2roues.com/product-category/accessoires/" "Mozilla/5.0 (Linux; Android 10; K) AppleWebKit/537.36 (KHTML, like Gecko) Chrome/142.0.0.0 Mobile Safari/537.36"
197.3.194.6 - - [05/Dec/2025:16:40:02 +0300] "GET /wp-content/uploads/2025/10/IMG_4637-600x600.jpeg HTTP/1.1" 200 36311 "https://hamza2roues.com/product-category/accessoires/" "Mozilla/5.0 (Linux; Android 10; K) AppleWebKit/537.36 (KHTML, like Gecko) Chrome/142.0.0.0 Mobile Safari/537.36"
197.3.194.6 - - [05/Dec/2025:16:40:03 +0300] "GET /wp-content/uploads/2025/10/IMG_4635-e1761331324772-600x600.jpeg HTTP/1.1" 200 42132 "https://hamza2roues.com/product-category/accessoires/" "Mozilla/5.0 (Linux; Android 10; K) AppleWebKit/537.36 (KHTML, like Gecko) Chrome/142.0.0.0 Mobile Safari/537.36"
197.3.194.6 - - [05/Dec/2025:16:40:03 +0300] "GET /wp-content/uploads/2025/10/IMG_4633-e1761330967963-600x600.jpeg HTTP/1.1" 200 35303 "https://hamza2roues.com/product-category/accessoires/" "Mozilla/5.0 (Linux; Android 10; K) AppleWebKit/537.36 (KHTML, like Gecko) Chrome/142.0.0.0 Mobile Safari/537.36"
197.3.194.6 - - [05/Dec/2025:16:40:04 +0300] "GET /wp-content/uploads/2025/10/IMG_4471-1-e1761089866259-600x600.jpeg HTTP/1.1" 200 25331 "https://hamza2roues.com/product-category/accessoires/" "Mozilla/5.0 (Linux; Android 10; K) AppleWebKit/537.36 (KHTML, like Gecko) Chrome/142.0.0.0 Mobile Safari/537.36"
197.3.194.6 - - [05/Dec/2025:16:40:04 +0300] "GET /wp-content/uploads/2025/10/IMG_4470-e1761085633272-600x600.jpeg HTTP/1.1" 200 28242 "https://hamza2roues.com/product-category/accessoires/" "Mozilla/5.0 (Linux; Android 10; K) AppleWebKit/537.36 (KHTML, like Gecko) Chrome/142.0.0.0 Mobile Safari/537.36"
197.3.194.6 - - [05/Dec/2025:16:40:04 +0300] "GET /wp-content/uploads/2025/10/He4a439edd2374425ba8f48b774b1fd42H.jpg_960x960q80.jpg HTTP/1.1" 200 58607 "https://hamza2roues.com/product-category/accessoires/" "Mozilla/5.0 (Linux; Android 10; K) AppleWebKit/537.36 (KHTML, like Gecko) Chrome/142.0.0.0 Mobile Safari/537.36"
197.3.194.6 - - [05/Dec/2025:16:40:04 +0300] "GET /wp-content/uploads/2025/10/Gemini_Generated_Image_8g4s878g4s878g4s-600x600.png HTTP/1.1" 200 73299 "https://hamza2roues.com/product-category/accessoires/" "Mozilla/5.0 (Linux; Android 10; K) AppleWebKit/537.36 (KHTML, like Gecko) Chrome/142.0.0.0 Mobile Safari/537.36"
197.3.194.6 - - [05/Dec/2025:16:40:04 +0300] "GET /wp-content/uploads/2025/10/Hb3ff09726794431c9948722092954dfdK.jpg_960x960q80.jpg HTTP/1.1" 200 38981 "https://hamza2roues.com/product-category/accessoires/" "Mozilla/5.0 (Linux; Android 10; K) AppleWebKit/537.36 (KHTML, like Gecko) Chrome/142.0.0.0 Mobile Safari/537.36"
197.3.194.6 - - [05/Dec/2025:16:40:04 +0300] "GET /wp-content/uploads/2025/10/IMG_4106-1-e1760569905212-600x600.jpeg HTTP/1.1" 200 18387 "https://hamza2roues.com/product-category/accessoires/" "Mozilla/5.0 (Linux; Android 10; K) AppleWebKit/537.36 (KHTML, like Gecko) Chrome/142.0.0.0 Mobile Safari/537.36"
197.3.194.6 - - [05/Dec/2025:16:40:04 +0300] "GET /wp-content/uploads/2025/10/IMG_4104-e1760568917565-600x600.jpeg HTTP/1.1" 200 19748 "https://hamza2roues.com/product-category/accessoires/" "Mozilla/5.0 (Linux; Android 10; K) AppleWebKit/537.36 (KHTML, like Gecko) Chrome/142.0.0.0 Mobile Safari/537.36"
197.3.194.6 - - [05/Dec/2025:16:40:04 +0300] "GET /wp-content/uploads/2025/10/IMG_4103-e1760568144333-600x600.jpeg HTTP/1.1" 200 29739 "https://hamza2roues.com/product-category/accessoires/" "Mozilla/5.0 (Linux; Android 10; K) AppleWebKit/537.36 (KHTML, like Gecko) Chrome/142.0.0.0 Mobile Safari/537.36"
197.3.194.6 - - [05/Dec/2025:16:40:06 +0300] "POST /?wc-ajax=get_refreshed_fragments HTTP/1.1" 200 499 "https://hamza2roues.com/" "Mozilla/5.0 (Linux; Android 10; K) AppleWebKit/537.36 (KHTML, like Gecko) Chrome/142.0.0.0 Mobile Safari/537.36"
197.3.194.6 - - [05/Dec/2025:16:40:06 +0300] "POST /wp-json/wp-statistics/v2/online HTTP/1.1" 200 19 "https://hamza2roues.com/" "Mozilla/5.0 (Linux; Android 10; K) AppleWebKit/537.36 (KHTML, like Gecko) Chrome/142.0.0.0 Mobile Safari/537.36"
102.31.34.137 - - [05/Dec/2025:16:40:07 +0300] "POST /wp-json/wp-statistics/v2/online HTTP/1.1" 200 19 "https://hamza2roues.com/product/pot-dechappement-arrow-gris/" "Mozilla/5.0 (Linux; Android 10; K) AppleWebKit/537.36 (KHTML, like Gecko) Chrome/142.0.0.0 Mobile Safari/537.36"
102.31.34.137 - - [05/Dec/2025:16:40:07 +0300] "POST /wp-admin/admin-ajax.php HTTP/1.1" 200 80 "https://hamza2roues.com/product/pot-dechappement-arrow-gris/" "Mozilla/5.0 (Linux; Android 10; K) AppleWebKit/537.36 (KHTML, like Gecko) Chrome/142.0.0.0 Mobile Safari/537.36"
197.3.194.6 - - [05/Dec/2025:16:40:11 +0300] "GET /product-category/batterie/ HTTP/1.1" 200 28834 "https://hamza2roues.com/" "Mozilla/5.0 (Linux; Android 10; K) AppleWebKit/537.36 (KHTML, like Gecko) Chrome/142.0.0.0 Mobile Safari/537.36"
197.3.194.6 - - [05/Dec/2025:16:40:11 +0300] "GET /wp-content/uploads/2025/07/IMG_2622-Photoroom-e1752526679912-600x600.png HTTP/1.1" 200 66550 "https://hamza2roues.com/product-category/batterie/" "Mozilla/5.0 (Linux; Android 10; K) AppleWebKit/537.36 (KHTML, like Gecko) Chrome/142.0.0.0 Mobile Safari/537.36"
197.3.194.6 - - [05/Dec/2025:16:40:11 +0300] "GET /wp-content/uploads/2025/08/IMG_3174-Photoroom-600x600.png HTTP/1.1" 200 56245 "https://hamza2roues.com/product-category/batterie/" "Mozilla/5.0 (Linux; Android 10; K) AppleWebKit/537.36 (KHTML, like Gecko) Chrome/142.0.0.0 Mobile Safari/537.36"
197.3.194.6 - - [05/Dec/2025:16:40:11 +0300] "GET /wp-content/uploads/2025/07/IMG_2620-Photoroom-1-e1752527005202-600x600.png HTTP/1.1" 200 67798 "https://hamza2roues.com/product-category/batterie/" "Mozilla/5.0 (Linux; Android 10; K) AppleWebKit/537.36 (KHTML, like Gecko) Chrome/142.0.0.0 Mobile Safari/537.36"
197.3.194.6 - - [05/Dec/2025:16:40:11 +0300] "GET /wp-content/uploads/2025/07/IMG_2626-Photoroom-e1752526533920-600x600.png HTTP/1.1" 200 58005 "https://hamza2roues.com/product-category/batterie/" "Mozilla/5.0 (Linux; Android 10; K) AppleWebKit/537.36 (KHTML, like Gecko) Chrome/142.0.0.0 Mobile Safari/537.36"
197.3.194.6 - - [05/Dec/2025:16:40:11 +0300] "GET /wp-content/uploads/2025/01/IMG_2509-Photoroom-e1752527114219-600x600.png HTTP/1.1" 200 70335 "https://hamza2roues.com/product-category/batterie/" "Mozilla/5.0 (Linux; Android 10; K) AppleWebKit/537.36 (KHTML, like Gecko) Chrome/142.0.0.0 Mobile Safari/537.36"
197.3.194.6 - - [05/Dec/2025:16:40:11 +0300] "POST /wp-json/wp-statistics/v2/hit HTTP/1.1" 200 19 "https://hamza2roues.com/product-category/batterie/" "Mozilla/5.0 (Linux; Android 10; K) AppleWebKit/537.36 (KHTML, like Gecko) Chrome/142.0.0.0 Mobile Safari/537.36"
196.178.198.252 - - [05/Dec/2025:16:40:16 +0300] "POST /wp-admin/admin-ajax.php HTTP/2" 200 71 "https://hamza2roues.com/wp-admin/admin.php?page=wc-orders" "Mozilla/5.0 (Windows NT 10.0; Win64; x64) AppleWebKit/537.36 (KHTML, like Gecko) Chrome/142.0.0.0 Safari/537.36"
197.3.194.6 - - [05/Dec/2025:16:40:23 +0300] "POST /?wc-ajax=get_refreshed_fragments HTTP/1.1" 200 499 "https://hamza2roues.com/" "Mozilla/5.0 (Linux; Android 10; K) AppleWebKit/537.36 (KHTML, like Gecko) Chrome/142.0.0.0 Mobile Safari/537.36"
114.119.142.12 - - [05/Dec/2025:16:40:23 +0300] "GET /product-category/pieces-moto/partie-cycle?per_row=3&shop_view=grid&per_page=12 HTTP/1.1" 301 0 "https://hamza2roues.com/product-category/pieces-moto/partie-cycle?per_row=3&shop_view=grid" "Mozilla/5.0 (Linux; Android 7.0;) AppleWebKit/537.36 (KHTML, like Gecko) Mobile Safari/537.36 (compatible; PetalBot;+https://webmaster.petalsearch.com/site/petalbot)"
197.3.194.6 - - [05/Dec/2025:16:40:29 +0300] "GET /product-category/occasion/ HTTP/1.1" 200 29322 "https://hamza2roues.com/" "Mozilla/5.0 (Linux; Android 10; K) AppleWebKit/537.36 (KHTML, like Gecko) Chrome/142.0.0.0 Mobile Safari/537.36"
197.3.194.6 - - [05/Dec/2025:16:40:29 +0300] "GET /wp-content/uploads/2025/07/512691405_1040203278229102_7149552174406931799_n-Photoroom-2-600x600.png HTTP/1.1" 200 70363 "https://hamza2roues.com/product-category/occasion/" "Mozilla/5.0 (Linux; Android 10; K) AppleWebKit/537.36 (KHTML, like Gecko) Chrome/142.0.0.0 Mobile Safari/537.36"
114.119.142.12 - - [05/Dec/2025:16:40:27 +0300] "GET /product-category/pieces-moto/partie-cycle/?per_row=3&shop_view=grid&per_page=12 HTTP/1.1" 200 35445 "https://hamza2roues.com/product-category/pieces-moto/partie-cycle?per_row=3&shop_view=grid" "Mozilla/5.0 (Linux; Android 7.0;) AppleWebKit/537.36 (KHTML, like Gecko) Mobile Safari/537.36 (compatible; PetalBot;+https://webmaster.petalsearch.com/site/petalbot)"
193.111.77.77 - - [05/Dec/2025:16:40:32 +0300] "POST /wp-cron.php?doing_wp_cron=1764942032.9086461067199707031250 HTTP/1.1" 200 0 "-" "WordPress/6.9; https://hamza2roues.com"
197.3.194.6 - - [05/Dec/2025:16:40:29 +0300] "POST /wp-json/wp-statistics/v2/hit HTTP/1.1" 200 19 "https://hamza2roues.com/product-category/occasion/" "Mozilla/5.0 (Linux; Android 10; K) AppleWebKit/537.36 (KHTML, like Gecko) Chrome/142.0.0.0 Mobile Safari/537.36"
197.3.194.6 - - [05/Dec/2025:16:40:31 +0300] "POST /?wc-ajax=get_refreshed_fragments HTTP/1.1" 200 0 "https://hamza2roues.com/" "Mozilla/5.0 (Linux; Android 10; K) AppleWebKit/537.36 (KHTML, like Gecko) Chrome/142.0.0.0 Mobile Safari/537.36"
197.238.90.57 - - [05/Dec/2025:16:40:35 +0300] "POST /wp-admin/admin-ajax.php HTTP/2" 200 80 "https://hamza2roues.com/product/autocollant-sticker-uv-3d-honda/" "Mozilla/5.0 (Macintosh; Intel Mac OS X 10_15_7) AppleWebKit/537.36 (KHTML, like Gecko) Chrome/142.0.0.0 Safari/537.36"
197.238.90.57 - - [05/Dec/2025:16:40:35 +0300] "POST /wp-admin/admin-ajax.php HTTP/2" 200 78 "https://hamza2roues.com/product/systeme-dalarme-moto/" "Mozilla/5.0 (Macintosh; Intel Mac OS X 10_15_7) AppleWebKit/537.36 (KHTML, like Gecko) Chrome/142.0.0.0 Safari/537.36"
66.249.66.167 - - [05/Dec/2025:16:40:56 +0300] "GET /product/compteur-booster-5/?add-to-cart=4912 HTTP/1.1" 200 34329 "-" "Mozilla/5.0 (Linux; Android 6.0.1; Nexus 5X Build/MMB29P) AppleWebKit/537.36 (KHTML, like Gecko) Chrome/141.0.7390.122 Mobile Safari/537.36 (compatible; GoogleOther)"
66.249.76.2 - - [05/Dec/2025:16:41:10 +0300] "POST /wp-json/wp-statistics/v2/hit HTTP/1.1" 200 33 "https://hamza2roues.com/product/compteur-booster-5/?add-to-cart=4912" "Mozilla/5.0 (Linux; Android 6.0.1; Nexus 5X Build/MMB29P) AppleWebKit/537.36 (KHTML, like Gecko) Chrome/141.0.7390.122 Mobile Safari/537.36 (compatible; Googlebot/2.1; +http://www.google.com/bot.html)"
193.111.77.77 - - [05/Dec/2025:16:41:47 +0300] "POST /wp-cron.php?doing_wp_cron=1764942107.1225559711456298828125 HTTP/1.1" 200 0 "-" "WordPress/6.9; https://hamza2roues.com"
114.119.159.37 - - [05/Dec/2025:16:41:46 +0300] "GET /product-category/pieces-moto/partie-cycle?per_row=2&shop_view=grid&per_page=24 HTTP/1.1" 301 0 "https://hamza2roues.com/product-category/pieces-moto/partie-cycle?shop_view=grid&per_row=2" "Mozilla/5.0 (Linux; Android 7.0;) AppleWebKit/537.36 (KHTML, like Gecko) Mobile Safari/537.36 (compatible; PetalBot;+https://webmaster.petalsearch.com/site/petalbot)"
82.27.245.38 - - [05/Dec/2025:16:39:42 +0300] "GET /wp-login.php?registration=disabled HTTP/1.1" 200 4883 "-" "Mozilla/5.0 (Windows NT 10.0; Win64; x64) AppleWebKit/537.36 (KHTML, like Gecko) Chrome/142.0.0.0 Safari/537.36"
82.27.245.38 - - [05/Dec/2025:16:39:44 +0300] "POST /wp-login.php?action=register HTTP/1.1" 403 2283 "https://hamza2roues.com/wp-login.php?action=register" "Mozilla/5.0 (Windows NT 10.0; Win64; x64) AppleWebKit/537.36 (KHTML, like Gecko) Chrome/142.0.0.0 Safari/537.36"
66.249.66.193 - - [05/Dec/2025:16:39:42 +0300] "POST /?wc-ajax=get_refreshed_fragments HTTP/1.1" 200 499 "https://hamza2roues.com/product/bougie-ngk-br9es/" "Mozilla/5.0 (Linux; Android 6.0.1; Nexus 5X Build/MMB29P) AppleWebKit/537.36 (KHTML, like Gecko) Chrome/141.0.7390.122 Mobile Safari/537.36 (compatible; Googlebot/2.1; +http://www.google.com/bot.html)"
165.50.17.4 - - [05/Dec/2025:16:39:43 +0300] "POST /wp-json/wp-statistics/v2/online HTTP/1.1" 200 19 "https://hamza2roues.com/?s=ngk&post_type=product" "Mozilla/5.0 (Macintosh; Intel Mac OS X 10_15_7) AppleWebKit/537.36 (KHTML, like Gecko) Chrome/116.0.0.0 Safari/537.36"
197.244.82.246 - - [05/Dec/2025:16:40:19 +0300] "POST /wp-admin/admin-ajax.php HTTP/2" 200 78 "https://hamza2roues.com/product/dosseret-moto-universel-takeya/" "Mozilla/5.0 (Windows NT 10.0; Win64; x64) AppleWebKit/537.36 (KHTML, like Gecko) Chrome/142.0.0.0 Safari/537.36"
193.111.77.77 - - [05/Dec/2025:16:40:46 +0300] "POST /wp-cron.php?doing_wp_cron=1764942046.5127899646759033203125 HTTP/1.1" 200 0 "-" "WordPress/6.9; https://hamza2roues.com"
165.50.17.4 - - [05/Dec/2025:16:40:44 +0300] "POST /wp-json/wp-statistics/v2/online HTTP/1.1" 200 19 "https://hamza2roues.com/?s=ngk&post_type=product" "Mozilla/5.0 (Macintosh; Intel Mac OS X 10_15_7) AppleWebKit/537.36 (KHTML, like Gecko) Chrome/116.0.0.0 Safari/537.36"
193.111.77.77 - - [05/Dec/2025:16:41:00 +0300] "GET /wp-content/uploads/2025/09/IMG_3528-Photoroom.png HTTP/1.1" 200 78799 "-" "-"
66.249.76.3 - - [05/Dec/2025:16:41:07 +0300] "GET /wp-content/themes/woodmart/css/parts/el-list-wpb-elem.min.css?ver=8.2.6 HTTP/1.1" 200 151 "https://hamza2roues.com/product/compteur-booster-5/?add-to-cart=4912" "Mozilla/5.0 (Linux; Android 6.0.1; Nexus 5X Build/MMB29P) AppleWebKit/537.36 (KHTML, like Gecko) Chrome/141.0.7390.122 Mobile Safari/537.36 (compatible; Googlebot/2.1; +http://www.google.com/bot.html)"
197.244.82.246 - - [05/Dec/2025:16:41:19 +0300] "POST /wp-admin/admin-ajax.php HTTP/2" 200 77 "https://hamza2roues.com/product/dosseret-moto-universel-takeya/" "Mozilla/5.0 (Windows NT 10.0; Win64; x64) AppleWebKit/537.36 (KHTML, like Gecko) Chrome/142.0.0.0 Safari/537.36"
197.238.90.57 - - [05/Dec/2025:16:41:35 +0300] "POST /wp-admin/admin-ajax.php HTTP/2" 200 80 "https://hamza2roues.com/product/autocollant-sticker-uv-3d-honda/" "Mozilla/5.0 (Macintosh; Intel Mac OS X 10_15_7) AppleWebKit/537.36 (KHTML, like Gecko) Chrome/142.0.0.0 Safari/537.36"
197.238.90.57 - - [05/Dec/2025:16:41:35 +0300] "POST /wp-admin/admin-ajax.php HTTP/2" 200 77 "https://hamza2roues.com/product/systeme-dalarme-moto/" "Mozilla/5.0 (Macintosh; Intel Mac OS X 10_15_7) AppleWebKit/537.36 (KHTML, like Gecko) Chrome/142.0.0.0 Safari/537.36"
114.119.159.37 - - [05/Dec/2025:16:41:49 +0300] "GET /product-category/pieces-moto/partie-cycle/?per_row=2&shop_view=grid&per_page=24 HTTP/1.1" 200 37716 "https://hamza2roues.com/product-category/pieces-moto/partie-cycle?shop_view=grid&per_row=2" "Mozilla/5.0 (Linux; Android 7.0;) AppleWebKit/537.36 (KHTML, like Gecko) Mobile Safari/537.36 (compatible; PetalBot;+https://webmaster.petalsearch.com/site/petalbot)"
193.111.77.77 - - [05/Dec/2025:16:41:54 +0300] "GET /wp-content/uploads/2025/07/IMG_2682-Photoroom-e1752520953250.png HTTP/1.1" 200 111069 "-" "-"
197.244.82.246 - - [05/Dec/2025:16:42:19 +0300] "POST /wp-admin/admin-ajax.php HTTP/2" 200 78 "https://hamza2roues.com/product/dosseret-moto-universel-takeya/" "Mozilla/5.0 (Windows NT 10.0; Win64; x64) AppleWebKit/537.36 (KHTML, like Gecko) Chrome/142.0.0.0 Safari/537.36"
197.238.90.57 - - [05/Dec/2025:16:38:35 +0300] "POST /wp-admin/admin-ajax.php HTTP/2" 200 79 "https://hamza2roues.com/product/autocollant-sticker-uv-3d-honda/" "Mozilla/5.0 (Macintosh; Intel Mac OS X 10_15_7) AppleWebKit/537.36 (KHTML, like Gecko) Chrome/142.0.0.0 Safari/537.36"
193.111.77.77 - - [05/Dec/2025:16:38:59 +0300] "POST /wp-cron.php?doing_wp_cron=1764941939.6244800090789794921875 HTTP/1.1" 200 0 "-" "WordPress/6.9; https://hamza2roues.com"
193.111.77.77 - - [05/Dec/2025:16:39:50 +0300] "POST /wp-cron.php?doing_wp_cron=1764941990.0355041027069091796875 HTTP/1.1" 200 0 "-" "WordPress/6.9; https://hamza2roues.com"
193.111.77.77 - - [05/Dec/2025:16:40:02 +0300] "POST /wp-cron.php?doing_wp_cron=1764942002.8027510643005371093750 HTTP/1.1" 200 0 "-" "WordPress/6.9; https://hamza2roues.com"
66.249.66.75 - - [05/Dec/2025:16:42:01 +0300] "POST /wp-json/wp-statistics/v2/hit HTTP/1.1" 200 33 "https://hamza2roues.com/product/gant-moto-ktm-demi-doigt/?add-to-cart=4921" "Mozilla/5.0 (Linux; Android 6.0.1; Nexus 5X Build/MMB29P) AppleWebKit/537.36 (KHTML, like Gecko) Chrome/141.0.7390.122 Mobile Safari/537.36 (compatible; Googlebot/2.1; +http://www.google.com/bot.html)"
66.249.66.74 - - [05/Dec/2025:16:42:23 +0300] "GET /product/gant-moto-kawasaki/ HTTP/1.1" 200 32563 "-" "Mozilla/5.0 (compatible; Googlebot/2.1; +http://www.google.com/bot.html)"
66.249.66.11 - - [05/Dec/2025:16:42:26 +0300] "GET /wp-includes/css/dist/block-library/style.min.css?ver=6.8.3 HTTP/1.1" 200 13607 "https://hamza2roues.com/product/gant-moto-kawasaki/" "Mozilla/5.0 AppleWebKit/537.36 (KHTML, like Gecko; compatible; Googlebot/2.1; +http://www.google.com/bot.html) Chrome/141.0.7390.122 Safari/537.36"
197.18.239.189 - - [05/Dec/2025:16:42:42 +0300] "GET /wp-content/plugins/elementor/assets/js/text-editor.45609661e409413f1cef.bundle.min.js HTTP/1.1" 304 0 "https://hamza2roues.com/product-category/pieces-moto/" "Mozilla/5.0 (iPhone; CPU iPhone OS 18_6_2 like Mac OS X) AppleWebKit/605.1.15 (KHTML, like Gecko) Version/18.6 Mobile/15E148 Safari/604.1"
197.18.239.189 - - [05/Dec/2025:16:42:42 +0300] "GET /wp-content/plugins/elementor/assets/js/shared-frontend-handlers.03caa53373b56d3bab67.bundle.min.js HTTP/1.1" 304 0 "https://hamza2roues.com/product-category/pieces-moto/" "Mozilla/5.0 (iPhone; CPU iPhone OS 18_6_2 like Mac OS X) AppleWebKit/605.1.15 (KHTML, like Gecko) Version/18.6 Mobile/15E148 Safari/604.1"
197.18.239.189 - - [05/Dec/2025:16:42:42 +0300] "POST /?wc-ajax=get_refreshed_fragments HTTP/1.1" 200 499 "https://hamza2roues.com/product-category/pieces-moto/" "Mozilla/5.0 (iPhone; CPU iPhone OS 18_6_2 like Mac OS X) AppleWebKit/605.1.15 (KHTML, like Gecko) Version/18.6 Mobile/15E148 Safari/604.1"
197.18.239.189 - - [05/Dec/2025:16:42:42 +0300] "POST /wp-json/wp-statistics/v2/hit HTTP/1.1" 200 0 "https://hamza2roues.com/product-category/pieces-moto/" "Mozilla/5.0 (iPhone; CPU iPhone OS 18_6_2 like Mac OS X) AppleWebKit/605.1.15 (KHTML, like Gecko) Version/18.6 Mobile/15E148 Safari/604.1"
193.111.77.77 - - [05/Dec/2025:16:43:12 +0300] "POST /wp-cron.php?doing_wp_cron=1764942192.6220428943634033203125 HTTP/1.1" 200 0 "-" "WordPress/6.9; https://hamza2roues.com"
114.119.157.124 - - [05/Dec/2025:16:43:09 +0300] "GET /product-category/pieces-moto/partie-cycle?per_row=2&per_page=9&shop_view=grid HTTP/1.1" 301 0 "https://hamza2roues.com/product-category/pieces-moto/partie-cycle?per_row=2&shop_view=grid&per_page=9" "Mozilla/5.0 (Linux; Android 7.0;) AppleWebKit/537.36 (KHTML, like Gecko) Mobile Safari/537.36 (compatible; PetalBot;+https://webmaster.petalsearch.com/site/petalbot)"
40.77.179.235 - - [05/Dec/2025:16:43:30 +0300] "GET /wp-content/uploads/elementor/css/post-870.css?ver=1764324409 HTTP/2" 200 5034 "-" "Mozilla/5.0 AppleWebKit/537.36 (KHTML, like Gecko; compatible; bingbot/2.0; +http://www.bing.com/bingbot.htm) Chrome/100.0.4896.127 Safari/537.36"
82.27.245.38 - - [05/Dec/2025:16:39:37 +0300] "GET / HTTP/1.1" 200 50107 "-" "Mozilla/5.0 (Windows NT 10.0; Win64; x64) AppleWebKit/537.36 (KHTML, like Gecko) Chrome/107.0.0.0 Safari/537.36"
66.249.66.11 - - [05/Dec/2025:16:41:14 +0300] "POST /?wc-ajax=get_refreshed_fragments HTTP/1.1" 200 1145 "https://hamza2roues.com/product/compteur-booster-5/?add-to-cart=4912" "Mozilla/5.0 (Linux; Android 6.0.1; Nexus 5X Build/MMB29P) AppleWebKit/537.36 (KHTML, like Gecko) Chrome/141.0.7390.122 Mobile Safari/537.36 (compatible; Googlebot/2.1; +http://www.google.com/bot.html)"
165.50.17.4 - - [05/Dec/2025:16:41:45 +0300] "POST /wp-json/wp-statistics/v2/online HTTP/1.1" 200 19 "https://hamza2roues.com/?s=ngk&post_type=product" "Mozilla/5.0 (Macintosh; Intel Mac OS X 10_15_7) AppleWebKit/537.36 (KHTML, like Gecko) Chrome/116.0.0.0 Safari/537.36"
66.249.66.74 - - [05/Dec/2025:16:41:52 +0300] "GET /product/gant-moto-ktm-demi-doigt/?add-to-cart=4921 HTTP/1.1" 200 34260 "-" "Mozilla/5.0 (Linux; Android 6.0.1; Nexus 5X Build/MMB29P) AppleWebKit/537.36 (KHTML, like Gecko) Chrome/141.0.7390.122 Mobile Safari/537.36 (compatible; GoogleOther)"
66.249.66.194 - - [05/Dec/2025:16:42:07 +0300] "POST /?wc-ajax=get_refreshed_fragments HTTP/1.1" 200 1147 "https://hamza2roues.com/product/gant-moto-ktm-demi-doigt/?add-to-cart=4921" "Mozilla/5.0 (Linux; Android 6.0.1; Nexus 5X Build/MMB29P) AppleWebKit/537.36 (KHTML, like Gecko) Chrome/141.0.7390.122 Mobile Safari/537.36 (compatible; Googlebot/2.1; +http://www.google.com/bot.html)"
196.178.198.252 - - [05/Dec/2025:16:42:16 +0300] "POST /wp-admin/admin-ajax.php HTTP/2" 200 70 "https://hamza2roues.com/wp-admin/admin.php?page=wc-orders" "Mozilla/5.0 (Windows NT 10.0; Win64; x64) AppleWebKit/537.36 (KHTML, like Gecko) Chrome/142.0.0.0 Safari/537.36"
66.249.76.2 - - [05/Dec/2025:16:42:29 +0300] "POST /wp-json/wp-statistics/v2/hit HTTP/1.1" 200 33 "https://hamza2roues.com/product/gant-moto-kawasaki/" "Mozilla/5.0 AppleWebKit/537.36 (KHTML, like Gecko; compatible; Googlebot/2.1; +http://www.google.com/bot.html) Chrome/141.0.7390.122 Safari/537.36"
66.249.66.74 - - [05/Dec/2025:16:42:32 +0300] "POST /?wc-ajax=get_refreshed_fragments HTTP/1.1" 200 499 "https://hamza2roues.com/product/gant-moto-kawasaki/" "Mozilla/5.0 AppleWebKit/537.36 (KHTML, like Gecko; compatible; Googlebot/2.1; +http://www.google.com/bot.html) Chrome/141.0.7390.122 Safari/537.36"
165.50.17.4 - - [05/Dec/2025:16:42:46 +0300] "POST /wp-json/wp-statistics/v2/online HTTP/1.1" 200 19 "https://hamza2roues.com/?s=ngk&post_type=product" "Mozilla/5.0 (Macintosh; Intel Mac OS X 10_15_7) AppleWebKit/537.36 (KHTML, like Gecko) Chrome/116.0.0.0 Safari/537.36"
114.119.157.124 - - [05/Dec/2025:16:43:13 +0300] "GET /product-category/pieces-moto/partie-cycle/?per_row=2&per_page=9&shop_view=grid HTTP/1.1" 200 34849 "https://hamza2roues.com/product-category/pieces-moto/partie-cycle?per_row=2&shop_view=grid&per_page=9" "Mozilla/5.0 (Linux; Android 7.0;) AppleWebKit/537.36 (KHTML, like Gecko) Mobile Safari/537.36 (compatible; PetalBot;+https://webmaster.petalsearch.com/site/petalbot)"
40.77.179.221 - - [05/Dec/2025:16:43:30 +0300] "GET /wp-content/uploads/elementor/css/custom-frontend.min.css?ver=1764156584 HTTP/2" 200 53797 "-" "Mozilla/5.0 AppleWebKit/537.36 (KHTML, like Gecko; compatible; bingbot/2.0; +http://www.bing.com/bingbot.htm) Chrome/100.0.4896.127 Safari/537.36"
65.55.210.86 - - [05/Dec/2025:16:43:30 +0300] "GET /wp-content/uploads/elementor/css/post-844.css?ver=1764158377 HTTP/2" 200 9816 "-" "Mozilla/5.0 AppleWebKit/537.36 (KHTML, like Gecko; compatible; bingbot/2.0; +http://www.bing.com/bingbot.htm) Chrome/100.0.4896.127 Safari/537.36"
40.77.179.25 - - [05/Dec/2025:16:43:34 +0300] "POST /wp-json/wp-statistics/v2/hit HTTP/2" 200 54 "-" "Mozilla/5.0 AppleWebKit/537.36 (KHTML, like Gecko; compatible; bingbot/2.0; +http://www.bing.com/bingbot.htm) Chrome/100.0.4896.127 Safari/537.36"
193.111.77.77 - - [05/Dec/2025:16:42:48 +0300] "POST /wp-cron.php?doing_wp_cron=1764942168.4262959957122802734375 HTTP/1.1" 200 0 "-" "WordPress/6.9; https://hamza2roues.com"
197.244.82.246 - - [05/Dec/2025:16:43:19 +0300] "POST /wp-admin/admin-ajax.php HTTP/2" 200 80 "https://hamza2roues.com/product/dosseret-moto-universel-takeya/" "Mozilla/5.0 (Windows NT 10.0; Win64; x64) AppleWebKit/537.36 (KHTML, like Gecko) Chrome/142.0.0.0 Safari/537.36"
52.167.144.170 - - [05/Dec/2025:16:43:25 +0300] "GET /product/scooter-pista-hr-125cc-gris/ HTTP/2" 200 34374 "-" "Mozilla/5.0 AppleWebKit/537.36 (KHTML, like Gecko; compatible; bingbot/2.0; +http://www.bing.com/bingbot.htm) Chrome/116.0.1938.76 Safari/537.36"
40.77.179.86 - - [05/Dec/2025:16:43:32 +0300] "GET /wp-content/themes/woodmart/js/scripts/wc/updateCartFragmentsFix.js?ver=8.2.6 HTTP/2" 200 1666 "-" "Mozilla/5.0 AppleWebKit/537.36 (KHTML, like Gecko; compatible; bingbot/2.0; +http://www.bing.com/bingbot.htm) Chrome/100.0.4896.127 Safari/537.36"
40.77.179.152 - - [05/Dec/2025:16:43:32 +0300] "GET /wp-includes/js/dist/hooks.min.js?ver=4d63a3d491d11ffd8ac6 HTTP/2" 200 5661 "-" "Mozilla/5.0 AppleWebKit/537.36 (KHTML, like Gecko; compatible; bingbot/2.0; +http://www.bing.com/bingbot.htm) Chrome/100.0.4896.127 Safari/537.36"
40.77.179.183 - - [05/Dec/2025:16:43:34 +0300] "POST /?wc-ajax=get_refreshed_fragments HTTP/2" 200 1476 "-" "Mozilla/5.0 AppleWebKit/537.36 (KHTML, like Gecko; compatible; bingbot/2.0; +http://www.bing.com/bingbot.htm) Chrome/100.0.4896.127 Safari/537.36"
197.238.90.57 - - [05/Dec/2025:16:43:35 +0300] "POST /wp-admin/admin-ajax.php HTTP/2" 200 79 "https://hamza2roues.com/product/autocollant-sticker-uv-3d-honda/" "Mozilla/5.0 (Macintosh; Intel Mac OS X 10_15_7) AppleWebKit/537.36 (KHTML, like Gecko) Chrome/142.0.0.0 Safari/537.36"
197.238.90.57 - - [05/Dec/2025:16:43:35 +0300] "POST /wp-admin/admin-ajax.php HTTP/2" 200 77 "https://hamza2roues.com/product/systeme-dalarme-moto/" "Mozilla/5.0 (Macintosh; Intel Mac OS X 10_15_7) AppleWebKit/537.36 (KHTML, like Gecko) Chrome/142.0.0.0 Safari/537.36"
196.179.254.122 - - [05/Dec/2025:16:44:02 +0300] "GET /product/gant-moto-fox-2/ HTTP/2" 200 33753 "https://www.google.com/" "Mozilla/5.0 (Windows NT 10.0; Win64; x64) AppleWebKit/537.36 (KHTML, like Gecko) Chrome/143.0.0.0 Safari/537.36"
196.179.254.122 - - [05/Dec/2025:16:44:02 +0300] "GET /wp-content/themes/woodmart/css/parts/el-list-wpb-elem.min.css?ver=8.2.6 HTTP/2" 200 151 "https://hamza2roues.com/product/gant-moto-fox-2/" "Mozilla/5.0 (Windows NT 10.0; Win64; x64) AppleWebKit/537.36 (KHTML, like Gecko) Chrome/143.0.0.0 Safari/537.36"
196.179.254.122 - - [05/Dec/2025:16:44:02 +0300] "GET /wp-includes/css/dist/block-library/style.min.css?ver=6.8.3 HTTP/2" 200 13607 "https://hamza2roues.com/product/gant-moto-fox-2/" "Mozilla/5.0 (Windows NT 10.0; Win64; x64) AppleWebKit/537.36 (KHTML, like Gecko) Chrome/143.0.0.0 Safari/537.36"
196.179.254.122 - - [05/Dec/2025:16:44:02 +0300] "GET /wp-includes/js/mediaelement/mediaelementplayer-legacy.min.css?ver=4.2.17 HTTP/2" 200 2204 "https://hamza2roues.com/product/gant-moto-fox-2/" "Mozilla/5.0 (Windows NT 10.0; Win64; x64) AppleWebKit/537.36 (KHTML, like Gecko) Chrome/143.0.0.0 Safari/537.36"
196.179.254.122 - - [05/Dec/2025:16:44:02 +0300] "GET /wp-content/themes/woodmart/css/parts/base.min.css?ver=8.2.6 HTTP/2" 200 8633 "https://hamza2roues.com/product/gant-moto-fox-2/" "Mozilla/5.0 (Windows NT 10.0; Win64; x64) AppleWebKit/537.36 (KHTML, like Gecko) Chrome/143.0.0.0 Safari/537.36"
196.179.254.122 - - [05/Dec/2025:16:44:02 +0300] "GET /wp-content/themes/woodmart/css/parts/helpers-wpb-elem.min.css?ver=8.2.6 HTTP/2" 200 275 "https://hamza2roues.com/product/gant-moto-fox-2/" "Mozilla/5.0 (Windows NT 10.0; Win64; x64) AppleWebKit/537.36 (KHTML, like Gecko) Chrome/143.0.0.0 Safari/537.36"
196.179.254.122 - - [05/Dec/2025:16:44:02 +0300] "GET /wp-content/themes/woodmart/css/parts/int-elem-base.min.css?ver=8.2.6 HTTP/2" 200 1261 "https://hamza2roues.com/product/gant-moto-fox-2/" "Mozilla/5.0 (Windows NT 10.0; Win64; x64) AppleWebKit/537.36 (KHTML, like Gecko) Chrome/143.0.0.0 Safari/537.36"
196.179.254.122 - - [05/Dec/2025:16:44:02 +0300] "GET /wp-content/themes/woodmart/css/parts/int-wordfence.min.css?ver=8.2.6 HTTP/2" 200 167 "https://hamza2roues.com/product/gant-moto-fox-2/" "Mozilla/5.0 (Windows NT 10.0; Win64; x64) AppleWebKit/537.36 (KHTML, like Gecko) Chrome/143.0.0.0 Safari/537.36"
196.179.254.122 - - [05/Dec/2025:16:44:02 +0300] "GET /wp-content/themes/woodmart/css/parts/woocommerce-base.min.css?ver=8.2.6 HTTP/2" 200 1492 "https://hamza2roues.com/product/gant-moto-fox-2/" "Mozilla/5.0 (Windows NT 10.0; Win64; x64) AppleWebKit/537.36 (KHTML, like Gecko) Chrome/143.0.0.0 Safari/537.36"
196.179.254.122 - - [05/Dec/2025:16:44:02 +0300] "GET /wp-includes/js/mediaelement/wp-mediaelement.min.css?ver=6.8.3 HTTP/2" 200 915 "https://hamza2roues.com/product/gant-moto-fox-2/" "Mozilla/5.0 (Windows NT 10.0; Win64; x64) AppleWebKit/537.36 (KHTML, like Gecko) Chrome/143.0.0.0 Safari/537.36"
196.179.254.122 - - [05/Dec/2025:16:44:02 +0300] "GET /wp-content/themes/woodmart/css/parts/woo-single-prod-el-base.min.css?ver=8.2.6 HTTP/2" 200 367 "https://hamza2roues.com/product/gant-moto-fox-2/" "Mozilla/5.0 (Windows NT 10.0; Win64; x64) AppleWebKit/537.36 (KHTML, like Gecko) Chrome/143.0.0.0 Safari/537.36"
196.179.254.122 - - [05/Dec/2025:16:44:02 +0300] "GET /wp-content/themes/woodmart/css/parts/woo-mod-stock-status.min.css?ver=8.2.6 HTTP/2" 200 334 "https://hamza2roues.com/product/gant-moto-fox-2/" "Mozilla/5.0 (Windows NT 10.0; Win64; x64) AppleWebKit/537.36 (KHTML, like Gecko) Chrome/143.0.0.0 Safari/537.36"
196.179.254.122 - - [05/Dec/2025:16:44:02 +0300] "GET /wp-content/themes/woodmart/css/parts/woo-mod-shop-attributes.min.css?ver=8.2.6 HTTP/2" 200 345 "https://hamza2roues.com/product/gant-moto-fox-2/" "Mozilla/5.0 (Windows NT 10.0; Win64; x64) AppleWebKit/537.36 (KHTML, like Gecko) Chrome/143.0.0.0 Safari/537.36"
196.179.254.122 - - [05/Dec/2025:16:44:02 +0300] "GET /wp-content/themes/woodmart/css/parts/wp-blocks.min.css?ver=8.2.6 HTTP/2" 200 871 "https://hamza2roues.com/product/gant-moto-fox-2/" "Mozilla/5.0 (Windows NT 10.0; Win64; x64) AppleWebKit/537.36 (KHTML, like Gecko) Chrome/143.0.0.0 Safari/537.36"
196.179.254.122 - - [05/Dec/2025:16:44:02 +0300] "GET /wp-content/themes/woodmart-child/style.css?ver=8.2.6 HTTP/2" 200 196 "https://hamza2roues.com/product/gant-moto-fox-2/" "Mozilla/5.0 (Windows NT 10.0; Win64; x64) AppleWebKit/537.36 (KHTML, like Gecko) Chrome/143.0.0.0 Safari/537.36"
196.179.254.122 - - [05/Dec/2025:16:44:02 +0300] "GET /wp-content/themes/woodmart/css/parts/woo-mod-product-info.min.css?ver=8.2.6 HTTP/2" 200 266 "https://hamza2roues.com/product/gant-moto-fox-2/" "Mozilla/5.0 (Windows NT 10.0; Win64; x64) AppleWebKit/537.36 (KHTML, like Gecko) Chrome/143.0.0.0 Safari/537.36"
196.179.254.122 - - [05/Dec/2025:16:44:02 +0300] "GET /wp-content/themes/woodmart/css/parts/woo-opt-est-del.min.css?ver=8.2.6 HTTP/2" 200 179 "https://hamza2roues.com/product/gant-moto-fox-2/" "Mozilla/5.0 (Windows NT 10.0; Win64; x64) AppleWebKit/537.36 (KHTML, like Gecko) Chrome/143.0.0.0 Safari/537.36"
196.179.254.122 - - [05/Dec/2025:16:44:02 +0300] "GET /wp-content/themes/woodmart/css/parts/header-base.min.css?ver=8.2.6 HTTP/2" 200 2671 "https://hamza2roues.com/product/gant-moto-fox-2/" "Mozilla/5.0 (Windows NT 10.0; Win64; x64) AppleWebKit/537.36 (KHTML, like Gecko) Chrome/143.0.0.0 Safari/537.36"
196.179.254.122 - - [05/Dec/2025:16:44:02 +0300] "GET /wp-content/themes/woodmart/css/parts/mod-tools.min.css?ver=8.2.6 HTTP/2" 200 852 "https://hamza2roues.com/product/gant-moto-fox-2/" "Mozilla/5.0 (Windows NT 10.0; Win64; x64) AppleWebKit/537.36 (KHTML, like Gecko) Chrome/143.0.0.0 Safari/537.36"
196.179.254.122 - - [05/Dec/2025:16:44:02 +0300] "GET /wp-content/uploads/elementor/css/custom-frontend.min.css?ver=1763592969 HTTP/2" 200 5906 "https://hamza2roues.com/product/gant-moto-fox-2/" "Mozilla/5.0 (Windows NT 10.0; Win64; x64) AppleWebKit/537.36 (KHTML, like Gecko) Chrome/143.0.0.0 Safari/537.36"
196.179.254.122 - - [05/Dec/2025:16:44:02 +0300] "GET /wp-content/themes/woodmart/css/parts/header-el-search-form.min.css?ver=8.2.6 HTTP/2" 200 266 "https://hamza2roues.com/product/gant-moto-fox-2/" "Mozilla/5.0 (Windows NT 10.0; Win64; x64) AppleWebKit/537.36 (KHTML, like Gecko) Chrome/143.0.0.0 Safari/537.36"
196.179.254.122 - - [05/Dec/2025:16:44:02 +0300] "GET /wp-content/themes/woodmart/css/parts/wd-search-form.min.css?ver=8.2.6 HTTP/2" 200 602 "https://hamza2roues.com/product/gant-moto-fox-2/" "Mozilla/5.0 (Windows NT 10.0; Win64; x64) AppleWebKit/537.36 (KHTML, like Gecko) Chrome/143.0.0.0 Safari/537.36"
196.179.254.122 - - [05/Dec/2025:16:44:02 +0300] "GET /wp-content/themes/woodmart/css/parts/wd-search-results.min.css?ver=8.2.6 HTTP/2" 200 735 "https://hamza2roues.com/product/gant-moto-fox-2/" "Mozilla/5.0 (Windows NT 10.0; Win64; x64) AppleWebKit/537.36 (KHTML, like Gecko) Chrome/143.0.0.0 Safari/537.36"
196.179.254.122 - - [05/Dec/2025:16:44:02 +0300] "GET /wp-content/themes/woodmart/css/parts/wd-search-dropdown.min.css?ver=8.2.6 HTTP/2" 200 542 "https://hamza2roues.com/product/gant-moto-fox-2/" "Mozilla/5.0 (Windows NT 10.0; Win64; x64) AppleWebKit/537.36 (KHTML, like Gecko) Chrome/143.0.0.0 Safari/537.36"
196.179.254.122 - - [05/Dec/2025:16:44:02 +0300] "GET /wp-content/themes/woodmart/css/parts/header-el-base.min.css?ver=8.2.6 HTTP/2" 200 325 "https://hamza2roues.com/product/gant-moto-fox-2/" "Mozilla/5.0 (Windows NT 10.0; Win64; x64) AppleWebKit/537.36 (KHTML, like Gecko) Chrome/143.0.0.0 Safari/537.36"
196.179.254.122 - - [05/Dec/2025:16:44:02 +0300] "GET /wp-content/themes/woodmart/css/parts/el-info-box.min.css?ver=8.2.6 HTTP/2" 200 935 "https://hamza2roues.com/product/gant-moto-fox-2/" "Mozilla/5.0 (Windows NT 10.0; Win64; x64) AppleWebKit/537.36 (KHTML, like Gecko) Chrome/143.0.0.0 Safari/537.36"
196.179.254.122 - - [05/Dec/2025:16:44:02 +0300] "GET /wp-content/uploads/elementor/css/post-7.css?ver=1763592969 HTTP/2" 200 298 "https://hamza2roues.com/product/gant-moto-fox-2/" "Mozilla/5.0 (Windows NT 10.0; Win64; x64) AppleWebKit/537.36 (KHTML, like Gecko) Chrome/143.0.0.0 Safari/537.36"
196.179.254.122 - - [05/Dec/2025:16:44:02 +0300] "GET /wp-content/themes/woodmart/css/parts/header-el-cart-side.min.css?ver=8.2.6 HTTP/2" 200 287 "https://hamza2roues.com/product/gant-moto-fox-2/" "Mozilla/5.0 (Windows NT 10.0; Win64; x64) AppleWebKit/537.36 (KHTML, like Gecko) Chrome/143.0.0.0 Safari/537.36"
196.179.254.122 - - [05/Dec/2025:16:44:02 +0300] "GET /wp-content/themes/woodmart/css/parts/header-el-cart.min.css?ver=8.2.6 HTTP/2" 200 536 "https://hamza2roues.com/product/gant-moto-fox-2/" "Mozilla/5.0 (Windows NT 10.0; Win64; x64) AppleWebKit/537.36 (KHTML, like Gecko) Chrome/143.0.0.0 Safari/537.36"
196.179.254.122 - - [05/Dec/2025:16:44:02 +0300] "GET /wp-content/themes/woodmart/css/parts/woo-widget-shopping-cart.min.css?ver=8.2.6 HTTP/2" 200 1130 "https://hamza2roues.com/product/gant-moto-fox-2/" "Mozilla/5.0 (Windows NT 10.0; Win64; x64) AppleWebKit/537.36 (KHTML, like Gecko) Chrome/143.0.0.0 Safari/537.36"
196.179.254.122 - - [05/Dec/2025:16:44:02 +0300] "GET /wp-content/themes/woodmart/css/parts/woo-widget-product-list.min.css?ver=8.2.6 HTTP/2" 200 293 "https://hamza2roues.com/product/gant-moto-fox-2/" "Mozilla/5.0 (Windows NT 10.0; Win64; x64) AppleWebKit/537.36 (KHTML, like Gecko) Chrome/143.0.0.0 Safari/537.36"
196.179.254.122 - - [05/Dec/2025:16:44:02 +0300] "GET /wp-content/themes/woodmart/css/parts/header-el-mobile-nav-dropdown.min.css?ver=8.2.6 HTTP/2" 200 90 "https://hamza2roues.com/product/gant-moto-fox-2/" "Mozilla/5.0 (Windows NT 10.0; Win64; x64) AppleWebKit/537.36 (KHTML, like Gecko) Chrome/143.0.0.0 Safari/537.36"
196.179.254.122 - - [05/Dec/2025:16:44:02 +0300] "GET /wp-content/themes/woodmart/css/parts/el-button.min.css?ver=8.2.6 HTTP/2" 200 501 "https://hamza2roues.com/product/gant-moto-fox-2/" "Mozilla/5.0 (Windows NT 10.0; Win64; x64) AppleWebKit/537.36 (KHTML, like Gecko) Chrome/143.0.0.0 Safari/537.36"
196.179.254.122 - - [05/Dec/2025:16:44:02 +0300] "GET /wp-content/plugins/wp-whatsapp/assets/dist/css/style.css?ver=6.8.3 HTTP/2" 200 4361 "https://hamza2roues.com/product/gant-moto-fox-2/" "Mozilla/5.0 (Windows NT 10.0; Win64; x64) AppleWebKit/537.36 (KHTML, like Gecko) Chrome/143.0.0.0 Safari/537.36"
196.179.254.122 - - [05/Dec/2025:16:44:02 +0300] "GET /wp-content/themes/woodmart/css/parts/woo-el-breadcrumbs-builder.min.css?ver=8.2.6 HTTP/2" 200 149 "https://hamza2roues.com/product/gant-moto-fox-2/" "Mozilla/5.0 (Windows NT 10.0; Win64; x64) AppleWebKit/537.36 (KHTML, like Gecko) Chrome/143.0.0.0 Safari/537.36"
196.179.254.122 - - [05/Dec/2025:16:44:02 +0300] "GET /wp-content/themes/woodmart/css/parts/woo-single-prod-el-navigation.min.css?ver=8.2.6 HTTP/2" 200 356 "https://hamza2roues.com/product/gant-moto-fox-2/" "Mozilla/5.0 (Windows NT 10.0; Win64; x64) AppleWebKit/537.36 (KHTML, like Gecko) Chrome/143.0.0.0 Safari/537.36"
196.179.254.122 - - [05/Dec/2025:16:44:02 +0300] "GET /wp-content/themes/woodmart/css/parts/lib-photoswipe.min.css?ver=8.2.6 HTTP/2" 200 1575 "https://hamza2roues.com/product/gant-moto-fox-2/" "Mozilla/5.0 (Windows NT 10.0; Win64; x64) AppleWebKit/537.36 (KHTML, like Gecko) Chrome/143.0.0.0 Safari/537.36"
196.179.254.122 - - [05/Dec/2025:16:44:02 +0300] "GET /wp-content/themes/woodmart/css/parts/woo-single-prod-el-gallery.min.css?ver=8.2.6 HTTP/2" 200 1183 "https://hamza2roues.com/product/gant-moto-fox-2/" "Mozilla/5.0 (Windows NT 10.0; Win64; x64) AppleWebKit/537.36 (KHTML, like Gecko) Chrome/143.0.0.0 Safari/537.36"
196.179.254.122 - - [05/Dec/2025:16:44:02 +0300] "GET /wp-content/themes/woodmart/css/parts/woo-single-prod-el-gallery-opt-thumb-left-desktop.min.css?ver=8.2.6 HTTP/2" 200 475 "https://hamza2roues.com/product/gant-moto-fox-2/" "Mozilla/5.0 (Windows NT 10.0; Win64; x64) AppleWebKit/537.36 (KHTML, like Gecko) Chrome/143.0.0.0 Safari/537.36"
196.179.254.122 - - [05/Dec/2025:16:44:02 +0300] "GET /wp-content/themes/woodmart/css/parts/lib-swiper.min.css?ver=8.2.6 HTTP/2" 200 488 "https://hamza2roues.com/product/gant-moto-fox-2/" "Mozilla/5.0 (Windows NT 10.0; Win64; x64) AppleWebKit/537.36 (KHTML, like Gecko) Chrome/143.0.0.0 Safari/537.36"
196.179.254.122 - - [05/Dec/2025:16:44:02 +0300] "GET /wp-content/themes/woodmart/css/parts/woo-mod-block-notices.min.css?ver=8.2.6 HTTP/2" 200 584 "https://hamza2roues.com/product/gant-moto-fox-2/" "Mozilla/5.0 (Windows NT 10.0; Win64; x64) AppleWebKit/537.36 (KHTML, like Gecko) Chrome/143.0.0.0 Safari/537.36"
196.179.254.122 - - [05/Dec/2025:16:44:02 +0300] "GET /wp-content/themes/woodmart/css/parts/el-text-block.min.css?ver=8.2.6 HTTP/2" 200 99 "https://hamza2roues.com/product/gant-moto-fox-2/" "Mozilla/5.0 (Windows NT 10.0; Win64; x64) AppleWebKit/537.36 (KHTML, like Gecko) Chrome/143.0.0.0 Safari/537.36"
196.179.254.122 - - [05/Dec/2025:16:44:02 +0300] "GET /wp-content/themes/woodmart/css/parts/woo-opt-visits-count.min.css?ver=8.2.6 HTTP/2" 200 154 "https://hamza2roues.com/product/gant-moto-fox-2/" "Mozilla/5.0 (Windows NT 10.0; Win64; x64) AppleWebKit/537.36 (KHTML, like Gecko) Chrome/143.0.0.0 Safari/537.36"
196.179.254.122 - - [05/Dec/2025:16:44:02 +0300] "GET /wp-content/themes/woodmart/css/parts/el-section-title.min.css?ver=8.2.6 HTTP/2" 200 460 "https://hamza2roues.com/product/gant-moto-fox-2/" "Mozilla/5.0 (Windows NT 10.0; Win64; x64) AppleWebKit/537.36 (KHTML, like Gecko) Chrome/143.0.0.0 Safari/537.36"
196.179.254.122 - - [05/Dec/2025:16:44:02 +0300] "GET /wp-content/themes/woodmart/css/parts/el-list.min.css?ver=8.2.6 HTTP/2" 200 548 "https://hamza2roues.com/product/gant-moto-fox-2/" "Mozilla/5.0 (Windows NT 10.0; Win64; x64) AppleWebKit/537.36 (KHTML, like Gecko) Chrome/143.0.0.0 Safari/537.36"
196.179.254.122 - - [05/Dec/2025:16:44:02 +0300] "GET /wp-content/themes/woodmart/css/parts/el-banner.min.css?ver=8.2.6 HTTP/2" 200 594 "https://hamza2roues.com/product/gant-moto-fox-2/" "Mozilla/5.0 (Windows NT 10.0; Win64; x64) AppleWebKit/537.36 (KHTML, like Gecko) Chrome/143.0.0.0 Safari/537.36"
196.179.254.122 - - [05/Dec/2025:16:44:02 +0300] "GET /wp-content/themes/woodmart/css/parts/el-banner-hover-zoom.min.css?ver=8.2.6 HTTP/2" 200 156 "https://hamza2roues.com/product/gant-moto-fox-2/" "Mozilla/5.0 (Windows NT 10.0; Win64; x64) AppleWebKit/537.36 (KHTML, like Gecko) Chrome/143.0.0.0 Safari/537.36"
196.179.254.122 - - [05/Dec/2025:16:44:02 +0300] "GET /wp-content/themes/woodmart/css/parts/woo-mod-quantity.min.css?ver=8.2.6 HTTP/2" 200 394 "https://hamza2roues.com/product/gant-moto-fox-2/" "Mozilla/5.0 (Windows NT 10.0; Win64; x64) AppleWebKit/537.36 (KHTML, like Gecko) Chrome/143.0.0.0 Safari/537.36"
196.179.254.122 - - [05/Dec/2025:16:44:02 +0300] "GET /wp-content/themes/woodmart/css/parts/post-types-mod-comments.min.css?ver=8.2.6 HTTP/2" 200 1018 "https://hamza2roues.com/product/gant-moto-fox-2/" "Mozilla/5.0 (Windows NT 10.0; Win64; x64) AppleWebKit/537.36 (KHTML, like Gecko) Chrome/143.0.0.0 Safari/537.36"
196.179.254.122 - - [05/Dec/2025:16:44:02 +0300] "GET /wp-content/themes/woodmart/css/parts/el-tabs.min.css?ver=8.2.6 HTTP/2" 200 1084 "https://hamza2roues.com/product/gant-moto-fox-2/" "Mozilla/5.0 (Windows NT 10.0; Win64; x64) AppleWebKit/537.36 (KHTML, like Gecko) Chrome/143.0.0.0 Safari/537.36"
196.179.254.122 - - [05/Dec/2025:16:44:02 +0300] "GET /wp-content/themes/woodmart/css/parts/woo-single-prod-el-tabs-opt-layout-tabs.min.css?ver=8.2.6 HTTP/2" 200 217 "https://hamza2roues.com/product/gant-moto-fox-2/" "Mozilla/5.0 (Windows NT 10.0; Win64; x64) AppleWebKit/537.36 (KHTML, like Gecko) Chrome/143.0.0.0 Safari/537.36"
196.179.254.122 - - [05/Dec/2025:16:44:02 +0300] "GET /wp-content/themes/woodmart/css/parts/woo-product-loop.min.css?ver=8.2.6 HTTP/2" 200 1436 "https://hamza2roues.com/product/gant-moto-fox-2/" "Mozilla/5.0 (Windows NT 10.0; Win64; x64) AppleWebKit/537.36 (KHTML, like Gecko) Chrome/143.0.0.0 Safari/537.36"
196.179.254.122 - - [05/Dec/2025:16:44:02 +0300] "GET /wp-content/themes/woodmart/css/parts/woo-product-loop-quick.min.css?ver=8.2.6 HTTP/2" 200 569 "https://hamza2roues.com/product/gant-moto-fox-2/" "Mozilla/5.0 (Windows NT 10.0; Win64; x64) AppleWebKit/537.36 (KHTML, like Gecko) Chrome/143.0.0.0 Safari/537.36"
196.179.254.122 - - [05/Dec/2025:16:44:02 +0300] "GET /wp-content/themes/woodmart/css/parts/woo-mod-add-btn-replace.min.css?ver=8.2.6 HTTP/2" 200 445 "https://hamza2roues.com/product/gant-moto-fox-2/" "Mozilla/5.0 (Windows NT 10.0; Win64; x64) AppleWebKit/537.36 (KHTML, like Gecko) Chrome/143.0.0.0 Safari/537.36"
196.179.254.122 - - [05/Dec/2025:16:44:02 +0300] "GET /wp-content/themes/woodmart/css/parts/woo-opt-free-progress-bar.min.css?ver=8.2.6 HTTP/2" 200 258 "https://hamza2roues.com/product/gant-moto-fox-2/" "Mozilla/5.0 (Windows NT 10.0; Win64; x64) AppleWebKit/537.36 (KHTML, like Gecko) Chrome/143.0.0.0 Safari/537.36"
196.179.254.122 - - [05/Dec/2025:16:44:02 +0300] "GET /wp-content/themes/woodmart/css/parts/woo-opt-products-bg.min.css?ver=8.2.6 HTTP/2" 200 124 "https://hamza2roues.com/product/gant-moto-fox-2/" "Mozilla/5.0 (Windows NT 10.0; Win64; x64) AppleWebKit/537.36 (KHTML, like Gecko) Chrome/143.0.0.0 Safari/537.36"
196.179.254.122 - - [05/Dec/2025:16:44:02 +0300] "GET /wp-content/themes/woodmart/css/parts/woo-opt-stretch-cont.min.css?ver=8.2.6 HTTP/2" 200 233 "https://hamza2roues.com/product/gant-moto-fox-2/" "Mozilla/5.0 (Windows NT 10.0; Win64; x64) AppleWebKit/537.36 (KHTML, like Gecko) Chrome/143.0.0.0 Safari/537.36"
