165.50.80.197 - - [05/Dec/2025:16:17:42 +0300] "GET /wp-content/uploads/elementor/css/post-52.css?ver=1764891301 HTTP/1.1" 200 652 "https://hamza2roues.com/" "Mozilla/5.0 (Linux; Android 10; K) AppleWebKit/537.36 (KHTML, like Gecko) Chrome/142.0.0.0 Mobile Safari/537.36"
165.50.80.197 - - [05/Dec/2025:16:17:42 +0300] "GET /wp-content/plugins/woocommerce/assets/client/blocks/wc-blocks.css?ver=wc-10.3.6 HTTP/1.1" 200 2237 "https://hamza2roues.com/" "Mozilla/5.0 (Linux; Android 10; K) AppleWebKit/537.36 (KHTML, like Gecko) Chrome/142.0.0.0 Mobile Safari/537.36"
165.50.80.197 - - [05/Dec/2025:16:17:42 +0300] "GET /wp-includes/js/dist/script-modules/interactivity/index.min.js?ver=8964710565a1d258501f HTTP/1.1" 200 13628 "https://hamza2roues.com/" "Mozilla/5.0 (Linux; Android 10; K) AppleWebKit/537.36 (KHTML, like Gecko) Chrome/142.0.0.0 Mobile Safari/537.36"
193.111.77.77 - - [05/Dec/2025:16:18:08 +0300] "GET /wp-content/uploads/2025/11/unnamed-35-e1763594255987.jpg HTTP/1.1" 200 59101 "-" "-"
193.111.77.77 - - [05/Dec/2025:16:19:20 +0300] "POST /wp-cron.php?doing_wp_cron=1764940760.5302610397338867187500 HTTP/1.1" 200 0 "-" "WordPress/6.9; https://hamza2roues.com"
114.119.130.240 - - [05/Dec/2025:16:19:28 +0300] "GET /product-category/pieces-moto/transmission/?per_page=18&shop_view=grid&per_row=3 HTTP/1.1" 200 32314 "https://hamza2roues.com/product-category/pieces-moto/transmission?per_page=18" "Mozilla/5.0 (Linux; Android 7.0;) AppleWebKit/537.36 (KHTML, like Gecko) Mobile Safari/537.36 (compatible; PetalBot;+https://webmaster.petalsearch.com/site/petalbot)"
66.249.92.140 - - [05/Dec/2025:16:21:21 +0300] "GET /wp-includes/js/mediaelement/wp-mediaelement.min.css?ver=6.8.3 HTTP/1.1" 200 915 "https://hamza2roues.com/product/huile-moteur-10w40-7100-4t-1l-motul/" "Mozilla/5.0 (X11; Linux x86_64) AppleWebKit/537.36 (KHTML, like Gecko) Chrome/141.0.7390.122 Safari/537.36"
66.249.92.138 - - [05/Dec/2025:16:21:23 +0300] "GET /wp-content/uploads/order-tracker-by-phone-number/frontend.css?ver=1752416979 HTTP/1.1" 200 590 "https://hamza2roues.com/product/huile-moteur-10w40-7100-4t-1l-motul/" "Mozilla/5.0 (X11; Linux x86_64) AppleWebKit/537.36 (KHTML, like Gecko) Chrome/141.0.7390.122 Safari/537.36"
66.249.92.193 - - [05/Dec/2025:16:21:27 +0300] "GET /wp-content/themes/woodmart/css/parts/mod-star-rating.min.css?ver=8.2.6 HTTP/1.1" 200 199 "https://hamza2roues.com/product/huile-moteur-10w40-7100-4t-1l-motul/" "Mozilla/5.0 (X11; Linux x86_64) AppleWebKit/537.36 (KHTML, like Gecko) Chrome/141.0.7390.122 Safari/537.36"
66.249.92.33 - - [05/Dec/2025:16:21:28 +0300] "GET /wp-content/themes/woodmart/css/parts/woo-single-prod-el-base.min.css?ver=8.2.6 HTTP/1.1" 200 367 "https://hamza2roues.com/product/huile-moteur-10w40-7100-4t-1l-motul/" "Mozilla/5.0 (X11; Linux x86_64) AppleWebKit/537.36 (KHTML, like Gecko) Chrome/141.0.7390.122 Safari/537.36"
66.249.92.165 - - [05/Dec/2025:16:21:29 +0300] "GET /wp-content/plugins/wp-whatsapp/assets/dist/css/style.css?ver=6.8.3 HTTP/1.1" 200 4361 "https://hamza2roues.com/product/huile-moteur-10w40-7100-4t-1l-motul/" "Mozilla/5.0 (X11; Linux x86_64) AppleWebKit/537.36 (KHTML, like Gecko) Chrome/141.0.7390.122 Safari/537.36"
41.227.208.254 - - [05/Dec/2025:16:19:29 +0300] "POST /?wc-ajax=get_refreshed_fragments HTTP/2" 200 499 "https://hamza2roues.com/product-category/casque/" "Mozilla/5.0 (Linux; Android 10; K) AppleWebKit/537.36 (KHTML, like Gecko) Chrome/142.0.0.0 Mobile Safari/537.36"
41.227.208.254 - - [05/Dec/2025:16:19:28 +0300] "POST /wp-json/wp-statistics/v2/hit HTTP/2" 200 19 "https://hamza2roues.com/product-category/casque/" "Mozilla/5.0 (Linux; Android 10; K) AppleWebKit/537.36 (KHTML, like Gecko) Chrome/142.0.0.0 Mobile Safari/537.36"
41.227.208.254 - - [05/Dec/2025:16:19:31 +0300] "GET /product-category/casque/?orderby=price&paged=1&_pjax=.wd-page-content HTTP/2" 301 0 "https://hamza2roues.com/product-category/casque/" "Mozilla/5.0 (Linux; Android 10; K) AppleWebKit/537.36 (KHTML, like Gecko) Chrome/142.0.0.0 Mobile Safari/537.36"
41.227.208.254 - - [05/Dec/2025:16:19:31 +0300] "POST /wp-json/wp-statistics/v2/hit HTTP/2" 200 19 "https://hamza2roues.com/product-category/casque/?orderby=price&paged=1" "Mozilla/5.0 (Linux; Android 10; K) AppleWebKit/537.36 (KHTML, like Gecko) Chrome/142.0.0.0 Mobile Safari/537.36"
41.227.208.254 - - [05/Dec/2025:16:19:32 +0300] "GET /product-category/casque/?orderby=price&_pjax=.wd-page-content HTTP/2" 200 10539 "https://hamza2roues.com/product-category/casque/" "Mozilla/5.0 (Linux; Android 10; K) AppleWebKit/537.36 (KHTML, like Gecko) Chrome/142.0.0.0 Mobile Safari/537.36"
197.238.90.57 - - [05/Dec/2025:16:19:35 +0300] "POST /wp-admin/admin-ajax.php HTTP/2" 200 78 "https://hamza2roues.com/product/systeme-dalarme-moto/" "Mozilla/5.0 (Macintosh; Intel Mac OS X 10_15_7) AppleWebKit/537.36 (KHTML, like Gecko) Chrome/142.0.0.0 Safari/537.36"
197.238.90.57 - - [05/Dec/2025:16:19:35 +0300] "POST /wp-admin/admin-ajax.php HTTP/2" 200 80 "https://hamza2roues.com/product/autocollant-sticker-uv-3d-honda/" "Mozilla/5.0 (Macintosh; Intel Mac OS X 10_15_7) AppleWebKit/537.36 (KHTML, like Gecko) Chrome/142.0.0.0 Safari/537.36"
66.249.92.166 - - [05/Dec/2025:16:21:23 +0300] "GET /wp-content/themes/woodmart/css/parts/base.min.css?ver=8.2.6 HTTP/1.1" 200 8633 "https://hamza2roues.com/product/huile-moteur-10w40-7100-4t-1l-motul/" "Mozilla/5.0 (X11; Linux x86_64) AppleWebKit/537.36 (KHTML, like Gecko) Chrome/141.0.7390.122 Safari/537.36"
66.249.92.11 - - [05/Dec/2025:16:21:30 +0300] "GET /wp-content/uploads/elementor/css/custom-frontend.min.css?ver=1763592969 HTTP/1.1" 200 5906 "https://hamza2roues.com/product/huile-moteur-10w40-7100-4t-1l-motul/" "Mozilla/5.0 (X11; Linux x86_64) AppleWebKit/537.36 (KHTML, like Gecko) Chrome/141.0.7390.122 Safari/537.36"
66.249.92.11 - - [05/Dec/2025:16:21:32 +0300] "GET /wp-content/themes/woodmart/css/parts/header-el-base.min.css?ver=8.2.6 HTTP/1.1" 200 325 "https://hamza2roues.com/product/huile-moteur-10w40-7100-4t-1l-motul/" "Mozilla/5.0 (X11; Linux x86_64) AppleWebKit/537.36 (KHTML, like Gecko) Chrome/141.0.7390.122 Safari/537.36"
66.249.92.193 - - [05/Dec/2025:16:21:33 +0300] "GET /wp-content/themes/woodmart/css/parts/el-button.min.css?ver=8.2.6 HTTP/1.1" 200 501 "https://hamza2roues.com/product/huile-moteur-10w40-7100-4t-1l-motul/" "Mozilla/5.0 (X11; Linux x86_64) AppleWebKit/537.36 (KHTML, like Gecko) Chrome/141.0.7390.122 Safari/537.36"
66.249.92.11 - - [05/Dec/2025:16:21:33 +0300] "GET /wp-content/themes/woodmart/css/parts/woo-single-prod-el-gallery-opt-thumb-left-desktop.min.css?ver=8.2.6 HTTP/1.1" 200 475 "https://hamza2roues.com/product/huile-moteur-10w40-7100-4t-1l-motul/" "Mozilla/5.0 (X11; Linux x86_64) AppleWebKit/537.36 (KHTML, like Gecko) Chrome/141.0.7390.122 Safari/537.36"
197.238.90.57 - - [05/Dec/2025:16:21:35 +0300] "POST /wp-admin/admin-ajax.php HTTP/1.1" 200 80 "https://hamza2roues.com/product/autocollant-sticker-uv-3d-honda/" "Mozilla/5.0 (Macintosh; Intel Mac OS X 10_15_7) AppleWebKit/537.36 (KHTML, like Gecko) Chrome/142.0.0.0 Safari/537.36"
66.249.92.33 - - [05/Dec/2025:16:21:30 +0300] "GET /wp-content/themes/woodmart/css/parts/mod-tools.min.css?ver=8.2.6 HTTP/1.1" 200 852 "https://hamza2roues.com/product/huile-moteur-10w40-7100-4t-1l-motul/" "Mozilla/5.0 (X11; Linux x86_64) AppleWebKit/537.36 (KHTML, like Gecko) Chrome/141.0.7390.122 Safari/537.36"
66.249.92.138 - - [05/Dec/2025:16:21:31 +0300] "GET /wp-content/themes/woodmart/css/parts/header-base.min.css?ver=8.2.6 HTTP/1.1" 200 2671 "https://hamza2roues.com/product/huile-moteur-10w40-7100-4t-1l-motul/" "Mozilla/5.0 (X11; Linux x86_64) AppleWebKit/537.36 (KHTML, like Gecko) Chrome/141.0.7390.122 Safari/537.36"
66.249.92.165 - - [05/Dec/2025:16:21:31 +0300] "GET /wp-content/themes/woodmart/css/parts/header-el-search-form.min.css?ver=8.2.6 HTTP/1.1" 200 266 "https://hamza2roues.com/product/huile-moteur-10w40-7100-4t-1l-motul/" "Mozilla/5.0 (X11; Linux x86_64) AppleWebKit/537.36 (KHTML, like Gecko) Chrome/141.0.7390.122 Safari/537.36"
66.249.92.138 - - [05/Dec/2025:16:21:34 +0300] "GET /wp-content/themes/woodmart/css/parts/lib-swiper.min.css?ver=8.2.6 HTTP/1.1" 200 488 "https://hamza2roues.com/product/huile-moteur-10w40-7100-4t-1l-motul/" "Mozilla/5.0 (X11; Linux x86_64) AppleWebKit/537.36 (KHTML, like Gecko) Chrome/141.0.7390.122 Safari/537.36"
66.249.92.33 - - [05/Dec/2025:16:21:36 +0300] "GET /wp-content/themes/woodmart/css/parts/el-banner-btn-hover.min.css?ver=8.2.6 HTTP/1.1" 200 325 "https://hamza2roues.com/product/huile-moteur-10w40-7100-4t-1l-motul/" "Mozilla/5.0 (X11; Linux x86_64) AppleWebKit/537.36 (KHTML, like Gecko) Chrome/141.0.7390.122 Safari/537.36"
66.249.92.138 - - [05/Dec/2025:16:21:37 +0300] "GET /wp-content/themes/woodmart/css/parts/woo-opt-products-bg.min.css?ver=8.2.6 HTTP/1.1" 200 124 "https://hamza2roues.com/product/huile-moteur-10w40-7100-4t-1l-motul/" "Mozilla/5.0 (X11; Linux x86_64) AppleWebKit/537.36 (KHTML, like Gecko) Chrome/141.0.7390.122 Safari/537.36"
66.249.92.33 - - [05/Dec/2025:16:21:37 +0300] "GET /wp-content/themes/woodmart/css/parts/lib-photoswipe.min.css?ver=8.2.6 HTTP/1.1" 200 1575 "https://hamza2roues.com/product/huile-moteur-10w40-7100-4t-1l-motul/" "Mozilla/5.0 (X11; Linux x86_64) AppleWebKit/537.36 (KHTML, like Gecko) Chrome/141.0.7390.122 Safari/537.36"
66.249.92.138 - - [05/Dec/2025:16:21:38 +0300] "GET /wp-content/themes/woodmart/css/parts/wp-blocks.min.css?ver=8.2.6 HTTP/1.1" 200 871 "https://hamza2roues.com/product/huile-moteur-10w40-7100-4t-1l-motul/" "Mozilla/5.0 (X11; Linux x86_64) AppleWebKit/537.36 (KHTML, like Gecko) Chrome/141.0.7390.122 Safari/537.36"
66.249.92.33 - - [05/Dec/2025:16:21:40 +0300] "GET /wp-content/themes/woodmart/css/parts/el-section-title.min.css?ver=8.2.6 HTTP/1.1" 200 460 "https://hamza2roues.com/product/huile-moteur-10w40-7100-4t-1l-motul/" "Mozilla/5.0 (X11; Linux x86_64) AppleWebKit/537.36 (KHTML, like Gecko) Chrome/141.0.7390.122 Safari/537.36"
66.249.92.11 - - [05/Dec/2025:16:21:46 +0300] "GET /wp-content/themes/woodmart/css/parts/woo-single-prod-el-tabs-opt-layout-tabs.min.css?ver=8.2.6 HTTP/1.1" 200 217 "https://hamza2roues.com/product/huile-moteur-10w40-7100-4t-1l-motul/" "Mozilla/5.0 (X11; Linux x86_64) AppleWebKit/537.36 (KHTML, like Gecko) Chrome/141.0.7390.122 Safari/537.36"
66.249.92.165 - - [05/Dec/2025:16:21:46 +0300] "GET /wp-content/uploads/elementor/css/post-844.css?ver=1763592977 HTTP/1.1" 200 1101 "https://hamza2roues.com/product/huile-moteur-10w40-7100-4t-1l-motul/" "Mozilla/5.0 (X11; Linux x86_64) AppleWebKit/537.36 (KHTML, like Gecko) Chrome/141.0.7390.122 Safari/537.36"
66.249.92.165 - - [05/Dec/2025:16:21:49 +0300] "GET /wp-includes/js/mediaelement/mediaelementplayer-legacy.min.css?ver=4.2.17 HTTP/1.1" 200 2204 "https://hamza2roues.com/product/huile-moteur-10w40-7100-4t-1l-motul/" "Mozilla/5.0 (X11; Linux x86_64) AppleWebKit/537.36 (KHTML, like Gecko) Chrome/141.0.7390.122 Safari/537.36"
66.249.92.35 - - [05/Dec/2025:16:21:20 +0300] "GET /wp-includes/css/dist/block-library/style.min.css?ver=6.8.3 HTTP/1.1" 200 13607 "https://hamza2roues.com/product/huile-moteur-10w40-7100-4t-1l-motul/" "Mozilla/5.0 (X11; Linux x86_64) AppleWebKit/537.36 (KHTML, like Gecko) Chrome/141.0.7390.122 Safari/537.36"
193.111.77.77 - - [05/Dec/2025:16:21:21 +0300] "POST /wp-cron.php?doing_wp_cron=1764940880.9037349224090576171875 HTTP/1.1" 200 0 "-" "WordPress/6.9; https://hamza2roues.com"
197.244.82.246 - - [05/Dec/2025:16:21:19 +0300] "POST /wp-admin/admin-ajax.php HTTP/2" 200 80 "https://hamza2roues.com/product/dosseret-moto-universel-takeya/" "Mozilla/5.0 (Windows NT 10.0; Win64; x64) AppleWebKit/537.36 (KHTML, like Gecko) Chrome/142.0.0.0 Safari/537.36"
66.249.92.165 - - [05/Dec/2025:16:21:24 +0300] "GET /wp-content/themes/woodmart/css/parts/helpers-wpb-elem.min.css?ver=8.2.6 HTTP/1.1" 200 275 "https://hamza2roues.com/product/huile-moteur-10w40-7100-4t-1l-motul/" "Mozilla/5.0 (X11; Linux x86_64) AppleWebKit/537.36 (KHTML, like Gecko) Chrome/141.0.7390.122 Safari/537.36"
66.249.92.165 - - [05/Dec/2025:16:21:24 +0300] "GET /wp-content/themes/woodmart/css/parts/woocommerce-base.min.css?ver=8.2.6 HTTP/1.1" 200 1492 "https://hamza2roues.com/product/huile-moteur-10w40-7100-4t-1l-motul/" "Mozilla/5.0 (X11; Linux x86_64) AppleWebKit/537.36 (KHTML, like Gecko) Chrome/141.0.7390.122 Safari/537.36"
66.249.92.193 - - [05/Dec/2025:16:21:39 +0300] "GET /wp-content/themes/woodmart/css/parts/wd-search-dropdown.min.css?ver=8.2.6 HTTP/1.1" 200 542 "https://hamza2roues.com/product/huile-moteur-10w40-7100-4t-1l-motul/" "Mozilla/5.0 (X11; Linux x86_64) AppleWebKit/537.36 (KHTML, like Gecko) Chrome/141.0.7390.122 Safari/537.36"
66.249.92.193 - - [05/Dec/2025:16:21:41 +0300] "GET /wp-content/uploads/2025/01/Design-sans-titre-1-e1752180245945-1024x935.jpg HTTP/1.1" 200 59508 "https://hamza2roues.com/product/huile-moteur-10w40-7100-4t-1l-motul/" "Mozilla/5.0 (X11; Linux x86_64) AppleWebKit/537.36 (KHTML, like Gecko) Chrome/141.0.7390.122 Safari/537.36"
193.111.77.77 - - [05/Dec/2025:16:21:44 +0300] "GET /wp-content/uploads/2025/01/4t-10w-40.jpg HTTP/1.1" 200 60245 "-" "-"
66.249.92.193 - - [05/Dec/2025:16:21:49 +0300] "GET /wp-content/themes/woodmart/css/parts/opt-widget-collapse.min.css?ver=8.2.6 HTTP/1.1" 200 355 "https://hamza2roues.com/product/huile-moteur-10w40-7100-4t-1l-motul/" "Mozilla/5.0 (X11; Linux x86_64) AppleWebKit/537.36 (KHTML, like Gecko) Chrome/141.0.7390.122 Safari/537.36"
66.249.92.193 - - [05/Dec/2025:16:21:52 +0300] "GET /wp-content/themes/woodmart/css/parts/header-el-mobile-nav-dropdown.min.css?ver=8.2.6 HTTP/1.1" 200 90 "https://hamza2roues.com/product/huile-moteur-10w40-7100-4t-1l-motul/" "Mozilla/5.0 (X11; Linux x86_64) AppleWebKit/537.36 (KHTML, like Gecko) Chrome/141.0.7390.122 Safari/537.36"
66.249.92.193 - - [05/Dec/2025:16:21:58 +0300] "GET /wp-content/themes/woodmart/css/parts/woo-mod-quantity.min.css?ver=8.2.6 HTTP/1.1" 200 394 "https://hamza2roues.com/product/huile-moteur-10w40-7100-4t-1l-motul/" "Mozilla/5.0 (X11; Linux x86_64) AppleWebKit/537.36 (KHTML, like Gecko) Chrome/141.0.7390.122 Safari/537.36"
193.111.77.77 - - [05/Dec/2025:16:22:00 +0300] "POST /wp-cron.php?doing_wp_cron=1764940920.1211359500885009765625 HTTP/1.1" 200 0 "-" "WordPress/6.9; https://hamza2roues.com"
66.249.92.11 - - [05/Dec/2025:16:22:01 +0300] "GET /wp-content/themes/woodmart/css/parts/woo-widget-shopping-cart.min.css?ver=8.2.6 HTTP/1.1" 200 1130 "https://hamza2roues.com/product/huile-moteur-10w40-7100-4t-1l-motul/" "Mozilla/5.0 (X11; Linux x86_64) AppleWebKit/537.36 (KHTML, like Gecko) Chrome/141.0.7390.122 Safari/537.36"
66.249.92.33 - - [05/Dec/2025:16:22:02 +0300] "GET /wp-content/themes/woodmart/css/parts/woo-mod-add-btn-replace.min.css?ver=8.2.6 HTTP/1.1" 200 445 "https://hamza2roues.com/product/huile-moteur-10w40-7100-4t-1l-motul/" "Mozilla/5.0 (X11; Linux x86_64) AppleWebKit/537.36 (KHTML, like Gecko) Chrome/141.0.7390.122 Safari/537.36"
165.50.80.197 - - [05/Dec/2025:16:20:14 +0300] "POST /wp-admin/admin-ajax.php HTTP/2" 200 77 "https://hamza2roues.com/product/huile-moteur-molygen-10w40-liqui-moly/" "Mozilla/5.0 (Linux; Android 10; K) AppleWebKit/537.36 (KHTML, like Gecko) Chrome/142.0.0.0 Mobile Safari/537.36"
197.238.90.57 - - [05/Dec/2025:16:20:35 +0300] "POST /wp-admin/admin-ajax.php HTTP/1.1" 200 78 "https://hamza2roues.com/product/systeme-dalarme-moto/" "Mozilla/5.0 (Macintosh; Intel Mac OS X 10_15_7) AppleWebKit/537.36 (KHTML, like Gecko) Chrome/142.0.0.0 Safari/537.36"
197.238.90.57 - - [05/Dec/2025:16:20:35 +0300] "POST /wp-admin/admin-ajax.php HTTP/1.1" 200 78 "https://hamza2roues.com/product/autocollant-sticker-uv-3d-honda/" "Mozilla/5.0 (Macintosh; Intel Mac OS X 10_15_7) AppleWebKit/537.36 (KHTML, like Gecko) Chrome/142.0.0.0 Safari/537.36"
114.119.145.68 - - [05/Dec/2025:16:20:54 +0300] "GET /product-category/pieces-moto/transmission/?per_page=18&shop_view=grid&per_row=2 HTTP/1.1" 200 32314 "https://hamza2roues.com/product-category/pieces-moto/transmission?per_page=18" "Mozilla/5.0 (Linux; Android 7.0;) AppleWebKit/537.36 (KHTML, like Gecko) Mobile Safari/537.36 (compatible; PetalBot;+https://webmaster.petalsearch.com/site/petalbot)"
66.249.92.138 - - [05/Dec/2025:16:21:17 +0300] "GET /product/huile-moteur-10w40-7100-4t-1l-motul/ HTTP/1.1" 200 34983 "-" "Mozilla/5.0 (X11; Linux x86_64) AppleWebKit/537.36 (KHTML, like Gecko) Chrome/141.0.7390.122 Safari/537.36"
66.249.92.12 - - [05/Dec/2025:16:21:24 +0300] "GET /wp-content/themes/woodmart/css/parts/int-wordfence.min.css?ver=8.2.6 HTTP/1.1" 200 167 "https://hamza2roues.com/product/huile-moteur-10w40-7100-4t-1l-motul/" "Mozilla/5.0 (X11; Linux x86_64) AppleWebKit/537.36 (KHTML, like Gecko) Chrome/141.0.7390.122 Safari/537.36"
66.249.92.12 - - [05/Dec/2025:16:21:25 +0300] "GET /wp-content/themes/woodmart/css/parts/woo-mod-progress-bar.min.css?ver=8.2.6 HTTP/1.1" 200 293 "https://hamza2roues.com/product/huile-moteur-10w40-7100-4t-1l-motul/" "Mozilla/5.0 (X11; Linux x86_64) AppleWebKit/537.36 (KHTML, like Gecko) Chrome/141.0.7390.122 Safari/537.36"
66.249.92.165 - - [05/Dec/2025:16:21:36 +0300] "GET /wp-content/themes/woodmart/css/parts/el-banner-hover-zoom.min.css?ver=8.2.6 HTTP/1.1" 200 156 "https://hamza2roues.com/product/huile-moteur-10w40-7100-4t-1l-motul/" "Mozilla/5.0 (X11; Linux x86_64) AppleWebKit/537.36 (KHTML, like Gecko) Chrome/141.0.7390.122 Safari/537.36"
66.249.92.11 - - [05/Dec/2025:16:21:51 +0300] "GET /wp-content/themes/woodmart/css/parts/footer-base.min.css?ver=8.2.6 HTTP/1.1" 200 325 "https://hamza2roues.com/product/huile-moteur-10w40-7100-4t-1l-motul/" "Mozilla/5.0 (X11; Linux x86_64) AppleWebKit/537.36 (KHTML, like Gecko) Chrome/141.0.7390.122 Safari/537.36"
66.249.92.11 - - [05/Dec/2025:16:21:52 +0300] "GET /wp-content/themes/woodmart/css/parts/header-el-cart.min.css?ver=8.2.6 HTTP/1.1" 200 536 "https://hamza2roues.com/product/huile-moteur-10w40-7100-4t-1l-motul/" "Mozilla/5.0 (X11; Linux x86_64) AppleWebKit/537.36 (KHTML, like Gecko) Chrome/141.0.7390.122 Safari/537.36"
66.249.92.11 - - [05/Dec/2025:16:21:54 +0300] "GET /wp-content/themes/woodmart/css/parts/woo-opt-est-del.min.css?ver=8.2.6 HTTP/1.1" 200 179 "https://hamza2roues.com/product/huile-moteur-10w40-7100-4t-1l-motul/" "Mozilla/5.0 (X11; Linux x86_64) AppleWebKit/537.36 (KHTML, like Gecko) Chrome/141.0.7390.122 Safari/537.36"
66.249.92.11 - - [05/Dec/2025:16:21:55 +0300] "GET /wp-includes/js/dist/script-modules/interactivity/index.min.js?ver=55aebb6e0a16726baffb HTTP/1.1" 200 13628 "https://hamza2roues.com/product/huile-moteur-10w40-7100-4t-1l-motul/" "Mozilla/5.0 (X11; Linux x86_64) AppleWebKit/537.36 (KHTML, like Gecko) Chrome/141.0.7390.122 Safari/537.36"
72.14.201.102 - - [05/Dec/2025:16:22:00 +0300] "GET /product/radiateur-kawasaki-z750/ HTTP/2" 200 34256 "https://www.google.com/" "Mozilla/5.0 (Linux; Android 10; K) AppleWebKit/537.36 (KHTML, like Gecko) Chrome/138.0.0.0 Mobile Safari/537.36"
66.249.92.165 - - [05/Dec/2025:16:21:51 +0300] "GET /wp-content/themes/woodmart/css/parts/woo-product-loop.min.css?ver=8.2.6 HTTP/1.1" 200 1436 "https://hamza2roues.com/product/huile-moteur-10w40-7100-4t-1l-motul/" "Mozilla/5.0 (X11; Linux x86_64) AppleWebKit/537.36 (KHTML, like Gecko) Chrome/141.0.7390.122 Safari/537.36"
66.249.92.165 - - [05/Dec/2025:16:21:53 +0300] "GET /wp-content/uploads/2025/07/hamza-ROUES-5-e1751471760509.png HTTP/1.1" 200 18258 "https://hamza2roues.com/product/huile-moteur-10w40-7100-4t-1l-motul/" "Mozilla/5.0 (X11; Linux x86_64) AppleWebKit/537.36 (KHTML, like Gecko) Chrome/141.0.7390.122 Safari/537.36"
66.249.76.2 - - [05/Dec/2025:16:21:55 +0300] "GET /wp-content/themes/woodmart/css/parts/el-tabs.min.css?ver=8.2.6 HTTP/1.1" 200 1084 "https://hamza2roues.com/product/huile-moteur-10w40-4t-technilub-semi-synthetic/?add-to-cart=135" "Mozilla/5.0 (Linux; Android 6.0.1; Nexus 5X Build/MMB29P) AppleWebKit/537.36 (KHTML, like Gecko) Chrome/141.0.7390.122 Mobile Safari/537.36 (compatible; Googlebot/2.1; +http://www.google.com/bot.html)"
66.249.92.33 - - [05/Dec/2025:16:21:56 +0300] "GET /wp-content/themes/woodmart/css/parts/opt-bottom-toolbar.min.css?ver=8.2.6 HTTP/1.1" 200 620 "https://hamza2roues.com/product/huile-moteur-10w40-7100-4t-1l-motul/" "Mozilla/5.0 (X11; Linux x86_64) AppleWebKit/537.36 (KHTML, like Gecko) Chrome/141.0.7390.122 Safari/537.36"
66.249.76.2 - - [05/Dec/2025:16:21:58 +0300] "POST /wp-json/wp-statistics/v2/hit HTTP/1.1" 200 56 "https://hamza2roues.com/product/huile-moteur-10w40-4t-technilub-semi-synthetic/?add-to-cart=135" "Mozilla/5.0 (Linux; Android 6.0.1; Nexus 5X Build/MMB29P) AppleWebKit/537.36 (KHTML, like Gecko) Chrome/141.0.7390.122 Mobile Safari/537.36 (compatible; Googlebot/2.1; +http://www.google.com/bot.html)"
66.249.92.167 - - [05/Dec/2025:16:22:00 +0300] "GET /wp-content/themes/woodmart/css/parts/woo-mod-product-info.min.css?ver=8.2.6 HTTP/1.1" 200 266 "https://hamza2roues.com/product/huile-moteur-10w40-7100-4t-1l-motul/" "Mozilla/5.0 (X11; Linux x86_64) AppleWebKit/537.36 (KHTML, like Gecko) Chrome/141.0.7390.122 Safari/537.36"
66.249.92.35 - - [05/Dec/2025:16:22:01 +0300] "GET /wp-content/plugins/woocommerce/assets/js/js-cookie/js.cookie.min.js?ver=2.1.4-wc.10.3.5 HTTP/1.1" 200 719 "https://hamza2roues.com/product/huile-moteur-10w40-7100-4t-1l-motul/" "Mozilla/5.0 (X11; Linux x86_64) AppleWebKit/537.36 (KHTML, like Gecko) Chrome/141.0.7390.122 Safari/537.36"
66.249.92.34 - - [05/Dec/2025:16:22:05 +0300] "GET /wp-content/themes/woodmart/css/parts/mod-nav-menu-label.min.css?ver=8.2.6 HTTP/1.1" 200 335 "https://hamza2roues.com/product/huile-moteur-10w40-7100-4t-1l-motul/" "Mozilla/5.0 (X11; Linux x86_64) AppleWebKit/537.36 (KHTML, like Gecko) Chrome/141.0.7390.122 Safari/537.36"
66.249.92.165 - - [05/Dec/2025:16:22:07 +0300] "GET /wp-content/themes/woodmart/css/parts/woo-widget-product-list.min.css?ver=8.2.6 HTTP/1.1" 200 293 "https://hamza2roues.com/product/huile-moteur-10w40-7100-4t-1l-motul/" "Mozilla/5.0 (X11; Linux x86_64) AppleWebKit/537.36 (KHTML, like Gecko) Chrome/141.0.7390.122 Safari/537.36"
66.249.92.139 - - [05/Dec/2025:16:22:07 +0300] "GET /wp-content/themes/woodmart/js/scripts/global/scrollBar.min.js?ver=8.2.6 HTTP/1.1" 200 138 "https://hamza2roues.com/product/huile-moteur-10w40-7100-4t-1l-motul/" "Mozilla/5.0 (X11; Linux x86_64) AppleWebKit/537.36 (KHTML, like Gecko) Chrome/141.0.7390.122 Safari/537.36"
66.249.92.165 - - [05/Dec/2025:16:22:07 +0300] "GET /wp-content/themes/woodmart/css/parts/lib-swiper-arrows.min.css?ver=8.2.6 HTTP/1.1" 200 685 "https://hamza2roues.com/product/huile-moteur-10w40-7100-4t-1l-motul/" "Mozilla/5.0 (X11; Linux x86_64) AppleWebKit/537.36 (KHTML, like Gecko) Chrome/141.0.7390.122 Safari/537.36"
66.249.92.165 - - [05/Dec/2025:16:22:07 +0300] "GET /wp-includes/js/jquery/jquery.min.js?ver=3.7.1 HTTP/1.1" 200 27470 "https://hamza2roues.com/product/huile-moteur-10w40-7100-4t-1l-motul/" "Mozilla/5.0 (X11; Linux x86_64) AppleWebKit/537.36 (KHTML, like Gecko) Chrome/141.0.7390.122 Safari/537.36"
197.238.90.57 - - [05/Dec/2025:16:21:35 +0300] "POST /wp-admin/admin-ajax.php HTTP/1.1" 200 78 "https://hamza2roues.com/product/systeme-dalarme-moto/" "Mozilla/5.0 (Macintosh; Intel Mac OS X 10_15_7) AppleWebKit/537.36 (KHTML, like Gecko) Chrome/142.0.0.0 Safari/537.36"
66.249.66.33 - - [05/Dec/2025:16:21:43 +0300] "GET /product/huile-moteur-10w40-4t-technilub-semi-synthetic/?add-to-cart=135 HTTP/1.1" 200 34530 "-" "Mozilla/5.0 (Linux; Android 6.0.1; Nexus 5X Build/MMB29P) AppleWebKit/537.36 (KHTML, like Gecko) Chrome/141.0.7390.122 Mobile Safari/537.36 (compatible; Googlebot/2.1; +http://www.google.com/bot.html)"
66.249.92.138 - - [05/Dec/2025:16:21:48 +0300] "GET /wp-content/themes/woodmart/css/parts/el-tabs.min.css?ver=8.2.6 HTTP/1.1" 200 1084 "https://hamza2roues.com/product/huile-moteur-10w40-7100-4t-1l-motul/" "Mozilla/5.0 (X11; Linux x86_64) AppleWebKit/537.36 (KHTML, like Gecko) Chrome/141.0.7390.122 Safari/537.36"
66.249.92.138 - - [05/Dec/2025:16:21:50 +0300] "GET /wp-content/themes/woodmart/css/parts/woo-mod-stock-status.min.css?ver=8.2.6 HTTP/1.1" 200 334 "https://hamza2roues.com/product/huile-moteur-10w40-7100-4t-1l-motul/" "Mozilla/5.0 (X11; Linux x86_64) AppleWebKit/537.36 (KHTML, like Gecko) Chrome/141.0.7390.122 Safari/537.36"
66.249.92.138 - - [05/Dec/2025:16:21:57 +0300] "GET /wp-content/themes/woodmart/css/parts/el-text-block.min.css?ver=8.2.6 HTTP/1.1" 200 99 "https://hamza2roues.com/product/huile-moteur-10w40-7100-4t-1l-motul/" "Mozilla/5.0 (X11; Linux x86_64) AppleWebKit/537.36 (KHTML, like Gecko) Chrome/141.0.7390.122 Safari/537.36"
66.249.92.194 - - [05/Dec/2025:16:22:04 +0300] "GET /wp-content/themes/woodmart/css/parts/el-list.min.css?ver=8.2.6 HTTP/1.1" 200 548 "https://hamza2roues.com/product/huile-moteur-10w40-7100-4t-1l-motul/" "Mozilla/5.0 (X11; Linux x86_64) AppleWebKit/537.36 (KHTML, like Gecko) Chrome/141.0.7390.122 Safari/537.36"
66.249.92.166 - - [05/Dec/2025:16:22:05 +0300] "GET /wp-content/themes/woodmart/css/parts/el-info-box.min.css?ver=8.2.6 HTTP/1.1" 200 935 "https://hamza2roues.com/product/huile-moteur-10w40-7100-4t-1l-motul/" "Mozilla/5.0 (X11; Linux x86_64) AppleWebKit/537.36 (KHTML, like Gecko) Chrome/141.0.7390.122 Safari/537.36"
66.249.92.138 - - [05/Dec/2025:16:22:11 +0300] "GET /wp-content/themes/woodmart/css/parts/woo-opt-title-limit.min.css?ver=8.2.6 HTTP/1.1" 200 118 "https://hamza2roues.com/product/huile-moteur-10w40-7100-4t-1l-motul/" "Mozilla/5.0 (X11; Linux x86_64) AppleWebKit/537.36 (KHTML, like Gecko) Chrome/141.0.7390.122 Safari/537.36"
66.249.92.138 - - [05/Dec/2025:16:22:12 +0300] "GET /wp-content/themes/woodmart/css/parts/el-list-wpb-elem.min.css?ver=8.2.6 HTTP/1.1" 200 151 "https://hamza2roues.com/product/huile-moteur-10w40-7100-4t-1l-motul/" "Mozilla/5.0 (X11; Linux x86_64) AppleWebKit/537.36 (KHTML, like Gecko) Chrome/141.0.7390.122 Safari/537.36"
154.108.41.236 - - [05/Dec/2025:16:22:12 +0300] "GET / HTTP/2" 200 44482 "https://www.google.com/" "Mozilla/5.0 (Linux; Android 10; K) AppleWebKit/537.36 (KHTML, like Gecko) Chrome/142.0.0.0 Mobile Safari/537.36"
154.108.41.236 - - [05/Dec/2025:16:22:13 +0300] "GET /wp-includes/js/mediaelement/wp-mediaelement.min.css?ver=6.9 HTTP/2" 200 915 "https://hamza2roues.com/" "Mozilla/5.0 (Linux; Android 10; K) AppleWebKit/537.36 (KHTML, like Gecko) Chrome/142.0.0.0 Mobile Safari/537.36"
154.108.41.236 - - [05/Dec/2025:16:22:13 +0300] "GET /wp-includes/js/mediaelement/mediaelementplayer-legacy.min.css?ver=4.2.17 HTTP/2" 200 2204 "https://hamza2roues.com/" "Mozilla/5.0 (Linux; Android 10; K) AppleWebKit/537.36 (KHTML, like Gecko) Chrome/142.0.0.0 Mobile Safari/537.36"
154.108.41.236 - - [05/Dec/2025:16:22:13 +0300] "GET /wp-content/uploads/elementor/css/custom-frontend.min.css?ver=1764891301 HTTP/2" 200 5906 "https://hamza2roues.com/" "Mozilla/5.0 (Linux; Android 10; K) AppleWebKit/537.36 (KHTML, like Gecko) Chrome/142.0.0.0 Mobile Safari/537.36"
66.249.92.33 - - [05/Dec/2025:16:22:02 +0300] "GET /wp-content/themes/woodmart/css/parts/lib-magnific-popup.min.css?ver=8.2.6 HTTP/1.1" 200 688 "https://hamza2roues.com/product/huile-moteur-10w40-7100-4t-1l-motul/" "Mozilla/5.0 (X11; Linux x86_64) AppleWebKit/537.36 (KHTML, like Gecko) Chrome/141.0.7390.122 Safari/537.36"
66.249.92.11 - - [05/Dec/2025:16:22:03 +0300] "GET /wp-content/themes/woodmart/css/parts/woo-opt-stretch-cont.min.css?ver=8.2.6 HTTP/1.1" 200 233 "https://hamza2roues.com/product/huile-moteur-10w40-7100-4t-1l-motul/" "Mozilla/5.0 (X11; Linux x86_64) AppleWebKit/537.36 (KHTML, like Gecko) Chrome/141.0.7390.122 Safari/537.36"
66.249.92.33 - - [05/Dec/2025:16:22:06 +0300] "GET /wp-content/themes/woodmart/css/parts/woo-mod-shop-attributes.min.css?ver=8.2.6 HTTP/1.1" 200 345 "https://hamza2roues.com/product/huile-moteur-10w40-7100-4t-1l-motul/" "Mozilla/5.0 (X11; Linux x86_64) AppleWebKit/537.36 (KHTML, like Gecko) Chrome/141.0.7390.122 Safari/537.36"
66.249.92.193 - - [05/Dec/2025:16:22:08 +0300] "GET /wp-content/themes/woodmart/css/parts/header-el-search.min.css?ver=8.2.6 HTTP/1.1" 200 413 "https://hamza2roues.com/product/huile-moteur-10w40-7100-4t-1l-motul/" "Mozilla/5.0 (X11; Linux x86_64) AppleWebKit/537.36 (KHTML, like Gecko) Chrome/141.0.7390.122 Safari/537.36"
66.249.92.193 - - [05/Dec/2025:16:22:09 +0300] "GET /wp-content/themes/woodmart/css/parts/wd-search-form.min.css?ver=8.2.6 HTTP/1.1" 200 602 "https://hamza2roues.com/product/huile-moteur-10w40-7100-4t-1l-motul/" "Mozilla/5.0 (X11; Linux x86_64) AppleWebKit/537.36 (KHTML, like Gecko) Chrome/141.0.7390.122 Safari/537.36"
66.249.92.33 - - [05/Dec/2025:16:22:11 +0300] "GET /wp-content/themes/woodmart/css/parts/opt-scrolltotop.min.css?ver=8.2.6 HTTP/1.1" 200 316 "https://hamza2roues.com/product/huile-moteur-10w40-7100-4t-1l-motul/" "Mozilla/5.0 (X11; Linux x86_64) AppleWebKit/537.36 (KHTML, like Gecko) Chrome/141.0.7390.122 Safari/537.36"
66.249.92.33 - - [05/Dec/2025:16:22:11 +0300] "GET /wp-content/plugins/woocommerce/assets/js/jquery-blockui/jquery.blockUI.min.js?ver=2.7.0-wc.10.3.5 HTTP/1.1" 200 3080 "https://hamza2roues.com/product/huile-moteur-10w40-7100-4t-1l-motul/" "Mozilla/5.0 (X11; Linux x86_64) AppleWebKit/537.36 (KHTML, like Gecko) Chrome/141.0.7390.122 Safari/537.36"
154.108.41.236 - - [05/Dec/2025:16:22:13 +0300] "GET /wp-includes/js/dist/hooks.min.js?ver=dd5603f07f9220ed27f1 HTTP/1.1" 304 0 "https://hamza2roues.com/" "Mozilla/5.0 (Linux; Android 10; K) AppleWebKit/537.36 (KHTML, like Gecko) Chrome/142.0.0.0 Mobile Safari/537.36"
154.108.41.236 - - [05/Dec/2025:16:22:13 +0300] "GET /wp-content/plugins/elementor/assets/js/webpack.runtime.min.js?ver=3.33.3 HTTP/1.1" 200 2117 "https://hamza2roues.com/" "Mozilla/5.0 (Linux; Android 10; K) AppleWebKit/537.36 (KHTML, like Gecko) Chrome/142.0.0.0 Mobile Safari/537.36"
154.108.41.236 - - [05/Dec/2025:16:22:13 +0300] "GET /wp-includes/js/dist/i18n.min.js?ver=c26c3dc7bed366793375 HTTP/1.1" 304 0 "https://hamza2roues.com/" "Mozilla/5.0 (Linux; Android 10; K) AppleWebKit/537.36 (KHTML, like Gecko) Chrome/142.0.0.0 Mobile Safari/537.36"
154.108.41.236 - - [05/Dec/2025:16:22:13 +0300] "GET /wp-content/plugins/contact-form-7/includes/swv/js/index.js?ver=6.1.4 HTTP/1.1" 304 0 "https://hamza2roues.com/" "Mozilla/5.0 (Linux; Android 10; K) AppleWebKit/537.36 (KHTML, like Gecko) Chrome/142.0.0.0 Mobile Safari/537.36"
154.108.41.236 - - [05/Dec/2025:16:22:13 +0300] "GET /wp-content/plugins/contact-form-7/includes/js/index.js?ver=6.1.4 HTTP/1.1" 304 0 "https://hamza2roues.com/" "Mozilla/5.0 (Linux; Android 10; K) AppleWebKit/537.36 (KHTML, like Gecko) Chrome/142.0.0.0 Mobile Safari/537.36"
154.108.41.236 - - [05/Dec/2025:16:22:13 +0300] "GET /wp-content/plugins/woocommerce/assets/js/frontend/woocommerce.min.js?ver=10.3.6 HTTP/1.1" 304 0 "https://hamza2roues.com/" "Mozilla/5.0 (Linux; Android 10; K) AppleWebKit/537.36 (KHTML, like Gecko) Chrome/142.0.0.0 Mobile Safari/537.36"
154.108.41.236 - - [05/Dec/2025:16:22:13 +0300] "GET /wp-content/plugins/woocommerce/assets/js/sourcebuster/sourcebuster.min.js?ver=10.3.6 HTTP/1.1" 304 0 "https://hamza2roues.com/" "Mozilla/5.0 (Linux; Android 10; K) AppleWebKit/537.36 (KHTML, like Gecko) Chrome/142.0.0.0 Mobile Safari/537.36"
154.108.41.236 - - [05/Dec/2025:16:22:13 +0300] "GET /wp-content/plugins/woocommerce/assets/js/frontend/order-attribution.min.js?ver=10.3.6 HTTP/1.1" 304 0 "https://hamza2roues.com/" "Mozilla/5.0 (Linux; Android 10; K) AppleWebKit/537.36 (KHTML, like Gecko) Chrome/142.0.0.0 Mobile Safari/537.36"
154.108.41.236 - - [05/Dec/2025:16:22:13 +0300] "GET /wp-content/plugins/elementor/assets/js/frontend-modules.min.js?ver=3.33.3 HTTP/1.1" 200 21773 "https://hamza2roues.com/" "Mozilla/5.0 (Linux; Android 10; K) AppleWebKit/537.36 (KHTML, like Gecko) Chrome/142.0.0.0 Mobile Safari/537.36"
154.108.41.236 - - [05/Dec/2025:16:22:13 +0300] "GET /wp-content/plugins/elementor/assets/js/frontend.min.js?ver=3.33.3 HTTP/1.1" 200 9190 "https://hamza2roues.com/" "Mozilla/5.0 (Linux; Android 10; K) AppleWebKit/537.36 (KHTML, like Gecko) Chrome/142.0.0.0 Mobile Safari/537.36"
154.108.41.236 - - [05/Dec/2025:16:22:13 +0300] "GET /wp-content/plugins/woocommerce/assets/js/frontend/add-to-cart.min.js?ver=10.3.6 HTTP/1.1" 304 0 "https://hamza2roues.com/" "Mozilla/5.0 (Linux; Android 10; K) AppleWebKit/537.36 (KHTML, like Gecko) Chrome/142.0.0.0 Mobile Safari/537.36"
154.108.41.236 - - [05/Dec/2025:16:22:13 +0300] "GET /wp-content/plugins/google-site-kit/dist/assets/js/googlesitekit-events-provider-contact-form-7-40476021fb6e59177033.js HTTP/1.1" 304 0 "https://hamza2roues.com/" "Mozilla/5.0 (Linux; Android 10; K) AppleWebKit/537.36 (KHTML, like Gecko) Chrome/142.0.0.0 Mobile Safari/537.36"
154.108.41.236 - - [05/Dec/2025:16:22:13 +0300] "GET /wp-content/plugins/mailchimp-for-wp/assets/js/forms.js?ver=4.10.9 HTTP/1.1" 304 0 "https://hamza2roues.com/" "Mozilla/5.0 (Linux; Android 10; K) AppleWebKit/537.36 (KHTML, like Gecko) Chrome/142.0.0.0 Mobile Safari/537.36"
154.108.41.236 - - [05/Dec/2025:16:22:13 +0300] "GET /wp-content/plugins/google-site-kit/dist/assets/js/googlesitekit-events-provider-mailchimp-766d83b09856fae7cf87.js HTTP/1.1" 304 0 "https://hamza2roues.com/" "Mozilla/5.0 (Linux; Android 10; K) AppleWebKit/537.36 (KHTML, like Gecko) Chrome/142.0.0.0 Mobile Safari/537.36"
154.108.41.236 - - [05/Dec/2025:16:22:13 +0300] "GET /wp-content/plugins/google-site-kit/dist/assets/js/googlesitekit-events-provider-woocommerce-56777fd664fb7392edc2.js HTTP/1.1" 304 0 "https://hamza2roues.com/" "Mozilla/5.0 (Linux; Android 10; K) AppleWebKit/537.36 (KHTML, like Gecko) Chrome/142.0.0.0 Mobile Safari/537.36"
154.108.41.236 - - [05/Dec/2025:16:22:13 +0300] "GET /wp-content/plugins/woocommerce/assets/js/frontend/cart-fragments.min.js?ver=10.3.6 HTTP/1.1" 304 0 "https://hamza2roues.com/" "Mozilla/5.0 (Linux; Android 10; K) AppleWebKit/537.36 (KHTML, like Gecko) Chrome/142.0.0.0 Mobile Safari/537.36"
154.108.41.236 - - [05/Dec/2025:16:22:13 +0300] "GET /wp-content/plugins/woocommerce/assets/js/frontend/add-to-cart-variation.min.js?ver=10.3.6 HTTP/1.1" 304 0 "https://hamza2roues.com/" "Mozilla/5.0 (Linux; Android 10; K) AppleWebKit/537.36 (KHTML, like Gecko) Chrome/142.0.0.0 Mobile Safari/537.36"
66.249.92.165 - - [05/Dec/2025:16:22:15 +0300] "GET /wp-content/uploads/2025/11/xts-theme_settings_default-1762092360.css?ver=8.2.6 HTTP/1.1" 200 1332 "https://hamza2roues.com/product/huile-moteur-10w40-7100-4t-1l-motul/" "Mozilla/5.0 (X11; Linux x86_64) AppleWebKit/537.36 (KHTML, like Gecko) Chrome/141.0.7390.122 Safari/537.36"
154.108.41.236 - - [05/Dec/2025:16:22:14 +0300] "POST /?wc-ajax=get_refreshed_fragments HTTP/1.1" 200 499 "https://hamza2roues.com/" "Mozilla/5.0 (Linux; Android 10; K) AppleWebKit/537.36 (KHTML, like Gecko) Chrome/142.0.0.0 Mobile Safari/537.36"
66.249.92.11 - - [05/Dec/2025:16:22:09 +0300] "GET /wp-content/themes/woodmart/css/parts/woo-opt-grid-gallery.min.css?ver=8.2.6 HTTP/1.1" 200 562 "https://hamza2roues.com/product/huile-moteur-10w40-7100-4t-1l-motul/" "Mozilla/5.0 (X11; Linux x86_64) AppleWebKit/537.36 (KHTML, like Gecko) Chrome/141.0.7390.122 Safari/537.36"
66.249.92.11 - - [05/Dec/2025:16:22:09 +0300] "GET /wp-includes/js/jquery/jquery-migrate.min.js?ver=3.4.1 HTTP/1.1" 200 4344 "https://hamza2roues.com/product/huile-moteur-10w40-7100-4t-1l-motul/" "Mozilla/5.0 (X11; Linux x86_64) AppleWebKit/537.36 (KHTML, like Gecko) Chrome/141.0.7390.122 Safari/537.36"
66.249.92.165 - - [05/Dec/2025:16:22:10 +0300] "GET /wp-content/themes/woodmart-child/style.css?ver=8.2.6 HTTP/1.1" 200 196 "https://hamza2roues.com/product/huile-moteur-10w40-7100-4t-1l-motul/" "Mozilla/5.0 (X11; Linux x86_64) AppleWebKit/537.36 (KHTML, like Gecko) Chrome/141.0.7390.122 Safari/537.36"
66.249.92.11 - - [05/Dec/2025:16:22:12 +0300] "GET /wp-content/themes/woodmart/css/parts/el-banner.min.css?ver=8.2.6 HTTP/1.1" 200 594 "https://hamza2roues.com/product/huile-moteur-10w40-7100-4t-1l-motul/" "Mozilla/5.0 (X11; Linux x86_64) AppleWebKit/537.36 (KHTML, like Gecko) Chrome/141.0.7390.122 Safari/537.36"
162.120.187.253 - - [05/Dec/2025:16:22:13 +0300] "GET / HTTP/2" 200 44482 "-" "Mozilla/5.0 (Linux; Android 10; K) AppleWebKit/537.36 (KHTML, like Gecko) Chrome/142.0.0.0 Mobile Safari/537.36"
66.249.92.11 - - [05/Dec/2025:16:22:14 +0300] "GET /wp-content/themes/woodmart/css/parts/wd-search-results.min.css?ver=8.2.6 HTTP/1.1" 200 735 "https://hamza2roues.com/product/huile-moteur-10w40-7100-4t-1l-motul/" "Mozilla/5.0 (X11; Linux x86_64) AppleWebKit/537.36 (KHTML, like Gecko) Chrome/141.0.7390.122 Safari/537.36"
66.249.92.11 - - [05/Dec/2025:16:22:15 +0300] "GET /wp-content/themes/woodmart/css/parts/woo-single-prod-builder.min.css?ver=8.2.6 HTTP/1.1" 200 753 "https://hamza2roues.com/product/huile-moteur-10w40-7100-4t-1l-motul/" "Mozilla/5.0 (X11; Linux x86_64) AppleWebKit/537.36 (KHTML, like Gecko) Chrome/141.0.7390.122 Safari/537.36"
66.249.92.11 - - [05/Dec/2025:16:22:16 +0300] "GET /wp-content/themes/woodmart/css/parts/header-el-cart-design-3.min.css?ver=8.2.6 HTTP/1.1" 200 272 "https://hamza2roues.com/product/huile-moteur-10w40-7100-4t-1l-motul/" "Mozilla/5.0 (X11; Linux x86_64) AppleWebKit/537.36 (KHTML, like Gecko) Chrome/141.0.7390.122 Safari/537.36"
66.249.92.11 - - [05/Dec/2025:16:22:17 +0300] "GET /wp-content/themes/woodmart/css/parts/woo-single-prod-el-gallery.min.css?ver=8.2.6 HTTP/1.1" 200 1183 "https://hamza2roues.com/product/huile-moteur-10w40-7100-4t-1l-motul/" "Mozilla/5.0 (X11; Linux x86_64) AppleWebKit/537.36 (KHTML, like Gecko) Chrome/141.0.7390.122 Safari/537.36"
66.249.92.11 - - [05/Dec/2025:16:22:18 +0300] "GET /wp-content/themes/woodmart/css/parts/woo-mod-swatches-base.min.css?ver=8.2.6 HTTP/1.1" 200 657 "https://hamza2roues.com/product/huile-moteur-10w40-7100-4t-1l-motul/" "Mozilla/5.0 (X11; Linux x86_64) AppleWebKit/537.36 (KHTML, like Gecko) Chrome/141.0.7390.122 Safari/537.36"
66.249.92.165 - - [05/Dec/2025:16:22:20 +0300] "GET /wp-content/themes/woodmart/css/parts/int-elem-base.min.css?ver=8.2.6 HTTP/1.1" 200 1261 "https://hamza2roues.com/product/huile-moteur-10w40-7100-4t-1l-motul/" "Mozilla/5.0 (X11; Linux x86_64) AppleWebKit/537.36 (KHTML, like Gecko) Chrome/141.0.7390.122 Safari/537.36"
66.249.92.11 - - [05/Dec/2025:16:22:20 +0300] "GET /wp-content/uploads/elementor/css/post-7.css?ver=1763592969 HTTP/1.1" 200 298 "https://hamza2roues.com/product/huile-moteur-10w40-7100-4t-1l-motul/" "Mozilla/5.0 (X11; Linux x86_64) AppleWebKit/537.36 (KHTML, like Gecko) Chrome/141.0.7390.122 Safari/537.36"
66.249.92.165 - - [05/Dec/2025:16:22:21 +0300] "GET /wp-content/uploads/2025/07/xts-header_695440-1752423732.css?ver=8.2.6 HTTP/1.1" 200 590 "https://hamza2roues.com/product/huile-moteur-10w40-7100-4t-1l-motul/" "Mozilla/5.0 (X11; Linux x86_64) AppleWebKit/537.36 (KHTML, like Gecko) Chrome/141.0.7390.122 Safari/537.36"
66.249.92.167 - - [05/Dec/2025:16:22:05 +0300] "GET /wp-content/themes/woodmart/css/parts/header-el-cart-side.min.css?ver=8.2.6 HTTP/1.1" 200 287 "https://hamza2roues.com/product/huile-moteur-10w40-7100-4t-1l-motul/" "Mozilla/5.0 (X11; Linux x86_64) AppleWebKit/537.36 (KHTML, like Gecko) Chrome/141.0.7390.122 Safari/537.36"
66.249.92.33 - - [05/Dec/2025:16:22:16 +0300] "GET /wp-content/themes/woodmart/css/parts/woo-opt-free-progress-bar.min.css?ver=8.2.6 HTTP/1.1" 200 258 "https://hamza2roues.com/product/huile-moteur-10w40-7100-4t-1l-motul/" "Mozilla/5.0 (X11; Linux x86_64) AppleWebKit/537.36 (KHTML, like Gecko) Chrome/141.0.7390.122 Safari/537.36"
66.249.92.33 - - [05/Dec/2025:16:22:17 +0300] "GET /wp-content/themes/woodmart/css/parts/el-brand.min.css?ver=8.2.6 HTTP/1.1" 200 393 "https://hamza2roues.com/product/huile-moteur-10w40-7100-4t-1l-motul/" "Mozilla/5.0 (X11; Linux x86_64) AppleWebKit/537.36 (KHTML, like Gecko) Chrome/141.0.7390.122 Safari/537.36"
66.249.92.33 - - [05/Dec/2025:16:22:18 +0300] "GET /wp-content/plugins/jetpack/jetpack_vendor/automattic/jetpack-forms/dist/modules/form/view.js?ver=14.8 HTTP/1.1" 200 2406 "https://hamza2roues.com/product/huile-moteur-10w40-7100-4t-1l-motul/" "Mozilla/5.0 (X11; Linux x86_64) AppleWebKit/537.36 (KHTML, like Gecko) Chrome/141.0.7390.122 Safari/537.36"
66.249.92.33 - - [05/Dec/2025:16:22:18 +0300] "GET /wp-content/themes/woodmart/css/parts/post-types-mod-comments.min.css?ver=8.2.6 HTTP/1.1" 200 1018 "https://hamza2roues.com/product/huile-moteur-10w40-7100-4t-1l-motul/" "Mozilla/5.0 (X11; Linux x86_64) AppleWebKit/537.36 (KHTML, like Gecko) Chrome/141.0.7390.122 Safari/537.36"
66.249.92.33 - - [05/Dec/2025:16:22:19 +0300] "GET /wp-content/themes/woodmart/css/parts/lib-swiper-pagin.min.css?ver=8.2.6 HTTP/1.1" 200 397 "https://hamza2roues.com/product/huile-moteur-10w40-7100-4t-1l-motul/" "Mozilla/5.0 (X11; Linux x86_64) AppleWebKit/537.36 (KHTML, like Gecko) Chrome/141.0.7390.122 Safari/537.36"
66.249.92.193 - - [05/Dec/2025:16:22:23 +0300] "GET /wp-content/themes/woodmart/css/parts/woo-single-prod-el-navigation.min.css?ver=8.2.6 HTTP/1.1" 200 356 "https://hamza2roues.com/product/huile-moteur-10w40-7100-4t-1l-motul/" "Mozilla/5.0 (X11; Linux x86_64) AppleWebKit/537.36 (KHTML, like Gecko) Chrome/141.0.7390.122 Safari/537.36"
66.249.92.33 - - [05/Dec/2025:16:22:24 +0300] "GET /wp-content/uploads/elementor/css/post-870.css?ver=1763592977 HTTP/1.1" 200 712 "https://hamza2roues.com/product/huile-moteur-10w40-7100-4t-1l-motul/" "Mozilla/5.0 (X11; Linux x86_64) AppleWebKit/537.36 (KHTML, like Gecko) Chrome/141.0.7390.122 Safari/537.36"
66.249.92.33 - - [05/Dec/2025:16:22:24 +0300] "GET /wp-content/plugins/wp-statistics/assets/js/tracker.js?ver=14.14.1 HTTP/1.1" 200 2296 "https://hamza2roues.com/product/huile-moteur-10w40-7100-4t-1l-motul/" "Mozilla/5.0 (X11; Linux x86_64) AppleWebKit/537.36 (KHTML, like Gecko) Chrome/141.0.7390.122 Safari/537.36"
66.249.92.33 - - [05/Dec/2025:16:22:24 +0300] "GET /wp-content/uploads/elementor/google-fonts/css/lexenddeca.css?ver=1751470288 HTTP/1.1" 200 462 "https://hamza2roues.com/product/huile-moteur-10w40-7100-4t-1l-motul/" "Mozilla/5.0 (X11; Linux x86_64) AppleWebKit/537.36 (KHTML, like Gecko) Chrome/141.0.7390.122 Safari/537.36"
66.249.92.33 - - [05/Dec/2025:16:22:25 +0300] "GET /wp-content/plugins/woocommerce/assets/client/blocks/wc-blocks.css?ver=wc-10.3.5 HTTP/1.1" 200 2237 "https://hamza2roues.com/product/huile-moteur-10w40-7100-4t-1l-motul/" "Mozilla/5.0 (X11; Linux x86_64) AppleWebKit/537.36 (KHTML, like Gecko) Chrome/141.0.7390.122 Safari/537.36"
66.249.92.33 - - [05/Dec/2025:16:22:27 +0300] "GET /wp-content/themes/woodmart/js/scripts/wc/quickShopVariationForm.min.js?ver=8.2.6 HTTP/1.1" 200 1824 "https://hamza2roues.com/product/huile-moteur-10w40-7100-4t-1l-motul/" "Mozilla/5.0 (X11; Linux x86_64) AppleWebKit/537.36 (KHTML, like Gecko) Chrome/141.0.7390.122 Safari/537.36"
154.108.41.236 - - [05/Dec/2025:16:22:14 +0300] "POST /wp-json/wp-statistics/v2/hit HTTP/1.1" 200 19 "https://hamza2roues.com/" "Mozilla/5.0 (Linux; Android 10; K) AppleWebKit/537.36 (KHTML, like Gecko) Chrome/142.0.0.0 Mobile Safari/537.36"
154.108.41.236 - - [05/Dec/2025:16:22:16 +0300] "GET /product-category/moto/ HTTP/1.1" 200 31522 "https://hamza2roues.com/" "Mozilla/5.0 (Linux; Android 10; K) AppleWebKit/537.36 (KHTML, like Gecko) Chrome/142.0.0.0 Mobile Safari/537.36"
154.108.41.236 - - [05/Dec/2025:16:22:17 +0300] "GET /product-category/casque/ HTTP/1.1" 200 32342 "https://hamza2roues.com/" "Mozilla/5.0 (Linux; Android 10; K) AppleWebKit/537.36 (KHTML, like Gecko) Chrome/142.0.0.0 Mobile Safari/537.36"
114.119.153.161 - - [05/Dec/2025:16:22:15 +0300] "GET /product-category/pieces-moto/transmission/?per_page=18 HTTP/1.1" 200 32281 "https://hamza2roues.com/product-category/pieces-moto/transmission/" "Mozilla/5.0 (Linux; Android 7.0;) AppleWebKit/537.36 (KHTML, like Gecko) Mobile Safari/537.36 (compatible; PetalBot;+https://webmaster.petalsearch.com/site/petalbot)"
154.108.41.236 - - [05/Dec/2025:16:22:18 +0300] "GET /product-category/carenage/ HTTP/1.1" 200 36346 "https://hamza2roues.com/" "Mozilla/5.0 (Linux; Android 10; K) AppleWebKit/537.36 (KHTML, like Gecko) Chrome/142.0.0.0 Mobile Safari/537.36"
154.108.41.236 - - [05/Dec/2025:16:22:19 +0300] "GET /product-category/accessoires/ HTTP/1.1" 200 56029 "https://hamza2roues.com/" "Mozilla/5.0 (Linux; Android 10; K) AppleWebKit/537.36 (KHTML, like Gecko) Chrome/142.0.0.0 Mobile Safari/537.36"
197.244.82.246 - - [05/Dec/2025:16:22:19 +0300] "POST /wp-admin/admin-ajax.php HTTP/2" 200 79 "https://hamza2roues.com/product/dosseret-moto-universel-takeya/" "Mozilla/5.0 (Windows NT 10.0; Win64; x64) AppleWebKit/537.36 (KHTML, like Gecko) Chrome/142.0.0.0 Safari/537.36"
154.108.41.236 - - [05/Dec/2025:16:22:22 +0300] "GET /product/suzuki-gsxr-1000-pack-vidange-motul-5100/ HTTP/1.1" 200 33426 "https://hamza2roues.com/" "Mozilla/5.0 (Linux; Android 10; K) AppleWebKit/537.36 (KHTML, like Gecko) Chrome/142.0.0.0 Mobile Safari/537.36"
154.108.41.236 - - [05/Dec/2025:16:22:28 +0300] "GET /wp-admin/admin-ajax.php?action=woodmart_ajax_search&number=20&post_type=product&query=Pot HTTP/1.1" 200 1715 "https://hamza2roues.com/" "Mozilla/5.0 (Linux; Android 10; K) AppleWebKit/537.36 (KHTML, like Gecko) Chrome/142.0.0.0 Mobile Safari/537.36"
154.108.41.236 - - [05/Dec/2025:16:22:30 +0300] "GET /wp-content/uploads/2025/10/pot-d-echappement-sife-mbk-nitro-ovetto.jpg HTTP/1.1" 200 26094 "https://hamza2roues.com/" "Mozilla/5.0 (Linux; Android 10; K) AppleWebKit/537.36 (KHTML, like Gecko) Chrome/142.0.0.0 Mobile Safari/537.36"
154.108.41.236 - - [05/Dec/2025:16:22:30 +0300] "GET /wp-content/uploads/2025/11/protection-de-pot-d-echappement-tnt-original-pour-456589.jpg HTTP/1.1" 200 10882 "https://hamza2roues.com/" "Mozilla/5.0 (Linux; Android 10; K) AppleWebKit/537.36 (KHTML, like Gecko) Chrome/142.0.0.0 Mobile Safari/537.36"
154.108.41.236 - - [05/Dec/2025:16:22:30 +0300] "GET /wp-content/uploads/2025/08/497536330_2621227938218722_4191945039184504370_n-Photoroom-e1754233531897-600x600.png HTTP/1.1" 200 27798 "https://hamza2roues.com/" "Mozilla/5.0 (Linux; Android 10; K) AppleWebKit/537.36 (KHTML, like Gecko) Chrome/142.0.0.0 Mobile Safari/537.36"
154.108.41.236 - - [05/Dec/2025:16:22:30 +0300] "GET /wp-content/uploads/2025/07/487476778_1055590086594662_7014231927769944945_n-Photoroom-e1752713453190-600x600.png HTTP/1.1" 200 24714 "https://hamza2roues.com/" "Mozilla/5.0 (Linux; Android 10; K) AppleWebKit/537.36 (KHTML, like Gecko) Chrome/142.0.0.0 Mobile Safari/537.36"
154.108.41.236 - - [05/Dec/2025:16:22:30 +0300] "GET /wp-content/uploads/2025/10/pot-d-echappement-sife-mbk-booster-slider-50.jpg HTTP/1.1" 200 23201 "https://hamza2roues.com/" "Mozilla/5.0 (Linux; Android 10; K) AppleWebKit/537.36 (KHTML, like Gecko) Chrome/142.0.0.0 Mobile Safari/537.36"
154.108.41.236 - - [05/Dec/2025:16:22:13 +0300] "GET /wp-content/uploads/elementor/css/post-7.css?ver=1764891301 HTTP/2" 200 298 "https://hamza2roues.com/" "Mozilla/5.0 (Linux; Android 10; K) AppleWebKit/537.36 (KHTML, like Gecko) Chrome/142.0.0.0 Mobile Safari/537.36"
154.108.41.236 - - [05/Dec/2025:16:22:13 +0300] "GET /wp-content/plugins/elementor/assets/css/widget-google_maps.min.css?ver=3.33.3 HTTP/2" 200 89 "https://hamza2roues.com/" "Mozilla/5.0 (Linux; Android 10; K) AppleWebKit/537.36 (KHTML, like Gecko) Chrome/142.0.0.0 Mobile Safari/537.36"
154.108.41.236 - - [05/Dec/2025:16:22:13 +0300] "GET /wp-content/uploads/elementor/css/post-17.css?ver=1764894131 HTTP/2" 200 1716 "https://hamza2roues.com/" "Mozilla/5.0 (Linux; Android 10; K) AppleWebKit/537.36 (KHTML, like Gecko) Chrome/142.0.0.0 Mobile Safari/537.36"
154.108.41.236 - - [05/Dec/2025:16:22:13 +0300] "GET /wp-content/uploads/elementor/css/post-52.css?ver=1764891301 HTTP/2" 200 652 "https://hamza2roues.com/" "Mozilla/5.0 (Linux; Android 10; K) AppleWebKit/537.36 (KHTML, like Gecko) Chrome/142.0.0.0 Mobile Safari/537.36"
154.108.41.236 - - [05/Dec/2025:16:22:13 +0300] "GET /wp-content/plugins/woocommerce/assets/js/jquery-blockui/jquery.blockUI.min.js?ver=2.7.0-wc.10.3.6 HTTP/2" 304 0 "https://hamza2roues.com/" "Mozilla/5.0 (Linux; Android 10; K) AppleWebKit/537.36 (KHTML, like Gecko) Chrome/142.0.0.0 Mobile Safari/537.36"
154.108.41.236 - - [05/Dec/2025:16:22:13 +0300] "GET /wp-content/plugins/woocommerce/assets/js/js-cookie/js.cookie.min.js?ver=2.1.4-wc.10.3.6 HTTP/2" 304 0 "https://hamza2roues.com/" "Mozilla/5.0 (Linux; Android 10; K) AppleWebKit/537.36 (KHTML, like Gecko) Chrome/142.0.0.0 Mobile Safari/537.36"
154.108.41.236 - - [05/Dec/2025:16:22:13 +0300] "GET /wp-includes/js/dist/script-modules/interactivity/index.min.js?ver=8964710565a1d258501f HTTP/2" 304 0 "https://hamza2roues.com/" "Mozilla/5.0 (Linux; Android 10; K) AppleWebKit/537.36 (KHTML, like Gecko) Chrome/142.0.0.0 Mobile Safari/537.36"
66.249.92.138 - - [05/Dec/2025:16:22:13 +0300] "GET /wp-content/themes/woodmart/css/parts/woo-el-breadcrumbs-builder.min.css?ver=8.2.6 HTTP/1.1" 200 149 "https://hamza2roues.com/product/huile-moteur-10w40-7100-4t-1l-motul/" "Mozilla/5.0 (X11; Linux x86_64) AppleWebKit/537.36 (KHTML, like Gecko) Chrome/141.0.7390.122 Safari/537.36"
66.249.92.138 - - [05/Dec/2025:16:22:13 +0300] "GET /wp-content/themes/woodmart/css/parts/woo-opt-visits-count.min.css?ver=8.2.6 HTTP/1.1" 200 154 "https://hamza2roues.com/product/huile-moteur-10w40-7100-4t-1l-motul/" "Mozilla/5.0 (X11; Linux x86_64) AppleWebKit/537.36 (KHTML, like Gecko) Chrome/141.0.7390.122 Safari/537.36"
66.249.92.165 - - [05/Dec/2025:16:22:29 +0300] "GET /wp-content/plugins/wp-whatsapp/assets/js/whatsapp-button.js?ver=3.7.3 HTTP/1.1" 200 401 "https://hamza2roues.com/product/huile-moteur-10w40-7100-4t-1l-motul/" "Mozilla/5.0 (X11; Linux x86_64) AppleWebKit/537.36 (KHTML, like Gecko) Chrome/141.0.7390.122 Safari/537.36"
66.249.92.165 - - [05/Dec/2025:16:22:31 +0300] "GET /wp-content/themes/woodmart/js/scripts/wc/countProductVisits.min.js?ver=8.2.6 HTTP/1.1" 200 356 "https://hamza2roues.com/product/huile-moteur-10w40-7100-4t-1l-motul/" "Mozilla/5.0 (X11; Linux x86_64) AppleWebKit/537.36 (KHTML, like Gecko) Chrome/141.0.7390.122 Safari/537.36"
