196.203.144.185 - - [05/Dec/2025:16:24:39 +0300] "GET /wp-content/plugins/google-site-kit/dist/assets/js/googlesitekit-events-provider-contact-form-7-40476021fb6e59177033.js HTTP/1.1" 200 1559 "https://hamza2roues.com/product/compteur-digital-nitro-stunt-booster/" "Mozilla/5.0 (Windows NT 10.0; Win64; x64) AppleWebKit/537.36 (KHTML, like Gecko) Chrome/142.0.0.0 Safari/537.36"
196.203.144.185 - - [05/Dec/2025:16:24:39 +0300] "GET /wp-content/plugins/mailchimp-for-wp/assets/js/forms.js?ver=4.10.8 HTTP/1.1" 200 2294 "https://hamza2roues.com/product/compteur-digital-nitro-stunt-booster/" "Mozilla/5.0 (Windows NT 10.0; Win64; x64) AppleWebKit/537.36 (KHTML, like Gecko) Chrome/142.0.0.0 Safari/537.36"
196.203.144.185 - - [05/Dec/2025:16:24:39 +0300] "GET /wp-content/plugins/woocommerce/assets/js/frontend/single-product.min.js?ver=10.3.5 HTTP/1.1" 200 2505 "https://hamza2roues.com/product/compteur-digital-nitro-stunt-booster/" "Mozilla/5.0 (Windows NT 10.0; Win64; x64) AppleWebKit/537.36 (KHTML, like Gecko) Chrome/142.0.0.0 Safari/537.36"
196.203.144.185 - - [05/Dec/2025:16:24:39 +0300] "GET /wp-content/plugins/google-site-kit/dist/assets/js/googlesitekit-events-provider-mailchimp-766d83b09856fae7cf87.js HTTP/1.1" 200 1557 "https://hamza2roues.com/product/compteur-digital-nitro-stunt-booster/" "Mozilla/5.0 (Windows NT 10.0; Win64; x64) AppleWebKit/537.36 (KHTML, like Gecko) Chrome/142.0.0.0 Safari/537.36"
196.203.144.185 - - [05/Dec/2025:16:24:39 +0300] "GET /wp-content/plugins/woocommerce/assets/js/frontend/add-to-cart-variation.min.js?ver=10.3.5 HTTP/1.1" 200 3494 "https://hamza2roues.com/product/compteur-digital-nitro-stunt-booster/" "Mozilla/5.0 (Windows NT 10.0; Win64; x64) AppleWebKit/537.36 (KHTML, like Gecko) Chrome/142.0.0.0 Safari/537.36"
196.203.144.185 - - [05/Dec/2025:16:24:39 +0300] "GET /wp-content/uploads/2025/10/IMG_4533.png HTTP/1.1" 200 120537 "https://hamza2roues.com/product/compteur-digital-nitro-stunt-booster/" "Mozilla/5.0 (Windows NT 10.0; Win64; x64) AppleWebKit/537.36 (KHTML, like Gecko) Chrome/142.0.0.0 Safari/537.36"
196.203.144.185 - - [05/Dec/2025:16:24:39 +0300] "GET /wp-content/uploads/2025/10/IMG_4532.png HTTP/1.1" 200 186249 "https://hamza2roues.com/product/compteur-digital-nitro-stunt-booster/" "Mozilla/5.0 (Windows NT 10.0; Win64; x64) AppleWebKit/537.36 (KHTML, like Gecko) Chrome/142.0.0.0 Safari/537.36"
196.203.144.185 - - [05/Dec/2025:16:24:40 +0300] "GET /wp-content/uploads/elementor/google-fonts/fonts/lexenddeca-k2f1fzfyk-dhse0uppuwq5qnjy8.woff2 HTTP/1.1" 200 39768 "https://hamza2roues.com/wp-content/uploads/elementor/google-fonts/css/lexenddeca.css?ver=1751470288" "Mozilla/5.0 (Windows NT 10.0; Win64; x64) AppleWebKit/537.36 (KHTML, like Gecko) Chrome/142.0.0.0 Safari/537.36"
196.203.144.185 - - [05/Dec/2025:16:24:40 +0300] "GET /wp-content/uploads/2025/01/mp2-infobox-phone-clrd-white.svg HTTP/1.1" 200 603 "https://hamza2roues.com/product/compteur-digital-nitro-stunt-booster/" "Mozilla/5.0 (Windows NT 10.0; Win64; x64) AppleWebKit/537.36 (KHTML, like Gecko) Chrome/142.0.0.0 Safari/537.36"
196.203.144.185 - - [05/Dec/2025:16:24:40 +0300] "GET /wp-content/uploads/2025/01/mp2-infobox-bundle.svg HTTP/1.1" 200 793 "https://hamza2roues.com/product/compteur-digital-nitro-stunt-booster/" "Mozilla/5.0 (Windows NT 10.0; Win64; x64) AppleWebKit/537.36 (KHTML, like Gecko) Chrome/142.0.0.0 Safari/537.36"
196.203.144.185 - - [05/Dec/2025:16:24:40 +0300] "GET /wp-content/uploads/2025/01/291-300x28.png HTTP/1.1" 200 1606 "https://hamza2roues.com/product/compteur-digital-nitro-stunt-booster/" "Mozilla/5.0 (Windows NT 10.0; Win64; x64) AppleWebKit/537.36 (KHTML, like Gecko) Chrome/142.0.0.0 Safari/537.36"
196.203.144.185 - - [05/Dec/2025:16:24:40 +0300] "GET /wp-content/uploads/2025/01/mcp-delivery-car.svg HTTP/1.1" 200 303 "https://hamza2roues.com/product/compteur-digital-nitro-stunt-booster/" "Mozilla/5.0 (Windows NT 10.0; Win64; x64) AppleWebKit/537.36 (KHTML, like Gecko) Chrome/142.0.0.0 Safari/537.36"
196.203.144.185 - - [05/Dec/2025:16:24:40 +0300] "GET /wp-content/uploads/2025/01/mp2-infobox-phone-clrd.svg HTTP/1.1" 200 607 "https://hamza2roues.com/product/compteur-digital-nitro-stunt-booster/" "Mozilla/5.0 (Windows NT 10.0; Win64; x64) AppleWebKit/537.36 (KHTML, like Gecko) Chrome/142.0.0.0 Safari/537.36"
196.203.144.185 - - [05/Dec/2025:16:24:40 +0300] "GET /wp-content/uploads/2025/01/mp2-infobox-map-pointer.svg HTTP/1.1" 200 1782 "https://hamza2roues.com/product/compteur-digital-nitro-stunt-booster/" "Mozilla/5.0 (Windows NT 10.0; Win64; x64) AppleWebKit/537.36 (KHTML, like Gecko) Chrome/142.0.0.0 Safari/537.36"
196.203.144.185 - - [05/Dec/2025:16:24:40 +0300] "GET /wp-content/uploads/2025/01/hamza2roues.com-54.png HTTP/1.1" 200 167600 "https://hamza2roues.com/product/compteur-digital-nitro-stunt-booster/" "Mozilla/5.0 (Windows NT 10.0; Win64; x64) AppleWebKit/537.36 (KHTML, like Gecko) Chrome/142.0.0.0 Safari/537.36"
196.203.144.185 - - [05/Dec/2025:16:24:40 +0300] "GET /wp-content/plugins/elementor/assets/js/shared-frontend-handlers.03caa53373b56d3bab67.bundle.min.js HTTP/1.1" 200 2340 "https://hamza2roues.com/product/compteur-digital-nitro-stunt-booster/" "Mozilla/5.0 (Windows NT 10.0; Win64; x64) AppleWebKit/537.36 (KHTML, like Gecko) Chrome/142.0.0.0 Safari/537.36"
196.203.144.185 - - [05/Dec/2025:16:24:40 +0300] "GET /wp-content/plugins/elementor/assets/js/text-editor.45609661e409413f1cef.bundle.min.js HTTP/1.1" 200 557 "https://hamza2roues.com/product/compteur-digital-nitro-stunt-booster/" "Mozilla/5.0 (Windows NT 10.0; Win64; x64) AppleWebKit/537.36 (KHTML, like Gecko) Chrome/142.0.0.0 Safari/537.36"
196.203.144.185 - - [05/Dec/2025:16:24:40 +0300] "GET /wp-content/uploads/2025/01/hamza2roues.com-45.png HTTP/1.1" 200 116838 "https://hamza2roues.com/product/compteur-digital-nitro-stunt-booster/" "Mozilla/5.0 (Windows NT 10.0; Win64; x64) AppleWebKit/537.36 (KHTML, like Gecko) Chrome/142.0.0.0 Safari/537.36"
196.203.144.185 - - [05/Dec/2025:16:24:40 +0300] "GET /wp-content/uploads/2025/07/cropped-trana-1-32x32.png HTTP/1.1" 200 1086 "https://hamza2roues.com/product/compteur-digital-nitro-stunt-booster/" "Mozilla/5.0 (Windows NT 10.0; Win64; x64) AppleWebKit/537.36 (KHTML, like Gecko) Chrome/142.0.0.0 Safari/537.36"
196.203.144.185 - - [05/Dec/2025:16:24:40 +0300] "POST /?wc-ajax=get_refreshed_fragments HTTP/1.1" 200 499 "https://hamza2roues.com/product/compteur-digital-nitro-stunt-booster/" "Mozilla/5.0 (Windows NT 10.0; Win64; x64) AppleWebKit/537.36 (KHTML, like Gecko) Chrome/142.0.0.0 Safari/537.36"
196.203.144.185 - - [05/Dec/2025:16:24:41 +0300] "GET /wp-content/uploads/2025/01/62030720732_1-768x768.jpg HTTP/1.1" 200 57172 "https://hamza2roues.com/product/compteur-digital-nitro-stunt-booster/" "Mozilla/5.0 (Windows NT 10.0; Win64; x64) AppleWebKit/537.36 (KHTML, like Gecko) Chrome/142.0.0.0 Safari/537.36"
196.203.144.185 - - [05/Dec/2025:16:24:41 +0300] "GET /wp-content/uploads/2025/10/IMG_4633-e1761330967963-600x600.jpeg HTTP/1.1" 200 35303 "https://hamza2roues.com/product/compteur-digital-nitro-stunt-booster/" "Mozilla/5.0 (Windows NT 10.0; Win64; x64) AppleWebKit/537.36 (KHTML, like Gecko) Chrome/142.0.0.0 Safari/537.36"
66.249.92.138 - - [05/Dec/2025:16:22:37 +0300] "GET /wp-content/plugins/google-site-kit/dist/assets/js/googlesitekit-events-provider-mailchimp-766d83b09856fae7cf87.js HTTP/1.1" 200 1557 "https://hamza2roues.com/product/huile-moteur-10w40-7100-4t-1l-motul/" "Mozilla/5.0 (X11; Linux x86_64) AppleWebKit/537.36 (KHTML, like Gecko) Chrome/141.0.7390.122 Safari/537.36"
66.249.92.138 - - [05/Dec/2025:16:22:39 +0300] "GET /wp-content/plugins/woocommerce/assets/js/frontend/add-to-cart.min.js?ver=10.3.5 HTTP/1.1" 200 1144 "https://hamza2roues.com/product/huile-moteur-10w40-7100-4t-1l-motul/" "Mozilla/5.0 (X11; Linux x86_64) AppleWebKit/537.36 (KHTML, like Gecko) Chrome/141.0.7390.122 Safari/537.36"
66.249.92.138 - - [05/Dec/2025:16:22:40 +0300] "GET /wp-content/plugins/woocommerce/assets/js/sourcebuster/sourcebuster.min.js?ver=10.3.5 HTTP/1.1" 200 4333 "https://hamza2roues.com/product/huile-moteur-10w40-7100-4t-1l-motul/" "Mozilla/5.0 (X11; Linux x86_64) AppleWebKit/537.36 (KHTML, like Gecko) Chrome/141.0.7390.122 Safari/537.36"
66.249.92.138 - - [05/Dec/2025:16:22:41 +0300] "GET /wp-includes/js/dist/i18n.min.js?ver=5e580eb46a90c2b997e6 HTTP/1.1" 200 2018 "https://hamza2roues.com/product/huile-moteur-10w40-7100-4t-1l-motul/" "Mozilla/5.0 (X11; Linux x86_64) AppleWebKit/537.36 (KHTML, like Gecko) Chrome/141.0.7390.122 Safari/537.36"
66.249.92.193 - - [05/Dec/2025:16:22:46 +0300] "GET /wp-content/themes/woodmart/js/scripts/wc/productImagesGallery.min.js?ver=8.2.6 HTTP/1.1" 200 1758 "https://hamza2roues.com/product/huile-moteur-10w40-7100-4t-1l-motul/" "Mozilla/5.0 (X11; Linux x86_64) AppleWebKit/537.36 (KHTML, like Gecko) Chrome/141.0.7390.122 Safari/537.36"
66.249.92.193 - - [05/Dec/2025:16:22:48 +0300] "GET /wp-content/themes/woodmart/js/scripts/wc/updateCartFragmentsFix.js?ver=8.2.6 HTTP/1.1" 200 495 "https://hamza2roues.com/product/huile-moteur-10w40-7100-4t-1l-motul/" "Mozilla/5.0 (X11; Linux x86_64) AppleWebKit/537.36 (KHTML, like Gecko) Chrome/141.0.7390.122 Safari/537.36"
66.249.92.193 - - [05/Dec/2025:16:22:50 +0300] "GET /wp-content/themes/woodmart/js/libs/swiper.min.js?ver=8.2.6 HTTP/1.1" 200 26988 "https://hamza2roues.com/product/huile-moteur-10w40-7100-4t-1l-motul/" "Mozilla/5.0 (X11; Linux x86_64) AppleWebKit/537.36 (KHTML, like Gecko) Chrome/141.0.7390.122 Safari/537.36"
66.249.92.193 - - [05/Dec/2025:16:22:53 +0300] "GET /wp-content/uploads/2025/01/mcp-delivery-car.svg HTTP/1.1" 200 303 "https://hamza2roues.com/product/huile-moteur-10w40-7100-4t-1l-motul/" "Mozilla/5.0 (X11; Linux x86_64) AppleWebKit/537.36 (KHTML, like Gecko) Chrome/141.0.7390.122 Safari/537.36"
66.249.92.33 - - [05/Dec/2025:16:23:01 +0300] "GET /wp-content/uploads/2025/11/12f8fc1a-77ae-4184-bea6-b5b3cc96b327-600x600.jpeg HTTP/1.1" 200 28954 "https://hamza2roues.com/product/huile-moteur-10w40-7100-4t-1l-motul/" "Mozilla/5.0 (X11; Linux x86_64) AppleWebKit/537.36 (KHTML, like Gecko) Chrome/141.0.7390.122 Safari/537.36"
193.111.77.77 - - [05/Dec/2025:16:23:46 +0300] "POST /wp-cron.php?doing_wp_cron=1764941026.1734530925750732421875 HTTP/1.1" 200 0 "-" "WordPress/6.9; https://hamza2roues.com"
193.111.77.77 - - [05/Dec/2025:16:24:27 +0300] "GET /wp-content/uploads/2025/01/IMG_2569-Photoroom-e1752342070320.png HTTP/1.1" 200 114903 "-" "-"
162.120.187.125 - - [05/Dec/2025:16:24:35 +0300] "GET /product/compteur-digital-nitro-stunt-booster/ HTTP/2" 200 34756 "https://www.google.com/" "Mozilla/5.0 (Windows NT 10.0; Win64; x64) AppleWebKit/537.36 (KHTML, like Gecko) Chrome/142.0.0.0 Safari/537.36"
197.238.90.57 - - [05/Dec/2025:16:24:35 +0300] "POST /wp-admin/admin-ajax.php HTTP/1.1" 200 78 "https://hamza2roues.com/product/systeme-dalarme-moto/" "Mozilla/5.0 (Macintosh; Intel Mac OS X 10_15_7) AppleWebKit/537.36 (KHTML, like Gecko) Chrome/142.0.0.0 Safari/537.36"
197.238.90.57 - - [05/Dec/2025:16:24:35 +0300] "POST /wp-admin/admin-ajax.php HTTP/1.1" 200 79 "https://hamza2roues.com/product/autocollant-sticker-uv-3d-honda/" "Mozilla/5.0 (Macintosh; Intel Mac OS X 10_15_7) AppleWebKit/537.36 (KHTML, like Gecko) Chrome/142.0.0.0 Safari/537.36"
193.111.77.77 - - [05/Dec/2025:16:25:04 +0300] "POST /wp-cron.php?doing_wp_cron=1764941104.6193549633026123046875 HTTP/1.1" 200 0 "-" "WordPress/6.9; https://hamza2roues.com"
154.108.41.236 - - [05/Dec/2025:16:26:07 +0300] "GET /product/retroviseur-z750/ HTTP/1.1" 200 33399 "https://hamza2roues.com/?s=750&post_type=product" "Mozilla/5.0 (Linux; Android 10; K) AppleWebKit/537.36 (KHTML, like Gecko) Chrome/142.0.0.0 Mobile Safari/537.36"
154.108.41.236 - - [05/Dec/2025:16:26:07 +0300] "GET /product/visiere-kawasaki-z750-support-bleu/ HTTP/1.1" 200 32965 "https://hamza2roues.com/?s=750&post_type=product" "Mozilla/5.0 (Linux; Android 10; K) AppleWebKit/537.36 (KHTML, like Gecko) Chrome/142.0.0.0 Mobile Safari/537.36"
154.108.41.236 - - [05/Dec/2025:16:26:07 +0300] "GET /wp-content/uploads/2025/09/bougie-ngk-cr9e-standard-1200x1200.jpg HTTP/1.1" 200 60490 "https://hamza2roues.com/?s=750&post_type=product" "Mozilla/5.0 (Linux; Android 10; K) AppleWebKit/537.36 (KHTML, like Gecko) Chrome/142.0.0.0 Mobile Safari/537.36"
154.108.41.236 - - [05/Dec/2025:16:26:07 +0300] "GET /wp-content/uploads/2025/09/bougie-ngk-cr8eh-9-standard-1200x1200.jpg HTTP/1.1" 200 75050 "https://hamza2roues.com/?s=750&post_type=product" "Mozilla/5.0 (Linux; Android 10; K) AppleWebKit/537.36 (KHTML, like Gecko) Chrome/142.0.0.0 Mobile Safari/537.36"
154.108.41.236 - - [05/Dec/2025:16:26:08 +0300] "GET /wp-content/uploads/2025/09/bougie-ngk-cr7e-standard-1-1200x1200.jpg HTTP/1.1" 200 58483 "https://hamza2roues.com/?s=750&post_type=product" "Mozilla/5.0 (Linux; Android 10; K) AppleWebKit/537.36 (KHTML, like Gecko) Chrome/142.0.0.0 Mobile Safari/537.36"
154.108.41.236 - - [05/Dec/2025:16:26:08 +0300] "GET /wp-content/uploads/2025/09/bougie-ngk-cr9ek-standard-1200x1200.jpg HTTP/1.1" 200 112378 "https://hamza2roues.com/?s=750&post_type=product" "Mozilla/5.0 (Linux; Android 10; K) AppleWebKit/537.36 (KHTML, like Gecko) Chrome/142.0.0.0 Mobile Safari/537.36"
154.108.41.236 - - [05/Dec/2025:16:26:15 +0300] "GET /product/plaquettes-de-frein-arriere-mt07/ HTTP/1.1" 200 36233 "https://hamza2roues.com/?s=750&post_type=product" "Mozilla/5.0 (Linux; Android 10; K) AppleWebKit/537.36 (KHTML, like Gecko) Chrome/142.0.0.0 Mobile Safari/537.36"
154.108.41.236 - - [05/Dec/2025:16:26:15 +0300] "GET /wp-content/uploads/2025/09/hamza2roues.com-32-e1758656744483-600x600.png HTTP/1.1" 200 90574 "https://hamza2roues.com/?s=750&post_type=product" "Mozilla/5.0 (Linux; Android 10; K) AppleWebKit/537.36 (KHTML, like Gecko) Chrome/142.0.0.0 Mobile Safari/537.36"
154.108.41.236 - - [05/Dec/2025:16:26:16 +0300] "GET /wp-content/uploads/2025/07/268204-Filtro-Olio-Meiwa-Honda-Kawasaki-600x600.jpg HTTP/1.1" 200 38685 "https://hamza2roues.com/?s=750&post_type=product" "Mozilla/5.0 (Linux; Android 10; K) AppleWebKit/537.36 (KHTML, like Gecko) Chrome/142.0.0.0 Mobile Safari/537.36"
154.108.41.236 - - [05/Dec/2025:16:26:21 +0300] "GET /wp-content/uploads/2025/07/62030931891_1.jpg HTTP/1.1" 200 57717 "https://hamza2roues.com/?s=750&post_type=product" "Mozilla/5.0 (Linux; Android 10; K) AppleWebKit/537.36 (KHTML, like Gecko) Chrome/142.0.0.0 Mobile Safari/537.36"
197.244.82.246 - - [05/Dec/2025:16:26:20 +0300] "POST /wp-admin/admin-ajax.php HTTP/2" 200 80 "https://hamza2roues.com/product/dosseret-moto-universel-takeya/" "Mozilla/5.0 (Windows NT 10.0; Win64; x64) AppleWebKit/537.36 (KHTML, like Gecko) Chrome/142.0.0.0 Safari/537.36"
154.108.41.236 - - [05/Dec/2025:16:26:34 +0300] "GET /product/bougie-cr9ek-ngk/ HTTP/1.1" 200 10416 "https://hamza2roues.com/?s=750&post_type=product" "Mozilla/5.0 (Linux; Android 10; K) AppleWebKit/537.36 (KHTML, like Gecko) Chrome/142.0.0.0 Mobile Safari/537.36"
154.108.41.236 - - [05/Dec/2025:16:26:35 +0300] "GET /product/honda-cb1000r-pack-vidange-motul-5100/ HTTP/1.1" 200 36754 "https://hamza2roues.com/?s=750&post_type=product" "Mozilla/5.0 (Linux; Android 10; K) AppleWebKit/537.36 (KHTML, like Gecko) Chrome/142.0.0.0 Mobile Safari/537.36"
154.108.41.236 - - [05/Dec/2025:16:24:37 +0300] "GET /wp-content/uploads/2025/07/62030590231_1-1200x1200.jpg HTTP/1.1" 200 154703 "https://hamza2roues.com/?s=Support&post_type=product" "Mozilla/5.0 (Linux; Android 10; K) AppleWebKit/537.36 (KHTML, like Gecko) Chrome/142.0.0.0 Mobile Safari/537.36"
154.108.41.236 - - [05/Dec/2025:16:24:34 +0300] "GET /?s=750&post_type=product HTTP/1.1" 200 38155 "https://hamza2roues.com/?s=Support&post_type=product" "Mozilla/5.0 (Linux; Android 10; K) AppleWebKit/537.36 (KHTML, like Gecko) Chrome/142.0.0.0 Mobile Safari/537.36"
154.108.41.236 - - [05/Dec/2025:16:24:38 +0300] "POST /wp-json/wp-statistics/v2/hit HTTP/1.1" 200 19 "https://hamza2roues.com/?s=750&post_type=product" "Mozilla/5.0 (Linux; Android 10; K) AppleWebKit/537.36 (KHTML, like Gecko) Chrome/142.0.0.0 Mobile Safari/537.36"
154.108.41.236 - - [05/Dec/2025:16:25:00 +0300] "GET /product-category/pieces-moto/vacuum-cleaners/ HTTP/1.1" 200 31405 "https://hamza2roues.com/?s=750&post_type=product" "Mozilla/5.0 (Linux; Android 10; K) AppleWebKit/537.36 (KHTML, like Gecko) Chrome/142.0.0.0 Mobile Safari/537.36"
114.119.153.161 - - [05/Dec/2025:16:25:03 +0300] "GET /product-category/pieces-moto/small-kitchen-appliances?per_row=3&per_page=9&shop_view=grid HTTP/1.1" 301 0 "https://hamza2roues.com/product-category/pieces-moto/small-kitchen-appliances?per_page=12&shop_view=grid&per_row=3" "Mozilla/5.0 (Linux; Android 7.0;) AppleWebKit/537.36 (KHTML, like Gecko) Mobile Safari/537.36 (compatible; PetalBot;+https://webmaster.petalsearch.com/site/petalbot)"
197.244.82.246 - - [05/Dec/2025:16:25:19 +0300] "POST /wp-admin/admin-ajax.php HTTP/2" 200 80 "https://hamza2roues.com/product/dosseret-moto-universel-takeya/" "Mozilla/5.0 (Windows NT 10.0; Win64; x64) AppleWebKit/537.36 (KHTML, like Gecko) Chrome/142.0.0.0 Safari/537.36"
154.108.41.236 - - [05/Dec/2025:16:25:24 +0300] "GET /product/kit-joints-spi-moteur-z750/ HTTP/1.1" 200 34163 "https://hamza2roues.com/?s=750&post_type=product" "Mozilla/5.0 (Linux; Android 10; K) AppleWebKit/537.36 (KHTML, like Gecko) Chrome/142.0.0.0 Mobile Safari/537.36"
154.108.41.236 - - [05/Dec/2025:16:25:33 +0300] "GET /product/cache-carter-z750-z800-vert/ HTTP/1.1" 200 32730 "https://hamza2roues.com/?s=750&post_type=product" "Mozilla/5.0 (Linux; Android 10; K) AppleWebKit/537.36 (KHTML, like Gecko) Chrome/142.0.0.0 Mobile Safari/537.36"
197.238.90.57 - - [05/Dec/2025:16:25:35 +0300] "POST /wp-admin/admin-ajax.php HTTP/1.1" 200 78 "https://hamza2roues.com/product/autocollant-sticker-uv-3d-honda/" "Mozilla/5.0 (Macintosh; Intel Mac OS X 10_15_7) AppleWebKit/537.36 (KHTML, like Gecko) Chrome/142.0.0.0 Safari/537.36"
197.238.90.57 - - [05/Dec/2025:16:25:35 +0300] "POST /wp-admin/admin-ajax.php HTTP/1.1" 200 77 "https://hamza2roues.com/product/systeme-dalarme-moto/" "Mozilla/5.0 (Macintosh; Intel Mac OS X 10_15_7) AppleWebKit/537.36 (KHTML, like Gecko) Chrome/142.0.0.0 Safari/537.36"
154.108.41.236 - - [05/Dec/2025:16:25:38 +0300] "GET /product/disques-embrayage-z750-z800-tobaki/ HTTP/1.1" 200 33172 "https://hamza2roues.com/?s=750&post_type=product" "Mozilla/5.0 (Linux; Android 10; K) AppleWebKit/537.36 (KHTML, like Gecko) Chrome/142.0.0.0 Mobile Safari/537.36"
154.108.41.236 - - [05/Dec/2025:16:25:38 +0300] "POST /wp-json/wp-statistics/v2/online HTTP/1.1" 200 19 "https://hamza2roues.com/?s=750&post_type=product" "Mozilla/5.0 (Linux; Android 10; K) AppleWebKit/537.36 (KHTML, like Gecko) Chrome/142.0.0.0 Mobile Safari/537.36"
154.108.41.236 - - [05/Dec/2025:16:25:45 +0300] "GET /product/filtre-a-air-meiwa-k2160-kawasaki-z750-z800-z1000/ HTTP/1.1" 200 33878 "https://hamza2roues.com/?s=750&post_type=product" "Mozilla/5.0 (Linux; Android 10; K) AppleWebKit/537.36 (KHTML, like Gecko) Chrome/142.0.0.0 Mobile Safari/537.36"
154.108.41.236 - - [05/Dec/2025:16:26:35 +0300] "GET /wp-content/uploads/2025/01/HF303-Oil-Filter-2015_02_19-scr.jpg HTTP/1.1" 200 81978 "https://hamza2roues.com/?s=750&post_type=product" "Mozilla/5.0 (Linux; Android 10; K) AppleWebKit/537.36 (KHTML, like Gecko) Chrome/142.0.0.0 Mobile Safari/537.36"
154.108.41.236 - - [05/Dec/2025:16:26:35 +0300] "GET /wp-content/uploads/2025/01/HF138-Oil-Filter-2015_02_19-scr.jpg HTTP/1.1" 200 79400 "https://hamza2roues.com/?s=750&post_type=product" "Mozilla/5.0 (Linux; Android 10; K) AppleWebKit/537.36 (KHTML, like Gecko) Chrome/142.0.0.0 Mobile Safari/537.36"
197.238.90.57 - - [05/Dec/2025:16:26:35 +0300] "POST /wp-admin/admin-ajax.php HTTP/1.1" 200 77 "https://hamza2roues.com/product/systeme-dalarme-moto/" "Mozilla/5.0 (Macintosh; Intel Mac OS X 10_15_7) AppleWebKit/537.36 (KHTML, like Gecko) Chrome/142.0.0.0 Safari/537.36"
197.238.90.57 - - [05/Dec/2025:16:26:35 +0300] "POST /wp-admin/admin-ajax.php HTTP/1.1" 200 78 "https://hamza2roues.com/product/autocollant-sticker-uv-3d-honda/" "Mozilla/5.0 (Macintosh; Intel Mac OS X 10_15_7) AppleWebKit/537.36 (KHTML, like Gecko) Chrome/142.0.0.0 Safari/537.36"
154.108.41.236 - - [05/Dec/2025:16:26:40 +0300] "GET /product/filtre-a-huile-hf204-meiwa/ HTTP/1.1" 200 37258 "https://hamza2roues.com/?s=750&post_type=product" "Mozilla/5.0 (Linux; Android 10; K) AppleWebKit/537.36 (KHTML, like Gecko) Chrome/142.0.0.0 Mobile Safari/537.36"
154.108.41.236 - - [05/Dec/2025:16:26:40 +0300] "GET /wp-content/uploads/2025/01/HF145-Oil-Filter-2015_02_26-scr.jpg HTTP/1.1" 200 92914 "https://hamza2roues.com/?s=750&post_type=product" "Mozilla/5.0 (Linux; Android 10; K) AppleWebKit/537.36 (KHTML, like Gecko) Chrome/142.0.0.0 Mobile Safari/537.36"
154.108.41.236 - - [05/Dec/2025:16:26:38 +0300] "POST /wp-json/wp-statistics/v2/online HTTP/1.1" 200 19 "https://hamza2roues.com/?s=750&post_type=product" "Mozilla/5.0 (Linux; Android 10; K) AppleWebKit/537.36 (KHTML, like Gecko) Chrome/142.0.0.0 Mobile Safari/537.36"
193.111.77.77 - - [05/Dec/2025:16:26:54 +0300] "POST /wp-cron.php?doing_wp_cron=1764941214.7344510555267333984375 HTTP/1.1" 200 0 "-" "WordPress/6.9; https://hamza2roues.com"
154.108.41.236 - - [05/Dec/2025:16:26:57 +0300] "GET /product-category/filtration/ HTTP/1.1" 200 32766 "https://hamza2roues.com/?s=750&post_type=product" "Mozilla/5.0 (Linux; Android 10; K) AppleWebKit/537.36 (KHTML, like Gecko) Chrome/142.0.0.0 Mobile Safari/537.36"
154.108.41.236 - - [05/Dec/2025:16:26:58 +0300] "GET /product/brenta-3093/ HTTP/1.1" 200 36554 "https://hamza2roues.com/?s=750&post_type=product" "Mozilla/5.0 (Linux; Android 10; K) AppleWebKit/537.36 (KHTML, like Gecko) Chrome/142.0.0.0 Mobile Safari/537.36"
154.108.41.236 - - [05/Dec/2025:16:26:58 +0300] "GET /wp-content/uploads/2025/01/HF204-Oil-Filter-2015_02_19-scr.jpg HTTP/1.1" 200 85292 "https://hamza2roues.com/?s=750&post_type=product" "Mozilla/5.0 (Linux; Android 10; K) AppleWebKit/537.36 (KHTML, like Gecko) Chrome/142.0.0.0 Mobile Safari/537.36"
154.108.41.236 - - [05/Dec/2025:16:26:59 +0300] "GET /product/filtre-a-huile-hf138-hiflofiltro/ HTTP/1.1" 200 35275 "https://hamza2roues.com/?s=750&post_type=product" "Mozilla/5.0 (Linux; Android 10; K) AppleWebKit/537.36 (KHTML, like Gecko) Chrome/142.0.0.0 Mobile Safari/537.36"
154.108.41.236 - - [05/Dec/2025:16:27:15 +0300] "GET /product/filtre-a-huile-hf145-hiflofiltro/ HTTP/1.1" 200 34509 "https://hamza2roues.com/?s=750&post_type=product" "Mozilla/5.0 (Linux; Android 10; K) AppleWebKit/537.36 (KHTML, like Gecko) Chrome/142.0.0.0 Mobile Safari/537.36"
154.108.41.236 - - [05/Dec/2025:16:27:15 +0300] "GET /wp-content/uploads/elementor/css/post-7.css?ver=1763592969 HTTP/1.1" 200 298 "https://hamza2roues.com/product/filtre-a-huile-hf145-hiflofiltro/" "Mozilla/5.0 (Linux; Android 10; K) AppleWebKit/537.36 (KHTML, like Gecko) Chrome/142.0.0.0 Mobile Safari/537.36"
154.108.41.236 - - [05/Dec/2025:16:27:15 +0300] "GET /wp-content/uploads/elementor/css/custom-frontend.min.css?ver=1763592969 HTTP/1.1" 200 5906 "https://hamza2roues.com/product/filtre-a-huile-hf145-hiflofiltro/" "Mozilla/5.0 (Linux; Android 10; K) AppleWebKit/537.36 (KHTML, like Gecko) Chrome/142.0.0.0 Mobile Safari/537.36"
154.108.41.236 - - [05/Dec/2025:16:27:15 +0300] "GET /wp-content/uploads/elementor/css/post-844.css?ver=1763592977 HTTP/1.1" 200 1101 "https://hamza2roues.com/product/filtre-a-huile-hf145-hiflofiltro/" "Mozilla/5.0 (Linux; Android 10; K) AppleWebKit/537.36 (KHTML, like Gecko) Chrome/142.0.0.0 Mobile Safari/537.36"
154.108.41.236 - - [05/Dec/2025:16:27:15 +0300] "GET /wp-content/uploads/elementor/css/post-870.css?ver=1763592977 HTTP/1.1" 200 712 "https://hamza2roues.com/product/filtre-a-huile-hf145-hiflofiltro/" "Mozilla/5.0 (Linux; Android 10; K) AppleWebKit/537.36 (KHTML, like Gecko) Chrome/142.0.0.0 Mobile Safari/537.36"
154.108.41.236 - - [05/Dec/2025:16:27:15 +0300] "GET /wp-content/uploads/elementor/css/post-52.css?ver=1763592971 HTTP/1.1" 200 652 "https://hamza2roues.com/product/filtre-a-huile-hf145-hiflofiltro/" "Mozilla/5.0 (Linux; Android 10; K) AppleWebKit/537.36 (KHTML, like Gecko) Chrome/142.0.0.0 Mobile Safari/537.36"
154.108.41.236 - - [05/Dec/2025:16:27:15 +0300] "GET /wp-content/plugins/elementor/assets/css/widget-divider.min.css?ver=3.33.1 HTTP/1.1" 200 643 "https://hamza2roues.com/product/filtre-a-huile-hf145-hiflofiltro/" "Mozilla/5.0 (Linux; Android 10; K) AppleWebKit/537.36 (KHTML, like Gecko) Chrome/142.0.0.0 Mobile Safari/537.36"
154.108.41.236 - - [05/Dec/2025:16:27:15 +0300] "GET /wp-content/plugins/contact-form-7/includes/js/index.js?ver=6.1.3 HTTP/1.1" 200 3724 "https://hamza2roues.com/product/filtre-a-huile-hf145-hiflofiltro/" "Mozilla/5.0 (Linux; Android 10; K) AppleWebKit/537.36 (KHTML, like Gecko) Chrome/142.0.0.0 Mobile Safari/537.36"
154.108.41.236 - - [05/Dec/2025:16:27:15 +0300] "GET /wp-content/plugins/elementor/assets/js/webpack.runtime.min.js?ver=3.33.1 HTTP/1.1" 200 2117 "https://hamza2roues.com/product/filtre-a-huile-hf145-hiflofiltro/" "Mozilla/5.0 (Linux; Android 10; K) AppleWebKit/537.36 (KHTML, like Gecko) Chrome/142.0.0.0 Mobile Safari/537.36"
154.108.41.236 - - [05/Dec/2025:16:27:15 +0300] "GET /wp-content/plugins/mailchimp-for-wp/assets/js/forms.js?ver=4.10.8 HTTP/1.1" 200 2294 "https://hamza2roues.com/product/filtre-a-huile-hf145-hiflofiltro/" "Mozilla/5.0 (Linux; Android 10; K) AppleWebKit/537.36 (KHTML, like Gecko) Chrome/142.0.0.0 Mobile Safari/537.36"
154.108.41.236 - - [05/Dec/2025:16:27:15 +0300] "GET /wp-content/plugins/contact-form-7/includes/swv/js/index.js?ver=6.1.3 HTTP/1.1" 200 3171 "https://hamza2roues.com/product/filtre-a-huile-hf145-hiflofiltro/" "Mozilla/5.0 (Linux; Android 10; K) AppleWebKit/537.36 (KHTML, like Gecko) Chrome/142.0.0.0 Mobile Safari/537.36"
154.108.41.236 - - [05/Dec/2025:16:27:15 +0300] "GET /wp-content/plugins/elementor/assets/js/frontend-modules.min.js?ver=3.33.1 HTTP/1.1" 200 21773 "https://hamza2roues.com/product/filtre-a-huile-hf145-hiflofiltro/" "Mozilla/5.0 (Linux; Android 10; K) AppleWebKit/537.36 (KHTML, like Gecko) Chrome/142.0.0.0 Mobile Safari/537.36"
154.108.41.236 - - [05/Dec/2025:16:27:15 +0300] "GET /wp-content/plugins/elementor/assets/js/frontend.min.js?ver=3.33.1 HTTP/1.1" 200 9190 "https://hamza2roues.com/product/filtre-a-huile-hf145-hiflofiltro/" "Mozilla/5.0 (Linux; Android 10; K) AppleWebKit/537.36 (KHTML, like Gecko) Chrome/142.0.0.0 Mobile Safari/537.36"
154.108.41.236 - - [05/Dec/2025:16:27:15 +0300] "GET /wp-content/uploads/2025/07/Hiflofiltro_Logo-1-scaled.jpg HTTP/1.1" 200 175770 "https://hamza2roues.com/product/filtre-a-huile-hf145-hiflofiltro/" "Mozilla/5.0 (Linux; Android 10; K) AppleWebKit/537.36 (KHTML, like Gecko) Chrome/142.0.0.0 Mobile Safari/537.36"
193.111.77.77 - - [05/Dec/2025:16:23:20 +0300] "POST /wp-cron.php?doing_wp_cron=1764941000.7343060970306396484375 HTTP/1.1" 200 0 "-" "WordPress/6.9; https://hamza2roues.com"
162.120.188.125 - - [05/Dec/2025:16:23:21 +0300] "GET /product/scooter-pista-hr-125cc-gris/ HTTP/2" 200 34372 "https://www.google.com/" "Mozilla/5.0 (Windows NT 10.0; Win64; x64) AppleWebKit/537.36 (KHTML, like Gecko) Chrome/142.0.0.0 Safari/537.36"
216.244.66.196 - - [05/Dec/2025:16:23:36 +0300] "GET /marque/gbracing/?shop_view=grid&per_row=3 HTTP/1.1" 200 212315 "-" "Mozilla/5.0 (compatible; DotBot/1.2; +https://opensiteexplorer.org/dotbot; help@moz.com)"
193.111.77.77 - - [05/Dec/2025:16:23:46 +0300] "GET /wp-content/uploads/2025/01/IMG_2569-Photoroom-e1752342070320.png HTTP/1.1" 200 114903 "-" "-"
114.119.130.240 - - [05/Dec/2025:16:23:45 +0300] "GET /product-category/pieces-moto/small-kitchen-appliances/?per_row=4&shop_view=grid&per_page=18 HTTP/1.1" 200 32179 "-" "Mozilla/5.0 (Linux; Android 7.0;) AppleWebKit/537.36 (KHTML, like Gecko) Mobile Safari/537.36 (compatible; PetalBot;+https://webmaster.petalsearch.com/site/petalbot)"
193.111.77.77 - - [05/Dec/2025:16:24:37 +0300] "GET /wp-content/uploads/2025/01/IMG_2569-Photoroom-e1752342070320.png HTTP/1.1" 200 114903 "-" "-"
206.189.141.3 - - [05/Dec/2025:16:25:19 +0300] "GET /wp-login.php HTTP/2" 200 4289 "-" "Mozilla/5.0 (Windows NT 10.0; WOW64; Trident/7.0; Touch; LCTE; rv:11.0) like Gecko"
206.189.141.3 - - [05/Dec/2025:16:25:24 +0300] "POST /wp-login.php HTTP/2" 503 6712 "https://hamza2roues.com/wp-login.php" "Mozilla/5.0 (Windows NT 10.0; WOW64; Trident/7.0; Touch; LCTE; rv:11.0) like Gecko"
196.203.144.185 - - [05/Dec/2025:16:24:40 +0300] "POST /wp-json/wp-statistics/v2/hit HTTP/1.1" 200 19 "https://hamza2roues.com/product/compteur-digital-nitro-stunt-booster/" "Mozilla/5.0 (Windows NT 10.0; Win64; x64) AppleWebKit/537.36 (KHTML, like Gecko) Chrome/142.0.0.0 Safari/537.36"
114.119.153.161 - - [05/Dec/2025:16:25:05 +0300] "GET /product-category/pieces-moto/small-kitchen-appliances/?per_row=3&per_page=9&shop_view=grid HTTP/1.1" 200 32152 "https://hamza2roues.com/product-category/pieces-moto/small-kitchen-appliances?per_page=12&shop_view=grid&per_row=3" "Mozilla/5.0 (Linux; Android 7.0;) AppleWebKit/537.36 (KHTML, like Gecko) Mobile Safari/537.36 (compatible; PetalBot;+https://webmaster.petalsearch.com/site/petalbot)"
193.111.77.77 - - [05/Dec/2025:16:26:22 +0300] "POST /wp-admin/admin-ajax.php?action=as_async_request_queue_runner&nonce=9b414fd47e HTTP/1.1" 200 0 "-" "WordPress/6.9; https://hamza2roues.com"
114.119.130.240 - - [05/Dec/2025:16:26:28 +0300] "GET /product-category/pieces-moto/small-kitchen-appliances/?filter_product_brand=122 HTTP/1.1" 200 32307 "https://hamza2roues.com/product-category/pieces-moto/small-kitchen-appliances?per_page=12&shop_view=grid&per_row=3" "Mozilla/5.0 (Linux; Android 7.0;) AppleWebKit/537.36 (KHTML, like Gecko) Mobile Safari/537.36 (compatible; PetalBot;+https://webmaster.petalsearch.com/site/petalbot)"
165.50.17.4 - - [05/Dec/2025:16:28:35 +0300] "GET /?s=ngk&post_type=product HTTP/1.1" 200 32854 "https://hamza2roues.com/product-category/pieces-moto/vacuum-cleaners/" "Mozilla/5.0 (Macintosh; Intel Mac OS X 10_15_7) AppleWebKit/537.36 (KHTML, like Gecko) Chrome/116.0.0.0 Safari/537.36"
165.50.17.4 - - [05/Dec/2025:16:28:38 +0300] "GET /wp-includes/js/dist/script-modules/interactivity/index.min.js?ver=8964710565a1d258501f HTTP/1.1" 304 0 "https://hamza2roues.com/?s=ngk&post_type=product" "Mozilla/5.0 (Macintosh; Intel Mac OS X 10_15_7) AppleWebKit/537.36 (KHTML, like Gecko) Chrome/116.0.0.0 Safari/537.36"
165.50.17.4 - - [05/Dec/2025:16:28:38 +0300] "GET /wp-includes/js/dist/i18n.min.js?ver=c26c3dc7bed366793375 HTTP/1.1" 304 0 "https://hamza2roues.com/?s=ngk&post_type=product" "Mozilla/5.0 (Macintosh; Intel Mac OS X 10_15_7) AppleWebKit/537.36 (KHTML, like Gecko) Chrome/116.0.0.0 Safari/537.36"
165.50.17.4 - - [05/Dec/2025:16:28:38 +0300] "GET /wp-includes/js/dist/hooks.min.js?ver=dd5603f07f9220ed27f1 HTTP/1.1" 304 0 "https://hamza2roues.com/?s=ngk&post_type=product" "Mozilla/5.0 (Macintosh; Intel Mac OS X 10_15_7) AppleWebKit/537.36 (KHTML, like Gecko) Chrome/116.0.0.0 Safari/537.36"
165.50.17.4 - - [05/Dec/2025:16:28:39 +0300] "GET /wp-content/plugins/elementor/assets/js/frontend.min.js?ver=3.33.3 HTTP/1.1" 304 0 "https://hamza2roues.com/?s=ngk&post_type=product" "Mozilla/5.0 (Macintosh; Intel Mac OS X 10_15_7) AppleWebKit/537.36 (KHTML, like Gecko) Chrome/116.0.0.0 Safari/537.36"
165.50.17.4 - - [05/Dec/2025:16:28:39 +0300] "GET /wp-content/plugins/elementor/assets/js/webpack.runtime.min.js?ver=3.33.3 HTTP/1.1" 304 0 "https://hamza2roues.com/?s=ngk&post_type=product" "Mozilla/5.0 (Macintosh; Intel Mac OS X 10_15_7) AppleWebKit/537.36 (KHTML, like Gecko) Chrome/116.0.0.0 Safari/537.36"
165.50.17.4 - - [05/Dec/2025:16:28:39 +0300] "GET /wp-content/plugins/elementor/assets/js/frontend-modules.min.js?ver=3.33.3 HTTP/1.1" 304 0 "https://hamza2roues.com/?s=ngk&post_type=product" "Mozilla/5.0 (Macintosh; Intel Mac OS X 10_15_7) AppleWebKit/537.36 (KHTML, like Gecko) Chrome/116.0.0.0 Safari/537.36"
165.50.17.4 - - [05/Dec/2025:16:28:40 +0300] "POST /wp-json/wp-statistics/v2/hit HTTP/1.1" 200 19 "https://hamza2roues.com/?s=ngk&post_type=product" "Mozilla/5.0 (Macintosh; Intel Mac OS X 10_15_7) AppleWebKit/537.36 (KHTML, like Gecko) Chrome/116.0.0.0 Safari/537.36"
165.50.17.4 - - [05/Dec/2025:16:29:40 +0300] "POST /wp-json/wp-statistics/v2/online HTTP/1.1" 200 19 "https://hamza2roues.com/?s=ngk&post_type=product" "Mozilla/5.0 (Macintosh; Intel Mac OS X 10_15_7) AppleWebKit/537.36 (KHTML, like Gecko) Chrome/116.0.0.0 Safari/537.36"
193.111.77.77 - - [05/Dec/2025:16:31:20 +0300] "POST /wp-cron.php?doing_wp_cron=1764941480.5996789932250976562500 HTTP/1.1" 200 0 "-" "WordPress/6.9; https://hamza2roues.com"
197.244.82.246 - - [05/Dec/2025:16:31:19 +0300] "POST /wp-admin/admin-ajax.php HTTP/2" 200 79 "https://hamza2roues.com/product/dosseret-moto-universel-takeya/" "Mozilla/5.0 (Windows NT 10.0; Win64; x64) AppleWebKit/537.36 (KHTML, like Gecko) Chrome/142.0.0.0 Safari/537.36"
197.238.90.57 - - [05/Dec/2025:16:31:35 +0300] "POST /wp-admin/admin-ajax.php HTTP/1.1" 200 78 "https://hamza2roues.com/product/systeme-dalarme-moto/" "Mozilla/5.0 (Macintosh; Intel Mac OS X 10_15_7) AppleWebKit/537.36 (KHTML, like Gecko) Chrome/142.0.0.0 Safari/537.36"
193.111.77.77 - - [05/Dec/2025:16:26:23 +0300] "POST /wp-cron.php?doing_wp_cron=1764941183.6589419841766357421875 HTTP/1.1" 200 0 "-" "WordPress/6.9; https://hamza2roues.com"
165.50.17.4 - - [05/Dec/2025:16:26:52 +0300] "GET /wp-admin/admin-ajax.php?action=woodmart_ajax_search&number=20&post_type=product&query=ngk HTTP/1.1" 200 1301 "https://hamza2roues.com/product-category/pieces-moto/vacuum-cleaners/" "Mozilla/5.0 (Macintosh; Intel Mac OS X 10_15_7) AppleWebKit/537.36 (KHTML, like Gecko) Chrome/116.0.0.0 Safari/537.36"
104.223.45.229 - - [05/Dec/2025:16:26:59 +0300] "GET /wp-login.php HTTP/2" 200 4289 "-" "Mozilla/5.0 (Windows NT 10.0; WOW64; Trident/7.0; MDDRJS; rv:11.0) like Gecko"
104.223.45.229 - - [05/Dec/2025:16:27:04 +0300] "POST /wp-login.php HTTP/2" 503 6714 "https://hamza2roues.com/wp-login.php" "Mozilla/5.0 (Windows NT 10.0; WOW64; Trident/7.0; MDDRJS; rv:11.0) like Gecko"
193.111.77.77 - - [05/Dec/2025:16:27:37 +0300] "POST /wp-cron.php?doing_wp_cron=1764941257.5306019783020019531250 HTTP/1.1" 200 0 "-" "WordPress/6.9; https://hamza2roues.com"
193.111.77.77 - - [05/Dec/2025:16:27:47 +0300] "POST /wp-cron.php?doing_wp_cron=1764941267.6630570888519287109375 HTTP/1.1" 200 0 "-" "WordPress/6.9; https://hamza2roues.com"
114.119.130.240 - - [05/Dec/2025:16:27:54 +0300] "GET /product-category/pieces-moto/small-kitchen-appliances/?per_row=3&shop_view=grid&per_page=12 HTTP/1.1" 200 32107 "https://hamza2roues.com/product-category/pieces-moto/small-kitchen-appliances/?shop_view=grid&per_row=3" "Mozilla/5.0 (Linux; Android 7.0;) AppleWebKit/537.36 (KHTML, like Gecko) Mobile Safari/537.36 (compatible; PetalBot;+https://webmaster.petalsearch.com/site/petalbot)"
193.111.77.77 - - [05/Dec/2025:16:28:42 +0300] "POST /wp-cron.php?doing_wp_cron=1764941322.7449679374694824218750 HTTP/1.1" 200 0 "-" "WordPress/6.9; https://hamza2roues.com"
193.111.77.77 - - [05/Dec/2025:16:29:17 +0300] "POST /wp-cron.php?doing_wp_cron=1764941357.3262739181518554687500 HTTP/1.1" 200 0 "-" "WordPress/6.9; https://hamza2roues.com"
114.119.153.161 - - [05/Dec/2025:16:29:15 +0300] "GET /product-category/pieces-moto/small-kitchen-appliances/?per_page=24&shop_view=grid&per_row=3 HTTP/1.1" 200 32088 "https://hamza2roues.com/product-category/pieces-moto/small-kitchen-appliances?per_page=24&shop_view=grid&per_row=3" "Mozilla/5.0 (Linux; Android 7.0;) AppleWebKit/537.36 (KHTML, like Gecko) Mobile Safari/537.36 (compatible; PetalBot;+https://webmaster.petalsearch.com/site/petalbot)"
197.238.90.57 - - [05/Dec/2025:16:29:36 +0300] "POST /wp-admin/admin-ajax.php HTTP/1.1" 200 78 "https://hamza2roues.com/product/autocollant-sticker-uv-3d-honda/" "Mozilla/5.0 (Macintosh; Intel Mac OS X 10_15_7) AppleWebKit/537.36 (KHTML, like Gecko) Chrome/142.0.0.0 Safari/537.36"
197.238.90.57 - - [05/Dec/2025:16:29:36 +0300] "POST /wp-admin/admin-ajax.php HTTP/1.1" 200 80 "https://hamza2roues.com/product/systeme-dalarme-moto/" "Mozilla/5.0 (Macintosh; Intel Mac OS X 10_15_7) AppleWebKit/537.36 (KHTML, like Gecko) Chrome/142.0.0.0 Safari/537.36"
193.111.77.77 - - [05/Dec/2025:16:30:20 +0300] "POST /wp-cron.php?doing_wp_cron=1764941420.9105560779571533203125 HTTP/1.1" 200 0 "-" "WordPress/6.9; https://hamza2roues.com"
197.244.82.246 - - [05/Dec/2025:16:30:19 +0300] "POST /wp-admin/admin-ajax.php HTTP/1.1" 200 80 "https://hamza2roues.com/product/dosseret-moto-universel-takeya/" "Mozilla/5.0 (Windows NT 10.0; Win64; x64) AppleWebKit/537.36 (KHTML, like Gecko) Chrome/142.0.0.0 Safari/537.36"
114.119.153.161 - - [05/Dec/2025:16:30:40 +0300] "GET /product-category/pieces-moto/refrigeration/?per_row=4&per_page=9&shop_view=grid HTTP/1.1" 200 33271 "https://hamza2roues.com/product-category/pieces-moto/refrigeration?per_row=4&shop_view=grid&per_page=12" "Mozilla/5.0 (Linux; Android 7.0;) AppleWebKit/537.36 (KHTML, like Gecko) Mobile Safari/537.36 (compatible; PetalBot;+https://webmaster.petalsearch.com/site/petalbot)"
154.108.41.236 - - [05/Dec/2025:16:27:15 +0300] "POST /wp-json/wp-statistics/v2/hit HTTP/1.1" 200 19 "https://hamza2roues.com/product/filtre-a-huile-hf145-hiflofiltro/" "Mozilla/5.0 (Linux; Android 10; K) AppleWebKit/537.36 (KHTML, like Gecko) Chrome/142.0.0.0 Mobile Safari/537.36"
197.244.82.246 - - [05/Dec/2025:16:27:19 +0300] "POST /wp-admin/admin-ajax.php HTTP/2" 200 79 "https://hamza2roues.com/product/dosseret-moto-universel-takeya/" "Mozilla/5.0 (Windows NT 10.0; Win64; x64) AppleWebKit/537.36 (KHTML, like Gecko) Chrome/142.0.0.0 Safari/537.36"
154.108.41.236 - - [05/Dec/2025:16:27:25 +0300] "POST /wp-admin/admin-ajax.php HTTP/1.1" 200 80 "https://hamza2roues.com/product/filtre-a-huile-hf145-hiflofiltro/" "Mozilla/5.0 (Linux; Android 10; K) AppleWebKit/537.36 (KHTML, like Gecko) Chrome/142.0.0.0 Mobile Safari/537.36"
154.108.41.236 - - [05/Dec/2025:16:27:35 +0300] "POST /wp-admin/admin-ajax.php HTTP/1.1" 200 78 "https://hamza2roues.com/product/filtre-a-huile-hf145-hiflofiltro/" "Mozilla/5.0 (Linux; Android 10; K) AppleWebKit/537.36 (KHTML, like Gecko) Chrome/142.0.0.0 Mobile Safari/537.36"
154.108.41.236 - - [05/Dec/2025:16:27:46 +0300] "POST /wp-admin/admin-ajax.php HTTP/1.1" 200 78 "https://hamza2roues.com/product/filtre-a-huile-hf145-hiflofiltro/" "Mozilla/5.0 (Linux; Android 10; K) AppleWebKit/537.36 (KHTML, like Gecko) Chrome/142.0.0.0 Mobile Safari/537.36"
154.108.41.236 - - [05/Dec/2025:16:27:55 +0300] "POST /wp-admin/admin-ajax.php HTTP/1.1" 200 80 "https://hamza2roues.com/product/filtre-a-huile-hf145-hiflofiltro/" "Mozilla/5.0 (Linux; Android 10; K) AppleWebKit/537.36 (KHTML, like Gecko) Chrome/142.0.0.0 Mobile Safari/537.36"
154.108.41.236 - - [05/Dec/2025:16:28:06 +0300] "POST /wp-admin/admin-ajax.php HTTP/1.1" 200 78 "https://hamza2roues.com/product/filtre-a-huile-hf145-hiflofiltro/" "Mozilla/5.0 (Linux; Android 10; K) AppleWebKit/537.36 (KHTML, like Gecko) Chrome/142.0.0.0 Mobile Safari/537.36"
197.244.82.246 - - [05/Dec/2025:16:28:19 +0300] "POST /wp-admin/admin-ajax.php HTTP/2" 200 80 "https://hamza2roues.com/product/dosseret-moto-universel-takeya/" "Mozilla/5.0 (Windows NT 10.0; Win64; x64) AppleWebKit/537.36 (KHTML, like Gecko) Chrome/142.0.0.0 Safari/537.36"
154.108.41.236 - - [05/Dec/2025:16:28:20 +0300] "POST /wp-json/wp-statistics/v2/online HTTP/2" 200 0 "https://hamza2roues.com/product/filtre-a-huile-hf145-hiflofiltro/" "Mozilla/5.0 (Linux; Android 10; K) AppleWebKit/537.36 (KHTML, like Gecko) Chrome/142.0.0.0 Mobile Safari/537.36"
154.108.41.236 - - [05/Dec/2025:16:28:20 +0300] "POST /wp-admin/admin-ajax.php HTTP/2" 200 0 "https://hamza2roues.com/product/filtre-a-huile-hf145-hiflofiltro/" "Mozilla/5.0 (Linux; Android 10; K) AppleWebKit/537.36 (KHTML, like Gecko) Chrome/142.0.0.0 Mobile Safari/537.36"
197.238.90.57 - - [05/Dec/2025:16:28:35 +0300] "POST /wp-admin/admin-ajax.php HTTP/1.1" 200 80 "https://hamza2roues.com/product/systeme-dalarme-moto/" "Mozilla/5.0 (Macintosh; Intel Mac OS X 10_15_7) AppleWebKit/537.36 (KHTML, like Gecko) Chrome/142.0.0.0 Safari/537.36"
197.238.90.57 - - [05/Dec/2025:16:28:35 +0300] "POST /wp-admin/admin-ajax.php HTTP/1.1" 200 77 "https://hamza2roues.com/product/autocollant-sticker-uv-3d-honda/" "Mozilla/5.0 (Macintosh; Intel Mac OS X 10_15_7) AppleWebKit/537.36 (KHTML, like Gecko) Chrome/142.0.0.0 Safari/537.36"
193.111.77.77 - - [05/Dec/2025:16:28:37 +0300] "GET /wp-content/uploads/2025/09/anti-parasite-ngk-lzfh-s120.jpg HTTP/1.1" 200 35701 "-" "-"
197.244.82.246 - - [05/Dec/2025:16:29:19 +0300] "POST /wp-admin/admin-ajax.php HTTP/2" 200 80 "https://hamza2roues.com/product/dosseret-moto-universel-takeya/" "Mozilla/5.0 (Windows NT 10.0; Win64; x64) AppleWebKit/537.36 (KHTML, like Gecko) Chrome/142.0.0.0 Safari/537.36"
54.38.147.206 - - [05/Dec/2025:16:30:55 +0300] "GET /product/masque-moto-beige-et-noir/ HTTP/2" 200 31815 "-" "Mozilla/5.0 (compatible; AhrefsBot/7.0; +http://ahrefs.com/robot/)"
114.119.130.240 - - [05/Dec/2025:16:26:26 +0300] "GET /product-category/pieces-moto/small-kitchen-appliances?filter_product_brand=122 HTTP/1.1" 301 0 "https://hamza2roues.com/product-category/pieces-moto/small-kitchen-appliances?per_page=12&shop_view=grid&per_row=3" "Mozilla/5.0 (Linux; Android 7.0;) AppleWebKit/537.36 (KHTML, like Gecko) Mobile Safari/537.36 (compatible; PetalBot;+https://webmaster.petalsearch.com/site/petalbot)"
197.238.90.57 - - [05/Dec/2025:16:27:34 +0300] "POST /wp-admin/admin-ajax.php HTTP/1.1" 200 78 "https://hamza2roues.com/product/systeme-dalarme-moto/" "Mozilla/5.0 (Macintosh; Intel Mac OS X 10_15_7) AppleWebKit/537.36 (KHTML, like Gecko) Chrome/142.0.0.0 Safari/537.36"
197.238.90.57 - - [05/Dec/2025:16:27:34 +0300] "POST /wp-admin/admin-ajax.php HTTP/1.1" 200 79 "https://hamza2roues.com/product/autocollant-sticker-uv-3d-honda/" "Mozilla/5.0 (Macintosh; Intel Mac OS X 10_15_7) AppleWebKit/537.36 (KHTML, like Gecko) Chrome/142.0.0.0 Safari/537.36"
193.111.77.77 - - [05/Dec/2025:16:27:57 +0300] "POST /wp-cron.php?doing_wp_cron=1764941277.2175259590148925781250 HTTP/1.1" 200 0 "-" "WordPress/6.9; https://hamza2roues.com"
197.238.90.57 - - [05/Dec/2025:16:30:34 +0300] "POST /wp-admin/admin-ajax.php HTTP/1.1" 200 77 "https://hamza2roues.com/product/autocollant-sticker-uv-3d-honda/" "Mozilla/5.0 (Macintosh; Intel Mac OS X 10_15_7) AppleWebKit/537.36 (KHTML, like Gecko) Chrome/142.0.0.0 Safari/537.36"
197.238.90.57 - - [05/Dec/2025:16:30:34 +0300] "POST /wp-admin/admin-ajax.php HTTP/1.1" 200 80 "https://hamza2roues.com/product/systeme-dalarme-moto/" "Mozilla/5.0 (Macintosh; Intel Mac OS X 10_15_7) AppleWebKit/537.36 (KHTML, like Gecko) Chrome/142.0.0.0 Safari/537.36"
114.119.153.161 - - [05/Dec/2025:16:30:37 +0300] "GET /product-category/pieces-moto/refrigeration?per_row=4&per_page=9&shop_view=grid HTTP/1.1" 301 0 "https://hamza2roues.com/product-category/pieces-moto/refrigeration?per_row=4&shop_view=grid&per_page=12" "Mozilla/5.0 (Linux; Android 7.0;) AppleWebKit/537.36 (KHTML, like Gecko) Mobile Safari/537.36 (compatible; PetalBot;+https://webmaster.petalsearch.com/site/petalbot)"
165.50.17.4 - - [05/Dec/2025:16:30:40 +0300] "POST /wp-json/wp-statistics/v2/online HTTP/1.1" 200 19 "https://hamza2roues.com/?s=ngk&post_type=product" "Mozilla/5.0 (Macintosh; Intel Mac OS X 10_15_7) AppleWebKit/537.36 (KHTML, like Gecko) Chrome/116.0.0.0 Safari/537.36"
193.111.77.77 - - [05/Dec/2025:16:32:34 +0300] "GET /wp-content/uploads/2025/08/att.pg1YZCamJI5CCWatLGPpMowAfjGsbRR4Bqr6da67iTk-Photoroom-1-e1754581808104.png HTTP/1.1" 200 139689 "-" "-"
66.249.66.166 - - [05/Dec/2025:16:32:33 +0300] "GET /product/disques-embrayage-tmax-500-530-tobaki/?add-to-cart=141 HTTP/1.1" 200 34002 "-" "Mozilla/5.0 (Linux; Android 6.0.1; Nexus 5X Build/MMB29P) AppleWebKit/537.36 (KHTML, like Gecko) Chrome/141.0.7390.122 Mobile Safari/537.36 (compatible; Googlebot/2.1; +http://www.google.com/bot.html)"
66.249.66.33 - - [05/Dec/2025:16:32:44 +0300] "GET /wp-content/themes/woodmart/css/parts/el-info-box.min.css?ver=8.2.6 HTTP/1.1" 200 935 "https://hamza2roues.com/product/disques-embrayage-tmax-500-530-tobaki/?add-to-cart=141" "Mozilla/5.0 (Linux; Android 6.0.1; Nexus 5X Build/MMB29P) AppleWebKit/537.36 (KHTML, like Gecko) Chrome/141.0.7390.122 Mobile Safari/537.36 (compatible; Googlebot/2.1; +http://www.google.com/bot.html)"
193.111.77.77 - - [05/Dec/2025:16:33:00 +0300] "POST /wp-cron.php?doing_wp_cron=1764941580.5343339443206787109375 HTTP/1.1" 200 0 "-" "WordPress/6.9; https://hamza2roues.com"
216.244.66.196 - - [05/Dec/2025:16:33:42 +0300] "GET /wp-content/uploads/2025/08/IMG_3020-Photoroom.png HTTP/1.1" 200 94226 "-" "Mozilla/5.0 (compatible; DotBot/1.2; +https://opensiteexplorer.org/dotbot; help@moz.com)"
197.238.90.57 - - [05/Dec/2025:16:34:34 +0300] "POST /wp-admin/admin-ajax.php HTTP/1.1" 200 80 "https://hamza2roues.com/product/autocollant-sticker-uv-3d-honda/" "Mozilla/5.0 (Macintosh; Intel Mac OS X 10_15_7) AppleWebKit/537.36 (KHTML, like Gecko) Chrome/142.0.0.0 Safari/537.36"
197.238.90.57 - - [05/Dec/2025:16:31:35 +0300] "POST /wp-admin/admin-ajax.php HTTP/1.1" 200 79 "https://hamza2roues.com/product/autocollant-sticker-uv-3d-honda/" "Mozilla/5.0 (Macintosh; Intel Mac OS X 10_15_7) AppleWebKit/537.36 (KHTML, like Gecko) Chrome/142.0.0.0 Safari/537.36"
196.178.198.252 - - [05/Dec/2025:16:32:12 +0300] "POST /wp-admin/admin-ajax.php HTTP/2" 200 103 "https://hamza2roues.com/wp-admin/admin.php?page=wc-orders" "Mozilla/5.0 (Windows NT 10.0; Win64; x64) AppleWebKit/537.36 (KHTML, like Gecko) Chrome/142.0.0.0 Safari/537.36"
197.244.82.246 - - [05/Dec/2025:16:32:19 +0300] "POST /wp-admin/admin-ajax.php HTTP/2" 200 77 "https://hamza2roues.com/product/dosseret-moto-universel-takeya/" "Mozilla/5.0 (Windows NT 10.0; Win64; x64) AppleWebKit/537.36 (KHTML, like Gecko) Chrome/142.0.0.0 Safari/537.36"
66.249.66.165 - - [05/Dec/2025:16:32:43 +0300] "POST /?wc-ajax=get_refreshed_fragments HTTP/1.1" 200 1132 "https://hamza2roues.com/product/disques-embrayage-tmax-500-530-tobaki/?add-to-cart=141" "Mozilla/5.0 AppleWebKit/537.36 (KHTML, like Gecko; compatible; Googlebot/2.1; +http://www.google.com/bot.html) Chrome/141.0.7390.122 Safari/537.36"
197.244.82.246 - - [05/Dec/2025:16:33:19 +0300] "POST /wp-admin/admin-ajax.php HTTP/2" 200 78 "https://hamza2roues.com/product/dosseret-moto-universel-takeya/" "Mozilla/5.0 (Windows NT 10.0; Win64; x64) AppleWebKit/537.36 (KHTML, like Gecko) Chrome/142.0.0.0 Safari/537.36"
216.244.66.196 - - [05/Dec/2025:16:34:09 +0300] "GET /wp-content/uploads/2025/08/IMG_3195-Photoroom-e1755271415382.png HTTP/1.1" 200 49815 "-" "Mozilla/5.0 (compatible; DotBot/1.2; +https://opensiteexplorer.org/dotbot; help@moz.com)"
196.178.198.252 - - [05/Dec/2025:16:34:11 +0300] "POST /wp-admin/admin-ajax.php HTTP/1.1" 200 71 "https://hamza2roues.com/wp-admin/admin.php?page=wc-orders" "Mozilla/5.0 (Windows NT 10.0; Win64; x64) AppleWebKit/537.36 (KHTML, like Gecko) Chrome/142.0.0.0 Safari/537.36"
197.244.82.246 - - [05/Dec/2025:16:34:19 +0300] "POST /wp-admin/admin-ajax.php HTTP/2" 200 77 "https://hamza2roues.com/product/dosseret-moto-universel-takeya/" "Mozilla/5.0 (Windows NT 10.0; Win64; x64) AppleWebKit/537.36 (KHTML, like Gecko) Chrome/142.0.0.0 Safari/537.36"
197.1.193.222 - - [05/Dec/2025:16:34:43 +0300] "GET /product-category/casque/ HTTP/2" 200 32342 "-" "Mozilla/5.0 (iPhone; CPU iPhone OS 26_1_0 like Mac OS X) AppleWebKit/605.1.15 (KHTML, like Gecko) CriOS/142.0.7444.148 Mobile/15E148 Safari/604.1"
197.1.193.222 - - [05/Dec/2025:16:34:43 +0300] "GET /wp-includes/css/dist/block-library/style.min.css?ver=6.9 HTTP/2" 200 13607 "https://hamza2roues.com/product-category/casque/" "Mozilla/5.0 (iPhone; CPU iPhone OS 26_1_0 like Mac OS X) AppleWebKit/605.1.15 (KHTML, like Gecko) CriOS/142.0.7444.148 Mobile/15E148 Safari/604.1"
197.1.193.222 - - [05/Dec/2025:16:34:43 +0300] "GET /wp-includes/js/mediaelement/mediaelementplayer-legacy.min.css?ver=4.2.17 HTTP/2" 200 2204 "https://hamza2roues.com/product-category/casque/" "Mozilla/5.0 (iPhone; CPU iPhone OS 26_1_0 like Mac OS X) AppleWebKit/605.1.15 (KHTML, like Gecko) CriOS/142.0.7444.148 Mobile/15E148 Safari/604.1"
197.1.193.222 - - [05/Dec/2025:16:34:43 +0300] "GET /wp-includes/js/mediaelement/wp-mediaelement.min.css?ver=6.9 HTTP/2" 200 915 "https://hamza2roues.com/product-category/casque/" "Mozilla/5.0 (iPhone; CPU iPhone OS 26_1_0 like Mac OS X) AppleWebKit/605.1.15 (KHTML, like Gecko) CriOS/142.0.7444.148 Mobile/15E148 Safari/604.1"
197.1.193.222 - - [05/Dec/2025:16:34:43 +0300] "GET /wp-content/plugins/wp-whatsapp/assets/dist/css/style.css?ver=6.9 HTTP/2" 200 4361 "https://hamza2roues.com/product-category/casque/" "Mozilla/5.0 (iPhone; CPU iPhone OS 26_1_0 like Mac OS X) AppleWebKit/605.1.15 (KHTML, like Gecko) CriOS/142.0.7444.148 Mobile/15E148 Safari/604.1"
197.1.193.222 - - [05/Dec/2025:16:34:43 +0300] "GET /wp-content/uploads/order-tracker-by-phone-number/frontend.css?ver=1752416979 HTTP/2" 200 590 "https://hamza2roues.com/product-category/casque/" "Mozilla/5.0 (iPhone; CPU iPhone OS 26_1_0 like Mac OS X) AppleWebKit/605.1.15 (KHTML, like Gecko) CriOS/142.0.7444.148 Mobile/15E148 Safari/604.1"
197.1.193.222 - - [05/Dec/2025:16:34:43 +0300] "GET /wp-content/uploads/elementor/css/custom-frontend.min.css?ver=1764891301 HTTP/2" 200 5906 "https://hamza2roues.com/product-category/casque/" "Mozilla/5.0 (iPhone; CPU iPhone OS 26_1_0 like Mac OS X) AppleWebKit/605.1.15 (KHTML, like Gecko) CriOS/142.0.7444.148 Mobile/15E148 Safari/604.1"
197.1.193.222 - - [05/Dec/2025:16:34:43 +0300] "GET /wp-content/uploads/elementor/css/post-7.css?ver=1764891301 HTTP/2" 200 298 "https://hamza2roues.com/product-category/casque/" "Mozilla/5.0 (iPhone; CPU iPhone OS 26_1_0 like Mac OS X) AppleWebKit/605.1.15 (KHTML, like Gecko) CriOS/142.0.7444.148 Mobile/15E148 Safari/604.1"
