66.249.76.35 - - [05/Dec/2025:16:54:16 +0300] "GET /?_g=1906756 HTTP/1.1" 301 0 "-" "Mozilla/5.0 (Linux; Android 6.0.1; Nexus 5X Build/MMB29P) AppleWebKit/537.36 (KHTML, like Gecko) Chrome/141.0.7390.122 Mobile Safari/537.36 (compatible; GoogleOther)"
193.111.77.77 - - [05/Dec/2025:17:15:19 +0300] "POST /wp-cron.php?doing_wp_cron=1764944119.8360741138458251953125 HTTP/1.1" 200 0 "-" "WordPress/6.9; https://tnstickers.com"
2a06:98c0:3600::103 - - [05/Dec/2025:17:15:18 +0300] "GET /wordpress/wp-admin/setup-config.php HTTP/1.1" 404 19020 "-" "Mozilla/5.0 (Windows NT 10.0; Win64; x64) AppleWebKit/537.36 (KHTML, like Gecko) Chrome/142.0.0.0 Safari/537.36"
157.173.127.72 - - [05/Dec/2025:17:16:27 +0300] "GET /product/s-t-a-l-k-e-r-2-heart-of-chornobyl/feed/ HTTP/1.1" 200 474 "-" "Mozilla/5.0 (compatible; MJ12bot/v1.4.8; http://mj12bot.com/)"
193.111.77.77 - - [05/Dec/2025:17:16:30 +0300] "GET /wp-content/uploads/2025/12/yam.png HTTP/1.1" 200 152497 "-" "-"
157.173.127.72 - - [05/Dec/2025:17:16:29 +0300] "GET /product/yamaha-stickers-motos-autocollant-3d/?add-to-cart=2680 HTTP/1.1" 200 26134 "-" "Mozilla/5.0 (compatible; MJ12bot/v1.4.8; http://mj12bot.com/)"
157.173.127.72 - - [05/Dec/2025:17:16:35 +0300] "GET /product/yamaha-stickers-motos-autocollant-3d/?add-to-cart=2689 HTTP/1.1" 200 26130 "-" "Mozilla/5.0 (compatible; MJ12bot/v1.4.8; http://mj12bot.com/)"
193.111.77.77 - - [05/Dec/2025:17:16:46 +0300] "GET /wp-content/uploads/2025/12/yam.png HTTP/1.1" 200 152497 "-" "-"
193.111.77.77 - - [05/Dec/2025:17:16:53 +0300] "GET /wp-content/uploads/2025/12/yam.png HTTP/1.1" 200 152497 "-" "-"
157.173.127.72 - - [05/Dec/2025:17:16:55 +0300] "GET /product/yamaha-stickers-motos-autocollant-3d/?add-to-cart=2731 HTTP/1.1" 200 26128 "-" "Mozilla/5.0 (compatible; MJ12bot/v1.4.8; http://mj12bot.com/)"
157.173.127.72 - - [05/Dec/2025:17:16:51 +0300] "GET /product/yamaha-stickers-motos-autocollant-3d/?add-to-cart=2728 HTTP/1.1" 200 26131 "-" "Mozilla/5.0 (compatible; MJ12bot/v1.4.8; http://mj12bot.com/)"
157.173.127.72 - - [05/Dec/2025:17:17:07 +0300] "GET /shop/?filter_color=deluxe HTTP/1.1" 200 26268 "-" "Mozilla/5.0 (compatible; MJ12bot/v1.4.8; http://mj12bot.com/)"
193.111.77.77 - - [05/Dec/2025:17:17:18 +0300] "GET /wp-content/uploads/2023/07/w-vgs-casual-crab-champions.jpg HTTP/1.1" 200 78832 "-" "-"
157.173.127.72 - - [05/Dec/2025:17:17:20 +0300] "GET /shop/?filter_product_brand=38 HTTP/1.1" 200 24774 "-" "Mozilla/5.0 (compatible; MJ12bot/v1.4.8; http://mj12bot.com/)"
193.111.77.77 - - [05/Dec/2025:17:17:36 +0300] "GET /wp-content/uploads/2025/12/akra.png HTTP/1.1" 200 232293 "-" "-"
157.173.127.72 - - [05/Dec/2025:17:17:35 +0300] "GET /shop/?per_page=12&add-to-cart=2728 HTTP/1.1" 200 25442 "-" "Mozilla/5.0 (compatible; MJ12bot/v1.4.8; http://mj12bot.com/)"
157.173.127.72 - - [05/Dec/2025:17:17:38 +0300] "GET /shop/?per_page=12&add-to-cart=2771 HTTP/1.1" 200 25443 "-" "Mozilla/5.0 (compatible; MJ12bot/v1.4.8; http://mj12bot.com/)"
193.111.77.77 - - [05/Dec/2025:17:17:44 +0300] "GET /wp-content/uploads/2025/12/45.png HTTP/1.1" 200 242191 "-" "-"
157.173.127.72 - - [05/Dec/2025:17:17:23 +0300] "GET /shop/?filter_product_brand=39 HTTP/1.1" 200 24773 "-" "Mozilla/5.0 (compatible; MJ12bot/v1.4.8; http://mj12bot.com/)"
157.173.127.72 - - [05/Dec/2025:17:17:26 +0300] "GET /shop/?filter_size=physical HTTP/1.1" 200 24152 "-" "Mozilla/5.0 (compatible; MJ12bot/v1.4.8; http://mj12bot.com/)"
193.111.77.77 - - [05/Dec/2025:17:17:30 +0300] "GET /wp-content/uploads/2023/07/w-vgs-action-dead-island-2.jpg HTTP/1.1" 200 190095 "-" "-"
193.111.77.77 - - [05/Dec/2025:17:17:33 +0300] "GET /wp-content/uploads/2025/12/akra.png HTTP/1.1" 200 232293 "-" "-"
157.173.127.72 - - [05/Dec/2025:17:17:46 +0300] "GET /shop/?per_page=12&s=Yamaha&post_type=product&shop_view=grid&per_row=3 HTTP/1.1" 200 23351 "-" "Mozilla/5.0 (compatible; MJ12bot/v1.4.8; http://mj12bot.com/)"
157.173.127.72 - - [05/Dec/2025:17:17:13 +0300] "GET /shop/?filter_product_brand=36 HTTP/1.1" 200 23530 "-" "Mozilla/5.0 (compatible; MJ12bot/v1.4.8; http://mj12bot.com/)"
157.173.127.72 - - [05/Dec/2025:17:17:17 +0300] "GET /shop/?filter_product_brand=37 HTTP/1.1" 200 24777 "-" "Mozilla/5.0 (compatible; MJ12bot/v1.4.8; http://mj12bot.com/)"
193.111.77.77 - - [05/Dec/2025:17:17:24 +0300] "GET /wp-content/uploads/2023/07/w-vgs-casual-crab-champions.jpg HTTP/1.1" 200 78832 "-" "-"
157.173.127.72 - - [05/Dec/2025:17:17:29 +0300] "GET /shop/?filter_size=standart HTTP/1.1" 200 25547 "-" "Mozilla/5.0 (compatible; MJ12bot/v1.4.8; http://mj12bot.com/)"
157.173.127.72 - - [05/Dec/2025:17:17:41 +0300] "GET /shop/?per_page=12&add-to-cart=484 HTTP/1.1" 200 25442 "-" "Mozilla/5.0 (compatible; MJ12bot/v1.4.8; http://mj12bot.com/)"
157.173.127.72 - - [05/Dec/2025:17:17:44 +0300] "GET /shop/?per_page=12&s=Yamaha&post_type=product HTTP/1.1" 200 23307 "-" "Mozilla/5.0 (compatible; MJ12bot/v1.4.8; http://mj12bot.com/)"
193.111.77.77 - - [05/Dec/2025:17:17:14 +0300] "GET /wp-content/uploads/2023/07/w-vgs-casual-crab-champions.jpg HTTP/1.1" 200 78832 "-" "-"
193.111.77.77 - - [05/Dec/2025:17:17:21 +0300] "GET /wp-content/uploads/2023/07/w-vgs-casual-crab-champions.jpg HTTP/1.1" 200 78832 "-" "-"
193.111.77.77 - - [05/Dec/2025:17:17:27 +0300] "GET /wp-content/uploads/2023/07/w-vgs-action-call-of-duty-mw-2.jpg HTTP/1.1" 200 210758 "-" "-"
193.111.77.77 - - [05/Dec/2025:17:17:30 +0300] "POST /wp-cron.php?doing_wp_cron=1764944250.6319890022277832031250 HTTP/1.1" 200 0 "-" "WordPress/6.9; https://tnstickers.com"
157.173.127.72 - - [05/Dec/2025:17:17:32 +0300] "GET /shop/?per_page=12&add-to-cart=2683 HTTP/1.1" 200 25433 "-" "Mozilla/5.0 (compatible; MJ12bot/v1.4.8; http://mj12bot.com/)"
193.111.77.77 - - [05/Dec/2025:17:17:39 +0300] "GET /wp-content/uploads/2025/12/akra.png HTTP/1.1" 200 232293 "-" "-"
193.111.77.77 - - [05/Dec/2025:17:17:41 +0300] "GET /wp-content/uploads/2025/12/akra.png HTTP/1.1" 200 232293 "-" "-"
193.111.77.77 - - [05/Dec/2025:17:17:54 +0300] "GET /wp-content/uploads/2025/12/45.png HTTP/1.1" 200 242191 "-" "-"
193.111.77.77 - - [05/Dec/2025:17:18:06 +0300] "GET /wp-content/uploads/2025/12/akra.png HTTP/1.1" 200 232293 "-" "-"
157.173.127.72 - - [05/Dec/2025:17:18:11 +0300] "GET /shop/?per_page=18&add-to-cart=2731 HTTP/1.1" 200 26463 "-" "Mozilla/5.0 (compatible; MJ12bot/v1.4.8; http://mj12bot.com/)"
157.173.127.72 - - [05/Dec/2025:17:18:24 +0300] "GET /shop/?per_page=18&add-to-cart=496 HTTP/1.1" 200 26478 "-" "Mozilla/5.0 (compatible; MJ12bot/v1.4.8; http://mj12bot.com/)"
157.173.127.72 - - [05/Dec/2025:17:18:27 +0300] "GET /shop/?per_page=18&s=Yamaha&post_type=product HTTP/1.1" 200 23305 "-" "Mozilla/5.0 (compatible; MJ12bot/v1.4.8; http://mj12bot.com/)"
157.173.127.72 - - [05/Dec/2025:17:18:36 +0300] "GET /shop/?per_page=18&s=Yamaha&post_type=product&shop_view=list HTTP/1.1" 200 23683 "-" "Mozilla/5.0 (compatible; MJ12bot/v1.4.8; http://mj12bot.com/)"
193.111.77.77 - - [05/Dec/2025:17:18:40 +0300] "GET /wp-content/uploads/2025/12/akra.png HTTP/1.1" 200 232293 "-" "-"
193.111.77.77 - - [05/Dec/2025:17:18:45 +0300] "GET /wp-content/uploads/2025/12/akra.png HTTP/1.1" 200 232293 "-" "-"
193.111.77.77 - - [05/Dec/2025:17:18:59 +0300] "GET /wp-content/uploads/2025/12/akra.png HTTP/1.1" 200 232293 "-" "-"
157.173.127.72 - - [05/Dec/2025:17:19:16 +0300] "GET /shop/?per_page=24&add-to-cart=496 HTTP/1.1" 200 27298 "-" "Mozilla/5.0 (compatible; MJ12bot/v1.4.8; http://mj12bot.com/)"
157.173.127.72 - - [05/Dec/2025:17:19:18 +0300] "GET /shop/?per_page=24&s=Yamaha&post_type=product HTTP/1.1" 200 23303 "-" "Mozilla/5.0 (compatible; MJ12bot/v1.4.8; http://mj12bot.com/)"
157.173.127.72 - - [05/Dec/2025:17:19:21 +0300] "GET /shop/?per_page=24&s=Yamaha&post_type=product&shop_view=grid&per_row=3 HTTP/1.1" 200 23347 "-" "Mozilla/5.0 (compatible; MJ12bot/v1.4.8; http://mj12bot.com/)"
157.173.127.72 - - [05/Dec/2025:17:19:25 +0300] "GET /shop/?per_page=24&s=Yamaha&post_type=product&shop_view=grid&per_row=4 HTTP/1.1" 200 23346 "-" "Mozilla/5.0 (compatible; MJ12bot/v1.4.8; http://mj12bot.com/)"
193.111.77.77 - - [05/Dec/2025:17:19:29 +0300] "POST /wp-cron.php?doing_wp_cron=1764944369.1861519813537597656250 HTTP/1.1" 200 0 "-" "WordPress/6.9; https://tnstickers.com"
193.111.77.77 - - [05/Dec/2025:17:19:34 +0300] "GET /wp-content/uploads/2025/12/akra.png HTTP/1.1" 200 232293 "-" "-"
193.111.77.77 - - [05/Dec/2025:17:19:37 +0300] "GET /wp-content/uploads/2025/12/akra.png HTTP/1.1" 200 232293 "-" "-"
193.111.77.77 - - [05/Dec/2025:17:19:40 +0300] "GET /wp-content/uploads/2025/12/akra.png HTTP/1.1" 200 232293 "-" "-"
157.173.127.72 - - [05/Dec/2025:17:19:39 +0300] "GET /shop/?per_page=9&add-to-cart=2683 HTTP/1.1" 200 24877 "-" "Mozilla/5.0 (compatible; MJ12bot/v1.4.8; http://mj12bot.com/)"
193.111.77.77 - - [05/Dec/2025:17:19:43 +0300] "GET /wp-content/uploads/2025/12/akra.png HTTP/1.1" 200 232293 "-" "-"
157.173.127.72 - - [05/Dec/2025:17:19:42 +0300] "GET /shop/?per_page=9&add-to-cart=2728 HTTP/1.1" 200 24886 "-" "Mozilla/5.0 (compatible; MJ12bot/v1.4.8; http://mj12bot.com/)"
193.111.77.77 - - [05/Dec/2025:17:19:58 +0300] "GET /wp-content/uploads/2025/12/45.png HTTP/1.1" 200 242191 "-" "-"
23.27.145.162 - - [05/Dec/2025:17:19:57 +0300] "GET / HTTP/2" 200 27333 "-" "Mozilla/5.0 (Windows NT 10.0; Win64; x64) AppleWebKit/537.36 (KHTML, like Gecko) Chrome/119.0.0.0 Safari/537.36"
23.27.145.162 - - [05/Dec/2025:17:20:00 +0300] "GET /wp-content/uploads/elementor/css/custom-frontend.min.css?ver=1764755928 HTTP/2" 200 5906 "https://tnstickers.com/" "Mozilla/5.0 (Windows NT 10.0; Win64; x64) AppleWebKit/537.36 (KHTML, like Gecko) Chrome/119.0.0.0 Safari/537.36"
23.27.145.162 - - [05/Dec/2025:17:20:00 +0300] "GET /wp-content/uploads/elementor/css/post-13.css?ver=1764755928 HTTP/2" 200 299 "https://tnstickers.com/" "Mozilla/5.0 (Windows NT 10.0; Win64; x64) AppleWebKit/537.36 (KHTML, like Gecko) Chrome/119.0.0.0 Safari/537.36"
23.27.145.162 - - [05/Dec/2025:17:20:00 +0300] "GET /wp-content/uploads/elementor/css/post-1679.css?ver=1764755928 HTTP/2" 200 904 "https://tnstickers.com/" "Mozilla/5.0 (Windows NT 10.0; Win64; x64) AppleWebKit/537.36 (KHTML, like Gecko) Chrome/119.0.0.0 Safari/537.36"
23.27.145.162 - - [05/Dec/2025:17:20:00 +0300] "GET /wp-content/themes/woodmart/css/parts/base.min.css?ver=8.3.6 HTTP/2" 200 9017 "https://tnstickers.com/" "Mozilla/5.0 (Windows NT 10.0; Win64; x64) AppleWebKit/537.36 (KHTML, like Gecko) Chrome/119.0.0.0 Safari/537.36"
23.27.145.162 - - [05/Dec/2025:17:20:00 +0300] "GET /wp-content/themes/woodmart/css/parts/helpers-wpb-elem.min.css?ver=8.3.6 HTTP/2" 200 275 "https://tnstickers.com/" "Mozilla/5.0 (Windows NT 10.0; Win64; x64) AppleWebKit/537.36 (KHTML, like Gecko) Chrome/119.0.0.0 Safari/537.36"
23.27.145.162 - - [05/Dec/2025:17:20:00 +0300] "GET /wp-content/themes/woodmart/css/parts/int-elem-base.min.css?ver=8.3.6 HTTP/2" 200 1314 "https://tnstickers.com/" "Mozilla/5.0 (Windows NT 10.0; Win64; x64) AppleWebKit/537.36 (KHTML, like Gecko) Chrome/119.0.0.0 Safari/537.36"
23.27.145.162 - - [05/Dec/2025:17:20:00 +0300] "GET /wp-content/themes/woodmart/css/parts/woocommerce-base.min.css?ver=8.3.6 HTTP/2" 200 1518 "https://tnstickers.com/" "Mozilla/5.0 (Windows NT 10.0; Win64; x64) AppleWebKit/537.36 (KHTML, like Gecko) Chrome/119.0.0.0 Safari/537.36"
23.27.145.162 - - [05/Dec/2025:17:20:00 +0300] "GET /wp-content/themes/woodmart/css/parts/mod-star-rating.min.css?ver=8.3.6 HTTP/2" 200 199 "https://tnstickers.com/" "Mozilla/5.0 (Windows NT 10.0; Win64; x64) AppleWebKit/537.36 (KHTML, like Gecko) Chrome/119.0.0.0 Safari/537.36"
23.27.145.162 - - [05/Dec/2025:17:20:00 +0300] "GET /wp-content/themes/woodmart/css/parts/woo-mod-block-notices.min.css?ver=8.3.6 HTTP/2" 200 587 "https://tnstickers.com/" "Mozilla/5.0 (Windows NT 10.0; Win64; x64) AppleWebKit/537.36 (KHTML, like Gecko) Chrome/119.0.0.0 Safari/537.36"
23.27.145.162 - - [05/Dec/2025:17:20:00 +0300] "GET /wp-content/themes/woodmart/css/parts/woo-opt-free-progress-bar.min.css?ver=8.3.6 HTTP/2" 200 258 "https://tnstickers.com/" "Mozilla/5.0 (Windows NT 10.0; Win64; x64) AppleWebKit/537.36 (KHTML, like Gecko) Chrome/119.0.0.0 Safari/537.36"
23.27.145.162 - - [05/Dec/2025:17:20:00 +0300] "GET /wp-content/themes/woodmart/css/parts/woo-mod-progress-bar.min.css?ver=8.3.6 HTTP/2" 200 293 "https://tnstickers.com/" "Mozilla/5.0 (Windows NT 10.0; Win64; x64) AppleWebKit/537.36 (KHTML, like Gecko) Chrome/119.0.0.0 Safari/537.36"
23.27.145.162 - - [05/Dec/2025:17:20:00 +0300] "GET /wp-content/themes/woodmart/css/parts/wp-blocks.min.css?ver=8.3.6 HTTP/2" 200 871 "https://tnstickers.com/" "Mozilla/5.0 (Windows NT 10.0; Win64; x64) AppleWebKit/537.36 (KHTML, like Gecko) Chrome/119.0.0.0 Safari/537.36"
23.27.145.162 - - [05/Dec/2025:17:20:00 +0300] "GET /wp-content/themes/woodmart/css/parts/header-base.min.css?ver=8.3.6 HTTP/2" 200 2632 "https://tnstickers.com/" "Mozilla/5.0 (Windows NT 10.0; Win64; x64) AppleWebKit/537.36 (KHTML, like Gecko) Chrome/119.0.0.0 Safari/537.36"
23.27.145.162 - - [05/Dec/2025:17:20:00 +0300] "GET /wp-content/themes/woodmart/css/parts/mod-tools.min.css?ver=8.3.6 HTTP/2" 200 857 "https://tnstickers.com/" "Mozilla/5.0 (Windows NT 10.0; Win64; x64) AppleWebKit/537.36 (KHTML, like Gecko) Chrome/119.0.0.0 Safari/537.36"
23.27.145.162 - - [05/Dec/2025:17:20:00 +0300] "GET /wp-content/themes/woodmart/css/parts/el-info-box.min.css?ver=8.3.6 HTTP/2" 200 935 "https://tnstickers.com/" "Mozilla/5.0 (Windows NT 10.0; Win64; x64) AppleWebKit/537.36 (KHTML, like Gecko) Chrome/119.0.0.0 Safari/537.36"
23.27.145.162 - - [05/Dec/2025:17:20:00 +0300] "GET /wp-content/themes/woodmart/css/parts/mod-nav-menu-label.min.css?ver=8.3.6 HTTP/2" 200 335 "https://tnstickers.com/" "Mozilla/5.0 (Windows NT 10.0; Win64; x64) AppleWebKit/537.36 (KHTML, like Gecko) Chrome/119.0.0.0 Safari/537.36"
23.27.145.162 - - [05/Dec/2025:17:20:00 +0300] "GET /wp-content/themes/woodmart/css/parts/el-banner.min.css?ver=8.3.6 HTTP/2" 200 613 "https://tnstickers.com/" "Mozilla/5.0 (Windows NT 10.0; Win64; x64) AppleWebKit/537.36 (KHTML, like Gecko) Chrome/119.0.0.0 Safari/537.36"
23.27.145.162 - - [05/Dec/2025:17:20:00 +0300] "GET /wp-content/themes/woodmart/css/parts/el-banner-hover-zoom.min.css?ver=8.3.6 HTTP/2" 200 156 "https://tnstickers.com/" "Mozilla/5.0 (Windows NT 10.0; Win64; x64) AppleWebKit/537.36 (KHTML, like Gecko) Chrome/119.0.0.0 Safari/537.36"
23.27.145.162 - - [05/Dec/2025:17:20:00 +0300] "GET /wp-content/themes/woodmart/css/parts/el-subtitle-style.min.css?ver=8.3.6 HTTP/2" 200 186 "https://tnstickers.com/" "Mozilla/5.0 (Windows NT 10.0; Win64; x64) AppleWebKit/537.36 (KHTML, like Gecko) Chrome/119.0.0.0 Safari/537.36"
23.27.145.162 - - [05/Dec/2025:17:20:00 +0300] "GET /wp-content/themes/woodmart/css/parts/el-button.min.css?ver=8.3.6 HTTP/2" 200 501 "https://tnstickers.com/" "Mozilla/5.0 (Windows NT 10.0; Win64; x64) AppleWebKit/537.36 (KHTML, like Gecko) Chrome/119.0.0.0 Safari/537.36"
23.27.145.162 - - [05/Dec/2025:17:20:00 +0300] "GET /wp-content/themes/woodmart/css/parts/header-el-base.min.css?ver=8.3.6 HTTP/2" 200 325 "https://tnstickers.com/" "Mozilla/5.0 (Windows NT 10.0; Win64; x64) AppleWebKit/537.36 (KHTML, like Gecko) Chrome/119.0.0.0 Safari/537.36"
23.27.145.162 - - [05/Dec/2025:17:20:00 +0300] "GET /wp-content/themes/woodmart/css/parts/el-social-icons.min.css?ver=8.3.6 HTTP/2" 200 860 "https://tnstickers.com/" "Mozilla/5.0 (Windows NT 10.0; Win64; x64) AppleWebKit/537.36 (KHTML, like Gecko) Chrome/119.0.0.0 Safari/537.36"
23.27.145.162 - - [05/Dec/2025:17:20:00 +0300] "GET /wp-content/themes/woodmart/css/parts/el-social-styles.min.css?ver=8.3.6 HTTP/2" 200 284 "https://tnstickers.com/" "Mozilla/5.0 (Windows NT 10.0; Win64; x64) AppleWebKit/537.36 (KHTML, like Gecko) Chrome/119.0.0.0 Safari/537.36"
23.27.145.162 - - [05/Dec/2025:17:20:00 +0300] "GET /wp-content/themes/woodmart/css/parts/header-el-search.min.css?ver=8.3.6 HTTP/2" 200 413 "https://tnstickers.com/" "Mozilla/5.0 (Windows NT 10.0; Win64; x64) AppleWebKit/537.36 (KHTML, like Gecko) Chrome/119.0.0.0 Safari/537.36"
23.27.145.162 - - [05/Dec/2025:17:20:00 +0300] "GET /wp-content/themes/woodmart/css/parts/mod-animations-transform.min.css?ver=8.3.6 HTTP/2" 200 208 "https://tnstickers.com/" "Mozilla/5.0 (Windows NT 10.0; Win64; x64) AppleWebKit/537.36 (KHTML, like Gecko) Chrome/119.0.0.0 Safari/537.36"
23.27.145.162 - - [05/Dec/2025:17:20:00 +0300] "GET /wp-content/themes/woodmart/css/parts/mod-transform.min.css?ver=8.3.6 HTTP/2" 200 165 "https://tnstickers.com/" "Mozilla/5.0 (Windows NT 10.0; Win64; x64) AppleWebKit/537.36 (KHTML, like Gecko) Chrome/119.0.0.0 Safari/537.36"
23.27.145.162 - - [05/Dec/2025:17:20:00 +0300] "GET /wp-content/themes/woodmart/css/parts/elem-opt-collapsible-content.min.css?ver=8.3.6 HTTP/2" 200 309 "https://tnstickers.com/" "Mozilla/5.0 (Windows NT 10.0; Win64; x64) AppleWebKit/537.36 (KHTML, like Gecko) Chrome/119.0.0.0 Safari/537.36"
23.27.145.162 - - [05/Dec/2025:17:20:00 +0300] "GET /wp-content/themes/woodmart/css/parts/lib-swiper.min.css?ver=8.3.6 HTTP/2" 200 488 "https://tnstickers.com/" "Mozilla/5.0 (Windows NT 10.0; Win64; x64) AppleWebKit/537.36 (KHTML, like Gecko) Chrome/119.0.0.0 Safari/537.36"
23.27.145.162 - - [05/Dec/2025:17:20:00 +0300] "GET /wp-content/themes/woodmart/css/parts/el-slider.min.css?ver=8.3.6 HTTP/2" 200 750 "https://tnstickers.com/" "Mozilla/5.0 (Windows NT 10.0; Win64; x64) AppleWebKit/537.36 (KHTML, like Gecko) Chrome/119.0.0.0 Safari/537.36"
23.27.145.162 - - [05/Dec/2025:17:20:00 +0300] "GET /wp-content/themes/woodmart/css/parts/el-slider-dots-style-3.min.css?ver=8.3.6 HTTP/2" 200 179 "https://tnstickers.com/" "Mozilla/5.0 (Windows NT 10.0; Win64; x64) AppleWebKit/537.36 (KHTML, like Gecko) Chrome/119.0.0.0 Safari/537.36"
23.27.145.162 - - [05/Dec/2025:17:20:00 +0300] "GET /wp-content/themes/woodmart/css/parts/el-text-block.min.css?ver=8.3.6 HTTP/2" 200 99 "https://tnstickers.com/" "Mozilla/5.0 (Windows NT 10.0; Win64; x64) AppleWebKit/537.36 (KHTML, like Gecko) Chrome/119.0.0.0 Safari/537.36"
23.27.145.162 - - [05/Dec/2025:17:20:00 +0300] "GET /wp-content/themes/woodmart/css/parts/lib-swiper-arrows.min.css?ver=8.3.6 HTTP/2" 200 685 "https://tnstickers.com/" "Mozilla/5.0 (Windows NT 10.0; Win64; x64) AppleWebKit/537.36 (KHTML, like Gecko) Chrome/119.0.0.0 Safari/537.36"
23.27.145.162 - - [05/Dec/2025:17:20:00 +0300] "GET /wp-content/themes/woodmart/css/parts/lib-swiper-pagin.min.css?ver=8.3.6 HTTP/2" 200 402 "https://tnstickers.com/" "Mozilla/5.0 (Windows NT 10.0; Win64; x64) AppleWebKit/537.36 (KHTML, like Gecko) Chrome/119.0.0.0 Safari/537.36"
23.27.145.162 - - [05/Dec/2025:17:20:00 +0300] "GET /wp-content/themes/woodmart/css/parts/woo-prod-loop-small.min.css?ver=8.3.6 HTTP/2" 200 171 "https://tnstickers.com/" "Mozilla/5.0 (Windows NT 10.0; Win64; x64) AppleWebKit/537.36 (KHTML, like Gecko) Chrome/119.0.0.0 Safari/537.36"
23.27.145.162 - - [05/Dec/2025:17:20:00 +0300] "GET /wp-content/themes/woodmart/css/parts/woo-opt-title-limit.min.css?ver=8.3.6 HTTP/2" 200 118 "https://tnstickers.com/" "Mozilla/5.0 (Windows NT 10.0; Win64; x64) AppleWebKit/537.36 (KHTML, like Gecko) Chrome/119.0.0.0 Safari/537.36"
23.27.145.162 - - [05/Dec/2025:17:20:00 +0300] "GET /wp-content/themes/woodmart/css/parts/woo-product-loop.min.css?ver=8.3.6 HTTP/2" 200 1458 "https://tnstickers.com/" "Mozilla/5.0 (Windows NT 10.0; Win64; x64) AppleWebKit/537.36 (KHTML, like Gecko) Chrome/119.0.0.0 Safari/537.36"
23.27.145.162 - - [05/Dec/2025:17:20:00 +0300] "GET /wp-content/themes/woodmart/css/parts/woo-categories-loop-default-old.min.css?ver=8.3.6 HTTP/2" 200 255 "https://tnstickers.com/" "Mozilla/5.0 (Windows NT 10.0; Win64; x64) AppleWebKit/537.36 (KHTML, like Gecko) Chrome/119.0.0.0 Safari/537.36"
23.27.145.162 - - [05/Dec/2025:17:20:00 +0300] "GET /wp-content/themes/woodmart/css/parts/woo-categories-loop.min.css?ver=8.3.6 HTTP/2" 200 244 "https://tnstickers.com/" "Mozilla/5.0 (Windows NT 10.0; Win64; x64) AppleWebKit/537.36 (KHTML, like Gecko) Chrome/119.0.0.0 Safari/537.36"
23.27.145.162 - - [05/Dec/2025:17:20:00 +0300] "GET /wp-content/themes/woodmart/css/parts/header-el-search-form.min.css?ver=8.3.6 HTTP/2" 200 266 "https://tnstickers.com/" "Mozilla/5.0 (Windows NT 10.0; Win64; x64) AppleWebKit/537.36 (KHTML, like Gecko) Chrome/119.0.0.0 Safari/537.36"
23.27.145.162 - - [05/Dec/2025:17:20:00 +0300] "GET /wp-content/themes/woodmart/css/parts/el-section-title.min.css?ver=8.3.6 HTTP/2" 200 460 "https://tnstickers.com/" "Mozilla/5.0 (Windows NT 10.0; Win64; x64) AppleWebKit/537.36 (KHTML, like Gecko) Chrome/119.0.0.0 Safari/537.36"
23.27.145.162 - - [05/Dec/2025:17:20:00 +0300] "GET /wp-content/themes/woodmart/css/parts/woo-product-loop-alt.min.css?ver=8.3.6 HTTP/2" 200 732 "https://tnstickers.com/" "Mozilla/5.0 (Windows NT 10.0; Win64; x64) AppleWebKit/537.36 (KHTML, like Gecko) Chrome/119.0.0.0 Safari/537.36"
23.27.145.162 - - [05/Dec/2025:17:20:00 +0300] "GET /wp-content/themes/woodmart/css/parts/woo-opt-stretch-cont.min.css?ver=8.3.6 HTTP/2" 200 233 "https://tnstickers.com/" "Mozilla/5.0 (Windows NT 10.0; Win64; x64) AppleWebKit/537.36 (KHTML, like Gecko) Chrome/119.0.0.0 Safari/537.36"
23.27.145.162 - - [05/Dec/2025:17:20:00 +0300] "GET /wp-content/themes/woodmart/css/parts/woo-mod-product-labels.min.css?ver=8.3.6 HTTP/2" 200 363 "https://tnstickers.com/" "Mozilla/5.0 (Windows NT 10.0; Win64; x64) AppleWebKit/537.36 (KHTML, like Gecko) Chrome/119.0.0.0 Safari/537.36"
23.27.145.162 - - [05/Dec/2025:17:20:00 +0300] "GET /wp-content/themes/woodmart/css/parts/lib-magnific-popup.min.css?ver=8.3.6 HTTP/2" 200 647 "https://tnstickers.com/" "Mozilla/5.0 (Windows NT 10.0; Win64; x64) AppleWebKit/537.36 (KHTML, like Gecko) Chrome/119.0.0.0 Safari/537.36"
23.27.145.162 - - [05/Dec/2025:17:20:00 +0300] "GET /wp-content/themes/woodmart/css/parts/el-tabs.min.css?ver=8.3.6 HTTP/2" 200 1033 "https://tnstickers.com/" "Mozilla/5.0 (Windows NT 10.0; Win64; x64) AppleWebKit/537.36 (KHTML, like Gecko) Chrome/119.0.0.0 Safari/537.36"
23.27.145.162 - - [05/Dec/2025:17:20:00 +0300] "GET /wp-content/themes/woodmart/css/parts/el-product-tabs.min.css?ver=8.3.6 HTTP/2" 200 234 "https://tnstickers.com/" "Mozilla/5.0 (Windows NT 10.0; Win64; x64) AppleWebKit/537.36 (KHTML, like Gecko) Chrome/119.0.0.0 Safari/537.36"
23.27.145.162 - - [05/Dec/2025:17:20:00 +0300] "GET /wp-content/themes/woodmart/css/parts/mod-sticky-loader.min.css?ver=8.3.6 HTTP/2" 200 171 "https://tnstickers.com/" "Mozilla/5.0 (Windows NT 10.0; Win64; x64) AppleWebKit/537.36 (KHTML, like Gecko) Chrome/119.0.0.0 Safari/537.36"
23.27.145.162 - - [05/Dec/2025:17:20:00 +0300] "GET /wp-content/themes/woodmart/css/parts/opt-widget-collapse.min.css?ver=8.3.6 HTTP/2" 200 355 "https://tnstickers.com/" "Mozilla/5.0 (Windows NT 10.0; Win64; x64) AppleWebKit/537.36 (KHTML, like Gecko) Chrome/119.0.0.0 Safari/537.36"
23.27.145.162 - - [05/Dec/2025:17:20:00 +0300] "GET /wp-content/themes/woodmart/css/parts/footer-base.min.css?ver=8.3.6 HTTP/2" 200 305 "https://tnstickers.com/" "Mozilla/5.0 (Windows NT 10.0; Win64; x64) AppleWebKit/537.36 (KHTML, like Gecko) Chrome/119.0.0.0 Safari/537.36"
23.27.145.162 - - [05/Dec/2025:17:20:00 +0300] "GET /wp-content/themes/woodmart/css/parts/bg-navigation.min.css?ver=8.3.6 HTTP/2" 200 205 "https://tnstickers.com/" "Mozilla/5.0 (Windows NT 10.0; Win64; x64) AppleWebKit/537.36 (KHTML, like Gecko) Chrome/119.0.0.0 Safari/537.36"
23.27.145.162 - - [05/Dec/2025:17:20:00 +0300] "GET /wp-content/themes/woodmart/css/parts/el-menu.min.css?ver=8.3.6 HTTP/2" 200 73 "https://tnstickers.com/" "Mozilla/5.0 (Windows NT 10.0; Win64; x64) AppleWebKit/537.36 (KHTML, like Gecko) Chrome/119.0.0.0 Safari/537.36"
23.27.145.162 - - [05/Dec/2025:17:20:00 +0300] "GET /wp-content/themes/woodmart/css/parts/el-menu-wpb-elem.min.css?ver=8.3.6 HTTP/2" 200 203 "https://tnstickers.com/" "Mozilla/5.0 (Windows NT 10.0; Win64; x64) AppleWebKit/537.36 (KHTML, like Gecko) Chrome/119.0.0.0 Safari/537.36"
23.27.145.162 - - [05/Dec/2025:17:20:00 +0300] "GET /wp-content/themes/woodmart/css/parts/el-list.min.css?ver=8.3.6 HTTP/2" 200 548 "https://tnstickers.com/" "Mozilla/5.0 (Windows NT 10.0; Win64; x64) AppleWebKit/537.36 (KHTML, like Gecko) Chrome/119.0.0.0 Safari/537.36"
23.27.145.162 - - [05/Dec/2025:17:20:00 +0300] "GET /wp-content/themes/woodmart/css/parts/el-list-wpb-elem.min.css?ver=8.3.6 HTTP/2" 200 151 "https://tnstickers.com/" "Mozilla/5.0 (Windows NT 10.0; Win64; x64) AppleWebKit/537.36 (KHTML, like Gecko) Chrome/119.0.0.0 Safari/537.36"
23.27.145.162 - - [05/Dec/2025:17:20:00 +0300] "GET /wp-content/themes/woodmart/css/parts/wd-search-form.min.css?ver=8.3.6 HTTP/2" 200 602 "https://tnstickers.com/" "Mozilla/5.0 (Windows NT 10.0; Win64; x64) AppleWebKit/537.36 (KHTML, like Gecko) Chrome/119.0.0.0 Safari/537.36"
23.27.145.162 - - [05/Dec/2025:17:20:00 +0300] "GET /wp-content/themes/woodmart/css/parts/opt-popular-requests.min.css?ver=8.3.6 HTTP/2" 200 260 "https://tnstickers.com/" "Mozilla/5.0 (Windows NT 10.0; Win64; x64) AppleWebKit/537.36 (KHTML, like Gecko) Chrome/119.0.0.0 Safari/537.36"
23.27.145.162 - - [05/Dec/2025:17:20:00 +0300] "GET /wp-content/themes/woodmart/css/parts/header-el-search-fullscreen-general.min.css?ver=8.3.6 HTTP/2" 200 559 "https://tnstickers.com/" "Mozilla/5.0 (Windows NT 10.0; Win64; x64) AppleWebKit/537.36 (KHTML, like Gecko) Chrome/119.0.0.0 Safari/537.36"
23.27.145.162 - - [05/Dec/2025:17:20:00 +0300] "GET /wp-content/themes/woodmart/css/parts/header-el-search-fullscreen-2.min.css?ver=8.3.6 HTTP/2" 200 685 "https://tnstickers.com/" "Mozilla/5.0 (Windows NT 10.0; Win64; x64) AppleWebKit/537.36 (KHTML, like Gecko) Chrome/119.0.0.0 Safari/537.36"
23.27.145.162 - - [05/Dec/2025:17:20:00 +0300] "GET /wp-content/themes/woodmart/css/parts/wd-search-results.min.css?ver=8.3.6 HTTP/2" 200 741 "https://tnstickers.com/" "Mozilla/5.0 (Windows NT 10.0; Win64; x64) AppleWebKit/537.36 (KHTML, like Gecko) Chrome/119.0.0.0 Safari/537.36"
23.27.145.162 - - [05/Dec/2025:17:20:00 +0300] "GET /wp-content/themes/woodmart/css/parts/opt-bottom-toolbar.min.css?ver=8.3.6 HTTP/2" 200 620 "https://tnstickers.com/" "Mozilla/5.0 (Windows NT 10.0; Win64; x64) AppleWebKit/537.36 (KHTML, like Gecko) Chrome/119.0.0.0 Safari/537.36"
23.27.145.162 - - [05/Dec/2025:17:20:00 +0300] "GET /wp-content/uploads/2025/12/xts-header_969419-1764688259.css?ver=8.3.6 HTTP/2" 200 358 "https://tnstickers.com/" "Mozilla/5.0 (Windows NT 10.0; Win64; x64) AppleWebKit/537.36 (KHTML, like Gecko) Chrome/119.0.0.0 Safari/537.36"
23.27.145.162 - - [05/Dec/2025:17:20:00 +0300] "GET /wp-content/uploads/2025/12/xts-theme_settings_default-1764704153.css?ver=8.3.6 HTTP/2" 200 1204 "https://tnstickers.com/" "Mozilla/5.0 (Windows NT 10.0; Win64; x64) AppleWebKit/537.36 (KHTML, like Gecko) Chrome/119.0.0.0 Safari/537.36"
23.27.145.162 - - [05/Dec/2025:17:20:00 +0300] "GET /wp-content/plugins/woocommerce/assets/client/blocks/wc-blocks.css?ver=wc-10.3.5 HTTP/2" 200 2237 "https://tnstickers.com/" "Mozilla/5.0 (Windows NT 10.0; Win64; x64) AppleWebKit/537.36 (KHTML, like Gecko) Chrome/119.0.0.0 Safari/537.36"
23.27.145.162 - - [05/Dec/2025:17:20:00 +0300] "GET /wp-includes/js/jquery/jquery-migrate.min.js?ver=3.4.1 HTTP/2" 200 4344 "https://tnstickers.com/" "Mozilla/5.0 (Windows NT 10.0; Win64; x64) AppleWebKit/537.36 (KHTML, like Gecko) Chrome/119.0.0.0 Safari/537.36"
23.27.145.162 - - [05/Dec/2025:17:20:00 +0300] "GET /wp-content/themes/woodmart/js/scripts/global/scrollBar.min.js?ver=8.3.6 HTTP/2" 200 138 "https://tnstickers.com/" "Mozilla/5.0 (Windows NT 10.0; Win64; x64) AppleWebKit/537.36 (KHTML, like Gecko) Chrome/119.0.0.0 Safari/537.36"
23.27.145.162 - - [05/Dec/2025:17:20:00 +0300] "GET /wp-content/themes/woodmart/css/parts/wd-search-dropdown.min.css?ver=8.3.6 HTTP/2" 200 542 "https://tnstickers.com/" "Mozilla/5.0 (Windows NT 10.0; Win64; x64) AppleWebKit/537.36 (KHTML, like Gecko) Chrome/119.0.0.0 Safari/537.36"
23.27.145.162 - - [05/Dec/2025:17:20:00 +0300] "GET /wp-content/themes/woodmart/css/parts/header-el-cart-side.min.css?ver=8.3.6 HTTP/2" 200 287 "https://tnstickers.com/" "Mozilla/5.0 (Windows NT 10.0; Win64; x64) AppleWebKit/537.36 (KHTML, like Gecko) Chrome/119.0.0.0 Safari/537.36"
23.27.145.162 - - [05/Dec/2025:17:20:00 +0300] "GET /wp-content/themes/woodmart/css/parts/header-el-cart.min.css?ver=8.3.6 HTTP/2" 200 536 "https://tnstickers.com/" "Mozilla/5.0 (Windows NT 10.0; Win64; x64) AppleWebKit/537.36 (KHTML, like Gecko) Chrome/119.0.0.0 Safari/537.36"
23.27.145.162 - - [05/Dec/2025:17:20:00 +0300] "GET /wp-content/themes/woodmart/css/parts/woo-widget-shopping-cart.min.css?ver=8.3.6 HTTP/2" 200 1130 "https://tnstickers.com/" "Mozilla/5.0 (Windows NT 10.0; Win64; x64) AppleWebKit/537.36 (KHTML, like Gecko) Chrome/119.0.0.0 Safari/537.36"
23.27.145.162 - - [05/Dec/2025:17:20:00 +0300] "GET /wp-content/themes/woodmart/css/parts/woo-widget-product-list.min.css?ver=8.3.6 HTTP/2" 200 293 "https://tnstickers.com/" "Mozilla/5.0 (Windows NT 10.0; Win64; x64) AppleWebKit/537.36 (KHTML, like Gecko) Chrome/119.0.0.0 Safari/537.36"
23.27.145.162 - - [05/Dec/2025:17:20:00 +0300] "GET /wp-content/themes/woodmart/css/parts/header-el-mobile-nav-dropdown.min.css?ver=8.3.6 HTTP/2" 200 90 "https://tnstickers.com/" "Mozilla/5.0 (Windows NT 10.0; Win64; x64) AppleWebKit/537.36 (KHTML, like Gecko) Chrome/119.0.0.0 Safari/537.36"
23.27.145.162 - - [05/Dec/2025:17:20:00 +0300] "GET /wp-content/themes/woodmart/css/parts/mod-animations-transform-base.min.css?ver=8.3.6 HTTP/2" 200 226 "https://tnstickers.com/" "Mozilla/5.0 (Windows NT 10.0; Win64; x64) AppleWebKit/537.36 (KHTML, like Gecko) Chrome/119.0.0.0 Safari/537.36"
23.27.145.162 - - [05/Dec/2025:17:20:00 +0300] "GET /wp-content/themes/woodmart/css/parts/opt-scrolltotop.min.css?ver=8.3.6 HTTP/2" 200 321 "https://tnstickers.com/" "Mozilla/5.0 (Windows NT 10.0; Win64; x64) AppleWebKit/537.36 (KHTML, like Gecko) Chrome/119.0.0.0 Safari/537.36"
23.27.145.162 - - [05/Dec/2025:17:20:00 +0300] "GET /wp-content/themes/woodmart/css/parts/woo-categories-loop-old.min.css?ver=8.3.6 HTTP/2" 200 294 "https://tnstickers.com/" "Mozilla/5.0 (Windows NT 10.0; Win64; x64) AppleWebKit/537.36 (KHTML, like Gecko) Chrome/119.0.0.0 Safari/537.36"
23.27.145.162 - - [05/Dec/2025:17:20:00 +0300] "GET /wp-includes/js/jquery/jquery.min.js?ver=3.7.1 HTTP/2" 200 27470 "https://tnstickers.com/" "Mozilla/5.0 (Windows NT 10.0; Win64; x64) AppleWebKit/537.36 (KHTML, like Gecko) Chrome/119.0.0.0 Safari/537.36"
157.173.127.72 - - [05/Dec/2025:17:20:00 +0300] "GET /shop/?per_page=9&s=Yamaha&post_type=product&shop_view=list HTTP/1.1" 200 23686 "-" "Mozilla/5.0 (compatible; MJ12bot/v1.4.8; http://mj12bot.com/)"
23.27.145.162 - - [05/Dec/2025:17:20:01 +0300] "GET /wp-content/uploads/elementor/css/post-917.css?ver=1764755928 HTTP/2" 200 430 "https://tnstickers.com/" "Mozilla/5.0 (Windows NT 10.0; Win64; x64) AppleWebKit/537.36 (KHTML, like Gecko) Chrome/119.0.0.0 Safari/537.36"
23.27.145.162 - - [05/Dec/2025:17:20:01 +0300] "GET /wp-content/uploads/2023/07/unnamed-44-Photoroom-e1764635174446.png HTTP/2" 200 431861 "https://tnstickers.com/" "Mozilla/5.0 (Windows NT 10.0; Win64; x64) AppleWebKit/537.36 (KHTML, like Gecko) Chrome/119.0.0.0 Safari/537.36"
23.27.145.162 - - [05/Dec/2025:17:20:01 +0300] "GET /wp-content/uploads/2025/12/xts-term-45-1764586630.css?ver=8.3.6 HTTP/2" 200 89 "https://tnstickers.com/" "Mozilla/5.0 (Windows NT 10.0; Win64; x64) AppleWebKit/537.36 (KHTML, like Gecko) Chrome/119.0.0.0 Safari/537.36"
23.27.145.162 - - [05/Dec/2025:17:20:01 +0300] "GET /wp-content/uploads/elementor/css/post-915.css?ver=1764755929 HTTP/2" 200 799 "https://tnstickers.com/" "Mozilla/5.0 (Windows NT 10.0; Win64; x64) AppleWebKit/537.36 (KHTML, like Gecko) Chrome/119.0.0.0 Safari/537.36"
23.27.145.162 - - [05/Dec/2025:17:20:01 +0300] "GET /wp-content/themes/woodmart/css/parts/el-toggle.min.css?ver=8.3.6 HTTP/2" 200 357 "https://tnstickers.com/" "Mozilla/5.0 (Windows NT 10.0; Win64; x64) AppleWebKit/537.36 (KHTML, like Gecko) Chrome/119.0.0.0 Safari/537.36"
23.27.145.162 - - [05/Dec/2025:17:20:01 +0300] "GET /wp-content/uploads/elementor/css/post-2056.css?ver=1764755929 HTTP/2" 200 352 "https://tnstickers.com/" "Mozilla/5.0 (Windows NT 10.0; Win64; x64) AppleWebKit/537.36 (KHTML, like Gecko) Chrome/119.0.0.0 Safari/537.36"
23.27.145.162 - - [05/Dec/2025:17:20:01 +0300] "GET /wp-content/plugins/woocommerce/assets/js/sourcebuster/sourcebuster.min.js?ver=10.3.5 HTTP/2" 200 4333 "https://tnstickers.com/" "Mozilla/5.0 (Windows NT 10.0; Win64; x64) AppleWebKit/537.36 (KHTML, like Gecko) Chrome/119.0.0.0 Safari/537.36"
23.27.145.162 - - [05/Dec/2025:17:20:01 +0300] "GET /wp-content/themes/woodmart/js/scripts/wc/updateCartFragmentsFix.js?ver=8.3.6 HTTP/2" 200 495 "https://tnstickers.com/" "Mozilla/5.0 (Windows NT 10.0; Win64; x64) AppleWebKit/537.36 (KHTML, like Gecko) Chrome/119.0.0.0 Safari/537.36"
23.27.145.162 - - [05/Dec/2025:17:20:01 +0300] "GET /wp-content/themes/woodmart/fonts/woodmart-font-3-400.woff2?v=8.3.6 HTTP/2" 200 13696 "https://tnstickers.com/wp-content/uploads/2025/12/xts-theme_settings_default-1764704153.css?ver=8.3.6" "Mozilla/5.0 (Windows NT 10.0; Win64; x64) AppleWebKit/537.36 (KHTML, like Gecko) Chrome/119.0.0.0 Safari/537.36"
23.27.145.162 - - [05/Dec/2025:17:20:01 +0300] "GET /wp-content/uploads/2023/07/unnamed-44-Photoroom-e1764635174446.png HTTP/2" 200 431861 "https://tnstickers.com/" "Mozilla/5.0 (Windows NT 10.0; Win64; x64) AppleWebKit/537.36 (KHTML, like Gecko) Chrome/119.0.0.0 Safari/537.36"
193.111.77.77 - - [05/Dec/2025:17:20:06 +0300] "GET /wp-content/uploads/2025/12/akra.png HTTP/1.1" 200 232293 "-" "-"
23.27.145.162 - - [05/Dec/2025:17:20:08 +0300] "GET /wp-content/plugins/woocommerce/assets/js/frontend/order-attribution.min.js?ver=10.3.5 HTTP/2" 200 930 "https://tnstickers.com/" "Mozilla/5.0 (Windows NT 10.0; Win64; x64) AppleWebKit/537.36 (KHTML, like Gecko) Chrome/119.0.0.0 Safari/537.36"
23.27.145.162 - - [05/Dec/2025:17:20:08 +0300] "GET /wp-content/plugins/elementor/assets/js/webpack.runtime.min.js?ver=3.33.2 HTTP/2" 200 2115 "https://tnstickers.com/" "Mozilla/5.0 (Windows NT 10.0; Win64; x64) AppleWebKit/537.36 (KHTML, like Gecko) Chrome/119.0.0.0 Safari/537.36"
23.27.145.162 - - [05/Dec/2025:17:20:08 +0300] "GET /wp-content/uploads/2023/07/m3-1-70x90.png HTTP/2" 200 7856 "https://tnstickers.com/" "Mozilla/5.0 (Windows NT 10.0; Win64; x64) AppleWebKit/537.36 (KHTML, like Gecko) Chrome/119.0.0.0 Safari/537.36"
23.27.145.162 - - [05/Dec/2025:17:20:08 +0300] "GET /wp-content/uploads/2025/12/akra-70x90.png HTTP/2" 200 10058 "https://tnstickers.com/" "Mozilla/5.0 (Windows NT 10.0; Win64; x64) AppleWebKit/537.36 (KHTML, like Gecko) Chrome/119.0.0.0 Safari/537.36"
23.27.145.162 - - [05/Dec/2025:17:20:08 +0300] "GET /wp-content/uploads/2025/12/aprilia-70x90.png HTTP/2" 200 9216 "https://tnstickers.com/" "Mozilla/5.0 (Windows NT 10.0; Win64; x64) AppleWebKit/537.36 (KHTML, like Gecko) Chrome/119.0.0.0 Safari/537.36"
23.27.145.162 - - [05/Dec/2025:17:20:08 +0300] "GET /wp-content/uploads/2025/12/akra-70x90.png HTTP/2" 200 10058 "https://tnstickers.com/" "Mozilla/5.0 (Windows NT 10.0; Win64; x64) AppleWebKit/537.36 (KHTML, like Gecko) Chrome/119.0.0.0 Safari/537.36"
23.27.145.162 - - [05/Dec/2025:17:20:08 +0300] "GET /wp-content/uploads/2023/07/wd-vgs-simulation-w-opt-220x130.jpg HTTP/2" 200 9782 "https://tnstickers.com/" "Mozilla/5.0 (Windows NT 10.0; Win64; x64) AppleWebKit/537.36 (KHTML, like Gecko) Chrome/119.0.0.0 Safari/537.36"
23.27.145.162 - - [05/Dec/2025:17:20:08 +0300] "GET /wp-content/uploads/2023/07/wd-vgs-adventure-w-opt-220x130.jpg HTTP/2" 200 8898 "https://tnstickers.com/" "Mozilla/5.0 (Windows NT 10.0; Win64; x64) AppleWebKit/537.36 (KHTML, like Gecko) Chrome/119.0.0.0 Safari/537.36"
23.27.145.162 - - [05/Dec/2025:17:20:08 +0300] "GET /wp-content/uploads/2023/07/wd-vgs-action-w-opt-220x130.jpg HTTP/2" 200 9086 "https://tnstickers.com/" "Mozilla/5.0 (Windows NT 10.0; Win64; x64) AppleWebKit/537.36 (KHTML, like Gecko) Chrome/119.0.0.0 Safari/537.36"
23.27.145.162 - - [05/Dec/2025:17:20:08 +0300] "GET /wp-content/uploads/2023/07/wd-vgs-discount-w.svg HTTP/2" 200 1427 "https://tnstickers.com/" "Mozilla/5.0 (Windows NT 10.0; Win64; x64) AppleWebKit/537.36 (KHTML, like Gecko) Chrome/119.0.0.0 Safari/537.36"
23.27.145.162 - - [05/Dec/2025:17:20:08 +0300] "GET /wp-content/uploads/2023/07/wd-vgs-horror-w-opt-220x130.jpg HTTP/2" 200 8499 "https://tnstickers.com/" "Mozilla/5.0 (Windows NT 10.0; Win64; x64) AppleWebKit/537.36 (KHTML, like Gecko) Chrome/119.0.0.0 Safari/537.36"
23.27.145.162 - - [05/Dec/2025:17:20:08 +0300] "GET /wp-content/uploads/2023/07/wd-vgs-indie-w-opt-220x130.jpg HTTP/2" 200 10264 "https://tnstickers.com/" "Mozilla/5.0 (Windows NT 10.0; Win64; x64) AppleWebKit/537.36 (KHTML, like Gecko) Chrome/119.0.0.0 Safari/537.36"
23.27.145.162 - - [05/Dec/2025:17:20:08 +0300] "GET /wp-content/uploads/2023/07/wd-vgs-casual-w-opt-220x130.jpg HTTP/2" 200 9556 "https://tnstickers.com/" "Mozilla/5.0 (Windows NT 10.0; Win64; x64) AppleWebKit/537.36 (KHTML, like Gecko) Chrome/119.0.0.0 Safari/537.36"
23.27.145.162 - - [05/Dec/2025:17:20:08 +0300] "GET /wp-content/uploads/2023/07/chevron-right.svg HTTP/2" 200 329 "https://tnstickers.com/" "Mozilla/5.0 (Windows NT 10.0; Win64; x64) AppleWebKit/537.36 (KHTML, like Gecko) Chrome/119.0.0.0 Safari/537.36"
23.27.145.162 - - [05/Dec/2025:17:20:08 +0300] "GET /wp-content/uploads/2023/07/w-vgs-action-dead-island-2.jpg HTTP/2" 200 190095 "https://tnstickers.com/" "Mozilla/5.0 (Windows NT 10.0; Win64; x64) AppleWebKit/537.36 (KHTML, like Gecko) Chrome/119.0.0.0 Safari/537.36"
193.111.77.77 - - [05/Dec/2025:17:17:57 +0300] "GET /wp-content/uploads/2025/12/akra.png HTTP/1.1" 200 232293 "-" "-"
193.111.77.77 - - [05/Dec/2025:17:18:03 +0300] "GET /wp-content/uploads/2025/12/akra.png HTTP/1.1" 200 232293 "-" "-"
157.173.127.72 - - [05/Dec/2025:17:18:02 +0300] "GET /shop/?per_page=12&shop_view=list HTTP/1.1" 200 26464 "-" "Mozilla/5.0 (compatible; MJ12bot/v1.4.8; http://mj12bot.com/)"
157.173.127.72 - - [05/Dec/2025:17:18:05 +0300] "GET /shop/?per_page=18&add-to-cart=2683 HTTP/1.1" 200 26464 "-" "Mozilla/5.0 (compatible; MJ12bot/v1.4.8; http://mj12bot.com/)"
157.173.127.72 - - [05/Dec/2025:17:18:08 +0300] "GET /shop/?per_page=18&add-to-cart=2728 HTTP/1.1" 200 26471 "-" "Mozilla/5.0 (compatible; MJ12bot/v1.4.8; http://mj12bot.com/)"
193.111.77.77 - - [05/Dec/2025:17:18:12 +0300] "GET /wp-content/uploads/2025/12/akra.png HTTP/1.1" 200 232293 "-" "-"
193.111.77.77 - - [05/Dec/2025:17:18:15 +0300] "GET /wp-content/uploads/2025/12/akra.png HTTP/1.1" 200 232293 "-" "-"
157.173.127.72 - - [05/Dec/2025:17:18:14 +0300] "GET /shop/?per_page=18&add-to-cart=2771 HTTP/1.1" 200 26473 "-" "Mozilla/5.0 (compatible; MJ12bot/v1.4.8; http://mj12bot.com/)"
157.173.127.72 - - [05/Dec/2025:17:18:17 +0300] "GET /shop/?per_page=18&add-to-cart=484 HTTP/1.1" 200 26469 "-" "Mozilla/5.0 (compatible; MJ12bot/v1.4.8; http://mj12bot.com/)"
157.173.127.72 - - [05/Dec/2025:17:18:33 +0300] "GET /shop/?per_page=18&s=Yamaha&post_type=product&shop_view=grid&per_row=4 HTTP/1.1" 200 23348 "-" "Mozilla/5.0 (compatible; MJ12bot/v1.4.8; http://mj12bot.com/)"
157.173.127.72 - - [05/Dec/2025:17:18:40 +0300] "GET /shop/?per_page=18&shop_view=grid&per_row=3 HTTP/1.1" 200 26456 "-" "Mozilla/5.0 (compatible; MJ12bot/v1.4.8; http://mj12bot.com/)"
157.173.127.72 - - [05/Dec/2025:17:18:47 +0300] "GET /shop/?per_page=18&shop_view=list HTTP/1.1" 200 27907 "-" "Mozilla/5.0 (compatible; MJ12bot/v1.4.8; http://mj12bot.com/)"
193.111.77.77 - - [05/Dec/2025:17:18:56 +0300] "GET /wp-content/uploads/2025/12/akra.png HTTP/1.1" 200 232293 "-" "-"
193.111.77.77 - - [05/Dec/2025:17:19:02 +0300] "GET /wp-content/uploads/2025/12/akra.png HTTP/1.1" 200 232293 "-" "-"
193.111.77.77 - - [05/Dec/2025:17:19:05 +0300] "GET /wp-content/uploads/2025/12/akra.png HTTP/1.1" 200 232293 "-" "-"
157.173.127.72 - - [05/Dec/2025:17:19:07 +0300] "GET /shop/?per_page=24&add-to-cart=2734 HTTP/1.1" 200 27292 "-" "Mozilla/5.0 (compatible; MJ12bot/v1.4.8; http://mj12bot.com/)"
157.173.127.72 - - [05/Dec/2025:17:19:28 +0300] "GET /shop/?per_page=24&s=Yamaha&post_type=product&shop_view=list HTTP/1.1" 200 23686 "-" "Mozilla/5.0 (compatible; MJ12bot/v1.4.8; http://mj12bot.com/)"
157.173.127.72 - - [05/Dec/2025:17:19:33 +0300] "GET /shop/?per_page=24&shop_view=grid&per_row=4 HTTP/1.1" 200 27277 "-" "Mozilla/5.0 (compatible; MJ12bot/v1.4.8; http://mj12bot.com/)"
193.111.77.77 - - [05/Dec/2025:17:19:46 +0300] "GET /wp-content/uploads/2025/12/akra.png HTTP/1.1" 200 232293 "-" "-"
157.173.127.72 - - [05/Dec/2025:17:19:45 +0300] "GET /shop/?per_page=9&add-to-cart=2771 HTTP/1.1" 200 24892 "-" "Mozilla/5.0 (compatible; MJ12bot/v1.4.8; http://mj12bot.com/)"
193.111.77.77 - - [05/Dec/2025:17:19:49 +0300] "GET /wp-content/uploads/2025/12/akra.png HTTP/1.1" 200 232293 "-" "-"
157.173.127.72 - - [05/Dec/2025:17:19:48 +0300] "GET /shop/?per_page=9&add-to-cart=484 HTTP/1.1" 200 24888 "-" "Mozilla/5.0 (compatible; MJ12bot/v1.4.8; http://mj12bot.com/)"
157.173.127.72 - - [05/Dec/2025:17:19:54 +0300] "GET /shop/?per_page=9&s=Yamaha&post_type=product&shop_view=grid&per_row=3 HTTP/1.1" 200 23357 "-" "Mozilla/5.0 (compatible; MJ12bot/v1.4.8; http://mj12bot.com/)"
157.173.127.72 - - [05/Dec/2025:17:20:03 +0300] "GET /shop/?per_page=9&shop_view=grid&per_row=3 HTTP/1.1" 200 24871 "-" "Mozilla/5.0 (compatible; MJ12bot/v1.4.8; http://mj12bot.com/)"
157.173.127.72 - - [05/Dec/2025:17:20:05 +0300] "GET /shop/?per_page=9&shop_view=grid&per_row=4 HTTP/1.1" 200 24867 "-" "Mozilla/5.0 (compatible; MJ12bot/v1.4.8; http://mj12bot.com/)"
193.111.77.77 - - [05/Dec/2025:17:17:47 +0300] "GET /wp-content/uploads/2025/12/45.png HTTP/1.1" 200 242191 "-" "-"
193.111.77.77 - - [05/Dec/2025:17:17:50 +0300] "GET /wp-content/uploads/2025/12/45.png HTTP/1.1" 200 242191 "-" "-"
157.173.127.72 - - [05/Dec/2025:17:17:49 +0300] "GET /shop/?per_page=12&s=Yamaha&post_type=product&shop_view=grid&per_row=4 HTTP/1.1" 200 23349 "-" "Mozilla/5.0 (compatible; MJ12bot/v1.4.8; http://mj12bot.com/)"
157.173.127.72 - - [05/Dec/2025:17:17:52 +0300] "GET /shop/?per_page=12&s=Yamaha&post_type=product&shop_view=list HTTP/1.1" 200 23686 "-" "Mozilla/5.0 (compatible; MJ12bot/v1.4.8; http://mj12bot.com/)"
157.173.127.72 - - [05/Dec/2025:17:17:56 +0300] "GET /shop/?per_page=12&shop_view=grid&per_row=3 HTTP/1.1" 200 25429 "-" "Mozilla/5.0 (compatible; MJ12bot/v1.4.8; http://mj12bot.com/)"
193.111.77.77 - - [05/Dec/2025:17:17:59 +0300] "GET /wp-content/uploads/2025/12/akra.png HTTP/1.1" 200 232293 "-" "-"
193.111.77.77 - - [05/Dec/2025:17:18:28 +0300] "GET /wp-content/uploads/2025/12/45.png HTTP/1.1" 200 242191 "-" "-"
193.111.77.77 - - [05/Dec/2025:17:18:31 +0300] "GET /wp-content/uploads/2025/12/45.png HTTP/1.1" 200 242191 "-" "-"
157.173.127.72 - - [05/Dec/2025:17:18:30 +0300] "GET /shop/?per_page=18&s=Yamaha&post_type=product&shop_view=grid&per_row=3 HTTP/1.1" 200 23353 "-" "Mozilla/5.0 (compatible; MJ12bot/v1.4.8; http://mj12bot.com/)"
193.111.77.77 - - [05/Dec/2025:17:18:34 +0300] "GET /wp-content/uploads/2025/12/45.png HTTP/1.1" 200 242191 "-" "-"
157.173.127.72 - - [05/Dec/2025:17:18:44 +0300] "GET /shop/?per_page=18&shop_view=grid&per_row=4 HTTP/1.1" 200 26454 "-" "Mozilla/5.0 (compatible; MJ12bot/v1.4.8; http://mj12bot.com/)"
193.111.77.77 - - [05/Dec/2025:17:18:47 +0300] "GET /wp-content/uploads/2025/12/akra.png HTTP/1.1" 200 232293 "-" "-"
157.173.127.72 - - [05/Dec/2025:17:18:50 +0300] "GET /shop/?per_page=24&add-to-cart=2680 HTTP/1.1" 200 27295 "-" "Mozilla/5.0 (compatible; MJ12bot/v1.4.8; http://mj12bot.com/)"
193.111.77.77 - - [05/Dec/2025:17:18:53 +0300] "GET /wp-content/uploads/2025/12/akra.png HTTP/1.1" 200 232293 "-" "-"
157.173.127.72 - - [05/Dec/2025:17:19:04 +0300] "GET /shop/?per_page=24&add-to-cart=2731 HTTP/1.1" 200 27296 "-" "Mozilla/5.0 (compatible; MJ12bot/v1.4.8; http://mj12bot.com/)"
193.111.77.77 - - [05/Dec/2025:17:19:14 +0300] "GET /wp-content/uploads/2025/12/akra.png HTTP/1.1" 200 232293 "-" "-"
157.173.127.72 - - [05/Dec/2025:17:19:13 +0300] "GET /shop/?per_page=24&add-to-cart=484 HTTP/1.1" 200 27300 "-" "Mozilla/5.0 (compatible; MJ12bot/v1.4.8; http://mj12bot.com/)"
193.111.77.77 - - [05/Dec/2025:17:19:16 +0300] "GET /wp-content/uploads/2025/12/akra.png HTTP/1.1" 200 232293 "-" "-"
193.111.77.77 - - [05/Dec/2025:17:19:19 +0300] "GET /wp-content/uploads/2025/12/45.png HTTP/1.1" 200 242191 "-" "-"
193.111.77.77 - - [05/Dec/2025:17:19:22 +0300] "GET /wp-content/uploads/2025/12/45.png HTTP/1.1" 200 242191 "-" "-"
193.111.77.77 - - [05/Dec/2025:17:19:26 +0300] "GET /wp-content/uploads/2025/12/45.png HTTP/1.1" 200 242191 "-" "-"
193.111.77.77 - - [05/Dec/2025:17:19:28 +0300] "GET /wp-content/uploads/2025/12/45.png HTTP/1.1" 200 242191 "-" "-"
157.173.127.72 - - [05/Dec/2025:17:19:36 +0300] "GET /shop/?per_page=24&shop_view=list HTTP/1.1" 200 29278 "-" "Mozilla/5.0 (compatible; MJ12bot/v1.4.8; http://mj12bot.com/)"
193.111.77.77 - - [05/Dec/2025:17:19:51 +0300] "GET /wp-content/uploads/2025/12/45.png HTTP/1.1" 200 242191 "-" "-"
193.111.77.77 - - [05/Dec/2025:17:19:54 +0300] "GET /wp-content/uploads/2025/12/45.png HTTP/1.1" 200 242191 "-" "-"
23.27.145.162 - - [05/Dec/2025:17:19:54 +0300] "GET / HTTP/2" 301 0 "-" "Mozilla/5.0 (Windows NT 10.0; Win64; x64) AppleWebKit/537.36 (KHTML, like Gecko) Chrome/119.0.0.0 Safari/537.36"
193.111.77.77 - - [05/Dec/2025:17:20:03 +0300] "GET /wp-content/uploads/2025/12/akra.png HTTP/1.1" 200 232293 "-" "-"
193.111.77.77 - - [05/Dec/2025:17:20:09 +0300] "GET /wp-content/uploads/2025/12/akra.png HTTP/1.1" 200 232293 "-" "-"
157.173.127.72 - - [05/Dec/2025:17:17:59 +0300] "GET /shop/?per_page=12&shop_view=grid&per_row=4 HTTP/1.1" 200 25427 "-" "Mozilla/5.0 (compatible; MJ12bot/v1.4.8; http://mj12bot.com/)"
193.111.77.77 - - [05/Dec/2025:17:18:09 +0300] "GET /wp-content/uploads/2025/12/akra.png HTTP/1.1" 200 232293 "-" "-"
193.111.77.77 - - [05/Dec/2025:17:18:18 +0300] "GET /wp-content/uploads/2025/12/akra.png HTTP/1.1" 200 232293 "-" "-"
193.111.77.77 - - [05/Dec/2025:17:18:25 +0300] "GET /wp-content/uploads/2025/12/akra.png HTTP/1.1" 200 232293 "-" "-"
193.111.77.77 - - [05/Dec/2025:17:18:31 +0300] "POST /wp-cron.php?doing_wp_cron=1764944311.8081910610198974609375 HTTP/1.1" 200 0 "-" "WordPress/6.9; https://tnstickers.com"
193.111.77.77 - - [05/Dec/2025:17:18:37 +0300] "GET /wp-content/uploads/2025/12/45.png HTTP/1.1" 200 242191 "-" "-"
193.111.77.77 - - [05/Dec/2025:17:18:50 +0300] "GET /wp-content/uploads/2025/12/akra.png HTTP/1.1" 200 232293 "-" "-"
157.173.127.72 - - [05/Dec/2025:17:18:52 +0300] "GET /shop/?per_page=24&add-to-cart=2683 HTTP/1.1" 200 27289 "-" "Mozilla/5.0 (compatible; MJ12bot/v1.4.8; http://mj12bot.com/)"
157.173.127.72 - - [05/Dec/2025:17:18:55 +0300] "GET /shop/?per_page=24&add-to-cart=2719 HTTP/1.1" 200 27295 "-" "Mozilla/5.0 (compatible; MJ12bot/v1.4.8; http://mj12bot.com/)"
157.173.127.72 - - [05/Dec/2025:17:18:58 +0300] "GET /shop/?per_page=24&add-to-cart=2722 HTTP/1.1" 200 27305 "-" "Mozilla/5.0 (compatible; MJ12bot/v1.4.8; http://mj12bot.com/)"
157.173.127.72 - - [05/Dec/2025:17:19:01 +0300] "GET /shop/?per_page=24&add-to-cart=2728 HTTP/1.1" 200 27298 "-" "Mozilla/5.0 (compatible; MJ12bot/v1.4.8; http://mj12bot.com/)"
193.111.77.77 - - [05/Dec/2025:17:19:08 +0300] "GET /wp-content/uploads/2025/12/akra.png HTTP/1.1" 200 232293 "-" "-"
193.111.77.77 - - [05/Dec/2025:17:19:11 +0300] "GET /wp-content/uploads/2025/12/akra.png HTTP/1.1" 200 232293 "-" "-"
157.173.127.72 - - [05/Dec/2025:17:19:10 +0300] "GET /shop/?per_page=24&add-to-cart=2771 HTTP/1.1" 200 27305 "-" "Mozilla/5.0 (compatible; MJ12bot/v1.4.8; http://mj12bot.com/)"
193.111.77.77 - - [05/Dec/2025:17:19:31 +0300] "GET /wp-content/uploads/2025/12/akra.png HTTP/1.1" 200 232293 "-" "-"
157.173.127.72 - - [05/Dec/2025:17:19:30 +0300] "GET /shop/?per_page=24&shop_view=grid&per_row=3 HTTP/1.1" 200 27279 "-" "Mozilla/5.0 (compatible; MJ12bot/v1.4.8; http://mj12bot.com/)"
157.173.127.72 - - [05/Dec/2025:17:19:51 +0300] "GET /shop/?per_page=9&s=Yamaha&post_type=product HTTP/1.1" 200 23305 "-" "Mozilla/5.0 (compatible; MJ12bot/v1.4.8; http://mj12bot.com/)"
157.173.127.72 - - [05/Dec/2025:17:19:57 +0300] "GET /shop/?per_page=9&s=Yamaha&post_type=product&shop_view=grid&per_row=4 HTTP/1.1" 200 23352 "-" "Mozilla/5.0 (compatible; MJ12bot/v1.4.8; http://mj12bot.com/)"
193.111.77.77 - - [05/Dec/2025:17:20:00 +0300] "GET /wp-content/uploads/2025/12/45.png HTTP/1.1" 200 242191 "-" "-"
157.173.127.72 - - [05/Dec/2025:17:20:11 +0300] "GET /shop/?s=Yamaha&post_type=product&per_page=12&add-to-cart=2686 HTTP/1.1" 200 23358 "-" "Mozilla/5.0 (compatible; MJ12bot/v1.4.8; http://mj12bot.com/)"
157.173.127.72 - - [05/Dec/2025:17:20:17 +0300] "GET /shop/?s=Yamaha&post_type=product&per_page=18&add-to-cart=2686 HTTP/1.1" 200 23357 "-" "Mozilla/5.0 (compatible; MJ12bot/v1.4.8; http://mj12bot.com/)"
157.173.127.72 - - [05/Dec/2025:17:20:24 +0300] "GET /shop/?s=Yamaha&post_type=product&per_page=24&add-to-cart=2686 HTTP/1.1" 200 23353 "-" "Mozilla/5.0 (compatible; MJ12bot/v1.4.8; http://mj12bot.com/)"
193.111.77.77 - - [05/Dec/2025:17:20:27 +0300] "GET /wp-content/uploads/2025/12/45.png HTTP/1.1" 200 242191 "-" "-"
193.111.77.77 - - [05/Dec/2025:17:20:29 +0300] "GET /wp-content/uploads/2025/12/45.png HTTP/1.1" 200 242191 "-" "-"
193.111.77.77 - - [05/Dec/2025:17:20:30 +0300] "POST /wp-cron.php?doing_wp_cron=1764944430.0275681018829345703125 HTTP/1.1" 200 0 "-" "WordPress/6.9; https://tnstickers.com"
23.27.145.162 - - [05/Dec/2025:17:20:08 +0300] "GET /wp-content/uploads/2023/07/w-vgs-action-stalker-2.jpg HTTP/2" 200 123277 "https://tnstickers.com/" "Mozilla/5.0 (Windows NT 10.0; Win64; x64) AppleWebKit/537.36 (KHTML, like Gecko) Chrome/119.0.0.0 Safari/537.36"
