51.75.118.97 - - [06/Dec/2025:02:08:11 +0300] "GET /shop/page/3/?per_row=4&shop_view=list&per_page=9 HTTP/1.1" 404 1628 "-" "Mozilla/5.0 (compatible; MJ12bot/v1.4.8; http://mj12bot.com/)"
51.75.118.97 - - [06/Dec/2025:02:08:12 +0300] "GET /shop/page/3/?shop_view=list&per_page=12&add-to-cart=2686 HTTP/1.1" 404 1634 "-" "Mozilla/5.0 (compatible; MJ12bot/v1.4.8; http://mj12bot.com/)"
51.75.118.97 - - [06/Dec/2025:02:08:13 +0300] "GET /shop/page/3/?shop_view=list&per_page=12&add-to-cart=2689 HTTP/1.1" 404 1634 "-" "Mozilla/5.0 (compatible; MJ12bot/v1.4.8; http://mj12bot.com/)"
51.75.118.97 - - [06/Dec/2025:02:08:15 +0300] "GET /shop/page/3/?shop_view=list&per_page=12&add-to-cart=2725 HTTP/1.1" 404 1634 "-" "Mozilla/5.0 (compatible; MJ12bot/v1.4.8; http://mj12bot.com/)"
51.75.118.97 - - [06/Dec/2025:02:08:16 +0300] "GET /shop/page/3/?shop_view=list&per_page=9&add-to-cart=2680 HTTP/1.1" 404 1636 "-" "Mozilla/5.0 (compatible; MJ12bot/v1.4.8; http://mj12bot.com/)"
51.75.118.97 - - [06/Dec/2025:02:08:18 +0300] "GET /shop/page/3/?shop_view=list&per_page=9&add-to-cart=2719 HTTP/1.1" 404 1634 "-" "Mozilla/5.0 (compatible; MJ12bot/v1.4.8; http://mj12bot.com/)"
66.249.66.36 - - [06/Dec/2025:02:10:31 +0300] "GET /?_g=3940224 HTTP/1.1" 200 542 "-" "Mozilla/5.0 (Linux; Android 6.0.1; Nexus 5X Build/MMB29P) AppleWebKit/537.36 (KHTML, like Gecko) Chrome/141.0.7390.122 Mobile Safari/537.36 (compatible; Googlebot/2.1; +http://www.google.com/bot.html)"
204.12.252.98 - - [06/Dec/2025:02:11:48 +0300] "GET /wp-content/wpe333bb/index.php HTTP/1.1" 404 1606 "https://tnstickers.com/wp-content/wpe333bb/index.php" "Mozilla/5.0 (Windows NT 10.0; Win64; x64) AppleWebKit/537.36 (KHTML, like Gecko) Chrome/58.0.3029.110 Safari/537.3"
66.249.66.36 - - [06/Dec/2025:02:12:46 +0300] "GET /?_g=2203455 HTTP/1.1" 200 542 "-" "Mozilla/5.0 (Linux; Android 6.0.1; Nexus 5X Build/MMB29P) AppleWebKit/537.36 (KHTML, like Gecko) Chrome/141.0.7390.122 Mobile Safari/537.36 (compatible; GoogleOther)"
198.38.91.110 - - [06/Dec/2025:02:19:10 +0300] "GET /_ignition/execute-solution HTTP/1.1" 404 8360 "-" "Mozilla/5.0 (Windows NT 10.0; Win64; x64) AppleWebKit/537.36 (KHTML, like Gecko) Chrome/138.0.0.0 Safari/537.36"
156.59.26.148 - - [06/Dec/2025:02:26:32 +0300] "GET /wp-login.php HTTP/1.1" 404 8346 "-" "Mozilla/5.0"
66.249.66.67 - - [06/Dec/2025:02:27:30 +0300] "GET /?_g=1422987 HTTP/1.1" 200 542 "-" "Mozilla/5.0 (Linux; Android 6.0.1; Nexus 5X Build/MMB29P) AppleWebKit/537.36 (KHTML, like Gecko) Chrome/141.0.7390.122 Mobile Safari/537.36 (compatible; GoogleOther)"
2a06:98c0:3600::103 - - [06/Dec/2025:02:28:57 +0300] "GET /wp-admin/setup-config.php HTTP/1.1" 404 1604 "-" "Mozilla/5.0 (Windows NT 10.0; Win64; x64) AppleWebKit/537.36 (KHTML, like Gecko) Chrome/142.0.0.0 Safari/537.36"
2a06:98c0:3600::103 - - [06/Dec/2025:02:29:05 +0300] "GET /wordpress/wp-admin/setup-config.php HTTP/1.1" 404 1609 "-" "Mozilla/5.0 (Windows NT 10.0; Win64; x64) AppleWebKit/537.36 (KHTML, like Gecko) Chrome/142.0.0.0 Safari/537.36"
208.110.64.178 - - [06/Dec/2025:02:35:15 +0300] "GET /wp-content/wpe333bb/index.php HTTP/1.1" 404 1606 "https://tnstickers.com/wp-content/wpe333bb/index.php" "Mozilla/5.0 (Windows NT 10.0; Win64; x64) AppleWebKit/537.36 (KHTML, like Gecko) Chrome/58.0.3029.110 Safari/537.3"
66.249.66.194 - - [06/Dec/2025:02:37:12 +0300] "GET /?_g=2997666 HTTP/1.1" 200 542 "-" "Mozilla/5.0 (Linux; Android 6.0.1; Nexus 5X Build/MMB29P) AppleWebKit/537.36 (KHTML, like Gecko) Chrome/141.0.7390.122 Mobile Safari/537.36 (compatible; GoogleOther)"
66.249.66.193 - - [06/Dec/2025:02:37:22 +0300] "GET /?_g=1619158 HTTP/1.1" 200 542 "-" "Mozilla/5.0 (Linux; Android 6.0.1; Nexus 5X Build/MMB29P) AppleWebKit/537.36 (KHTML, like Gecko) Chrome/141.0.7390.122 Mobile Safari/537.36 (compatible; GoogleOther)"
208.110.64.178 - - [06/Dec/2025:02:43:29 +0300] "GET /wp-content/wpe333bb/index.php HTTP/1.1" 404 1606 "https://tnstickers.com/wp-content/wpe333bb/index.php" "Mozilla/5.0 (Windows NT 10.0; Win64; x64) AppleWebKit/537.36 (KHTML, like Gecko) Chrome/58.0.3029.110 Safari/537.3"
66.249.66.192 - - [06/Dec/2025:02:44:20 +0300] "GET /?_g=1911692 HTTP/1.1" 200 542 "-" "Mozilla/5.0 (Linux; Android 6.0.1; Nexus 5X Build/MMB29P) AppleWebKit/537.36 (KHTML, like Gecko) Chrome/141.0.7390.122 Mobile Safari/537.36 (compatible; GoogleOther)"
17.241.227.119 - - [06/Dec/2025:02:46:45 +0300] "GET /product/screaming-chicken-ultimate-showdown/ HTTP/1.1" 404 8378 "-" "Mozilla/5.0 (Macintosh; Intel Mac OS X 10_15_7) AppleWebKit/605.1.15 (KHTML, like Gecko) Version/17.4 Safari/605.1.15 (Applebot/0.1; +http://www.apple.com/go/applebot)"
66.249.66.68 - - [06/Dec/2025:02:50:08 +0300] "GET /?_g=2257068 HTTP/1.1" 200 542 "-" "Mozilla/5.0 (Linux; Android 6.0.1; Nexus 5X Build/MMB29P) AppleWebKit/537.36 (KHTML, like Gecko) Chrome/141.0.7390.122 Mobile Safari/537.36 (compatible; GoogleOther)"
66.249.66.5 - - [06/Dec/2025:02:50:12 +0300] "GET /?_g=3223081 HTTP/1.1" 200 542 "-" "Mozilla/5.0 (Linux; Android 6.0.1; Nexus 5X Build/MMB29P) AppleWebKit/537.36 (KHTML, like Gecko) Chrome/141.0.7390.122 Mobile Safari/537.36 (compatible; GoogleOther)"
66.249.66.3 - - [06/Dec/2025:02:51:16 +0300] "GET /?_g=1227151 HTTP/1.1" 200 542 "-" "Mozilla/5.0 (Linux; Android 6.0.1; Nexus 5X Build/MMB29P) AppleWebKit/537.36 (KHTML, like Gecko) Chrome/141.0.7390.122 Mobile Safari/537.36 (compatible; GoogleOther)"
51.195.103.76 - - [06/Dec/2025:02:54:59 +0300] "GET /robots.txt HTTP/1.1" 200 363 "-" "Mozilla/5.0 (compatible; MJ12bot/v1.4.8; http://mj12bot.com/)"
51.195.103.76 - - [06/Dec/2025:02:55:00 +0300] "GET /product-category/autos/?per_page=18&add-to-cart=2771 HTTP/1.1" 404 1622 "-" "Mozilla/5.0 (compatible; MJ12bot/v1.4.8; http://mj12bot.com/)"
66.249.66.192 - - [06/Dec/2025:03:01:33 +0300] "GET /?_g=378456 HTTP/1.1" 200 542 "-" "Mozilla/5.0 (Linux; Android 6.0.1; Nexus 5X Build/MMB29P) AppleWebKit/537.36 (KHTML, like Gecko) Chrome/141.0.7390.122 Mobile Safari/537.36 (compatible; GoogleOther)"
66.249.66.4 - - [06/Dec/2025:03:05:48 +0300] "GET /?_g=2220043 HTTP/1.1" 200 542 "-" "Mozilla/5.0 (Linux; Android 6.0.1; Nexus 5X Build/MMB29P) AppleWebKit/537.36 (KHTML, like Gecko) Chrome/141.0.7390.122 Mobile Safari/537.36 (compatible; GoogleOther)"
66.249.66.195 - - [06/Dec/2025:03:06:23 +0300] "GET /?_g=637389 HTTP/1.1" 200 542 "-" "Mozilla/5.0 (Linux; Android 6.0.1; Nexus 5X Build/MMB29P) AppleWebKit/537.36 (KHTML, like Gecko) Chrome/141.0.7390.122 Mobile Safari/537.36 (compatible; GoogleOther)"
66.249.66.163 - - [06/Dec/2025:03:10:07 +0300] "GET /?_g=2504719 HTTP/1.1" 200 542 "-" "Mozilla/5.0 (Linux; Android 6.0.1; Nexus 5X Build/MMB29P) AppleWebKit/537.36 (KHTML, like Gecko) Chrome/141.0.7390.122 Mobile Safari/537.36 (compatible; GoogleOther)"
66.249.66.5 - - [06/Dec/2025:03:10:59 +0300] "GET /?_g=1668648 HTTP/1.1" 200 542 "-" "Mozilla/5.0 (Linux; Android 6.0.1; Nexus 5X Build/MMB29P) AppleWebKit/537.36 (KHTML, like Gecko) Chrome/141.0.7390.122 Mobile Safari/537.36 (compatible; GoogleOther)"
2a06:98c0:3600::103 - - [06/Dec/2025:03:14:05 +0300] "GET /wp-admin/setup-config.php HTTP/1.1" 404 1604 "-" "Mozilla/5.0 (Windows NT 10.0; Win64; x64) AppleWebKit/537.36 (KHTML, like Gecko) Chrome/142.0.0.0 Safari/537.36"
204.12.252.98 - - [06/Dec/2025:03:15:23 +0300] "GET /wp-content/wpe333bb/index.php HTTP/1.1" 404 1606 "https://tnstickers.com/wp-content/wpe333bb/index.php" "Mozilla/5.0 (Windows NT 10.0; Win64; x64) AppleWebKit/537.36 (KHTML, like Gecko) Chrome/58.0.3029.110 Safari/537.3"
194.247.173.99 - - [06/Dec/2025:03:21:19 +0300] "GET /robots.txt HTTP/1.1" 200 363 "-" "Mozilla/5.0 (compatible; MJ12bot/v1.4.8; http://mj12bot.com/)"
194.247.173.99 - - [06/Dec/2025:03:21:21 +0300] "GET /shop/?per_row=3&per_page=18&shop_view=list&add-to-cart=2728 HTTP/1.1" 404 1636 "-" "Mozilla/5.0 (compatible; MJ12bot/v1.4.8; http://mj12bot.com/)"
194.247.173.99 - - [06/Dec/2025:03:21:22 +0300] "GET /shop/?per_row=3&per_page=18&shop_view=list&add-to-cart=2731 HTTP/1.1" 404 1635 "-" "Mozilla/5.0 (compatible; MJ12bot/v1.4.8; http://mj12bot.com/)"
194.247.173.99 - - [06/Dec/2025:03:21:24 +0300] "GET /shop/?per_row=3&per_page=18&shop_view=list&add-to-cart=2771 HTTP/1.1" 404 1635 "-" "Mozilla/5.0 (compatible; MJ12bot/v1.4.8; http://mj12bot.com/)"
194.247.173.99 - - [06/Dec/2025:03:21:25 +0300] "GET /shop/?per_row=3&per_page=18&shop_view=list&add-to-cart=484 HTTP/1.1" 404 1635 "-" "Mozilla/5.0 (compatible; MJ12bot/v1.4.8; http://mj12bot.com/)"
194.247.173.99 - - [06/Dec/2025:03:21:27 +0300] "GET /shop/?per_row=3&per_page=18&shop_view=list&add-to-cart=496 HTTP/1.1" 404 1635 "-" "Mozilla/5.0 (compatible; MJ12bot/v1.4.8; http://mj12bot.com/)"
194.247.173.99 - - [06/Dec/2025:03:21:28 +0300] "GET /shop/?per_row=3&per_page=24&shop_view=grid&add-to-cart=2680 HTTP/1.1" 404 1635 "-" "Mozilla/5.0 (compatible; MJ12bot/v1.4.8; http://mj12bot.com/)"
194.247.173.99 - - [06/Dec/2025:03:21:30 +0300] "GET /shop/?per_row=3&per_page=24&shop_view=grid&add-to-cart=2683 HTTP/1.1" 404 1636 "-" "Mozilla/5.0 (compatible; MJ12bot/v1.4.8; http://mj12bot.com/)"
194.247.173.99 - - [06/Dec/2025:03:21:31 +0300] "GET /shop/?per_row=3&per_page=24&shop_view=grid&add-to-cart=2719 HTTP/1.1" 404 1636 "-" "Mozilla/5.0 (compatible; MJ12bot/v1.4.8; http://mj12bot.com/)"
194.247.173.99 - - [06/Dec/2025:03:21:33 +0300] "GET /shop/?per_row=3&per_page=24&shop_view=grid&add-to-cart=2722 HTTP/1.1" 404 1636 "-" "Mozilla/5.0 (compatible; MJ12bot/v1.4.8; http://mj12bot.com/)"
194.247.173.99 - - [06/Dec/2025:03:21:35 +0300] "GET /shop/?per_row=3&per_page=24&shop_view=grid&add-to-cart=2728 HTTP/1.1" 404 1636 "-" "Mozilla/5.0 (compatible; MJ12bot/v1.4.8; http://mj12bot.com/)"
194.247.173.99 - - [06/Dec/2025:03:21:36 +0300] "GET /shop/?per_row=3&per_page=24&shop_view=grid&add-to-cart=2731 HTTP/1.1" 404 1636 "-" "Mozilla/5.0 (compatible; MJ12bot/v1.4.8; http://mj12bot.com/)"
194.247.173.99 - - [06/Dec/2025:03:21:38 +0300] "GET /shop/?per_row=3&per_page=24&shop_view=grid&add-to-cart=2734 HTTP/1.1" 404 1636 "-" "Mozilla/5.0 (compatible; MJ12bot/v1.4.8; http://mj12bot.com/)"
194.247.173.99 - - [06/Dec/2025:03:21:39 +0300] "GET /shop/?per_row=3&per_page=24&shop_view=grid&add-to-cart=2771 HTTP/1.1" 404 1636 "-" "Mozilla/5.0 (compatible; MJ12bot/v1.4.8; http://mj12bot.com/)"
194.247.173.99 - - [06/Dec/2025:03:21:41 +0300] "GET /shop/?per_row=3&per_page=24&shop_view=grid&add-to-cart=484 HTTP/1.1" 404 1635 "-" "Mozilla/5.0 (compatible; MJ12bot/v1.4.8; http://mj12bot.com/)"
194.247.173.99 - - [06/Dec/2025:03:21:42 +0300] "GET /shop/?per_row=3&per_page=24&shop_view=grid&add-to-cart=496 HTTP/1.1" 404 1635 "-" "Mozilla/5.0 (compatible; MJ12bot/v1.4.8; http://mj12bot.com/)"
194.247.173.99 - - [06/Dec/2025:03:21:44 +0300] "GET /shop/?per_row=3&per_page=24&shop_view=list&add-to-cart=2680 HTTP/1.1" 404 1636 "-" "Mozilla/5.0 (compatible; MJ12bot/v1.4.8; http://mj12bot.com/)"
194.247.173.99 - - [06/Dec/2025:03:21:46 +0300] "GET /shop/?per_row=3&per_page=24&shop_view=list&add-to-cart=2683 HTTP/1.1" 404 1636 "-" "Mozilla/5.0 (compatible; MJ12bot/v1.4.8; http://mj12bot.com/)"
194.247.173.99 - - [06/Dec/2025:03:21:47 +0300] "GET /shop/?per_row=3&per_page=24&shop_view=list&add-to-cart=2719 HTTP/1.1" 404 1636 "-" "Mozilla/5.0 (compatible; MJ12bot/v1.4.8; http://mj12bot.com/)"
66.249.66.69 - - [06/Dec/2025:03:23:05 +0300] "GET /?_g=1432566 HTTP/1.1" 200 542 "-" "Mozilla/5.0 (Linux; Android 6.0.1; Nexus 5X Build/MMB29P) AppleWebKit/537.36 (KHTML, like Gecko) Chrome/141.0.7390.122 Mobile Safari/537.36 (compatible; Googlebot/2.1; +http://www.google.com/bot.html)"
66.249.66.35 - - [06/Dec/2025:03:24:08 +0300] "GET /?_g=1052842 HTTP/1.1" 200 542 "-" "Mozilla/5.0 (Linux; Android 6.0.1; Nexus 5X Build/MMB29P) AppleWebKit/537.36 (KHTML, like Gecko) Chrome/141.0.7390.122 Mobile Safari/537.36 (compatible; GoogleOther)"
95.177.180.85 - - [06/Dec/2025:03:27:49 +0300] "GET / HTTP/2.0" 200 542 "-" "Mozilla/5.0 (iPhone; CPU iPhone OS 10_3_1 like Mac OS X) AppleWebKit/603.1.30 (KHTML, like Gecko) Version/10.0 Mobile/14E304 Safari/602.1"
66.249.66.33 - - [06/Dec/2025:03:27:56 +0300] "GET /?_g=206503 HTTP/1.1" 200 542 "-" "Mozilla/5.0 (Linux; Android 6.0.1; Nexus 5X Build/MMB29P) AppleWebKit/537.36 (KHTML, like Gecko) Chrome/141.0.7390.122 Mobile Safari/537.36 (compatible; GoogleOther)"
66.249.66.192 - - [06/Dec/2025:03:29:16 +0300] "GET /?_g=3167511 HTTP/1.1" 200 542 "-" "Mozilla/5.0 (Linux; Android 6.0.1; Nexus 5X Build/MMB29P) AppleWebKit/537.36 (KHTML, like Gecko) Chrome/141.0.7390.122 Mobile Safari/537.36 (compatible; GoogleOther)"
66.249.66.3 - - [06/Dec/2025:03:33:02 +0300] "GET /?_g=2246436 HTTP/1.1" 200 542 "-" "Mozilla/5.0 (Linux; Android 6.0.1; Nexus 5X Build/MMB29P) AppleWebKit/537.36 (KHTML, like Gecko) Chrome/141.0.7390.122 Mobile Safari/537.36 (compatible; GoogleOther)"
66.249.66.4 - - [06/Dec/2025:03:33:57 +0300] "GET /networks.php HTTP/1.1" 200 1 "-" "Mozilla/5.0 (Linux; Android 6.0.1; Nexus 5X Build/MMB29P) AppleWebKit/537.36 (KHTML, like Gecko) Chrome/141.0.7390.122 Mobile Safari/537.36 (compatible; GoogleOther)"
66.249.66.34 - - [06/Dec/2025:03:36:15 +0300] "GET /?_g=1272990 HTTP/1.1" 200 542 "-" "Mozilla/5.0 (Linux; Android 6.0.1; Nexus 5X Build/MMB29P) AppleWebKit/537.36 (KHTML, like Gecko) Chrome/141.0.7390.122 Mobile Safari/537.36 (compatible; GoogleOther)"
208.110.64.178 - - [06/Dec/2025:03:36:33 +0300] "GET /wp-content/wpe333bb/index.php HTTP/1.1" 404 1606 "https://tnstickers.com/wp-content/wpe333bb/index.php" "Mozilla/5.0 (Windows NT 10.0; Win64; x64) AppleWebKit/537.36 (KHTML, like Gecko) Chrome/58.0.3029.110 Safari/537.3"
66.249.66.4 - - [06/Dec/2025:03:37:38 +0300] "GET /?_g=2647048 HTTP/1.1" 200 542 "-" "Mozilla/5.0 (Linux; Android 6.0.1; Nexus 5X Build/MMB29P) AppleWebKit/537.36 (KHTML, like Gecko) Chrome/141.0.7390.122 Mobile Safari/537.36 (compatible; Googlebot/2.1; +http://www.google.com/bot.html)"
66.249.66.34 - - [06/Dec/2025:03:41:10 +0300] "GET /?_g=4147454 HTTP/1.1" 200 542 "-" "Mozilla/5.0 (Linux; Android 6.0.1; Nexus 5X Build/MMB29P) AppleWebKit/537.36 (KHTML, like Gecko) Chrome/141.0.7390.122 Mobile Safari/537.36 (compatible; Googlebot/2.1; +http://www.google.com/bot.html)"
2a06:98c0:3600::103 - - [06/Dec/2025:03:48:46 +0300] "GET /wp-admin/setup-config.php HTTP/1.1" 404 1604 "-" "Mozilla/5.0 (Windows NT 10.0; Win64; x64) AppleWebKit/537.36 (KHTML, like Gecko) Chrome/142.0.0.0 Safari/537.36"
2a06:98c0:3600::103 - - [06/Dec/2025:03:49:40 +0300] "GET /wordpress/wp-admin/setup-config.php HTTP/1.1" 404 1609 "-" "Mozilla/5.0 (Windows NT 10.0; Win64; x64) AppleWebKit/537.36 (KHTML, like Gecko) Chrome/142.0.0.0 Safari/537.36"
204.12.252.98 - - [06/Dec/2025:03:57:48 +0300] "GET /wp-content/wpe333bb/index.php HTTP/1.1" 404 1606 "https://tnstickers.com/wp-content/wpe333bb/index.php" "Mozilla/5.0 (Windows NT 10.0; Win64; x64) AppleWebKit/537.36 (KHTML, like Gecko) Chrome/58.0.3029.110 Safari/537.3"
66.249.66.163 - - [06/Dec/2025:04:00:34 +0300] "GET /?_g=3120556 HTTP/1.1" 200 542 "-" "Mozilla/5.0 (Linux; Android 6.0.1; Nexus 5X Build/MMB29P) AppleWebKit/537.36 (KHTML, like Gecko) Chrome/141.0.7390.122 Mobile Safari/537.36 (compatible; GoogleOther)"
66.249.66.3 - - [06/Dec/2025:04:02:41 +0300] "GET /?_g=746375 HTTP/1.1" 200 542 "-" "Mozilla/5.0 (Linux; Android 6.0.1; Nexus 5X Build/MMB29P) AppleWebKit/537.36 (KHTML, like Gecko) Chrome/141.0.7390.122 Mobile Safari/537.36 (compatible; GoogleOther)"
66.249.66.5 - - [06/Dec/2025:04:03:59 +0300] "GET /cgi-bin/ HTTP/1.1" 403 1716 "-" "Mozilla/5.0 (Linux; Android 6.0.1; Nexus 5X Build/MMB29P) AppleWebKit/537.36 (KHTML, like Gecko) Chrome/141.0.7390.122 Mobile Safari/537.36 (compatible; GoogleOther)"
66.249.66.34 - - [06/Dec/2025:04:06:20 +0300] "GET /?_g=907451 HTTP/1.1" 200 542 "-" "Mozilla/5.0 (Linux; Android 6.0.1; Nexus 5X Build/MMB29P) AppleWebKit/537.36 (KHTML, like Gecko) Chrome/141.0.7390.122 Mobile Safari/537.36 (compatible; GoogleOther)"
66.249.66.162 - - [06/Dec/2025:04:06:29 +0300] "GET /?_g=4143147 HTTP/1.1" 200 542 "-" "Mozilla/5.0 (Linux; Android 6.0.1; Nexus 5X Build/MMB29P) AppleWebKit/537.36 (KHTML, like Gecko) Chrome/141.0.7390.122 Mobile Safari/537.36 (compatible; GoogleOther)"
66.249.66.162 - - [06/Dec/2025:04:06:42 +0300] "GET /?_g=1279694 HTTP/1.1" 200 542 "-" "Mozilla/5.0 (Linux; Android 6.0.1; Nexus 5X Build/MMB29P) AppleWebKit/537.36 (KHTML, like Gecko) Chrome/141.0.7390.122 Mobile Safari/537.36 (compatible; GoogleOther)"
66.249.66.3 - - [06/Dec/2025:04:06:51 +0300] "GET /?_g=3474865 HTTP/1.1" 200 542 "-" "Mozilla/5.0 (Linux; Android 6.0.1; Nexus 5X Build/MMB29P) AppleWebKit/537.36 (KHTML, like Gecko) Chrome/141.0.7390.122 Mobile Safari/537.36 (compatible; GoogleOther)"
66.249.66.66 - - [06/Dec/2025:04:06:59 +0300] "GET /?_g=1608779 HTTP/1.1" 200 542 "-" "Mozilla/5.0 (Linux; Android 6.0.1; Nexus 5X Build/MMB29P) AppleWebKit/537.36 (KHTML, like Gecko) Chrome/141.0.7390.122 Mobile Safari/537.36 (compatible; GoogleOther)"
66.249.66.192 - - [06/Dec/2025:04:07:27 +0300] "GET /?_g=3381582 HTTP/1.1" 200 542 "-" "Mozilla/5.0 (Linux; Android 6.0.1; Nexus 5X Build/MMB29P) AppleWebKit/537.36 (KHTML, like Gecko) Chrome/141.0.7390.122 Mobile Safari/537.36 (compatible; GoogleOther)"
66.249.66.162 - - [06/Dec/2025:04:07:37 +0300] "GET /?_g=2281031 HTTP/1.1" 200 542 "-" "Mozilla/5.0 (Linux; Android 6.0.1; Nexus 5X Build/MMB29P) AppleWebKit/537.36 (KHTML, like Gecko) Chrome/141.0.7390.122 Mobile Safari/537.36 (compatible; GoogleOther)"
66.249.66.162 - - [06/Dec/2025:04:07:49 +0300] "GET /?_g=2905418 HTTP/1.1" 200 542 "-" "Mozilla/5.0 (Linux; Android 6.0.1; Nexus 5X Build/MMB29P) AppleWebKit/537.36 (KHTML, like Gecko) Chrome/141.0.7390.122 Mobile Safari/537.36 (compatible; GoogleOther)"
66.249.66.193 - - [06/Dec/2025:04:08:05 +0300] "GET /?_g=4145123 HTTP/1.1" 200 542 "-" "Mozilla/5.0 (Linux; Android 6.0.1; Nexus 5X Build/MMB29P) AppleWebKit/537.36 (KHTML, like Gecko) Chrome/141.0.7390.122 Mobile Safari/537.36 (compatible; GoogleOther)"
66.249.66.34 - - [06/Dec/2025:04:08:31 +0300] "GET /?_g=3276117 HTTP/1.1" 200 542 "-" "Mozilla/5.0 (Linux; Android 6.0.1; Nexus 5X Build/MMB29P) AppleWebKit/537.36 (KHTML, like Gecko) Chrome/141.0.7390.122 Mobile Safari/537.36 (compatible; GoogleOther)"
196.178.198.252 - - [06/Dec/2025:04:10:12 +0300] "GET /product-category/divers/?_pjax=.wd-page-content HTTP/2.0" 404 1616 "https://tnstickers.com/shop/" "Mozilla/5.0 (Windows NT 10.0; Win64; x64) AppleWebKit/537.36 (KHTML, like Gecko) Chrome/142.0.0.0 Safari/537.36"
196.178.198.252 - - [06/Dec/2025:04:10:12 +0300] "GET /product-category/divers/ HTTP/2.0" 404 1597 "https://tnstickers.com/shop/" "Mozilla/5.0 (Windows NT 10.0; Win64; x64) AppleWebKit/537.36 (KHTML, like Gecko) Chrome/142.0.0.0 Safari/537.36"
196.178.198.252 - - [06/Dec/2025:04:10:12 +0300] "GET /product-category/divers/ HTTP/2.0" 404 1597 "https://tnstickers.com/shop/" "Mozilla/5.0 (Windows NT 10.0; Win64; x64) AppleWebKit/537.36 (KHTML, like Gecko) Chrome/142.0.0.0 Safari/537.36"
66.249.66.33 - - [06/Dec/2025:04:14:37 +0300] "GET /?_g=666181 HTTP/1.1" 200 542 "-" "Mozilla/5.0 (Linux; Android 6.0.1; Nexus 5X Build/MMB29P) AppleWebKit/537.36 (KHTML, like Gecko) Chrome/141.0.7390.122 Mobile Safari/537.36 (compatible; Googlebot/2.1; +http://www.google.com/bot.html)"
66.249.66.34 - - [06/Dec/2025:04:15:33 +0300] "GET /?_g=944450 HTTP/1.1" 200 542 "-" "Mozilla/5.0 (Linux; Android 6.0.1; Nexus 5X Build/MMB29P) AppleWebKit/537.36 (KHTML, like Gecko) Chrome/141.0.7390.122 Mobile Safari/537.36 (compatible; Googlebot/2.1; +http://www.google.com/bot.html)"
208.110.64.178 - - [06/Dec/2025:04:18:36 +0300] "GET /wp-content/wpe333bb/index.php HTTP/1.1" 404 1606 "https://tnstickers.com/wp-content/wpe333bb/index.php" "Mozilla/5.0 (Windows NT 10.0; Win64; x64) AppleWebKit/537.36 (KHTML, like Gecko) Chrome/58.0.3029.110 Safari/537.3"
66.249.66.192 - - [06/Dec/2025:04:22:09 +0300] "GET /?_g=2257068 HTTP/1.1" 200 542 "-" "Mozilla/5.0 (Linux; Android 6.0.1; Nexus 5X Build/MMB29P) AppleWebKit/537.36 (KHTML, like Gecko) Chrome/141.0.7390.122 Mobile Safari/537.36 (compatible; GoogleOther)"
66.249.66.68 - - [06/Dec/2025:04:24:25 +0300] "GET /?_g=3571066 HTTP/1.1" 200 542 "-" "Mozilla/5.0 (Linux; Android 6.0.1; Nexus 5X Build/MMB29P) AppleWebKit/537.36 (KHTML, like Gecko) Chrome/141.0.7390.122 Mobile Safari/537.36 (compatible; Googlebot/2.1; +http://www.google.com/bot.html)"
2a06:98c0:3600::103 - - [06/Dec/2025:04:27:07 +0300] "GET /wordpress/wp-admin/setup-config.php HTTP/1.1" 404 1609 "-" "Mozilla/5.0 (Windows NT 10.0; Win64; x64) AppleWebKit/537.36 (KHTML, like Gecko) Chrome/142.0.0.0 Safari/537.36"
66.249.66.69 - - [06/Dec/2025:04:28:57 +0300] "GET /?_g=510264 HTTP/1.1" 200 542 "-" "Mozilla/5.0 (Linux; Android 6.0.1; Nexus 5X Build/MMB29P) AppleWebKit/537.36 (KHTML, like Gecko) Chrome/141.0.7390.122 Mobile Safari/537.36 (compatible; Googlebot/2.1; +http://www.google.com/bot.html)"
2a06:98c0:3600::103 - - [06/Dec/2025:04:30:52 +0300] "GET /wordpress/wp-admin/setup-config.php HTTP/1.1" 404 1609 "-" "Mozilla/5.0 (Windows NT 10.0; Win64; x64) AppleWebKit/537.36 (KHTML, like Gecko) Chrome/142.0.0.0 Safari/537.36"
66.249.66.164 - - [06/Dec/2025:04:34:43 +0300] "GET /?_g=1636184 HTTP/1.1" 200 542 "-" "Mozilla/5.0 (Linux; Android 6.0.1; Nexus 5X Build/MMB29P) AppleWebKit/537.36 (KHTML, like Gecko) Chrome/141.0.7390.122 Mobile Safari/537.36 (compatible; GoogleOther)"
66.249.66.3 - - [06/Dec/2025:04:36:35 +0300] "GET /?_g=3739808 HTTP/1.1" 200 542 "-" "Mozilla/5.0 (Linux; Android 6.0.1; Nexus 5X Build/MMB29P) AppleWebKit/537.36 (KHTML, like Gecko) Chrome/141.0.7390.122 Mobile Safari/537.36 (compatible; GoogleOther)"
67.144.16.74 - - [06/Dec/2025:04:37:21 +0300] "GET /robots.txt HTTP/1.1" 200 363 "-" "Mozilla/5.0 (compatible; MJ12bot/v1.4.8; http://mj12bot.com/)"
67.144.16.74 - - [06/Dec/2025:04:37:23 +0300] "GET /product-category/autos/?per_page=18&shop_view=grid&per_row=4 HTTP/1.1" 404 1632 "-" "Mozilla/5.0 (compatible; MJ12bot/v1.4.8; http://mj12bot.com/)"
67.144.16.74 - - [06/Dec/2025:04:37:25 +0300] "GET /shop/?filter_product_brand=36,38 HTTP/1.1" 404 1612 "-" "Mozilla/5.0 (compatible; MJ12bot/v1.4.8; http://mj12bot.com/)"
67.144.16.74 - - [06/Dec/2025:04:37:27 +0300] "GET /shop/?filter_size=standart&filter_color=standart&filter_product_brand=36 HTTP/1.1" 404 1624 "-" "Mozilla/5.0 (compatible; MJ12bot/v1.4.8; http://mj12bot.com/)"
67.144.16.74 - - [06/Dec/2025:04:37:29 +0300] "GET /shop/?filter_size=standart&filter_color=standart&filter_product_brand=37 HTTP/1.1" 404 1624 "-" "Mozilla/5.0 (compatible; MJ12bot/v1.4.8; http://mj12bot.com/)"
67.144.16.74 - - [06/Dec/2025:04:37:30 +0300] "GET /shop/?filter_size=standart&filter_color=standart&filter_product_brand=38 HTTP/1.1" 404 1624 "-" "Mozilla/5.0 (compatible; MJ12bot/v1.4.8; http://mj12bot.com/)"
67.144.16.74 - - [06/Dec/2025:04:37:32 +0300] "GET /shop/?filter_size=standart&filter_color=standart&filter_product_brand=39 HTTP/1.1" 404 1624 "-" "Mozilla/5.0 (compatible; MJ12bot/v1.4.8; http://mj12bot.com/)"
67.144.16.74 - - [06/Dec/2025:04:37:34 +0300] "GET /shop/?filter_size=standart&filter_product_brand=36 HTTP/1.1" 404 1621 "-" "Mozilla/5.0 (compatible; MJ12bot/v1.4.8; http://mj12bot.com/)"
67.144.16.74 - - [06/Dec/2025:04:37:35 +0300] "GET /shop/?filter_size=standart&filter_product_brand=36,37 HTTP/1.1" 404 1624 "-" "Mozilla/5.0 (compatible; MJ12bot/v1.4.8; http://mj12bot.com/)"
67.144.16.74 - - [06/Dec/2025:04:37:37 +0300] "GET /shop/?filter_size=standart&filter_product_brand=36,37,38 HTTP/1.1" 404 1628 "-" "Mozilla/5.0 (compatible; MJ12bot/v1.4.8; http://mj12bot.com/)"
67.144.16.74 - - [06/Dec/2025:04:37:38 +0300] "GET /shop/?filter_size=standart&filter_product_brand=36,38 HTTP/1.1" 404 1624 "-" "Mozilla/5.0 (compatible; MJ12bot/v1.4.8; http://mj12bot.com/)"
67.144.16.74 - - [06/Dec/2025:04:37:40 +0300] "GET /shop/?filter_size=standart&filter_product_brand=36,39 HTTP/1.1" 404 1624 "-" "Mozilla/5.0 (compatible; MJ12bot/v1.4.8; http://mj12bot.com/)"
67.144.16.74 - - [06/Dec/2025:04:37:42 +0300] "GET /shop/?filter_size=standart&filter_product_brand=37 HTTP/1.1" 404 1621 "-" "Mozilla/5.0 (compatible; MJ12bot/v1.4.8; http://mj12bot.com/)"
67.144.16.74 - - [06/Dec/2025:04:37:44 +0300] "GET /shop/?filter_size=standart&filter_product_brand=37,38 HTTP/1.1" 404 1624 "-" "Mozilla/5.0 (compatible; MJ12bot/v1.4.8; http://mj12bot.com/)"
67.144.16.74 - - [06/Dec/2025:04:37:45 +0300] "GET /shop/?filter_size=standart&filter_product_brand=37,39 HTTP/1.1" 404 1624 "-" "Mozilla/5.0 (compatible; MJ12bot/v1.4.8; http://mj12bot.com/)"
67.144.16.74 - - [06/Dec/2025:04:37:47 +0300] "GET /shop/?filter_size=standart&filter_product_brand=38,39 HTTP/1.1" 404 1624 "-" "Mozilla/5.0 (compatible; MJ12bot/v1.4.8; http://mj12bot.com/)"
67.144.16.74 - - [06/Dec/2025:04:37:49 +0300] "GET /shop/?filter_size=standart&filter_product_brand=39 HTTP/1.1" 404 1621 "-" "Mozilla/5.0 (compatible; MJ12bot/v1.4.8; http://mj12bot.com/)"
67.144.16.74 - - [06/Dec/2025:04:37:51 +0300] "GET /shop/?filter_size=standart&per_page=12 HTTP/1.1" 404 1617 "-" "Mozilla/5.0 (compatible; MJ12bot/v1.4.8; http://mj12bot.com/)"
67.144.16.74 - - [06/Dec/2025:04:37:52 +0300] "GET /shop/?filter_size=standart&per_page=18 HTTP/1.1" 404 1617 "-" "Mozilla/5.0 (compatible; MJ12bot/v1.4.8; http://mj12bot.com/)"
67.144.16.74 - - [06/Dec/2025:04:37:54 +0300] "GET /shop/?filter_size=standart&per_page=24 HTTP/1.1" 404 1617 "-" "Mozilla/5.0 (compatible; MJ12bot/v1.4.8; http://mj12bot.com/)"
67.144.16.74 - - [06/Dec/2025:04:37:55 +0300] "GET /shop/?filter_size=standart&per_page=9 HTTP/1.1" 404 1619 "-" "Mozilla/5.0 (compatible; MJ12bot/v1.4.8; http://mj12bot.com/)"
66.249.66.5 - - [06/Dec/2025:04:37:56 +0300] "GET /?_g=3394972 HTTP/1.1" 200 542 "-" "Mozilla/5.0 (Linux; Android 6.0.1; Nexus 5X Build/MMB29P) AppleWebKit/537.36 (KHTML, like Gecko) Chrome/141.0.7390.122 Mobile Safari/537.36 (compatible; GoogleOther)"
67.144.16.74 - - [06/Dec/2025:04:37:57 +0300] "GET /shop/?filter_size=standart&shop_view=grid&per_row=3 HTTP/1.1" 404 1625 "-" "Mozilla/5.0 (compatible; MJ12bot/v1.4.8; http://mj12bot.com/)"
67.144.16.74 - - [06/Dec/2025:04:37:59 +0300] "GET /shop/?filter_size=standart&shop_view=grid&per_row=4 HTTP/1.1" 404 1625 "-" "Mozilla/5.0 (compatible; MJ12bot/v1.4.8; http://mj12bot.com/)"
67.144.16.74 - - [06/Dec/2025:04:38:01 +0300] "GET /shop/?filter_size=standart&shop_view=list HTTP/1.1" 404 1616 "-" "Mozilla/5.0 (compatible; MJ12bot/v1.4.8; http://mj12bot.com/)"
67.144.16.74 - - [06/Dec/2025:04:38:03 +0300] "GET /shop/?per_page=12&s=Yamaha&post_type=product&add-to-cart=2686 HTTP/1.1" 404 1636 "-" "Mozilla/5.0 (compatible; MJ12bot/v1.4.8; http://mj12bot.com/)"
67.144.16.74 - - [06/Dec/2025:04:38:06 +0300] "GET /shop/?per_page=12&shop_view=grid&per_row=4&add-to-cart=2728 HTTP/1.1" 404 1636 "-" "Mozilla/5.0 (compatible; MJ12bot/v1.4.8; http://mj12bot.com/)"
67.144.16.74 - - [06/Dec/2025:04:38:07 +0300] "GET /shop/?per_page=12&shop_view=grid&per_row=4&add-to-cart=2771 HTTP/1.1" 404 1635 "-" "Mozilla/5.0 (compatible; MJ12bot/v1.4.8; http://mj12bot.com/)"
67.144.16.74 - - [06/Dec/2025:04:38:09 +0300] "GET /shop/?per_page=12&shop_view=grid&per_row=4&add-to-cart=484 HTTP/1.1" 404 1635 "-" "Mozilla/5.0 (compatible; MJ12bot/v1.4.8; http://mj12bot.com/)"
67.144.16.74 - - [06/Dec/2025:04:38:10 +0300] "GET /shop/?per_page=12&shop_view=grid&s=Yamaha&post_type=product&per_row=3 HTTP/1.1" 404 1641 "-" "Mozilla/5.0 (compatible; MJ12bot/v1.4.8; http://mj12bot.com/)"
67.144.16.74 - - [06/Dec/2025:04:38:12 +0300] "GET /shop/?per_page=12&shop_view=grid&s=Yamaha&post_type=product&per_row=4 HTTP/1.1" 404 1641 "-" "Mozilla/5.0 (compatible; MJ12bot/v1.4.8; http://mj12bot.com/)"
67.144.16.74 - - [06/Dec/2025:04:38:14 +0300] "GET /shop/?per_row=3&per_page=24&shop_view=list&add-to-cart=2722 HTTP/1.1" 404 1636 "-" "Mozilla/5.0 (compatible; MJ12bot/v1.4.8; http://mj12bot.com/)"
67.144.16.74 - - [06/Dec/2025:04:38:16 +0300] "GET /shop/?per_row=3&per_page=24&shop_view=list&add-to-cart=2728 HTTP/1.1" 404 1636 "-" "Mozilla/5.0 (compatible; MJ12bot/v1.4.8; http://mj12bot.com/)"
67.144.16.74 - - [06/Dec/2025:04:38:17 +0300] "GET /shop/?per_row=3&per_page=24&shop_view=list&add-to-cart=2731 HTTP/1.1" 404 1636 "-" "Mozilla/5.0 (compatible; MJ12bot/v1.4.8; http://mj12bot.com/)"
67.144.16.74 - - [06/Dec/2025:04:38:19 +0300] "GET /shop/?per_row=3&per_page=24&shop_view=list&add-to-cart=2734 HTTP/1.1" 404 1636 "-" "Mozilla/5.0 (compatible; MJ12bot/v1.4.8; http://mj12bot.com/)"
67.144.16.74 - - [06/Dec/2025:04:38:21 +0300] "GET /shop/?per_row=3&per_page=24&shop_view=list&add-to-cart=2771 HTTP/1.1" 404 1636 "-" "Mozilla/5.0 (compatible; MJ12bot/v1.4.8; http://mj12bot.com/)"
67.144.16.74 - - [06/Dec/2025:04:38:22 +0300] "GET /shop/?per_row=3&shop_view=grid&add-to-cart=2683 HTTP/1.1" 404 1629 "-" "Mozilla/5.0 (compatible; MJ12bot/v1.4.8; http://mj12bot.com/)"
67.144.16.74 - - [06/Dec/2025:04:38:24 +0300] "GET /shop/?per_row=3&shop_view=grid&add-to-cart=2719 HTTP/1.1" 404 1629 "-" "Mozilla/5.0 (compatible; MJ12bot/v1.4.8; http://mj12bot.com/)"
67.144.16.74 - - [06/Dec/2025:04:38:26 +0300] "GET /shop/?per_row=3&shop_view=grid&add-to-cart=2722 HTTP/1.1" 404 1629 "-" "Mozilla/5.0 (compatible; MJ12bot/v1.4.8; http://mj12bot.com/)"
67.144.16.74 - - [06/Dec/2025:04:38:28 +0300] "GET /shop/?per_row=3&shop_view=grid&add-to-cart=2728 HTTP/1.1" 404 1629 "-" "Mozilla/5.0 (compatible; MJ12bot/v1.4.8; http://mj12bot.com/)"
67.144.16.74 - - [06/Dec/2025:04:38:30 +0300] "GET /shop/?per_row=3&shop_view=grid&add-to-cart=2731 HTTP/1.1" 404 1629 "-" "Mozilla/5.0 (compatible; MJ12bot/v1.4.8; http://mj12bot.com/)"
67.144.16.74 - - [06/Dec/2025:04:38:31 +0300] "GET /shop/?per_row=3&shop_view=grid&add-to-cart=2734 HTTP/1.1" 404 1629 "-" "Mozilla/5.0 (compatible; MJ12bot/v1.4.8; http://mj12bot.com/)"
67.144.16.74 - - [06/Dec/2025:04:38:33 +0300] "GET /shop/?per_row=3&shop_view=grid&add-to-cart=2771 HTTP/1.1" 404 1629 "-" "Mozilla/5.0 (compatible; MJ12bot/v1.4.8; http://mj12bot.com/)"
67.144.16.74 - - [06/Dec/2025:04:38:35 +0300] "GET /shop/?per_row=3&shop_view=grid&add-to-cart=484 HTTP/1.1" 404 1628 "-" "Mozilla/5.0 (compatible; MJ12bot/v1.4.8; http://mj12bot.com/)"
67.144.16.74 - - [06/Dec/2025:04:38:36 +0300] "GET /shop/?per_row=3&shop_view=grid&add-to-cart=496 HTTP/1.1" 404 1628 "-" "Mozilla/5.0 (compatible; MJ12bot/v1.4.8; http://mj12bot.com/)"
67.144.16.74 - - [06/Dec/2025:04:38:38 +0300] "GET /shop/?per_row=3&shop_view=grid&per_page=12&add-to-cart=2683 HTTP/1.1" 404 1636 "-" "Mozilla/5.0 (compatible; MJ12bot/v1.4.8; http://mj12bot.com/)"
67.144.16.74 - - [06/Dec/2025:04:38:40 +0300] "GET /shop/?per_row=3&shop_view=grid&per_page=12&add-to-cart=2728 HTTP/1.1" 404 1636 "-" "Mozilla/5.0 (compatible; MJ12bot/v1.4.8; http://mj12bot.com/)"
66.249.66.193 - - [06/Dec/2025:04:38:40 +0300] "GET /?_g=42762 HTTP/1.1" 200 542 "-" "Mozilla/5.0 (Linux; Android 6.0.1; Nexus 5X Build/MMB29P) AppleWebKit/537.36 (KHTML, like Gecko) Chrome/141.0.7390.122 Mobile Safari/537.36 (compatible; GoogleOther)"
67.144.16.74 - - [06/Dec/2025:04:38:41 +0300] "GET /shop/?per_row=3&shop_view=grid&per_page=12&add-to-cart=2771 HTTP/1.1" 404 1634 "-" "Mozilla/5.0 (compatible; MJ12bot/v1.4.8; http://mj12bot.com/)"
67.144.16.74 - - [06/Dec/2025:04:38:44 +0300] "GET /shop/?per_row=3&shop_view=grid&per_page=12&add-to-cart=484 HTTP/1.1" 404 1635 "-" "Mozilla/5.0 (compatible; MJ12bot/v1.4.8; http://mj12bot.com/)"
66.249.66.3 - - [06/Dec/2025:04:42:32 +0300] "GET /cgi-bin/ HTTP/1.1" 403 1716 "-" "Mozilla/5.0 (Linux; Android 6.0.1; Nexus 5X Build/MMB29P) AppleWebKit/537.36 (KHTML, like Gecko) Chrome/141.0.7390.122 Mobile Safari/537.36 (compatible; GoogleOther)"
66.249.66.3 - - [06/Dec/2025:04:43:40 +0300] "GET /?_g=745154 HTTP/1.1" 200 542 "-" "Mozilla/5.0 (Linux; Android 6.0.1; Nexus 5X Build/MMB29P) AppleWebKit/537.36 (KHTML, like Gecko) Chrome/141.0.7390.122 Mobile Safari/537.36 (compatible; GoogleOther)"
66.249.66.33 - - [06/Dec/2025:04:43:57 +0300] "GET /cgi-bin/ HTTP/1.1" 403 1716 "-" "Mozilla/5.0 (Linux; Android 6.0.1; Nexus 5X Build/MMB29P) AppleWebKit/537.36 (KHTML, like Gecko) Chrome/141.0.7390.122 Mobile Safari/537.36 (compatible; GoogleOther)"
204.12.252.98 - - [06/Dec/2025:04:44:04 +0300] "GET /wp-content/wpe333bb/index.php HTTP/1.1" 404 1606 "https://tnstickers.com/wp-content/wpe333bb/index.php" "Mozilla/5.0 (Windows NT 10.0; Win64; x64) AppleWebKit/537.36 (KHTML, like Gecko) Chrome/58.0.3029.110 Safari/537.3"
66.249.66.164 - - [06/Dec/2025:04:44:47 +0300] "GET /options.php HTTP/1.1" 200 1 "-" "Mozilla/5.0 (Linux; Android 6.0.1; Nexus 5X Build/MMB29P) AppleWebKit/537.36 (KHTML, like Gecko) Chrome/141.0.7390.122 Mobile Safari/537.36 (compatible; GoogleOther)"
66.249.66.163 - - [06/Dec/2025:04:48:15 +0300] "GET /index.php0 HTTP/1.1" 200 1 "-" "Mozilla/5.0 (Linux; Android 6.0.1; Nexus 5X Build/MMB29P) AppleWebKit/537.36 (KHTML, like Gecko) Chrome/141.0.7390.122 Mobile Safari/537.36 (compatible; GoogleOther)"
66.249.66.163 - - [06/Dec/2025:04:49:03 +0300] "GET /?_g=3379848 HTTP/1.1" 200 542 "-" "Mozilla/5.0 (Linux; Android 6.0.1; Nexus 5X Build/MMB29P) AppleWebKit/537.36 (KHTML, like Gecko) Chrome/141.0.7390.122 Mobile Safari/537.36 (compatible; GoogleOther)"
66.249.66.68 - - [06/Dec/2025:04:53:26 +0300] "GET /?_g=895401 HTTP/1.1" 200 542 "-" "Mozilla/5.0 (Linux; Android 6.0.1; Nexus 5X Build/MMB29P) AppleWebKit/537.36 (KHTML, like Gecko) Chrome/141.0.7390.122 Mobile Safari/537.36 (compatible; Googlebot/2.1; +http://www.google.com/bot.html)"
208.110.64.178 - - [06/Dec/2025:05:04:21 +0300] "GET /wp-content/wpe333bb/index.php HTTP/1.1" 404 1606 "https://tnstickers.com/wp-content/wpe333bb/index.php" "Mozilla/5.0 (Windows NT 10.0; Win64; x64) AppleWebKit/537.36 (KHTML, like Gecko) Chrome/58.0.3029.110 Safari/537.3"
2a06:98c0:3600::103 - - [06/Dec/2025:05:08:59 +0300] "GET /wordpress/wp-admin/setup-config.php HTTP/1.1" 404 1609 "-" "Mozilla/5.0 (Windows NT 10.0; Win64; x64) AppleWebKit/537.36 (KHTML, like Gecko) Chrome/142.0.0.0 Safari/537.36"
204.12.252.98 - - [06/Dec/2025:05:18:43 +0300] "GET /wp-content/wpe333bb/index.php HTTP/1.1" 404 1606 "https://tnstickers.com/wp-content/wpe333bb/index.php" "Mozilla/5.0 (Windows NT 10.0; Win64; x64) AppleWebKit/537.36 (KHTML, like Gecko) Chrome/58.0.3029.110 Safari/537.3"
66.249.66.35 - - [06/Dec/2025:05:19:00 +0300] "GET /networks.php HTTP/1.1" 200 1 "-" "Mozilla/5.0 (Linux; Android 6.0.1; Nexus 5X Build/MMB29P) AppleWebKit/537.36 (KHTML, like Gecko) Chrome/141.0.7390.122 Mobile Safari/537.36 (compatible; GoogleOther)"
66.249.66.4 - - [06/Dec/2025:05:43:28 +0300] "GET /?_g=1569587 HTTP/1.1" 200 542 "-" "Mozilla/5.0 (Linux; Android 6.0.1; Nexus 5X Build/MMB29P) AppleWebKit/537.36 (KHTML, like Gecko) Chrome/141.0.7390.122 Mobile Safari/537.36 (compatible; GoogleOther)"
66.249.66.36 - - [06/Dec/2025:05:45:08 +0300] "GET /?_g=1272990 HTTP/1.1" 200 542 "-" "Mozilla/5.0 (Linux; Android 6.0.1; Nexus 5X Build/MMB29P) AppleWebKit/537.36 (KHTML, like Gecko) Chrome/141.0.7390.122 Mobile Safari/537.36 (compatible; GoogleOther)"
66.249.66.34 - - [06/Dec/2025:05:45:24 +0300] "GET /?_g=410281 HTTP/1.1" 200 542 "-" "Mozilla/5.0 (Linux; Android 6.0.1; Nexus 5X Build/MMB29P) AppleWebKit/537.36 (KHTML, like Gecko) Chrome/141.0.7390.122 Mobile Safari/537.36 (compatible; GoogleOther)"
2a06:98c0:3600::103 - - [06/Dec/2025:05:49:50 +0300] "GET /wordpress/wp-admin/setup-config.php HTTP/1.1" 404 1609 "-" "Mozilla/5.0 (Windows NT 10.0; Win64; x64) AppleWebKit/537.36 (KHTML, like Gecko) Chrome/142.0.0.0 Safari/537.36"
66.249.66.168 - - [06/Dec/2025:06:00:33 +0300] "GET /comments/feed/ HTTP/1.1" 404 1592 "-" "Mozilla/5.0 (Linux; Android 6.0.1; Nexus 5X Build/MMB29P) AppleWebKit/537.36 (KHTML, like Gecko) Chrome/141.0.7390.122 Mobile Safari/537.36 (compatible; Googlebot/2.1; +http://www.google.com/bot.html)"
204.12.252.98 - - [06/Dec/2025:06:03:56 +0300] "GET /wp-content/wpe333bb/index.php HTTP/1.1" 404 1606 "https://tnstickers.com/wp-content/wpe333bb/index.php" "Mozilla/5.0 (Windows NT 10.0; Win64; x64) AppleWebKit/537.36 (KHTML, like Gecko) Chrome/58.0.3029.110 Safari/537.3"
66.249.66.34 - - [06/Dec/2025:06:04:19 +0300] "GET /lm15.php HTTP/1.1" 302 1 "-" "Mozilla/5.0 (Linux; Android 6.0.1; Nexus 5X Build/MMB29P) AppleWebKit/537.36 (KHTML, like Gecko) Chrome/141.0.7390.122 Mobile Safari/537.36 (compatible; Googlebot/2.1; +http://www.google.com/bot.html)"
66.249.66.163 - - [06/Dec/2025:06:04:21 +0300] "GET /lm15.php?p= HTTP/1.1" 200 1415 "-" "Mozilla/5.0 (Linux; Android 6.0.1; Nexus 5X Build/MMB29P) AppleWebKit/537.36 (KHTML, like Gecko) Chrome/141.0.7390.122 Mobile Safari/537.36 (compatible; Googlebot/2.1; +http://www.google.com/bot.html)"
66.249.66.194 - - [06/Dec/2025:06:04:22 +0300] "GET /options.php HTTP/1.1" 200 1 "-" "Mozilla/5.0 (Linux; Android 6.0.1; Nexus 5X Build/MMB29P) AppleWebKit/537.36 (KHTML, like Gecko) Chrome/141.0.7390.122 Mobile Safari/537.36 (compatible; Googlebot/2.1; +http://www.google.com/bot.html)"
66.249.66.192 - - [06/Dec/2025:06:04:24 +0300] "GET /wp-log1n.php HTTP/1.1" 200 1 "-" "Mozilla/5.0 (Linux; Android 6.0.1; Nexus 5X Build/MMB29P) AppleWebKit/537.36 (KHTML, like Gecko) Chrome/141.0.7390.122 Mobile Safari/537.36 (compatible; Googlebot/2.1; +http://www.google.com/bot.html)"
66.249.66.193 - - [06/Dec/2025:06:04:27 +0300] "GET /networks.php HTTP/1.1" 200 1 "-" "Mozilla/5.0 (Linux; Android 6.0.1; Nexus 5X Build/MMB29P) AppleWebKit/537.36 (KHTML, like Gecko) Chrome/141.0.7390.122 Mobile Safari/537.36 (compatible; Googlebot/2.1; +http://www.google.com/bot.html)"
66.249.66.68 - - [06/Dec/2025:06:09:58 +0300] "GET /?_g=3035277 HTTP/1.1" 200 542 "-" "Mozilla/5.0 (Linux; Android 6.0.1; Nexus 5X Build/MMB29P) AppleWebKit/537.36 (KHTML, like Gecko) Chrome/141.0.7390.122 Mobile Safari/537.36 (compatible; GoogleOther)"
216.73.216.185 - - [06/Dec/2025:06:13:14 +0300] "GET /robots.txt HTTP/2.0" 200 105 "-" "Mozilla/5.0 AppleWebKit/537.36 (KHTML, like Gecko; compatible; ClaudeBot/1.0; +claudebot@anthropic.com)"
216.73.216.185 - - [06/Dec/2025:06:13:14 +0300] "GET / HTTP/2.0" 200 542 "-" "Mozilla/5.0 AppleWebKit/537.36 (KHTML, like Gecko; compatible; ClaudeBot/1.0; +claudebot@anthropic.com)"
202.61.240.147 - - [06/Dec/2025:06:14:57 +0300] "POST / HTTP/1.1" 404 8334 "-" "Mozilla/5.0 (Windows NT 10.0; Win64; x64) AppleWebKit/537.36 (KHTML, like Gecko) Chrome/142.0.0.0 Safari/537.36"
66.249.66.68 - - [06/Dec/2025:06:20:44 +0300] "GET /lm15.php?path=%2Fhome%2Fhamzarou%2Ftnstickers.com&view_file=%2Fhome%2Fhamzarou%2Ftnstickers.com%2Fnetworks.php HTTP/1.1" 200 1458 "-" "Mozilla/5.0 (Linux; Android 6.0.1; Nexus 5X Build/MMB29P) AppleWebKit/537.36 (KHTML, like Gecko) Chrome/141.0.7390.122 Mobile Safari/537.36 (compatible; Googlebot/2.1; +http://www.google.com/bot.html)"
66.249.66.5 - - [06/Dec/2025:06:20:47 +0300] "GET /lm15.php?path=%2Fhome%2Fhamzarou%2Ftnstickers.com&view_file=%2Fhome%2Fhamzarou%2Ftnstickers.com%2Findex.php0 HTTP/1.1" 200 1455 "-" "Mozilla/5.0 (Linux; Android 6.0.1; Nexus 5X Build/MMB29P) AppleWebKit/537.36 (KHTML, like Gecko) Chrome/141.0.7390.122 Mobile Safari/537.36 (compatible; Googlebot/2.1; +http://www.google.com/bot.html)"
66.249.66.4 - - [06/Dec/2025:06:20:53 +0300] "GET /lm15.php?path=%2Fhome%2Fhamzarou%2Ftnstickers.com%2F.well-known HTTP/1.1" 200 1103 "-" "Mozilla/5.0 (Linux; Android 6.0.1; Nexus 5X Build/MMB29P) AppleWebKit/537.36 (KHTML, like Gecko) Chrome/141.0.7390.122 Mobile Safari/537.36 (compatible; Googlebot/2.1; +http://www.google.com/bot.html)"
66.249.66.4 - - [06/Dec/2025:06:20:53 +0300] "GET /lm15.php?path=%2Fhome HTTP/1.1" 200 1037 "-" "Mozilla/5.0 (Linux; Android 6.0.1; Nexus 5X Build/MMB29P) AppleWebKit/537.36 (KHTML, like Gecko) Chrome/141.0.7390.122 Mobile Safari/537.36 (compatible; Googlebot/2.1; +http://www.google.com/bot.html)"
66.249.66.3 - - [06/Dec/2025:06:20:55 +0300] "GET /lm15.php?path=%2Fhome%2Fhamzarou%2Ftnstickers.com&view_file=%2Fhome%2Fhamzarou%2Ftnstickers.com%2Fitem.php HTTP/1.1" 200 1458 "-" "Mozilla/5.0 (Linux; Android 6.0.1; Nexus 5X Build/MMB29P) AppleWebKit/537.36 (KHTML, like Gecko) Chrome/141.0.7390.122 Mobile Safari/537.36 (compatible; Googlebot/2.1; +http://www.google.com/bot.html)"
66.249.66.163 - - [06/Dec/2025:06:21:00 +0300] "GET /lm15.php?path=%2Fhome%2Fhamzarou%2Ftnstickers.com&view_file=%2Fhome%2Fhamzarou%2Ftnstickers.com%2Flm15.php HTTP/1.1" 200 163630 "-" "Mozilla/5.0 (Linux; Android 6.0.1; Nexus 5X Build/MMB29P) AppleWebKit/537.36 (KHTML, like Gecko) Chrome/141.0.7390.122 Mobile Safari/537.36 (compatible; Googlebot/2.1; +http://www.google.com/bot.html)"
66.249.66.4 - - [06/Dec/2025:06:21:03 +0300] "GET /lm15.php?path=%2Fhome%2Fhamzarou%2Ftnstickers.com&view_file=%2Fhome%2Fhamzarou%2Ftnstickers.com%2Fdetail.php HTTP/1.1" 200 1460 "-" "Mozilla/5.0 (Linux; Android 6.0.1; Nexus 5X Build/MMB29P) AppleWebKit/537.36 (KHTML, like Gecko) Chrome/141.0.7390.122 Mobile Safari/537.36 (compatible; Googlebot/2.1; +http://www.google.com/bot.html)"
65.108.125.120 - - [06/Dec/2025:06:21:03 +0300] "GET /robots.txt HTTP/1.1" 200 363 "-" "Mozilla/5.0 (compatible; MJ12bot/v1.4.8; http://mj12bot.com/)"
66.249.66.34 - - [06/Dec/2025:06:21:04 +0300] "GET /lm15.php?path=%2Fhome%2Fhamzarou%2Ftnstickers.com&view_file=%2Fhome%2Fhamzarou%2Ftnstickers.com%2Fm.php HTTP/1.1" 200 5553 "-" "Mozilla/5.0 (Linux; Android 6.0.1; Nexus 5X Build/MMB29P) AppleWebKit/537.36 (KHTML, like Gecko) Chrome/141.0.7390.122 Mobile Safari/537.36 (compatible; Googlebot/2.1; +http://www.google.com/bot.html)"
65.108.125.120 - - [06/Dec/2025:06:21:05 +0300] "GET /product-category/autos/?per_page=18&shop_view=list HTTP/1.1" 404 1624 "-" "Mozilla/5.0 (compatible; MJ12bot/v1.4.8; http://mj12bot.com/)"
65.108.125.120 - - [06/Dec/2025:06:21:07 +0300] "GET /shop/?filter_color=standart&filter_size=physical&filter_product_brand=37 HTTP/1.1" 404 1628 "-" "Mozilla/5.0 (compatible; MJ12bot/v1.4.8; http://mj12bot.com/)"
65.108.125.120 - - [06/Dec/2025:06:21:09 +0300] "GET /shop/?filter_color=standart&filter_size=physical&filter_product_brand=37,38 HTTP/1.1" 404 1632 "-" "Mozilla/5.0 (compatible; MJ12bot/v1.4.8; http://mj12bot.com/)"
65.108.125.120 - - [06/Dec/2025:06:21:10 +0300] "GET /shop/?filter_color=standart&filter_size=physical&filter_product_brand=37,39 HTTP/1.1" 404 1632 "-" "Mozilla/5.0 (compatible; MJ12bot/v1.4.8; http://mj12bot.com/)"
65.108.125.120 - - [06/Dec/2025:06:21:12 +0300] "GET /shop/?filter_color=standart&filter_size=physical&filter_product_brand=38 HTTP/1.1" 404 1628 "-" "Mozilla/5.0 (compatible; MJ12bot/v1.4.8; http://mj12bot.com/)"
65.108.125.120 - - [06/Dec/2025:06:21:14 +0300] "GET /shop/?filter_color=standart&filter_size=physical&filter_product_brand=38,39 HTTP/1.1" 404 1632 "-" "Mozilla/5.0 (compatible; MJ12bot/v1.4.8; http://mj12bot.com/)"
65.108.125.120 - - [06/Dec/2025:06:21:15 +0300] "GET /shop/?filter_color=standart&filter_size=physical&filter_product_brand=39 HTTP/1.1" 404 1628 "-" "Mozilla/5.0 (compatible; MJ12bot/v1.4.8; http://mj12bot.com/)"
65.108.125.120 - - [06/Dec/2025:06:21:17 +0300] "GET /shop/?filter_color=standart&filter_size=standart HTTP/1.1" 404 1616 "-" "Mozilla/5.0 (compatible; MJ12bot/v1.4.8; http://mj12bot.com/)"
65.108.125.120 - - [06/Dec/2025:06:21:18 +0300] "GET /shop/?filter_color=standart&filter_size=standart&filter_product_brand=36 HTTP/1.1" 404 1626 "-" "Mozilla/5.0 (compatible; MJ12bot/v1.4.8; http://mj12bot.com/)"
65.108.125.120 - - [06/Dec/2025:06:21:20 +0300] "GET /shop/?filter_color=standart&filter_size=standart&filter_product_brand=36,37 HTTP/1.1" 404 1630 "-" "Mozilla/5.0 (compatible; MJ12bot/v1.4.8; http://mj12bot.com/)"
65.108.125.120 - - [06/Dec/2025:06:21:22 +0300] "GET /shop/?filter_color=standart&filter_size=standart&filter_product_brand=36,38 HTTP/1.1" 404 1630 "-" "Mozilla/5.0 (compatible; MJ12bot/v1.4.8; http://mj12bot.com/)"
65.108.125.120 - - [06/Dec/2025:06:21:23 +0300] "GET /shop/?filter_color=standart&filter_size=standart&filter_product_brand=36,39 HTTP/1.1" 404 1630 "-" "Mozilla/5.0 (compatible; MJ12bot/v1.4.8; http://mj12bot.com/)"
65.108.125.120 - - [06/Dec/2025:06:21:25 +0300] "GET /shop/?filter_color=standart&filter_size=standart&filter_product_brand=37 HTTP/1.1" 404 1626 "-" "Mozilla/5.0 (compatible; MJ12bot/v1.4.8; http://mj12bot.com/)"
65.108.125.120 - - [06/Dec/2025:06:21:27 +0300] "GET /shop/?filter_color=standart&filter_size=standart&filter_product_brand=37,38 HTTP/1.1" 404 1630 "-" "Mozilla/5.0 (compatible; MJ12bot/v1.4.8; http://mj12bot.com/)"
65.108.125.120 - - [06/Dec/2025:06:21:28 +0300] "GET /shop/?filter_color=standart&filter_size=standart&filter_product_brand=37,39 HTTP/1.1" 404 1630 "-" "Mozilla/5.0 (compatible; MJ12bot/v1.4.8; http://mj12bot.com/)"
65.108.125.120 - - [06/Dec/2025:06:21:30 +0300] "GET /shop/?filter_color=standart&filter_size=standart&filter_product_brand=38 HTTP/1.1" 404 1626 "-" "Mozilla/5.0 (compatible; MJ12bot/v1.4.8; http://mj12bot.com/)"
65.108.125.120 - - [06/Dec/2025:06:21:32 +0300] "GET /shop/?filter_color=standart&filter_size=standart&filter_product_brand=38,39 HTTP/1.1" 404 1630 "-" "Mozilla/5.0 (compatible; MJ12bot/v1.4.8; http://mj12bot.com/)"
65.108.125.120 - - [06/Dec/2025:06:21:33 +0300] "GET /shop/?filter_color=standart&filter_size=standart&filter_product_brand=39 HTTP/1.1" 404 1626 "-" "Mozilla/5.0 (compatible; MJ12bot/v1.4.8; http://mj12bot.com/)"
65.108.125.120 - - [06/Dec/2025:06:21:35 +0300] "GET /shop/?filter_color=standart&per_page=12 HTTP/1.1" 404 1618 "-" "Mozilla/5.0 (compatible; MJ12bot/v1.4.8; http://mj12bot.com/)"
65.108.125.120 - - [06/Dec/2025:06:21:36 +0300] "GET /shop/?filter_color=standart&per_page=18 HTTP/1.1" 404 1618 "-" "Mozilla/5.0 (compatible; MJ12bot/v1.4.8; http://mj12bot.com/)"
65.108.125.120 - - [06/Dec/2025:06:21:38 +0300] "GET /shop/?filter_color=standart&per_page=24 HTTP/1.1" 404 1618 "-" "Mozilla/5.0 (compatible; MJ12bot/v1.4.8; http://mj12bot.com/)"
65.108.125.120 - - [06/Dec/2025:06:21:40 +0300] "GET /shop/?filter_color=standart&per_page=9 HTTP/1.1" 404 1619 "-" "Mozilla/5.0 (compatible; MJ12bot/v1.4.8; http://mj12bot.com/)"
65.108.125.120 - - [06/Dec/2025:06:21:42 +0300] "GET /shop/?filter_color=standart&shop_view=grid&per_row=3 HTTP/1.1" 404 1626 "-" "Mozilla/5.0 (compatible; MJ12bot/v1.4.8; http://mj12bot.com/)"
65.108.125.120 - - [06/Dec/2025:06:21:43 +0300] "GET /shop/?filter_color=standart&shop_view=grid&per_row=4 HTTP/1.1" 404 1626 "-" "Mozilla/5.0 (compatible; MJ12bot/v1.4.8; http://mj12bot.com/)"
65.108.125.120 - - [06/Dec/2025:06:21:45 +0300] "GET /shop/?filter_color=standart&shop_view=list HTTP/1.1" 404 1616 "-" "Mozilla/5.0 (compatible; MJ12bot/v1.4.8; http://mj12bot.com/)"
65.108.125.120 - - [06/Dec/2025:06:21:47 +0300] "GET /shop/?filter_product_brand=36,37 HTTP/1.1" 404 1612 "-" "Mozilla/5.0 (compatible; MJ12bot/v1.4.8; http://mj12bot.com/)"
65.108.125.120 - - [06/Dec/2025:06:21:48 +0300] "GET /shop/?filter_product_brand=36,37,38 HTTP/1.1" 404 1616 "-" "Mozilla/5.0 (compatible; MJ12bot/v1.4.8; http://mj12bot.com/)"
65.108.125.120 - - [06/Dec/2025:06:21:50 +0300] "GET /shop/?filter_product_brand=36,37,38,39 HTTP/1.1" 404 1616 "-" "Mozilla/5.0 (compatible; MJ12bot/v1.4.8; http://mj12bot.com/)"
65.108.125.120 - - [06/Dec/2025:06:21:51 +0300] "GET /shop/?filter_product_brand=36,37,39 HTTP/1.1" 404 1616 "-" "Mozilla/5.0 (compatible; MJ12bot/v1.4.8; http://mj12bot.com/)"
65.108.125.120 - - [06/Dec/2025:06:21:53 +0300] "GET /shop/?per_row=3&per_page=24&shop_view=list&add-to-cart=484 HTTP/1.1" 404 1635 "-" "Mozilla/5.0 (compatible; MJ12bot/v1.4.8; http://mj12bot.com/)"
65.108.125.120 - - [06/Dec/2025:06:21:55 +0300] "GET /shop/?per_row=3&per_page=24&shop_view=list&add-to-cart=496 HTTP/1.1" 404 1635 "-" "Mozilla/5.0 (compatible; MJ12bot/v1.4.8; http://mj12bot.com/)"
65.108.125.120 - - [06/Dec/2025:06:21:57 +0300] "GET /shop/?per_row=3&per_page=9&shop_view=list&add-to-cart=484 HTTP/1.1" 404 1634 "-" "Mozilla/5.0 (compatible; MJ12bot/v1.4.8; http://mj12bot.com/)"
65.108.125.120 - - [06/Dec/2025:06:21:58 +0300] "GET /shop/?per_row=3&shop_view=grid&add-to-cart=2680 HTTP/1.1" 404 1629 "-" "Mozilla/5.0 (compatible; MJ12bot/v1.4.8; http://mj12bot.com/)"
65.108.125.120 - - [06/Dec/2025:06:22:00 +0300] "GET /shop/?per_row=3&shop_view=grid&per_page=18&add-to-cart=2683 HTTP/1.1" 404 1636 "-" "Mozilla/5.0 (compatible; MJ12bot/v1.4.8; http://mj12bot.com/)"
65.108.125.120 - - [06/Dec/2025:06:22:02 +0300] "GET /shop/?per_row=3&shop_view=grid&per_page=18&add-to-cart=2728 HTTP/1.1" 404 1636 "-" "Mozilla/5.0 (compatible; MJ12bot/v1.4.8; http://mj12bot.com/)"
65.108.125.120 - - [06/Dec/2025:06:22:03 +0300] "GET /shop/?per_row=3&shop_view=grid&per_page=18&add-to-cart=484 HTTP/1.1" 404 1635 "-" "Mozilla/5.0 (compatible; MJ12bot/v1.4.8; http://mj12bot.com/)"
65.108.125.120 - - [06/Dec/2025:06:22:06 +0300] "GET /shop/?per_row=3&shop_view=grid&per_page=18&add-to-cart=496 HTTP/1.1" 404 1635 "-" "Mozilla/5.0 (compatible; MJ12bot/v1.4.8; http://mj12bot.com/)"
65.108.125.120 - - [06/Dec/2025:06:22:07 +0300] "GET /shop/?per_row=3&shop_view=grid&per_page=24&add-to-cart=2680 HTTP/1.1" 404 1635 "-" "Mozilla/5.0 (compatible; MJ12bot/v1.4.8; http://mj12bot.com/)"
65.108.125.120 - - [06/Dec/2025:06:22:09 +0300] "GET /shop/?per_row=3&shop_view=grid&per_page=24&add-to-cart=2683 HTTP/1.1" 404 1636 "-" "Mozilla/5.0 (compatible; MJ12bot/v1.4.8; http://mj12bot.com/)"
65.108.125.120 - - [06/Dec/2025:06:22:11 +0300] "GET /shop/?per_row=3&shop_view=grid&per_page=24&add-to-cart=2719 HTTP/1.1" 404 1636 "-" "Mozilla/5.0 (compatible; MJ12bot/v1.4.8; http://mj12bot.com/)"
65.108.125.120 - - [06/Dec/2025:06:22:12 +0300] "GET /shop/?per_row=3&shop_view=grid&per_page=24&add-to-cart=2722 HTTP/1.1" 404 1636 "-" "Mozilla/5.0 (compatible; MJ12bot/v1.4.8; http://mj12bot.com/)"
65.108.125.120 - - [06/Dec/2025:06:22:14 +0300] "GET /shop/?per_row=3&shop_view=grid&per_page=24&add-to-cart=2728 HTTP/1.1" 404 1636 "-" "Mozilla/5.0 (compatible; MJ12bot/v1.4.8; http://mj12bot.com/)"
