193.111.77.77 - - [05/Dec/2025:23:08:30 +0300] "GET /wp-content/uploads/2025/12/45.png HTTP/1.1" 200 242191 "-" "-"
193.111.77.77 - - [05/Dec/2025:23:07:23 +0300] "POST /wp-cron.php?doing_wp_cron=1764965243.0442910194396972656250 HTTP/1.1" 200 1 "-" "WordPress/6.9; https://tnstickers.com"
54.37.252.36 - - [05/Dec/2025:23:07:22 +0300] "GET /shop/?per_row=3&shop_view=list&s=Yamaha&post_type=product&per_page=9 HTTP/1.1" 200 23248 "-" "Mozilla/5.0 (compatible; MJ12bot/v1.4.8; http://mj12bot.com/)"
193.111.77.77 - - [05/Dec/2025:23:08:52 +0300] "GET /wp-content/uploads/2023/07/w-vgs-casual-park-beyond.jpg HTTP/1.1" 200 209981 "-" "-"
193.111.77.77 - - [05/Dec/2025:23:09:05 +0300] "GET /wp-content/uploads/2025/12/akra.png HTTP/1.1" 200 232293 "-" "-"
66.249.66.194 - - [05/Dec/2025:23:08:07 +0300] "GET /?_g=4036902 HTTP/1.1" 301 1 "-" "Mozilla/5.0 (Linux; Android 6.0.1; Nexus 5X Build/MMB29P) AppleWebKit/537.36 (KHTML, like Gecko) Chrome/141.0.7390.122 Mobile Safari/537.36 (compatible; GoogleOther)"
54.37.252.36 - - [05/Dec/2025:23:08:05 +0300] "GET /shop/?per_row=4&per_page=12&shop_view=grid&add-to-cart=2728 HTTP/1.1" 200 24848 "-" "Mozilla/5.0 (compatible; MJ12bot/v1.4.8; http://mj12bot.com/)"
193.111.77.77 - - [05/Dec/2025:23:09:31 +0300] "GET /wp-content/uploads/2025/12/akra.png HTTP/1.1" 200 232293 "-" "-"
147.135.215.173 - - [05/Dec/2025:23:08:35 +0300] "GET /shop/?stock_status=onsale&filter_color=standart&filter_size=physical&filter_product_brand=36,37,39 HTTP/1.1" 200 21031 "-" "Mozilla/5.0 (compatible; MJ12bot/v1.4.8; http://mj12bot.com/)"
193.111.77.77 - - [05/Dec/2025:23:10:03 +0300] "GET /wp-content/uploads/2025/12/akra.png HTTP/1.1" 200 232293 "-" "-"
147.135.215.173 - - [05/Dec/2025:23:09:17 +0300] "GET /shop/?stock_status=onsale&filter_color=standart&filter_size=physical&filter_product_brand=36,38,39 HTTP/1.1" 200 21033 "-" "Mozilla/5.0 (compatible; MJ12bot/v1.4.8; http://mj12bot.com/)"
193.111.77.77 - - [05/Dec/2025:23:09:32 +0300] "POST /wp-cron.php?doing_wp_cron=1764965372.4482789039611816406250 HTTP/1.1" 200 1 "-" "WordPress/6.9; https://tnstickers.com"
193.111.77.77 - - [05/Dec/2025:23:10:16 +0300] "GET /wp-content/uploads/2025/12/akra.png HTTP/1.1" 200 232293 "-" "-"
54.37.252.36 - - [05/Dec/2025:23:09:36 +0300] "GET /shop/?per_row=4&per_page=12&shop_view=list&add-to-cart=2683 HTTP/1.1" 200 25878 "-" "Mozilla/5.0 (compatible; MJ12bot/v1.4.8; http://mj12bot.com/)"
147.135.215.173 - - [05/Dec/2025:23:09:59 +0300] "GET /shop/?stock_status=onsale&filter_color=standart&filter_size=physical&filter_product_brand=37,38,39 HTTP/1.1" 200 21033 "-" "Mozilla/5.0 (compatible; MJ12bot/v1.4.8; http://mj12bot.com/)"
193.111.77.77 - - [05/Dec/2025:23:11:04 +0300] "GET /wp-content/uploads/2025/12/akra.png HTTP/1.1" 200 232293 "-" "-"
193.111.77.77 - - [05/Dec/2025:23:11:28 +0300] "GET /wp-content/uploads/2023/07/w-vgs-casual-park-beyond.jpg HTTP/1.1" 200 209981 "-" "-"
193.111.77.77 - - [05/Dec/2025:23:11:46 +0300] "GET /wp-content/uploads/2023/07/w-vgs-casual-park-beyond.jpg HTTP/1.1" 200 209981 "-" "-"
193.111.77.77 - - [05/Dec/2025:23:11:54 +0300] "GET /wp-content/uploads/2025/12/akra.png HTTP/1.1" 200 232293 "-" "-"
193.111.77.77 - - [05/Dec/2025:23:12:20 +0300] "GET /wp-content/uploads/2025/12/akra.png HTTP/1.1" 200 232293 "-" "-"
54.37.252.36 - - [05/Dec/2025:23:11:16 +0300] "GET /shop/?per_row=4&per_page=18&shop_view=grid&add-to-cart=2728 HTTP/1.1" 200 25501 "-" "Mozilla/5.0 (compatible; MJ12bot/v1.4.8; http://mj12bot.com/)"
193.111.77.77 - - [05/Dec/2025:23:12:42 +0300] "GET /wp-content/uploads/2023/07/w-vgs-casual-park-beyond.jpg HTTP/1.1" 200 209981 "-" "-"
193.111.77.77 - - [05/Dec/2025:23:13:03 +0300] "GET /wp-content/uploads/2025/12/akra.png HTTP/1.1" 200 232293 "-" "-"
193.111.77.77 - - [05/Dec/2025:23:13:19 +0300] "GET /wp-content/uploads/2023/07/w-vgs-casual-park-beyond.jpg HTTP/1.1" 200 209981 "-" "-"
193.111.77.77 - - [05/Dec/2025:23:13:36 +0300] "GET /wp-content/uploads/2025/12/akra.png HTTP/1.1" 200 232293 "-" "-"
66.249.66.160 - - [05/Dec/2025:23:13:59 +0300] "GET /robots.txt HTTP/1.1" 200 105 "-" "Mozilla/5.0 (compatible; Googlebot/2.1; +http://www.google.com/bot.html)"
193.111.77.77 - - [05/Dec/2025:23:14:00 +0300] "GET /wp-content/uploads/2023/07/w-vgs-casual-park-beyond.jpg HTTP/1.1" 200 209981 "-" "-"
147.135.215.173 - - [05/Dec/2025:23:13:02 +0300] "GET /shop/?stock_status=onsale&filter_product_brand=36,37,38,39&filter_color=deluxe HTTP/1.1" 200 23495 "-" "Mozilla/5.0 (compatible; MJ12bot/v1.4.8; http://mj12bot.com/)"
193.111.77.77 - - [05/Dec/2025:23:14:20 +0300] "GET /wp-content/uploads/2025/12/akra.png HTTP/1.1" 200 232293 "-" "-"
193.111.77.77 - - [05/Dec/2025:23:14:25 +0300] "GET /wp-content/uploads/2025/12/akra.png HTTP/1.1" 200 232293 "-" "-"
193.111.77.77 - - [05/Dec/2025:23:14:42 +0300] "GET /wp-content/uploads/2023/07/w-vgs-casual-park-beyond.jpg HTTP/1.1" 200 209981 "-" "-"
54.37.252.36 - - [05/Dec/2025:23:13:22 +0300] "GET /shop/?per_row=4&per_page=24&shop_view=grid&add-to-cart=2728 HTTP/1.1" 200 26228 "-" "Mozilla/5.0 (compatible; MJ12bot/v1.4.8; http://mj12bot.com/)"
147.135.215.173 - - [05/Dec/2025:23:13:42 +0300] "GET /shop/?stock_status=onsale&filter_product_brand=36,37,38,39&filter_color=standart HTTP/1.1" 200 23507 "-" "Mozilla/5.0 (compatible; MJ12bot/v1.4.8; http://mj12bot.com/)"
193.111.77.77 - - [05/Dec/2025:23:15:15 +0300] "GET /wp-content/uploads/2025/12/akra.png HTTP/1.1" 200 232293 "-" "-"
54.37.252.36 - - [05/Dec/2025:23:14:12 +0300] "GET /shop/?stock_status=onsale&filter_color=deluxe&filter_product_brand=36,37,38&filter_size=physical HTTP/1.1" 200 21020 "-" "Mozilla/5.0 (compatible; MJ12bot/v1.4.8; http://mj12bot.com/)"
193.111.77.77 - - [05/Dec/2025:23:14:41 +0300] "POST /wp-cron.php?doing_wp_cron=1764965681.5503520965576171875000 HTTP/1.1" 200 1 "-" "WordPress/6.9; https://tnstickers.com"
147.135.215.173 - - [05/Dec/2025:23:14:25 +0300] "GET /shop/?stock_status=onsale&filter_product_brand=36,37,38,39&filter_size=physical HTTP/1.1" 200 21008 "-" "Mozilla/5.0 (compatible; MJ12bot/v1.4.8; http://mj12bot.com/)"
193.111.77.77 - - [05/Dec/2025:23:16:13 +0300] "GET /wp-content/uploads/2023/07/w-vgs-casual-park-beyond.jpg HTTP/1.1" 200 209981 "-" "-"
193.111.77.77 - - [05/Dec/2025:23:16:28 +0300] "GET /wp-content/uploads/2023/07/w-vgs-casual-park-beyond.jpg HTTP/1.1" 200 209981 "-" "-"
54.37.252.36 - - [05/Dec/2025:23:14:54 +0300] "GET /shop/?stock_status=onsale&filter_color=deluxe&filter_product_brand=36,37,38&filter_size=standart HTTP/1.1" 200 23511 "-" "Mozilla/5.0 (compatible; MJ12bot/v1.4.8; http://mj12bot.com/)"
147.135.215.173 - - [05/Dec/2025:23:15:05 +0300] "GET /shop/?stock_status=onsale&filter_product_brand=36,37,38,39&filter_size=standart HTTP/1.1" 200 23475 "-" "Mozilla/5.0 (compatible; MJ12bot/v1.4.8; http://mj12bot.com/)"
193.111.77.77 - - [05/Dec/2025:23:17:04 +0300] "GET /wp-content/uploads/2023/07/w-vgs-casual-park-beyond.jpg HTTP/1.1" 200 209981 "-" "-"
193.111.77.77 - - [05/Dec/2025:23:17:14 +0300] "GET /wp-content/uploads/2023/07/w-vgs-casual-park-beyond.jpg HTTP/1.1" 200 209981 "-" "-"
193.111.77.77 - - [05/Dec/2025:23:18:28 +0300] "GET /wp-content/uploads/2023/07/w-vgs-casual-park-beyond.jpg HTTP/1.1" 200 209981 "-" "-"
193.111.77.77 - - [05/Dec/2025:23:18:37 +0300] "GET /wp-content/uploads/2023/07/w-vgs-casual-park-beyond.jpg HTTP/1.1" 200 209981 "-" "-"
147.135.215.173 - - [05/Dec/2025:23:17:13 +0300] "GET /shop/?stock_status=onsale&filter_product_brand=36,38&filter_color=deluxe HTTP/1.1" 200 23477 "-" "Mozilla/5.0 (compatible; MJ12bot/v1.4.8; http://mj12bot.com/)"
193.111.77.77 - - [05/Dec/2025:23:19:14 +0300] "GET /wp-content/uploads/2023/07/w-vgs-casual-park-beyond.jpg HTTP/1.1" 200 209981 "-" "-"
193.111.77.77 - - [05/Dec/2025:23:19:22 +0300] "GET /wp-content/uploads/2023/07/w-vgs-casual-park-beyond.jpg HTTP/1.1" 200 209981 "-" "-"
147.135.215.173 - - [05/Dec/2025:23:17:55 +0300] "GET /shop/?stock_status=onsale&filter_product_brand=36,38&filter_color=deluxe,standart HTTP/1.1" 200 23506 "-" "Mozilla/5.0 (compatible; MJ12bot/v1.4.8; http://mj12bot.com/)"
147.135.215.173 - - [05/Dec/2025:23:19:41 +0300] "GET /shop/?stock_status=onsale&filter_product_brand=36,38,39&filter_color=standart HTTP/1.1" 500 128 "-" "Mozilla/5.0 (compatible; MJ12bot/v1.4.8; http://mj12bot.com/)"
193.111.77.77 - - [05/Dec/2025:23:19:28 +0300] "POST /wp-cron.php?doing_wp_cron=1764965968.3414011001586914062500 HTTP/1.1" 200 427 "-" "WordPress/6.9; https://tnstickers.com"
193.111.77.77 - - [05/Dec/2025:23:18:51 +0300] "POST /wp-cron.php?doing_wp_cron=1764965930.9407320022583007812500 HTTP/1.1" 500 662 "-" "WordPress/6.9; https://tnstickers.com"
54.37.252.36 - - [05/Dec/2025:23:19:42 +0300] "GET /shop/?stock_status=onsale&filter_color=deluxe&filter_product_brand=37,38,39&filter_size=physical HTTP/1.1" 500 128 "-" "Mozilla/5.0 (compatible; MJ12bot/v1.4.8; http://mj12bot.com/)"
147.135.215.173 - - [05/Dec/2025:23:19:00 +0300] "GET /shop/?stock_status=onsale&filter_product_brand=36,38,39&filter_color=deluxe,standart HTTP/1.1" 500 761 "-" "Mozilla/5.0 (compatible; MJ12bot/v1.4.8; http://mj12bot.com/)"
51.38.208.85 - - [05/Dec/2025:23:19:16 +0300] "GET / HTTP/2.0" 500 1217 "-" "Mozilla/5.0 (X11; Linux x86_64) AppleWebKit/537.36 (KHTML, like Gecko) HeadlessChrome/143.0.0.0 Safari/537.36"
54.37.252.36 - - [05/Dec/2025:23:18:59 +0300] "GET /shop/?stock_status=onsale&filter_color=deluxe&filter_product_brand=36,38,39&filter_size=standart HTTP/1.1" 500 963 "-" "Mozilla/5.0 (compatible; MJ12bot/v1.4.8; http://mj12bot.com/)"
147.135.215.173 - - [05/Dec/2025:23:19:48 +0300] "GET /shop/?stock_status=onsale&filter_product_brand=36,38,39&filter_size=physical HTTP/1.1" 404 1639 "-" "Mozilla/5.0 (compatible; MJ12bot/v1.4.8; http://mj12bot.com/)"
54.37.252.36 - - [05/Dec/2025:23:19:49 +0300] "GET /shop/?stock_status=onsale&filter_color=deluxe&filter_product_brand=37,38,39&filter_size=standart HTTP/1.1" 404 1649 "-" "Mozilla/5.0 (compatible; MJ12bot/v1.4.8; http://mj12bot.com/)"
147.135.215.173 - - [05/Dec/2025:23:19:50 +0300] "GET /shop/?stock_status=onsale&filter_product_brand=36,38,39&filter_size=standart HTTP/1.1" 404 1642 "-" "Mozilla/5.0 (compatible; MJ12bot/v1.4.8; http://mj12bot.com/)"
54.37.252.36 - - [05/Dec/2025:23:19:50 +0300] "GET /shop/?stock_status=onsale&filter_color=deluxe&filter_size=physical&filter_product_brand=36,37 HTTP/1.1" 404 1644 "-" "Mozilla/5.0 (compatible; MJ12bot/v1.4.8; http://mj12bot.com/)"
147.135.215.173 - - [05/Dec/2025:23:19:51 +0300] "GET /shop/?stock_status=onsale&filter_product_brand=36,39&filter_color=deluxe,standart HTTP/1.1" 404 1645 "-" "Mozilla/5.0 (compatible; MJ12bot/v1.4.8; http://mj12bot.com/)"
54.37.252.36 - - [05/Dec/2025:23:19:52 +0300] "GET /shop/?stock_status=onsale&filter_color=deluxe&filter_size=physical&filter_product_brand=36,37,38 HTTP/1.1" 404 1645 "-" "Mozilla/5.0 (compatible; MJ12bot/v1.4.8; http://mj12bot.com/)"
54.37.252.36 - - [05/Dec/2025:23:19:54 +0300] "GET /shop/?stock_status=onsale&filter_color=deluxe&filter_size=physical&filter_product_brand=36,37,39 HTTP/1.1" 404 1645 "-" "Mozilla/5.0 (compatible; MJ12bot/v1.4.8; http://mj12bot.com/)"
147.135.215.173 - - [05/Dec/2025:23:19:54 +0300] "GET /shop/?stock_status=onsale&filter_product_brand=37,38&filter_color=deluxe,standart HTTP/1.1" 404 1645 "-" "Mozilla/5.0 (compatible; MJ12bot/v1.4.8; http://mj12bot.com/)"
54.37.252.36 - - [05/Dec/2025:23:19:55 +0300] "GET /shop/?stock_status=onsale&filter_color=deluxe&filter_size=physical&filter_product_brand=36,38 HTTP/1.1" 404 1644 "-" "Mozilla/5.0 (compatible; MJ12bot/v1.4.8; http://mj12bot.com/)"
54.37.252.36 - - [05/Dec/2025:23:19:57 +0300] "GET /shop/?stock_status=onsale&filter_color=deluxe&filter_size=physical&filter_product_brand=36,38,39 HTTP/1.1" 404 1645 "-" "Mozilla/5.0 (compatible; MJ12bot/v1.4.8; http://mj12bot.com/)"
147.135.215.173 - - [05/Dec/2025:23:19:57 +0300] "GET /shop/?stock_status=onsale&filter_product_brand=37,38,39&filter_color=deluxe HTTP/1.1" 404 1638 "-" "Mozilla/5.0 (compatible; MJ12bot/v1.4.8; http://mj12bot.com/)"
54.37.252.36 - - [05/Dec/2025:23:19:59 +0300] "GET /shop/?stock_status=onsale&filter_color=deluxe&filter_size=physical&filter_product_brand=36,39 HTTP/1.1" 404 1644 "-" "Mozilla/5.0 (compatible; MJ12bot/v1.4.8; http://mj12bot.com/)"
147.135.215.173 - - [05/Dec/2025:23:19:59 +0300] "GET /shop/?stock_status=onsale&filter_product_brand=37,38,39&filter_color=deluxe,standart HTTP/1.1" 404 1646 "-" "Mozilla/5.0 (compatible; MJ12bot/v1.4.8; http://mj12bot.com/)"
147.135.215.173 - - [05/Dec/2025:23:20:00 +0300] "GET /shop/?stock_status=onsale&filter_product_brand=37,38,39&filter_color=standart HTTP/1.1" 404 1640 "-" "Mozilla/5.0 (compatible; MJ12bot/v1.4.8; http://mj12bot.com/)"
54.37.252.36 - - [05/Dec/2025:23:20:00 +0300] "GET /shop/?stock_status=onsale&filter_color=deluxe&filter_size=physical&filter_product_brand=37,38 HTTP/1.1" 404 1644 "-" "Mozilla/5.0 (compatible; MJ12bot/v1.4.8; http://mj12bot.com/)"
147.135.215.173 - - [05/Dec/2025:23:20:02 +0300] "GET /shop/?stock_status=onsale&filter_product_brand=37,38,39&filter_size=physical HTTP/1.1" 404 1639 "-" "Mozilla/5.0 (compatible; MJ12bot/v1.4.8; http://mj12bot.com/)"
54.37.252.36 - - [05/Dec/2025:23:20:02 +0300] "GET /shop/?stock_status=onsale&filter_color=deluxe&filter_size=physical&filter_product_brand=37,38,39 HTTP/1.1" 404 1645 "-" "Mozilla/5.0 (compatible; MJ12bot/v1.4.8; http://mj12bot.com/)"
54.37.252.36 - - [05/Dec/2025:23:20:04 +0300] "GET /shop/?stock_status=onsale&filter_color=deluxe&filter_size=physical&filter_product_brand=37,39 HTTP/1.1" 404 1644 "-" "Mozilla/5.0 (compatible; MJ12bot/v1.4.8; http://mj12bot.com/)"
147.135.215.173 - - [05/Dec/2025:23:20:04 +0300] "GET /shop/?stock_status=onsale&filter_product_brand=37,38,39&filter_size=standart HTTP/1.1" 404 1642 "-" "Mozilla/5.0 (compatible; MJ12bot/v1.4.8; http://mj12bot.com/)"
54.37.252.36 - - [05/Dec/2025:23:20:05 +0300] "GET /shop/?stock_status=onsale&filter_color=deluxe&filter_size=physical&filter_product_brand=38,39 HTTP/1.1" 404 1644 "-" "Mozilla/5.0 (compatible; MJ12bot/v1.4.8; http://mj12bot.com/)"
147.135.215.173 - - [05/Dec/2025:23:20:05 +0300] "GET /shop/?stock_status=onsale&filter_product_brand=37,39&filter_color=deluxe,standart HTTP/1.1" 404 1645 "-" "Mozilla/5.0 (compatible; MJ12bot/v1.4.8; http://mj12bot.com/)"
54.37.252.36 - - [05/Dec/2025:23:20:07 +0300] "GET /shop/?stock_status=onsale&filter_color=deluxe&filter_size=standart&filter_product_brand=36,37 HTTP/1.1" 404 1645 "-" "Mozilla/5.0 (compatible; MJ12bot/v1.4.8; http://mj12bot.com/)"
147.135.215.173 - - [05/Dec/2025:23:20:07 +0300] "GET /shop/?stock_status=onsale&filter_product_brand=38,39&filter_color=deluxe,standart HTTP/1.1" 404 1645 "-" "Mozilla/5.0 (compatible; MJ12bot/v1.4.8; http://mj12bot.com/)"
54.37.252.36 - - [05/Dec/2025:23:20:09 +0300] "GET /shop/?stock_status=onsale&filter_color=deluxe&filter_size=standart&filter_product_brand=36,37,38 HTTP/1.1" 404 1646 "-" "Mozilla/5.0 (compatible; MJ12bot/v1.4.8; http://mj12bot.com/)"
147.135.215.173 - - [05/Dec/2025:23:20:09 +0300] "GET /shop/?stock_status=onsale&filter_size=physical&filter_color=deluxe&filter_product_brand=36,37 HTTP/1.1" 404 1644 "-" "Mozilla/5.0 (compatible; MJ12bot/v1.4.8; http://mj12bot.com/)"
54.37.252.36 - - [05/Dec/2025:23:20:10 +0300] "GET /shop/?stock_status=onsale&filter_color=deluxe&filter_size=standart&filter_product_brand=36,37,39 HTTP/1.1" 404 1646 "-" "Mozilla/5.0 (compatible; MJ12bot/v1.4.8; http://mj12bot.com/)"
147.135.215.173 - - [05/Dec/2025:23:20:10 +0300] "GET /shop/?stock_status=onsale&filter_size=physical&filter_color=deluxe&filter_product_brand=36,38 HTTP/1.1" 404 1644 "-" "Mozilla/5.0 (compatible; MJ12bot/v1.4.8; http://mj12bot.com/)"
54.37.252.36 - - [05/Dec/2025:23:20:12 +0300] "GET /shop/?stock_status=onsale&filter_color=deluxe&filter_size=standart&filter_product_brand=36,38 HTTP/1.1" 404 1645 "-" "Mozilla/5.0 (compatible; MJ12bot/v1.4.8; http://mj12bot.com/)"
147.135.215.173 - - [05/Dec/2025:23:20:12 +0300] "GET /shop/?stock_status=onsale&filter_size=physical&filter_color=deluxe&filter_product_brand=36,39 HTTP/1.1" 404 1644 "-" "Mozilla/5.0 (compatible; MJ12bot/v1.4.8; http://mj12bot.com/)"
54.37.252.36 - - [05/Dec/2025:23:20:14 +0300] "GET /shop/?stock_status=onsale&filter_color=deluxe&filter_size=standart&filter_product_brand=36,38,39 HTTP/1.1" 404 1646 "-" "Mozilla/5.0 (compatible; MJ12bot/v1.4.8; http://mj12bot.com/)"
147.135.215.173 - - [05/Dec/2025:23:20:14 +0300] "GET /shop/?stock_status=onsale&filter_size=physical&filter_color=deluxe&filter_product_brand=37,38 HTTP/1.1" 404 1644 "-" "Mozilla/5.0 (compatible; MJ12bot/v1.4.8; http://mj12bot.com/)"
54.37.252.36 - - [05/Dec/2025:23:20:15 +0300] "GET /shop/?stock_status=onsale&filter_color=deluxe&filter_size=standart&filter_product_brand=36,39 HTTP/1.1" 404 1645 "-" "Mozilla/5.0 (compatible; MJ12bot/v1.4.8; http://mj12bot.com/)"
147.135.215.173 - - [05/Dec/2025:23:20:15 +0300] "GET /shop/?stock_status=onsale&filter_size=physical&filter_color=deluxe&filter_product_brand=37,39 HTTP/1.1" 404 1644 "-" "Mozilla/5.0 (compatible; MJ12bot/v1.4.8; http://mj12bot.com/)"
54.37.252.36 - - [05/Dec/2025:23:20:17 +0300] "GET /shop/?stock_status=onsale&filter_color=deluxe&filter_size=standart&filter_product_brand=37,38 HTTP/1.1" 404 1645 "-" "Mozilla/5.0 (compatible; MJ12bot/v1.4.8; http://mj12bot.com/)"
147.135.215.173 - - [05/Dec/2025:23:20:17 +0300] "GET /shop/?stock_status=onsale&filter_size=physical&filter_color=deluxe&filter_product_brand=38,39 HTTP/1.1" 404 1644 "-" "Mozilla/5.0 (compatible; MJ12bot/v1.4.8; http://mj12bot.com/)"
54.37.252.36 - - [05/Dec/2025:23:20:19 +0300] "GET /shop/?stock_status=onsale&filter_color=deluxe&filter_size=standart&filter_product_brand=37,38,39 HTTP/1.1" 404 1646 "-" "Mozilla/5.0 (compatible; MJ12bot/v1.4.8; http://mj12bot.com/)"
147.135.215.173 - - [05/Dec/2025:23:20:19 +0300] "GET /shop/?stock_status=onsale&filter_size=physical&filter_color=deluxe,standart&filter_product_brand=36 HTTP/1.1" 404 1646 "-" "Mozilla/5.0 (compatible; MJ12bot/v1.4.8; http://mj12bot.com/)"
54.37.252.36 - - [05/Dec/2025:23:20:20 +0300] "GET /shop/?stock_status=onsale&filter_color=deluxe&filter_size=standart&filter_product_brand=37,39 HTTP/1.1" 404 1645 "-" "Mozilla/5.0 (compatible; MJ12bot/v1.4.8; http://mj12bot.com/)"
147.135.215.173 - - [05/Dec/2025:23:20:20 +0300] "GET /shop/?stock_status=onsale&filter_size=physical&filter_color=deluxe,standart&filter_product_brand=37 HTTP/1.1" 404 1646 "-" "Mozilla/5.0 (compatible; MJ12bot/v1.4.8; http://mj12bot.com/)"
54.37.252.36 - - [05/Dec/2025:23:20:22 +0300] "GET /shop/?stock_status=onsale&filter_color=deluxe&filter_size=standart&filter_product_brand=38,39 HTTP/1.1" 404 1645 "-" "Mozilla/5.0 (compatible; MJ12bot/v1.4.8; http://mj12bot.com/)"
147.135.215.173 - - [05/Dec/2025:23:20:22 +0300] "GET /shop/?stock_status=onsale&filter_size=physical&filter_color=deluxe,standart&filter_product_brand=38 HTTP/1.1" 404 1646 "-" "Mozilla/5.0 (compatible; MJ12bot/v1.4.8; http://mj12bot.com/)"
54.37.252.36 - - [05/Dec/2025:23:20:23 +0300] "GET /shop/?stock_status=onsale&filter_color=deluxe,standart&filter_product_brand=36,37&filter_size=physical HTTP/1.1" 404 1650 "-" "Mozilla/5.0 (compatible; MJ12bot/v1.4.8; http://mj12bot.com/)"
147.135.215.173 - - [05/Dec/2025:23:20:24 +0300] "GET /shop/?stock_status=onsale&filter_size=physical&filter_color=deluxe,standart&filter_product_brand=39 HTTP/1.1" 404 1646 "-" "Mozilla/5.0 (compatible; MJ12bot/v1.4.8; http://mj12bot.com/)"
54.37.252.36 - - [05/Dec/2025:23:20:25 +0300] "GET /shop/?stock_status=onsale&filter_color=deluxe,standart&filter_product_brand=36,37&filter_size=standart HTTP/1.1" 404 1649 "-" "Mozilla/5.0 (compatible; MJ12bot/v1.4.8; http://mj12bot.com/)"
147.135.215.173 - - [05/Dec/2025:23:20:26 +0300] "GET /shop/?stock_status=onsale&filter_size=physical&filter_color=standart&filter_product_brand=36,37 HTTP/1.1" 404 1644 "-" "Mozilla/5.0 (compatible; MJ12bot/v1.4.8; http://mj12bot.com/)"
54.37.252.36 - - [05/Dec/2025:23:20:27 +0300] "GET /shop/?stock_status=onsale&filter_color=deluxe,standart&filter_product_brand=36,37,38 HTTP/1.1" 404 1643 "-" "Mozilla/5.0 (compatible; MJ12bot/v1.4.8; http://mj12bot.com/)"
147.135.215.173 - - [05/Dec/2025:23:20:27 +0300] "GET /shop/?stock_status=onsale&filter_size=physical&filter_color=standart&filter_product_brand=36,38 HTTP/1.1" 404 1644 "-" "Mozilla/5.0 (compatible; MJ12bot/v1.4.8; http://mj12bot.com/)"
54.37.252.36 - - [05/Dec/2025:23:20:28 +0300] "GET /shop/?stock_status=onsale&filter_color=deluxe,standart&filter_product_brand=36,37,39 HTTP/1.1" 404 1643 "-" "Mozilla/5.0 (compatible; MJ12bot/v1.4.8; http://mj12bot.com/)"
147.135.215.173 - - [05/Dec/2025:23:20:29 +0300] "GET /shop/?stock_status=onsale&filter_size=physical&filter_color=standart&filter_product_brand=36,39 HTTP/1.1" 404 1644 "-" "Mozilla/5.0 (compatible; MJ12bot/v1.4.8; http://mj12bot.com/)"
147.135.215.173 - - [05/Dec/2025:23:20:31 +0300] "GET /shop/?stock_status=onsale&filter_size=physical&filter_color=standart&filter_product_brand=37,38 HTTP/1.1" 404 1644 "-" "Mozilla/5.0 (compatible; MJ12bot/v1.4.8; http://mj12bot.com/)"
147.135.215.173 - - [05/Dec/2025:23:20:32 +0300] "GET /shop/?stock_status=onsale&filter_size=physical&filter_color=standart&filter_product_brand=37,39 HTTP/1.1" 404 1644 "-" "Mozilla/5.0 (compatible; MJ12bot/v1.4.8; http://mj12bot.com/)"
147.135.215.173 - - [05/Dec/2025:23:20:34 +0300] "GET /shop/?stock_status=onsale&filter_size=physical&filter_color=standart&filter_product_brand=38,39 HTTP/1.1" 404 1644 "-" "Mozilla/5.0 (compatible; MJ12bot/v1.4.8; http://mj12bot.com/)"
147.135.215.173 - - [05/Dec/2025:23:20:36 +0300] "GET /shop/?stock_status=onsale&filter_size=physical&filter_product_brand=36&filter_color=deluxe,standart HTTP/1.1" 404 1648 "-" "Mozilla/5.0 (compatible; MJ12bot/v1.4.8; http://mj12bot.com/)"
147.135.215.173 - - [05/Dec/2025:23:20:37 +0300] "GET /shop/?stock_status=onsale&filter_size=physical&filter_product_brand=36,37&filter_color=deluxe HTTP/1.1" 404 1645 "-" "Mozilla/5.0 (compatible; MJ12bot/v1.4.8; http://mj12bot.com/)"
147.135.215.173 - - [05/Dec/2025:23:20:39 +0300] "GET /shop/?stock_status=onsale&filter_size=physical&filter_product_brand=36,37&filter_color=deluxe,standart HTTP/1.1" 404 1653 "-" "Mozilla/5.0 (compatible; MJ12bot/v1.4.8; http://mj12bot.com/)"
147.135.215.173 - - [05/Dec/2025:23:20:41 +0300] "GET /shop/?stock_status=onsale&filter_size=physical&filter_product_brand=36,37&filter_color=standart HTTP/1.1" 404 1647 "-" "Mozilla/5.0 (compatible; MJ12bot/v1.4.8; http://mj12bot.com/)"
147.135.215.173 - - [05/Dec/2025:23:20:42 +0300] "GET /shop/?stock_status=onsale&filter_size=physical&filter_product_brand=36,37,38 HTTP/1.1" 404 1638 "-" "Mozilla/5.0 (compatible; MJ12bot/v1.4.8; http://mj12bot.com/)"
147.135.215.173 - - [05/Dec/2025:23:20:44 +0300] "GET /shop/?stock_status=onsale&filter_size=physical&filter_product_brand=36,37,38&filter_color=deluxe HTTP/1.1" 404 1645 "-" "Mozilla/5.0 (compatible; MJ12bot/v1.4.8; http://mj12bot.com/)"
147.135.215.173 - - [05/Dec/2025:23:20:46 +0300] "GET /shop/?stock_status=onsale&filter_size=physical&filter_product_brand=36,37,38&filter_color=standart HTTP/1.1" 404 1647 "-" "Mozilla/5.0 (compatible; MJ12bot/v1.4.8; http://mj12bot.com/)"
147.135.215.173 - - [05/Dec/2025:23:20:47 +0300] "GET /shop/?stock_status=onsale&filter_size=physical&filter_product_brand=36,37,38,39 HTTP/1.1" 404 1639 "-" "Mozilla/5.0 (compatible; MJ12bot/v1.4.8; http://mj12bot.com/)"
147.135.215.173 - - [05/Dec/2025:23:20:49 +0300] "GET /shop/?stock_status=onsale&filter_size=physical&filter_product_brand=36,37,39 HTTP/1.1" 404 1638 "-" "Mozilla/5.0 (compatible; MJ12bot/v1.4.8; http://mj12bot.com/)"
147.135.215.173 - - [05/Dec/2025:23:20:51 +0300] "GET /shop/?stock_status=onsale&filter_size=physical&filter_product_brand=36,38&filter_color=deluxe HTTP/1.1" 404 1645 "-" "Mozilla/5.0 (compatible; MJ12bot/v1.4.8; http://mj12bot.com/)"
147.135.215.173 - - [05/Dec/2025:23:20:52 +0300] "GET /shop/?stock_status=onsale&filter_size=physical&filter_product_brand=36,38&filter_color=deluxe,standart HTTP/1.1" 404 1653 "-" "Mozilla/5.0 (compatible; MJ12bot/v1.4.8; http://mj12bot.com/)"
147.135.215.173 - - [05/Dec/2025:23:20:54 +0300] "GET /shop/?stock_status=onsale&filter_size=physical&filter_product_brand=36,38&filter_color=standart HTTP/1.1" 404 1647 "-" "Mozilla/5.0 (compatible; MJ12bot/v1.4.8; http://mj12bot.com/)"
147.135.215.173 - - [05/Dec/2025:23:20:56 +0300] "GET /shop/?stock_status=onsale&filter_size=physical&filter_product_brand=36,38,39 HTTP/1.1" 404 1638 "-" "Mozilla/5.0 (compatible; MJ12bot/v1.4.8; http://mj12bot.com/)"
147.135.215.173 - - [05/Dec/2025:23:20:58 +0300] "GET /shop/?stock_status=onsale&filter_size=physical&filter_product_brand=36,39&filter_color=deluxe HTTP/1.1" 404 1645 "-" "Mozilla/5.0 (compatible; MJ12bot/v1.4.8; http://mj12bot.com/)"
147.135.215.173 - - [05/Dec/2025:23:21:00 +0300] "GET /shop/?stock_status=onsale&filter_size=physical&filter_product_brand=36,39&filter_color=deluxe,standart HTTP/1.1" 404 1653 "-" "Mozilla/5.0 (compatible; MJ12bot/v1.4.8; http://mj12bot.com/)"
147.135.215.173 - - [05/Dec/2025:23:21:02 +0300] "GET /shop/?stock_status=onsale&filter_size=physical&filter_product_brand=36,39&filter_color=standart HTTP/1.1" 404 1647 "-" "Mozilla/5.0 (compatible; MJ12bot/v1.4.8; http://mj12bot.com/)"
147.135.215.173 - - [05/Dec/2025:23:21:03 +0300] "GET /shop/?stock_status=onsale&filter_size=physical&filter_product_brand=37&filter_color=deluxe,standart HTTP/1.1" 404 1648 "-" "Mozilla/5.0 (compatible; MJ12bot/v1.4.8; http://mj12bot.com/)"
147.135.215.173 - - [05/Dec/2025:23:21:05 +0300] "GET /shop/?stock_status=onsale&filter_size=physical&filter_product_brand=37,38&filter_color=deluxe HTTP/1.1" 404 1645 "-" "Mozilla/5.0 (compatible; MJ12bot/v1.4.8; http://mj12bot.com/)"
147.135.215.173 - - [05/Dec/2025:23:21:06 +0300] "GET /shop/?stock_status=onsale&filter_size=physical&filter_product_brand=37,38&filter_color=deluxe,standart HTTP/1.1" 404 1653 "-" "Mozilla/5.0 (compatible; MJ12bot/v1.4.8; http://mj12bot.com/)"
147.135.215.173 - - [05/Dec/2025:23:21:08 +0300] "GET /shop/?stock_status=onsale&filter_size=physical&filter_product_brand=37,38&filter_color=standart HTTP/1.1" 404 1647 "-" "Mozilla/5.0 (compatible; MJ12bot/v1.4.8; http://mj12bot.com/)"
147.135.215.173 - - [05/Dec/2025:23:21:10 +0300] "GET /shop/?stock_status=onsale&filter_size=physical&filter_product_brand=37,38,39 HTTP/1.1" 404 1638 "-" "Mozilla/5.0 (compatible; MJ12bot/v1.4.8; http://mj12bot.com/)"
147.135.215.173 - - [05/Dec/2025:23:21:12 +0300] "GET /shop/?stock_status=onsale&filter_size=physical&filter_product_brand=37,39&filter_color=deluxe HTTP/1.1" 404 1645 "-" "Mozilla/5.0 (compatible; MJ12bot/v1.4.8; http://mj12bot.com/)"
147.135.215.173 - - [05/Dec/2025:23:21:13 +0300] "GET /shop/?stock_status=onsale&filter_size=physical&filter_product_brand=37,39&filter_color=deluxe,standart HTTP/1.1" 404 1653 "-" "Mozilla/5.0 (compatible; MJ12bot/v1.4.8; http://mj12bot.com/)"
147.135.215.173 - - [05/Dec/2025:23:21:15 +0300] "GET /shop/?stock_status=onsale&filter_size=physical&filter_product_brand=37,39&filter_color=standart HTTP/1.1" 404 1647 "-" "Mozilla/5.0 (compatible; MJ12bot/v1.4.8; http://mj12bot.com/)"
147.135.215.173 - - [05/Dec/2025:23:21:17 +0300] "GET /shop/?stock_status=onsale&filter_size=physical&filter_product_brand=38&filter_color=deluxe,standart HTTP/1.1" 404 1648 "-" "Mozilla/5.0 (compatible; MJ12bot/v1.4.8; http://mj12bot.com/)"
147.135.215.173 - - [05/Dec/2025:23:21:18 +0300] "GET /shop/?stock_status=onsale&filter_size=physical&filter_product_brand=38,39&filter_color=deluxe HTTP/1.1" 404 1645 "-" "Mozilla/5.0 (compatible; MJ12bot/v1.4.8; http://mj12bot.com/)"
147.135.215.173 - - [05/Dec/2025:23:21:20 +0300] "GET /shop/?stock_status=onsale&filter_size=physical&filter_product_brand=38,39&filter_color=deluxe,standart HTTP/1.1" 404 1653 "-" "Mozilla/5.0 (compatible; MJ12bot/v1.4.8; http://mj12bot.com/)"
147.135.215.173 - - [05/Dec/2025:23:21:22 +0300] "GET /shop/?stock_status=onsale&filter_size=physical&filter_product_brand=38,39&filter_color=standart HTTP/1.1" 404 1647 "-" "Mozilla/5.0 (compatible; MJ12bot/v1.4.8; http://mj12bot.com/)"
147.135.215.173 - - [05/Dec/2025:23:21:23 +0300] "GET /shop/?stock_status=onsale&filter_size=physical&filter_product_brand=39&filter_color=deluxe,standart HTTP/1.1" 404 1648 "-" "Mozilla/5.0 (compatible; MJ12bot/v1.4.8; http://mj12bot.com/)"
147.135.215.173 - - [05/Dec/2025:23:21:25 +0300] "GET /shop/?stock_status=onsale&filter_size=standart&filter_color=deluxe&filter_product_brand=36,37 HTTP/1.1" 404 1645 "-" "Mozilla/5.0 (compatible; MJ12bot/v1.4.8; http://mj12bot.com/)"
147.135.215.173 - - [05/Dec/2025:23:21:27 +0300] "GET /shop/?stock_status=onsale&filter_size=standart&filter_color=deluxe&filter_product_brand=36,38 HTTP/1.1" 404 1645 "-" "Mozilla/5.0 (compatible; MJ12bot/v1.4.8; http://mj12bot.com/)"
147.135.215.173 - - [05/Dec/2025:23:21:28 +0300] "GET /shop/?stock_status=onsale&filter_size=standart&filter_color=deluxe&filter_product_brand=36,39 HTTP/1.1" 404 1645 "-" "Mozilla/5.0 (compatible; MJ12bot/v1.4.8; http://mj12bot.com/)"
147.135.215.173 - - [05/Dec/2025:23:21:30 +0300] "GET /shop/?stock_status=onsale&filter_size=standart&filter_color=deluxe&filter_product_brand=37,38 HTTP/1.1" 404 1645 "-" "Mozilla/5.0 (compatible; MJ12bot/v1.4.8; http://mj12bot.com/)"
147.135.215.173 - - [05/Dec/2025:23:21:32 +0300] "GET /shop/?stock_status=onsale&filter_size=standart&filter_color=deluxe&filter_product_brand=37,39 HTTP/1.1" 404 1645 "-" "Mozilla/5.0 (compatible; MJ12bot/v1.4.8; http://mj12bot.com/)"
147.135.215.173 - - [05/Dec/2025:23:21:33 +0300] "GET /shop/?stock_status=onsale&filter_size=standart&filter_color=deluxe&filter_product_brand=38,39 HTTP/1.1" 404 1645 "-" "Mozilla/5.0 (compatible; MJ12bot/v1.4.8; http://mj12bot.com/)"
147.135.215.173 - - [05/Dec/2025:23:21:35 +0300] "GET /shop/?stock_status=onsale&filter_size=standart&filter_color=deluxe,standart&filter_product_brand=36 HTTP/1.1" 404 1643 "-" "Mozilla/5.0 (compatible; MJ12bot/v1.4.8; http://mj12bot.com/)"
147.135.215.173 - - [05/Dec/2025:23:21:36 +0300] "GET /shop/?stock_status=onsale&filter_size=standart&filter_color=deluxe,standart&filter_product_brand=37 HTTP/1.1" 404 1643 "-" "Mozilla/5.0 (compatible; MJ12bot/v1.4.8; http://mj12bot.com/)"
147.135.215.173 - - [05/Dec/2025:23:21:38 +0300] "GET /shop/?stock_status=onsale&filter_size=standart&filter_color=deluxe,standart&filter_product_brand=38 HTTP/1.1" 404 1643 "-" "Mozilla/5.0 (compatible; MJ12bot/v1.4.8; http://mj12bot.com/)"
147.135.215.173 - - [05/Dec/2025:23:21:40 +0300] "GET /shop/?stock_status=onsale&filter_size=standart&filter_color=deluxe,standart&filter_product_brand=39 HTTP/1.1" 404 1643 "-" "Mozilla/5.0 (compatible; MJ12bot/v1.4.8; http://mj12bot.com/)"
147.135.215.173 - - [05/Dec/2025:23:21:41 +0300] "GET /shop/?stock_status=onsale&filter_size=standart&filter_color=deluxe,standart&per_page=12 HTTP/1.1" 404 1642 "-" "Mozilla/5.0 (compatible; MJ12bot/v1.4.8; http://mj12bot.com/)"
147.135.215.173 - - [05/Dec/2025:23:21:43 +0300] "GET /shop/?stock_status=onsale&filter_size=standart&filter_color=deluxe,standart&per_page=18 HTTP/1.1" 404 1642 "-" "Mozilla/5.0 (compatible; MJ12bot/v1.4.8; http://mj12bot.com/)"
147.135.215.173 - - [05/Dec/2025:23:21:45 +0300] "GET /shop/?stock_status=onsale&filter_size=standart&filter_color=deluxe,standart&per_page=24 HTTP/1.1" 404 1642 "-" "Mozilla/5.0 (compatible; MJ12bot/v1.4.8; http://mj12bot.com/)"
147.135.215.173 - - [05/Dec/2025:23:21:46 +0300] "GET /shop/?stock_status=onsale&filter_size=standart&filter_color=deluxe,standart&per_page=9 HTTP/1.1" 404 1645 "-" "Mozilla/5.0 (compatible; MJ12bot/v1.4.8; http://mj12bot.com/)"
208.110.64.178 - - [05/Dec/2025:23:23:16 +0300] "GET /wp-content/wpe333bb/index.php HTTP/1.1" 404 1606 "https://tnstickers.com/wp-content/wpe333bb/index.php" "Mozilla/5.0 (Windows NT 10.0; Win64; x64) AppleWebKit/537.36 (KHTML, like Gecko) Chrome/58.0.3029.110 Safari/537.3"
2a06:98c0:3600::103 - - [05/Dec/2025:23:27:37 +0300] "GET /wordpress/wp-admin/setup-config.php HTTP/1.1" 404 1609 "-" "Mozilla/5.0 (Windows NT 10.0; Win64; x64) AppleWebKit/537.36 (KHTML, like Gecko) Chrome/142.0.0.0 Safari/537.36"
43.156.109.53 - - [05/Dec/2025:23:28:21 +0300] "GET /product-category/gaming/ HTTP/1.1" 404 8358 "-" "Mozilla/5.0 (iPhone; CPU iPhone OS 13_2_3 like Mac OS X) AppleWebKit/605.1.15 (KHTML, like Gecko) Version/13.0.3 Mobile/15E148 Safari/604.1"
66.249.66.3 - - [05/Dec/2025:23:29:58 +0300] "GET /?_g=442110 HTTP/1.1" 200 542 "-" "Mozilla/5.0 (Linux; Android 6.0.1; Nexus 5X Build/MMB29P) AppleWebKit/537.36 (KHTML, like Gecko) Chrome/141.0.7390.122 Mobile Safari/537.36 (compatible; GoogleOther)"
208.110.64.178 - - [05/Dec/2025:23:32:41 +0300] "GET /wp-content/wpe333bb/index.php HTTP/1.1" 404 1606 "https://tnstickers.com/wp-content/wpe333bb/index.php" "Mozilla/5.0 (Windows NT 10.0; Win64; x64) AppleWebKit/537.36 (KHTML, like Gecko) Chrome/58.0.3029.110 Safari/537.3"
66.249.66.68 - - [05/Dec/2025:23:33:47 +0300] "GET /?_g=3842624 HTTP/1.1" 200 542 "-" "Mozilla/5.0 (Linux; Android 6.0.1; Nexus 5X Build/MMB29P) AppleWebKit/537.36 (KHTML, like Gecko) Chrome/141.0.7390.122 Mobile Safari/537.36 (compatible; GoogleOther)"
66.249.66.169 - - [05/Dec/2025:23:34:07 +0300] "GET /?_g=4036902 HTTP/1.1" 200 542 "-" "Mozilla/5.0 (Linux; Android 6.0.1; Nexus 5X Build/MMB29P) AppleWebKit/537.36 (KHTML, like Gecko) Chrome/141.0.7390.122 Mobile Safari/537.36 (compatible; GoogleOther)"
208.110.64.178 - - [05/Dec/2025:23:42:04 +0300] "GET /wp-content/wpe333bb/index.php HTTP/1.1" 404 1606 "https://tnstickers.com/wp-content/wpe333bb/index.php" "Mozilla/5.0 (Windows NT 10.0; Win64; x64) AppleWebKit/537.36 (KHTML, like Gecko) Chrome/58.0.3029.110 Safari/537.3"
66.249.66.3 - - [05/Dec/2025:23:42:34 +0300] "GET /?_g=330397 HTTP/1.1" 200 542 "-" "Mozilla/5.0 (Linux; Android 6.0.1; Nexus 5X Build/MMB29P) AppleWebKit/537.36 (KHTML, like Gecko) Chrome/141.0.7390.122 Mobile Safari/537.36 (compatible; GoogleOther)"
66.249.66.3 - - [05/Dec/2025:23:43:00 +0300] "GET /?_g=2987661 HTTP/1.1" 200 542 "-" "Mozilla/5.0 (Linux; Android 6.0.1; Nexus 5X Build/MMB29P) AppleWebKit/537.36 (KHTML, like Gecko) Chrome/141.0.7390.122 Mobile Safari/537.36 (compatible; GoogleOther)"
66.249.66.193 - - [05/Dec/2025:23:43:06 +0300] "GET /?_g=1111898 HTTP/1.1" 200 542 "-" "Mozilla/5.0 (Linux; Android 6.0.1; Nexus 5X Build/MMB29P) AppleWebKit/537.36 (KHTML, like Gecko) Chrome/141.0.7390.122 Mobile Safari/537.36 (compatible; GoogleOther)"
66.249.66.34 - - [05/Dec/2025:23:43:10 +0300] "GET /?_g=2975194 HTTP/1.1" 200 542 "-" "Mozilla/5.0 (Linux; Android 6.0.1; Nexus 5X Build/MMB29P) AppleWebKit/537.36 (KHTML, like Gecko) Chrome/141.0.7390.122 Mobile Safari/537.36 (compatible; GoogleOther)"
66.249.66.192 - - [05/Dec/2025:23:43:25 +0300] "GET /?_g=1828498 HTTP/1.1" 200 542 "-" "Mozilla/5.0 (Linux; Android 6.0.1; Nexus 5X Build/MMB29P) AppleWebKit/537.36 (KHTML, like Gecko) Chrome/141.0.7390.122 Mobile Safari/537.36 (compatible; GoogleOther)"
66.249.66.34 - - [05/Dec/2025:23:43:31 +0300] "GET /?_g=217884 HTTP/1.1" 200 542 "-" "Mozilla/5.0 (Linux; Android 6.0.1; Nexus 5X Build/MMB29P) AppleWebKit/537.36 (KHTML, like Gecko) Chrome/141.0.7390.122 Mobile Safari/537.36 (compatible; GoogleOther)"
66.249.66.192 - - [05/Dec/2025:23:43:45 +0300] "GET /?_g=2504719 HTTP/1.1" 200 542 "-" "Mozilla/5.0 (Linux; Android 6.0.1; Nexus 5X Build/MMB29P) AppleWebKit/537.36 (KHTML, like Gecko) Chrome/141.0.7390.122 Mobile Safari/537.36 (compatible; GoogleOther)"
66.249.66.34 - - [05/Dec/2025:23:43:49 +0300] "GET /?_g=2832466 HTTP/1.1" 200 542 "-" "Mozilla/5.0 (Linux; Android 6.0.1; Nexus 5X Build/MMB29P) AppleWebKit/537.36 (KHTML, like Gecko) Chrome/141.0.7390.122 Mobile Safari/537.36 (compatible; GoogleOther)"
66.249.66.163 - - [05/Dec/2025:23:44:00 +0300] "GET /?_g=869483 HTTP/1.1" 200 542 "-" "Mozilla/5.0 (Linux; Android 6.0.1; Nexus 5X Build/MMB29P) AppleWebKit/537.36 (KHTML, like Gecko) Chrome/141.0.7390.122 Mobile Safari/537.36 (compatible; GoogleOther)"
66.249.66.4 - - [05/Dec/2025:23:44:07 +0300] "GET /?_g=4133357 HTTP/1.1" 200 542 "-" "Mozilla/5.0 (Linux; Android 6.0.1; Nexus 5X Build/MMB29P) AppleWebKit/537.36 (KHTML, like Gecko) Chrome/141.0.7390.122 Mobile Safari/537.36 (compatible; GoogleOther)"
66.249.66.66 - - [05/Dec/2025:23:44:10 +0300] "GET /?_g=390705 HTTP/1.1" 200 542 "-" "Mozilla/5.0 (Linux; Android 6.0.1; Nexus 5X Build/MMB29P) AppleWebKit/537.36 (KHTML, like Gecko) Chrome/141.0.7390.122 Mobile Safari/537.36 (compatible; GoogleOther)"
66.249.66.3 - - [05/Dec/2025:23:44:13 +0300] "GET /?_g=803655 HTTP/1.1" 200 542 "-" "Mozilla/5.0 (Linux; Android 6.0.1; Nexus 5X Build/MMB29P) AppleWebKit/537.36 (KHTML, like Gecko) Chrome/141.0.7390.122 Mobile Safari/537.36 (compatible; GoogleOther)"
66.249.66.162 - - [05/Dec/2025:23:44:22 +0300] "GET /?_g=2633600 HTTP/1.1" 200 542 "-" "Mozilla/5.0 (Linux; Android 6.0.1; Nexus 5X Build/MMB29P) AppleWebKit/537.36 (KHTML, like Gecko) Chrome/141.0.7390.122 Mobile Safari/537.36 (compatible; GoogleOther)"
66.249.66.162 - - [05/Dec/2025:23:44:25 +0300] "GET /?_g=3423574 HTTP/1.1" 200 542 "-" "Mozilla/5.0 (Linux; Android 6.0.1; Nexus 5X Build/MMB29P) AppleWebKit/537.36 (KHTML, like Gecko) Chrome/141.0.7390.122 Mobile Safari/537.36 (compatible; GoogleOther)"
66.249.66.192 - - [05/Dec/2025:23:44:40 +0300] "GET /?_g=242792 HTTP/1.1" 200 542 "-" "Mozilla/5.0 (Linux; Android 6.0.1; Nexus 5X Build/MMB29P) AppleWebKit/537.36 (KHTML, like Gecko) Chrome/141.0.7390.122 Mobile Safari/537.36 (compatible; GoogleOther)"
66.249.66.66 - - [05/Dec/2025:23:44:42 +0300] "GET /?_g=2365309 HTTP/1.1" 200 542 "-" "Mozilla/5.0 (Linux; Android 6.0.1; Nexus 5X Build/MMB29P) AppleWebKit/537.36 (KHTML, like Gecko) Chrome/141.0.7390.122 Mobile Safari/537.36 (compatible; GoogleOther)"
66.249.66.192 - - [05/Dec/2025:23:44:45 +0300] "GET /?_g=1473197 HTTP/1.1" 200 542 "-" "Mozilla/5.0 (Linux; Android 6.0.1; Nexus 5X Build/MMB29P) AppleWebKit/537.36 (KHTML, like Gecko) Chrome/141.0.7390.122 Mobile Safari/537.36 (compatible; GoogleOther)"
66.249.66.66 - - [05/Dec/2025:23:44:48 +0300] "GET /?_g=3664956 HTTP/1.1" 200 542 "-" "Mozilla/5.0 (Linux; Android 6.0.1; Nexus 5X Build/MMB29P) AppleWebKit/537.36 (KHTML, like Gecko) Chrome/141.0.7390.122 Mobile Safari/537.36 (compatible; GoogleOther)"
66.249.66.3 - - [05/Dec/2025:23:44:51 +0300] "GET /?_g=712935 HTTP/1.1" 200 542 "-" "Mozilla/5.0 (Linux; Android 6.0.1; Nexus 5X Build/MMB29P) AppleWebKit/537.36 (KHTML, like Gecko) Chrome/141.0.7390.122 Mobile Safari/537.36 (compatible; GoogleOther)"
66.249.66.66 - - [05/Dec/2025:23:44:57 +0300] "GET /?_g=3716130 HTTP/1.1" 200 542 "-" "Mozilla/5.0 (Linux; Android 6.0.1; Nexus 5X Build/MMB29P) AppleWebKit/537.36 (KHTML, like Gecko) Chrome/141.0.7390.122 Mobile Safari/537.36 (compatible; GoogleOther)"
66.249.66.192 - - [05/Dec/2025:23:44:59 +0300] "GET /?_g=619813 HTTP/1.1" 200 542 "-" "Mozilla/5.0 (Linux; Android 6.0.1; Nexus 5X Build/MMB29P) AppleWebKit/537.36 (KHTML, like Gecko) Chrome/141.0.7390.122 Mobile Safari/537.36 (compatible; GoogleOther)"
66.249.66.192 - - [05/Dec/2025:23:45:01 +0300] "GET /?_g=3586889 HTTP/1.1" 200 542 "-" "Mozilla/5.0 (Linux; Android 6.0.1; Nexus 5X Build/MMB29P) AppleWebKit/537.36 (KHTML, like Gecko) Chrome/141.0.7390.122 Mobile Safari/537.36 (compatible; GoogleOther)"
66.249.66.3 - - [05/Dec/2025:23:45:15 +0300] "GET /?_g=3922502 HTTP/1.1" 200 542 "-" "Mozilla/5.0 (Linux; Android 6.0.1; Nexus 5X Build/MMB29P) AppleWebKit/537.36 (KHTML, like Gecko) Chrome/141.0.7390.122 Mobile Safari/537.36 (compatible; GoogleOther)"
66.249.66.3 - - [05/Dec/2025:23:45:26 +0300] "GET /?_g=1131651 HTTP/1.1" 200 542 "-" "Mozilla/5.0 (Linux; Android 6.0.1; Nexus 5X Build/MMB29P) AppleWebKit/537.36 (KHTML, like Gecko) Chrome/141.0.7390.122 Mobile Safari/537.36 (compatible; GoogleOther)"
66.249.66.3 - - [05/Dec/2025:23:45:38 +0300] "GET /?_g=2173410 HTTP/1.1" 200 542 "-" "Mozilla/5.0 (Linux; Android 6.0.1; Nexus 5X Build/MMB29P) AppleWebKit/537.36 (KHTML, like Gecko) Chrome/141.0.7390.122 Mobile Safari/537.36 (compatible; GoogleOther)"
66.249.66.192 - - [05/Dec/2025:23:45:42 +0300] "GET /?_g=2687079 HTTP/1.1" 200 542 "-" "Mozilla/5.0 (Linux; Android 6.0.1; Nexus 5X Build/MMB29P) AppleWebKit/537.36 (KHTML, like Gecko) Chrome/141.0.7390.122 Mobile Safari/537.36 (compatible; GoogleOther)"
66.249.66.34 - - [05/Dec/2025:23:45:48 +0300] "GET /?_g=1118393 HTTP/1.1" 200 542 "-" "Mozilla/5.0 (Linux; Android 6.0.1; Nexus 5X Build/MMB29P) AppleWebKit/537.36 (KHTML, like Gecko) Chrome/141.0.7390.122 Mobile Safari/537.36 (compatible; GoogleOther)"
66.249.66.162 - - [05/Dec/2025:23:45:54 +0300] "GET /?_g=376589 HTTP/1.1" 200 542 "-" "Mozilla/5.0 (Linux; Android 6.0.1; Nexus 5X Build/MMB29P) AppleWebKit/537.36 (KHTML, like Gecko) Chrome/141.0.7390.122 Mobile Safari/537.36 (compatible; GoogleOther)"
66.249.66.192 - - [05/Dec/2025:23:45:58 +0300] "GET /?_g=4207362 HTTP/1.1" 200 542 "-" "Mozilla/5.0 (Linux; Android 6.0.1; Nexus 5X Build/MMB29P) AppleWebKit/537.36 (KHTML, like Gecko) Chrome/141.0.7390.122 Mobile Safari/537.36 (compatible; GoogleOther)"
66.249.66.162 - - [05/Dec/2025:23:46:00 +0300] "GET /?_g=2827636 HTTP/1.1" 200 542 "-" "Mozilla/5.0 (Linux; Android 6.0.1; Nexus 5X Build/MMB29P) AppleWebKit/537.36 (KHTML, like Gecko) Chrome/141.0.7390.122 Mobile Safari/537.36 (compatible; GoogleOther)"
66.249.66.3 - - [05/Dec/2025:23:46:05 +0300] "GET /?_g=482120 HTTP/1.1" 200 542 "-" "Mozilla/5.0 (Linux; Android 6.0.1; Nexus 5X Build/MMB29P) AppleWebKit/537.36 (KHTML, like Gecko) Chrome/141.0.7390.122 Mobile Safari/537.36 (compatible; GoogleOther)"
66.249.66.4 - - [05/Dec/2025:23:46:08 +0300] "GET /?_g=1938837 HTTP/1.1" 200 542 "-" "Mozilla/5.0 (Linux; Android 6.0.1; Nexus 5X Build/MMB29P) AppleWebKit/537.36 (KHTML, like Gecko) Chrome/141.0.7390.122 Mobile Safari/537.36 (compatible; GoogleOther)"
66.249.66.3 - - [05/Dec/2025:23:46:16 +0300] "GET /?_g=2958463 HTTP/1.1" 200 542 "-" "Mozilla/5.0 (Linux; Android 6.0.1; Nexus 5X Build/MMB29P) AppleWebKit/537.36 (KHTML, like Gecko) Chrome/141.0.7390.122 Mobile Safari/537.36 (compatible; GoogleOther)"
66.249.66.66 - - [05/Dec/2025:23:46:19 +0300] "GET /?_g=1958994 HTTP/1.1" 200 542 "-" "Mozilla/5.0 (Linux; Android 6.0.1; Nexus 5X Build/MMB29P) AppleWebKit/537.36 (KHTML, like Gecko) Chrome/141.0.7390.122 Mobile Safari/537.36 (compatible; GoogleOther)"
66.249.66.66 - - [05/Dec/2025:23:46:28 +0300] "GET /?_g=2454537 HTTP/1.1" 200 542 "-" "Mozilla/5.0 (Linux; Android 6.0.1; Nexus 5X Build/MMB29P) AppleWebKit/537.36 (KHTML, like Gecko) Chrome/141.0.7390.122 Mobile Safari/537.36 (compatible; GoogleOther)"
66.249.66.3 - - [05/Dec/2025:23:46:31 +0300] "GET /?_g=1571336 HTTP/1.1" 200 542 "-" "Mozilla/5.0 (Linux; Android 6.0.1; Nexus 5X Build/MMB29P) AppleWebKit/537.36 (KHTML, like Gecko) Chrome/141.0.7390.122 Mobile Safari/537.36 (compatible; GoogleOther)"
66.249.66.162 - - [05/Dec/2025:23:46:37 +0300] "GET /?_g=794197 HTTP/1.1" 200 542 "-" "Mozilla/5.0 (Linux; Android 6.0.1; Nexus 5X Build/MMB29P) AppleWebKit/537.36 (KHTML, like Gecko) Chrome/141.0.7390.122 Mobile Safari/537.36 (compatible; GoogleOther)"
66.249.66.34 - - [05/Dec/2025:23:46:42 +0300] "GET /?_g=2247877 HTTP/1.1" 200 542 "-" "Mozilla/5.0 (Linux; Android 6.0.1; Nexus 5X Build/MMB29P) AppleWebKit/537.36 (KHTML, like Gecko) Chrome/141.0.7390.122 Mobile Safari/537.36 (compatible; GoogleOther)"
66.249.66.68 - - [05/Dec/2025:23:47:08 +0300] "GET /?_g=3341071 HTTP/1.1" 200 542 "-" "Mozilla/5.0 (Linux; Android 6.0.1; Nexus 5X Build/MMB29P) AppleWebKit/537.36 (KHTML, like Gecko) Chrome/141.0.7390.122 Mobile Safari/537.36 (compatible; GoogleOther)"
66.249.66.66 - - [05/Dec/2025:23:47:15 +0300] "GET /?_g=1052842 HTTP/1.1" 200 542 "-" "Mozilla/5.0 (Linux; Android 6.0.1; Nexus 5X Build/MMB29P) AppleWebKit/537.36 (KHTML, like Gecko) Chrome/141.0.7390.122 Mobile Safari/537.36 (compatible; GoogleOther)"
66.249.66.67 - - [05/Dec/2025:23:47:19 +0300] "GET /?_g=3761598 HTTP/1.1" 200 542 "-" "Mozilla/5.0 (Linux; Android 6.0.1; Nexus 5X Build/MMB29P) AppleWebKit/537.36 (KHTML, like Gecko) Chrome/141.0.7390.122 Mobile Safari/537.36 (compatible; GoogleOther)"
66.249.66.3 - - [05/Dec/2025:23:47:27 +0300] "GET /?_g=1929623 HTTP/1.1" 200 542 "-" "Mozilla/5.0 (Linux; Android 6.0.1; Nexus 5X Build/MMB29P) AppleWebKit/537.36 (KHTML, like Gecko) Chrome/141.0.7390.122 Mobile Safari/537.36 (compatible; GoogleOther)"
66.249.66.34 - - [05/Dec/2025:23:47:31 +0300] "GET /?_g=2266091 HTTP/1.1" 200 542 "-" "Mozilla/5.0 (Linux; Android 6.0.1; Nexus 5X Build/MMB29P) AppleWebKit/537.36 (KHTML, like Gecko) Chrome/141.0.7390.122 Mobile Safari/537.36 (compatible; GoogleOther)"
66.249.66.66 - - [05/Dec/2025:23:47:49 +0300] "GET /?_g=1893451 HTTP/1.1" 200 542 "-" "Mozilla/5.0 (Linux; Android 6.0.1; Nexus 5X Build/MMB29P) AppleWebKit/537.36 (KHTML, like Gecko) Chrome/141.0.7390.122 Mobile Safari/537.36 (compatible; GoogleOther)"
66.249.66.162 - - [05/Dec/2025:23:47:53 +0300] "GET /?_g=3360127 HTTP/1.1" 200 542 "-" "Mozilla/5.0 (Linux; Android 6.0.1; Nexus 5X Build/MMB29P) AppleWebKit/537.36 (KHTML, like Gecko) Chrome/141.0.7390.122 Mobile Safari/537.36 (compatible; GoogleOther)"
66.249.66.162 - - [05/Dec/2025:23:48:10 +0300] "GET /?_g=3142485 HTTP/1.1" 200 542 "-" "Mozilla/5.0 (Linux; Android 6.0.1; Nexus 5X Build/MMB29P) AppleWebKit/537.36 (KHTML, like Gecko) Chrome/141.0.7390.122 Mobile Safari/537.36 (compatible; GoogleOther)"
66.249.66.66 - - [05/Dec/2025:23:48:14 +0300] "GET /?_g=510943 HTTP/1.1" 200 542 "-" "Mozilla/5.0 (Linux; Android 6.0.1; Nexus 5X Build/MMB29P) AppleWebKit/537.36 (KHTML, like Gecko) Chrome/141.0.7390.122 Mobile Safari/537.36 (compatible; GoogleOther)"
66.249.66.162 - - [05/Dec/2025:23:48:24 +0300] "GET /?_g=2098987 HTTP/1.1" 200 542 "-" "Mozilla/5.0 (Linux; Android 6.0.1; Nexus 5X Build/MMB29P) AppleWebKit/537.36 (KHTML, like Gecko) Chrome/141.0.7390.122 Mobile Safari/537.36 (compatible; GoogleOther)"
66.249.66.3 - - [05/Dec/2025:23:48:37 +0300] "GET /?_g=2679712 HTTP/1.1" 200 542 "-" "Mozilla/5.0 (Linux; Android 6.0.1; Nexus 5X Build/MMB29P) AppleWebKit/537.36 (KHTML, like Gecko) Chrome/141.0.7390.122 Mobile Safari/537.36 (compatible; GoogleOther)"
66.249.66.164 - - [05/Dec/2025:23:50:49 +0300] "GET /?_g=137192 HTTP/1.1" 200 542 "-" "Mozilla/5.0 (Linux; Android 6.0.1; Nexus 5X Build/MMB29P) AppleWebKit/537.36 (KHTML, like Gecko) Chrome/141.0.7390.122 Mobile Safari/537.36 (compatible; GoogleOther)"
208.110.64.178 - - [05/Dec/2025:23:51:45 +0300] "GET /wp-content/wpe333bb/index.php HTTP/1.1" 404 1606 "https://tnstickers.com/wp-content/wpe333bb/index.php" "Mozilla/5.0 (Windows NT 10.0; Win64; x64) AppleWebKit/537.36 (KHTML, like Gecko) Chrome/58.0.3029.110 Safari/537.3"
66.249.66.36 - - [05/Dec/2025:23:52:18 +0300] "GET /robots.txt HTTP/1.1" 200 105 "-" "Mozilla/5.0 (compatible; Googlebot/2.1; +http://www.google.com/bot.html)"
66.249.66.3 - - [05/Dec/2025:23:52:58 +0300] "GET /?_g=1569587 HTTP/1.1" 200 542 "-" "Mozilla/5.0 (Linux; Android 6.0.1; Nexus 5X Build/MMB29P) AppleWebKit/537.36 (KHTML, like Gecko) Chrome/141.0.7390.122 Mobile Safari/537.36 (compatible; GoogleOther)"
66.249.66.194 - - [05/Dec/2025:23:54:00 +0300] "GET /robots.txt HTTP/1.1" 200 105 "-" "Mozilla/5.0 (compatible; Googlebot/2.1; +http://www.google.com/bot.html)"
66.249.66.162 - - [05/Dec/2025:23:55:19 +0300] "GET /?_g=3704517 HTTP/1.1" 200 542 "-" "Mozilla/5.0 (Linux; Android 6.0.1; Nexus 5X Build/MMB29P) AppleWebKit/537.36 (KHTML, like Gecko) Chrome/141.0.7390.122 Mobile Safari/537.36 (compatible; GoogleOther)"
66.249.66.163 - - [05/Dec/2025:23:55:24 +0300] "GET /robots.txt HTTP/1.1" 200 105 "-" "Mozilla/5.0 (compatible; Googlebot/2.1; +http://www.google.com/bot.html)"
66.249.66.193 - - [05/Dec/2025:23:58:18 +0300] "GET /robots.txt HTTP/1.1" 200 105 "-" "Mozilla/5.0 (compatible; Googlebot/2.1; +http://www.google.com/bot.html)"
66.249.66.163 - - [05/Dec/2025:23:59:33 +0300] "GET /?_g=1126310 HTTP/1.1" 200 542 "-" "Mozilla/5.0 (Linux; Android 6.0.1; Nexus 5X Build/MMB29P) AppleWebKit/537.36 (KHTML, like Gecko) Chrome/141.0.7390.122 Mobile Safari/537.36 (compatible; GoogleOther)"
66.249.66.5 - - [06/Dec/2025:00:01:07 +0300] "GET /robots.txt HTTP/1.1" 200 105 "-" "Mozilla/5.0 (compatible; Googlebot/2.1; +http://www.google.com/bot.html)"
66.249.66.36 - - [06/Dec/2025:00:02:23 +0300] "GET /?_g=3773903 HTTP/1.1" 200 542 "-" "Mozilla/5.0 (Linux; Android 6.0.1; Nexus 5X Build/MMB29P) AppleWebKit/537.36 (KHTML, like Gecko) Chrome/141.0.7390.122 Mobile Safari/537.36 (compatible; GoogleOther)"
66.249.66.4 - - [06/Dec/2025:00:02:55 +0300] "GET /?_g=2222228 HTTP/1.1" 200 542 "-" "Mozilla/5.0 (Linux; Android 6.0.1; Nexus 5X Build/MMB29P) AppleWebKit/537.36 (KHTML, like Gecko) Chrome/141.0.7390.122 Mobile Safari/537.36 (compatible; Googlebot/2.1; +http://www.google.com/bot.html)"
66.249.66.4 - - [06/Dec/2025:00:03:23 +0300] "GET /robots.txt HTTP/1.1" 200 105 "-" "Mozilla/5.0 (compatible; Googlebot/2.1; +http://www.google.com/bot.html)"
204.12.252.98 - - [06/Dec/2025:00:04:48 +0300] "GET /wp-content/wpe333bb/index.php HTTP/1.1" 404 1606 "https://tnstickers.com/wp-content/wpe333bb/index.php" "Mozilla/5.0 (Windows NT 10.0; Win64; x64) AppleWebKit/537.36 (KHTML, like Gecko) Chrome/58.0.3029.110 Safari/537.3"
2a06:98c0:3600::103 - - [06/Dec/2025:00:05:06 +0300] "GET /wp-admin/setup-config.php HTTP/1.1" 404 1604 "-" "Mozilla/5.0 (Windows NT 10.0; Win64; x64) AppleWebKit/537.36 (KHTML, like Gecko) Chrome/142.0.0.0 Safari/537.36"
208.110.64.178 - - [06/Dec/2025:00:07:42 +0300] "GET /wp-content/wpe333bb/index.php HTTP/1.1" 404 1606 "https://tnstickers.com/wp-content/wpe333bb/index.php" "Mozilla/5.0 (Windows NT 10.0; Win64; x64) AppleWebKit/537.36 (KHTML, like Gecko) Chrome/58.0.3029.110 Safari/537.3"
