193.111.77.77 - - [05/Dec/2025:21:39:04 +0300] "GET /wp-content/uploads/2025/12/akra.png HTTP/1.1" 200 232293 "-" "-"
95.217.109.26 - - [05/Dec/2025:21:39:02 +0300] "GET /shop/?per_row=4&shop_view=grid&add-to-cart=2719 HTTP/1.1" 200 27306 "-" "Mozilla/5.0 (compatible; MJ12bot/v1.4.8; http://mj12bot.com/)"
95.217.109.26 - - [05/Dec/2025:21:39:12 +0300] "GET /shop/?per_row=4&shop_view=grid&add-to-cart=2728 HTTP/1.1" 200 27305 "-" "Mozilla/5.0 (compatible; MJ12bot/v1.4.8; http://mj12bot.com/)"
193.111.77.77 - - [05/Dec/2025:21:39:29 +0300] "POST /wp-cron.php?doing_wp_cron=1764959969.2403750419616699218750 HTTP/1.1" 200 0 "-" "WordPress/6.9; https://tnstickers.com"
193.111.77.77 - - [05/Dec/2025:21:39:39 +0300] "GET /wp-content/uploads/2025/12/akra.png HTTP/1.1" 200 232293 "-" "-"
95.217.109.26 - - [05/Dec/2025:21:39:38 +0300] "GET /shop/?per_row=4&shop_view=grid&add-to-cart=496 HTTP/1.1" 200 27309 "-" "Mozilla/5.0 (compatible; MJ12bot/v1.4.8; http://mj12bot.com/)"
95.217.109.26 - - [05/Dec/2025:21:39:42 +0300] "GET /shop/?per_row=4&shop_view=grid&per_page=12&add-to-cart=2683 HTTP/1.1" 200 25462 "-" "Mozilla/5.0 (compatible; MJ12bot/v1.4.8; http://mj12bot.com/)"
193.111.77.77 - - [05/Dec/2025:21:39:55 +0300] "GET /wp-content/uploads/2025/12/akra.png HTTP/1.1" 200 232293 "-" "-"
193.111.77.77 - - [05/Dec/2025:21:40:03 +0300] "GET /wp-content/uploads/2025/12/akra.png HTTP/1.1" 200 232293 "-" "-"
95.217.109.26 - - [05/Dec/2025:21:40:14 +0300] "GET /shop/?per_row=4&shop_view=grid&per_page=18&add-to-cart=484 HTTP/1.1" 200 26500 "-" "Mozilla/5.0 (compatible; MJ12bot/v1.4.8; http://mj12bot.com/)"
193.111.77.77 - - [05/Dec/2025:21:40:32 +0300] "GET /wp-content/uploads/2025/12/akra.png HTTP/1.1" 200 232293 "-" "-"
193.111.77.77 - - [05/Dec/2025:21:40:57 +0300] "GET /wp-content/uploads/2025/12/akra.png HTTP/1.1" 200 232293 "-" "-"
95.217.109.26 - - [05/Dec/2025:21:40:56 +0300] "GET /shop/?per_row=4&shop_view=grid&per_page=24&add-to-cart=484 HTTP/1.1" 200 27329 "-" "Mozilla/5.0 (compatible; MJ12bot/v1.4.8; http://mj12bot.com/)"
95.217.109.26 - - [05/Dec/2025:21:41:03 +0300] "GET /shop/?per_row=4&shop_view=grid&per_page=9&add-to-cart=2683 HTTP/1.1" 200 24910 "-" "Mozilla/5.0 (compatible; MJ12bot/v1.4.8; http://mj12bot.com/)"
193.111.77.77 - - [05/Dec/2025:21:41:10 +0300] "GET /wp-content/uploads/2025/12/akra.png HTTP/1.1" 200 232293 "-" "-"
95.217.109.26 - - [05/Dec/2025:21:41:43 +0300] "GET /shop/?per_row=4&shop_view=list&per_page=18&add-to-cart=2728 HTTP/1.1" 200 27972 "-" "Mozilla/5.0 (compatible; MJ12bot/v1.4.8; http://mj12bot.com/)"
95.217.109.26 - - [05/Dec/2025:21:41:54 +0300] "GET /shop/?per_row=4&shop_view=list&per_page=18&add-to-cart=484 HTTP/1.1" 200 27980 "-" "Mozilla/5.0 (compatible; MJ12bot/v1.4.8; http://mj12bot.com/)"
95.217.109.26 - - [05/Dec/2025:21:42:00 +0300] "GET /shop/?per_row=4&shop_view=list&per_page=24&add-to-cart=2680 HTTP/1.1" 200 29337 "-" "Mozilla/5.0 (compatible; MJ12bot/v1.4.8; http://mj12bot.com/)"
95.217.109.26 - - [05/Dec/2025:21:42:11 +0300] "GET /shop/?per_row=4&shop_view=list&per_page=24&add-to-cart=2722 HTTP/1.1" 200 29353 "-" "Mozilla/5.0 (compatible; MJ12bot/v1.4.8; http://mj12bot.com/)"
95.217.109.26 - - [05/Dec/2025:21:42:29 +0300] "GET /shop/?per_row=4&shop_view=list&per_page=24&add-to-cart=484 HTTP/1.1" 200 29343 "-" "Mozilla/5.0 (compatible; MJ12bot/v1.4.8; http://mj12bot.com/)"
95.217.109.26 - - [05/Dec/2025:21:42:39 +0300] "GET /shop/?per_row=4&shop_view=list&per_page=9&add-to-cart=2683 HTTP/1.1" 200 25853 "-" "Mozilla/5.0 (compatible; MJ12bot/v1.4.8; http://mj12bot.com/)"
95.217.109.26 - - [05/Dec/2025:21:39:54 +0300] "GET /shop/?per_row=4&shop_view=grid&per_page=12&add-to-cart=484 HTTP/1.1" 200 25476 "-" "Mozilla/5.0 (compatible; MJ12bot/v1.4.8; http://mj12bot.com/)"
193.111.77.77 - - [05/Dec/2025:21:39:59 +0300] "GET /wp-content/uploads/2025/12/akra.png HTTP/1.1" 200 232293 "-" "-"
193.111.77.77 - - [05/Dec/2025:21:40:06 +0300] "GET /wp-content/uploads/2025/12/akra.png HTTP/1.1" 200 232293 "-" "-"
95.217.109.26 - - [05/Dec/2025:21:40:05 +0300] "GET /shop/?per_row=4&shop_view=grid&per_page=18&add-to-cart=2731 HTTP/1.1" 200 26496 "-" "Mozilla/5.0 (compatible; MJ12bot/v1.4.8; http://mj12bot.com/)"
95.217.109.26 - - [05/Dec/2025:21:40:22 +0300] "GET /shop/?per_row=4&shop_view=grid&per_page=24&add-to-cart=2680 HTTP/1.1" 200 27327 "-" "Mozilla/5.0 (compatible; MJ12bot/v1.4.8; http://mj12bot.com/)"
193.111.77.77 - - [05/Dec/2025:21:40:28 +0300] "GET /wp-content/uploads/2025/12/akra.png HTTP/1.1" 200 232293 "-" "-"
95.217.109.26 - - [05/Dec/2025:21:40:26 +0300] "GET /shop/?per_row=4&shop_view=grid&per_page=24&add-to-cart=2683 HTTP/1.1" 200 27318 "-" "Mozilla/5.0 (compatible; MJ12bot/v1.4.8; http://mj12bot.com/)"
95.217.109.26 - - [05/Dec/2025:21:40:30 +0300] "GET /shop/?per_row=4&shop_view=grid&per_page=24&add-to-cart=2719 HTTP/1.1" 200 27326 "-" "Mozilla/5.0 (compatible; MJ12bot/v1.4.8; http://mj12bot.com/)"
95.217.109.26 - - [05/Dec/2025:21:40:40 +0300] "GET /shop/?per_row=4&shop_view=grid&per_page=24&add-to-cart=2728 HTTP/1.1" 200 27328 "-" "Mozilla/5.0 (compatible; MJ12bot/v1.4.8; http://mj12bot.com/)"
95.217.109.26 - - [05/Dec/2025:21:40:52 +0300] "GET /shop/?per_row=4&shop_view=grid&per_page=24&add-to-cart=2771 HTTP/1.1" 200 27331 "-" "Mozilla/5.0 (compatible; MJ12bot/v1.4.8; http://mj12bot.com/)"
193.111.77.77 - - [05/Dec/2025:21:41:00 +0300] "GET /wp-content/uploads/2025/12/akra.png HTTP/1.1" 200 232293 "-" "-"
193.111.77.77 - - [05/Dec/2025:21:41:25 +0300] "GET /wp-content/uploads/2025/12/akra.png HTTP/1.1" 200 232293 "-" "-"
193.111.77.77 - - [05/Dec/2025:21:41:28 +0300] "GET /wp-content/uploads/2025/12/akra.png HTTP/1.1" 200 232293 "-" "-"
95.217.109.26 - - [05/Dec/2025:21:41:40 +0300] "GET /shop/?per_row=4&shop_view=list&per_page=18&add-to-cart=2683 HTTP/1.1" 200 27965 "-" "Mozilla/5.0 (compatible; MJ12bot/v1.4.8; http://mj12bot.com/)"
193.111.77.77 - - [05/Dec/2025:21:41:44 +0300] "GET /wp-content/uploads/2025/12/akra.png HTTP/1.1" 200 232293 "-" "-"
193.111.77.77 - - [05/Dec/2025:21:41:48 +0300] "GET /wp-content/uploads/2025/12/akra.png HTTP/1.1" 200 232293 "-" "-"
193.111.77.77 - - [05/Dec/2025:21:41:55 +0300] "GET /wp-content/uploads/2025/12/akra.png HTTP/1.1" 200 232293 "-" "-"
95.217.109.26 - - [05/Dec/2025:21:42:04 +0300] "GET /shop/?per_row=4&shop_view=list&per_page=24&add-to-cart=2683 HTTP/1.1" 200 29329 "-" "Mozilla/5.0 (compatible; MJ12bot/v1.4.8; http://mj12bot.com/)"
95.217.109.26 - - [05/Dec/2025:21:42:07 +0300] "GET /shop/?per_row=4&shop_view=list&per_page=24&add-to-cart=2719 HTTP/1.1" 200 29342 "-" "Mozilla/5.0 (compatible; MJ12bot/v1.4.8; http://mj12bot.com/)"
193.111.77.77 - - [05/Dec/2025:21:42:12 +0300] "GET /wp-content/uploads/2025/12/akra.png HTTP/1.1" 200 232293 "-" "-"
193.111.77.77 - - [05/Dec/2025:21:42:20 +0300] "GET /wp-content/uploads/2025/12/akra.png HTTP/1.1" 200 232293 "-" "-"
193.111.77.77 - - [05/Dec/2025:21:42:37 +0300] "GET /wp-content/uploads/2025/12/akra.png HTTP/1.1" 200 232293 "-" "-"
66.249.66.68 - - [05/Dec/2025:21:40:23 +0300] "GET /robots.txt HTTP/1.1" 200 103 "-" "Mozilla/5.0 (compatible; Googlebot/2.1; +http://www.google.com/bot.html)"
193.111.77.77 - - [05/Dec/2025:21:40:34 +0300] "POST /wp-cron.php?doing_wp_cron=1764960034.3744659423828125000000 HTTP/1.1" 200 0 "-" "WordPress/6.9; https://tnstickers.com"
95.217.109.26 - - [05/Dec/2025:21:40:59 +0300] "GET /shop/?per_row=4&shop_view=grid&per_page=24&add-to-cart=496 HTTP/1.1" 200 27332 "-" "Mozilla/5.0 (compatible; MJ12bot/v1.4.8; http://mj12bot.com/)"
193.111.77.77 - - [05/Dec/2025:21:41:04 +0300] "GET /wp-content/uploads/2025/12/akra.png HTTP/1.1" 200 232293 "-" "-"
95.217.109.26 - - [05/Dec/2025:21:41:06 +0300] "GET /shop/?per_row=4&shop_view=grid&per_page=9&add-to-cart=2728 HTTP/1.1" 200 24920 "-" "Mozilla/5.0 (compatible; MJ12bot/v1.4.8; http://mj12bot.com/)"
95.217.109.26 - - [05/Dec/2025:21:41:09 +0300] "GET /shop/?per_row=4&shop_view=grid&per_page=9&add-to-cart=2771 HTTP/1.1" 200 24927 "-" "Mozilla/5.0 (compatible; MJ12bot/v1.4.8; http://mj12bot.com/)"
193.111.77.77 - - [05/Dec/2025:21:41:18 +0300] "GET /wp-content/uploads/2025/12/45.png HTTP/1.1" 200 242191 "-" "-"
193.111.77.77 - - [05/Dec/2025:21:41:21 +0300] "GET /wp-content/uploads/2025/12/45.png HTTP/1.1" 200 242191 "-" "-"
95.217.109.26 - - [05/Dec/2025:21:41:20 +0300] "GET /shop/?per_row=4&shop_view=grid&s=Yamaha&post_type=product&add-to-cart=2689 HTTP/1.1" 200 23376 "-" "Mozilla/5.0 (compatible; MJ12bot/v1.4.8; http://mj12bot.com/)"
95.217.109.26 - - [05/Dec/2025:21:41:24 +0300] "GET /shop/?per_row=4&shop_view=list&per_page=12&add-to-cart=2683 HTTP/1.1" 200 26530 "-" "Mozilla/5.0 (compatible; MJ12bot/v1.4.8; http://mj12bot.com/)"
193.111.77.77 - - [05/Dec/2025:21:41:38 +0300] "GET /wp-content/uploads/2025/12/akra.png HTTP/1.1" 200 232293 "-" "-"
193.111.77.77 - - [05/Dec/2025:21:41:41 +0300] "GET /wp-content/uploads/2025/12/akra.png HTTP/1.1" 200 232293 "-" "-"
95.217.109.26 - - [05/Dec/2025:21:41:47 +0300] "GET /shop/?per_row=4&shop_view=list&per_page=18&add-to-cart=2731 HTTP/1.1" 200 27984 "-" "Mozilla/5.0 (compatible; MJ12bot/v1.4.8; http://mj12bot.com/)"
193.111.77.77 - - [05/Dec/2025:21:41:51 +0300] "GET /wp-content/uploads/2025/12/akra.png HTTP/1.1" 200 232293 "-" "-"
193.111.77.77 - - [05/Dec/2025:21:41:58 +0300] "GET /wp-content/uploads/2025/12/akra.png HTTP/1.1" 200 232293 "-" "-"
193.111.77.77 - - [05/Dec/2025:21:42:05 +0300] "GET /wp-content/uploads/2025/12/akra.png HTTP/1.1" 200 232293 "-" "-"
193.111.77.77 - - [05/Dec/2025:21:42:08 +0300] "GET /wp-content/uploads/2025/12/akra.png HTTP/1.1" 200 232293 "-" "-"
95.217.109.26 - - [05/Dec/2025:21:42:19 +0300] "GET /shop/?per_row=4&shop_view=list&per_page=24&add-to-cart=2731 HTTP/1.1" 200 29349 "-" "Mozilla/5.0 (compatible; MJ12bot/v1.4.8; http://mj12bot.com/)"
95.217.109.26 - - [05/Dec/2025:21:42:22 +0300] "GET /shop/?per_row=4&shop_view=list&per_page=24&add-to-cart=2734 HTTP/1.1" 200 29340 "-" "Mozilla/5.0 (compatible; MJ12bot/v1.4.8; http://mj12bot.com/)"
95.217.109.26 - - [05/Dec/2025:21:42:26 +0300] "GET /shop/?per_row=4&shop_view=list&per_page=24&add-to-cart=2771 HTTP/1.1" 200 29350 "-" "Mozilla/5.0 (compatible; MJ12bot/v1.4.8; http://mj12bot.com/)"
95.217.109.26 - - [05/Dec/2025:21:41:17 +0300] "GET /shop/?per_row=4&shop_view=grid&s=Yamaha&post_type=product&add-to-cart=2686 HTTP/1.1" 200 23377 "-" "Mozilla/5.0 (compatible; MJ12bot/v1.4.8; http://mj12bot.com/)"
193.111.77.77 - - [05/Dec/2025:21:41:29 +0300] "POST /wp-cron.php?doing_wp_cron=1764960089.4441299438476562500000 HTTP/1.1" 200 0 "-" "WordPress/6.9; https://tnstickers.com"
95.217.109.26 - - [05/Dec/2025:21:41:27 +0300] "GET /shop/?per_row=4&shop_view=list&per_page=12&add-to-cart=2728 HTTP/1.1" 200 26539 "-" "Mozilla/5.0 (compatible; MJ12bot/v1.4.8; http://mj12bot.com/)"
193.111.77.77 - - [05/Dec/2025:21:41:33 +0300] "GET /wp-content/uploads/2025/12/akra.png HTTP/1.1" 200 232293 "-" "-"
95.217.109.26 - - [05/Dec/2025:21:41:31 +0300] "GET /shop/?per_row=4&shop_view=list&per_page=12&add-to-cart=2771 HTTP/1.1" 200 26543 "-" "Mozilla/5.0 (compatible; MJ12bot/v1.4.8; http://mj12bot.com/)"
95.217.109.26 - - [05/Dec/2025:21:41:36 +0300] "GET /shop/?per_row=4&shop_view=list&per_page=12&add-to-cart=484 HTTP/1.1" 200 26545 "-" "Mozilla/5.0 (compatible; MJ12bot/v1.4.8; http://mj12bot.com/)"
95.217.109.26 - - [05/Dec/2025:21:41:50 +0300] "GET /shop/?per_row=4&shop_view=list&per_page=18&add-to-cart=2771 HTTP/1.1" 200 27988 "-" "Mozilla/5.0 (compatible; MJ12bot/v1.4.8; http://mj12bot.com/)"
95.217.109.26 - - [05/Dec/2025:21:41:57 +0300] "GET /shop/?per_row=4&shop_view=list&per_page=18&add-to-cart=496 HTTP/1.1" 200 27977 "-" "Mozilla/5.0 (compatible; MJ12bot/v1.4.8; http://mj12bot.com/)"
193.111.77.77 - - [05/Dec/2025:21:42:02 +0300] "GET /wp-content/uploads/2025/12/akra.png HTTP/1.1" 200 232293 "-" "-"
193.111.77.77 - - [05/Dec/2025:21:42:17 +0300] "GET /wp-content/uploads/2025/12/akra.png HTTP/1.1" 200 232293 "-" "-"
95.217.109.26 - - [05/Dec/2025:21:42:15 +0300] "GET /shop/?per_row=4&shop_view=list&per_page=24&add-to-cart=2728 HTTP/1.1" 200 29338 "-" "Mozilla/5.0 (compatible; MJ12bot/v1.4.8; http://mj12bot.com/)"
193.111.77.77 - - [05/Dec/2025:21:42:24 +0300] "GET /wp-content/uploads/2025/12/akra.png HTTP/1.1" 200 232293 "-" "-"
193.111.77.77 - - [05/Dec/2025:21:42:27 +0300] "GET /wp-content/uploads/2025/12/akra.png HTTP/1.1" 200 232293 "-" "-"
193.111.77.77 - - [05/Dec/2025:21:42:31 +0300] "GET /wp-content/uploads/2025/12/akra.png HTTP/1.1" 200 232293 "-" "-"
193.111.77.77 - - [05/Dec/2025:21:42:31 +0300] "POST /wp-cron.php?doing_wp_cron=1764960151.5527000427246093750000 HTTP/1.1" 200 0 "-" "WordPress/6.9; https://tnstickers.com"
95.217.109.26 - - [05/Dec/2025:21:42:33 +0300] "GET /shop/?per_row=4&shop_view=list&per_page=24&add-to-cart=496 HTTP/1.1" 200 29340 "-" "Mozilla/5.0 (compatible; MJ12bot/v1.4.8; http://mj12bot.com/)"
193.111.77.77 - - [05/Dec/2025:21:42:41 +0300] "GET /wp-content/uploads/2025/12/akra.png HTTP/1.1" 200 232293 "-" "-"
95.217.109.26 - - [05/Dec/2025:21:42:53 +0300] "GET /shop/?per_row=4&shop_view=list&s=Yamaha&post_type=product&add-to-cart=2686 HTTP/1.1" 200 23743 "-" "Mozilla/5.0 (compatible; MJ12bot/v1.4.8; http://mj12bot.com/)"
95.217.109.26 - - [05/Dec/2025:21:42:59 +0300] "GET /shop/?per_row=4&shop_view=list&s=Yamaha&post_type=product&per_page=12 HTTP/1.1" 200 23707 "-" "Mozilla/5.0 (compatible; MJ12bot/v1.4.8; http://mj12bot.com/)"
95.217.109.26 - - [05/Dec/2025:21:43:10 +0300] "GET /shop/?per_row=4&shop_view=list&s=Yamaha&post_type=product&per_page=9 HTTP/1.1" 200 23702 "-" "Mozilla/5.0 (compatible; MJ12bot/v1.4.8; http://mj12bot.com/)"
193.111.77.77 - - [05/Dec/2025:21:43:15 +0300] "GET /wp-content/uploads/2025/12/akra.png HTTP/1.1" 200 232293 "-" "-"
95.217.109.26 - - [05/Dec/2025:21:43:24 +0300] "GET /shop/?shop_view=list&s=Yamaha&post_type=product&add-to-cart=2689 HTTP/1.1" 200 23727 "-" "Mozilla/5.0 (compatible; MJ12bot/v1.4.8; http://mj12bot.com/)"
193.111.77.77 - - [05/Dec/2025:21:43:29 +0300] "POST /wp-cron.php?doing_wp_cron=1764960209.7007820606231689453125 HTTP/1.1" 200 0 "-" "WordPress/6.9; https://tnstickers.com"
95.217.109.26 - - [05/Dec/2025:21:43:31 +0300] "GET /shop/?shop_view=list&s=Yamaha&post_type=product&per_page=12&add-to-cart=2689 HTTP/1.1" 200 23752 "-" "Mozilla/5.0 (compatible; MJ12bot/v1.4.8; http://mj12bot.com/)"
193.111.77.77 - - [05/Dec/2025:21:43:42 +0300] "GET /wp-content/uploads/2025/12/45.png HTTP/1.1" 200 242191 "-" "-"
95.217.109.26 - - [05/Dec/2025:21:43:47 +0300] "GET /shop/?shop_view=list&s=Yamaha&post_type=product&per_page=24&add-to-cart=2689 HTTP/1.1" 200 23743 "-" "Mozilla/5.0 (compatible; MJ12bot/v1.4.8; http://mj12bot.com/)"
193.111.77.77 - - [05/Dec/2025:21:43:55 +0300] "GET /wp-content/uploads/2025/12/45.png HTTP/1.1" 200 242191 "-" "-"
95.217.109.26 - - [05/Dec/2025:21:44:01 +0300] "GET /shop/?stock_status=onsale&filter_color=deluxe&filter_product_brand=36&filter_size=standart HTTP/1.1" 200 21284 "-" "Mozilla/5.0 (compatible; MJ12bot/v1.4.8; http://mj12bot.com/)"
193.111.77.77 - - [05/Dec/2025:21:44:06 +0300] "GET /wp-content/uploads/2023/07/w-vgs-casual-park-beyond.jpg HTTP/1.1" 200 209981 "-" "-"
95.217.109.26 - - [05/Dec/2025:21:44:05 +0300] "GET /shop/?stock_status=onsale&filter_color=deluxe&filter_product_brand=36,37 HTTP/1.1" 200 23874 "-" "Mozilla/5.0 (compatible; MJ12bot/v1.4.8; http://mj12bot.com/)"
95.217.109.26 - - [05/Dec/2025:21:44:08 +0300] "GET /shop/?stock_status=onsale&filter_color=deluxe&filter_product_brand=36,37&filter_size=physical HTTP/1.1" 200 21412 "-" "Mozilla/5.0 (compatible; MJ12bot/v1.4.8; http://mj12bot.com/)"
208.110.64.178 - - [05/Dec/2025:21:44:14 +0300] "GET /wp-content/wpe333bb/index.php HTTP/1.1" 301 0 "https://tnstickers.com/wp-content/wpe333bb/index.php" "Mozilla/5.0 (Windows NT 10.0; Win64; x64) AppleWebKit/537.36 (KHTML, like Gecko) Chrome/58.0.3029.110 Safari/537.3"
208.110.64.178 - - [05/Dec/2025:21:44:15 +0300] "GET /wp-content/wpe333bb/ HTTP/1.1" 404 19020 "https://tnstickers.com/wp-content/wpe333bb/index.php" "Mozilla/5.0 (Windows NT 10.0; Win64; x64) AppleWebKit/537.36 (KHTML, like Gecko) Chrome/58.0.3029.110 Safari/537.3"
193.111.77.77 - - [05/Dec/2025:21:45:16 +0300] "GET /wp-content/uploads/2023/07/w-vgs-casual-park-beyond.jpg HTTP/1.1" 200 209981 "-" "-"
193.111.77.77 - - [05/Dec/2025:21:45:17 +0300] "POST /wp-cron.php?doing_wp_cron=1764960317.1894929409027099609375 HTTP/1.1" 200 0 "-" "WordPress/6.9; https://tnstickers.com"
95.217.109.26 - - [05/Dec/2025:21:45:22 +0300] "GET /shop/?stock_status=onsale&filter_color=deluxe&filter_product_brand=36,38 HTTP/1.1" 200 23890 "-" "Mozilla/5.0 (compatible; MJ12bot/v1.4.8; http://mj12bot.com/)"
95.217.109.26 - - [05/Dec/2025:21:45:34 +0300] "GET /shop/?stock_status=onsale&filter_color=deluxe&filter_product_brand=36,39&filter_size=physical HTTP/1.1" 200 21424 "-" "Mozilla/5.0 (compatible; MJ12bot/v1.4.8; http://mj12bot.com/)"
193.111.77.77 - - [05/Dec/2025:21:46:14 +0300] "GET /wp-content/uploads/2023/07/w-vgs-casual-park-beyond.jpg HTTP/1.1" 200 209981 "-" "-"
95.217.109.26 - - [05/Dec/2025:21:42:46 +0300] "GET /shop/?per_row=4&shop_view=list&per_page=9&add-to-cart=2771 HTTP/1.1" 200 25870 "-" "Mozilla/5.0 (compatible; MJ12bot/v1.4.8; http://mj12bot.com/)"
193.111.77.77 - - [05/Dec/2025:21:42:51 +0300] "GET /wp-content/uploads/2025/12/akra.png HTTP/1.1" 200 232293 "-" "-"
95.217.109.26 - - [05/Dec/2025:21:42:49 +0300] "GET /shop/?per_row=4&shop_view=list&per_page=9&add-to-cart=484 HTTP/1.1" 200 25868 "-" "Mozilla/5.0 (compatible; MJ12bot/v1.4.8; http://mj12bot.com/)"
193.111.77.77 - - [05/Dec/2025:21:42:54 +0300] "GET /wp-content/uploads/2025/12/45.png HTTP/1.1" 200 242191 "-" "-"
193.111.77.77 - - [05/Dec/2025:21:43:11 +0300] "GET /wp-content/uploads/2025/12/45.png HTTP/1.1" 200 242191 "-" "-"
193.111.77.77 - - [05/Dec/2025:21:43:19 +0300] "GET /wp-content/uploads/2025/12/akra.png HTTP/1.1" 200 232293 "-" "-"
95.217.109.26 - - [05/Dec/2025:21:43:28 +0300] "GET /shop/?shop_view=list&s=Yamaha&post_type=product&per_page=12&add-to-cart=2686 HTTP/1.1" 200 23757 "-" "Mozilla/5.0 (compatible; MJ12bot/v1.4.8; http://mj12bot.com/)"
95.217.109.26 - - [05/Dec/2025:21:43:44 +0300] "GET /shop/?shop_view=list&s=Yamaha&post_type=product&per_page=24&add-to-cart=2686 HTTP/1.1" 200 23751 "-" "Mozilla/5.0 (compatible; MJ12bot/v1.4.8; http://mj12bot.com/)"
95.217.109.26 - - [05/Dec/2025:21:43:51 +0300] "GET /shop/?shop_view=list&s=Yamaha&post_type=product&per_page=9&add-to-cart=2686 HTTP/1.1" 200 23751 "-" "Mozilla/5.0 (compatible; MJ12bot/v1.4.8; http://mj12bot.com/)"
95.217.109.26 - - [05/Dec/2025:21:43:54 +0300] "GET /shop/?shop_view=list&s=Yamaha&post_type=product&per_page=9&add-to-cart=2689 HTTP/1.1" 200 23753 "-" "Mozilla/5.0 (compatible; MJ12bot/v1.4.8; http://mj12bot.com/)"
95.217.109.26 - - [05/Dec/2025:21:45:18 +0300] "GET /shop/?stock_status=onsale&filter_color=deluxe&filter_product_brand=36,37,39 HTTP/1.1" 200 23899 "-" "Mozilla/5.0 (compatible; MJ12bot/v1.4.8; http://mj12bot.com/)"
193.111.77.77 - - [05/Dec/2025:21:45:27 +0300] "GET /wp-content/uploads/2023/07/w-vgs-casual-park-beyond.jpg HTTP/1.1" 200 209981 "-" "-"
95.217.109.26 - - [05/Dec/2025:21:45:25 +0300] "GET /shop/?stock_status=onsale&filter_color=deluxe&filter_product_brand=36,38,39 HTTP/1.1" 200 23902 "-" "Mozilla/5.0 (compatible; MJ12bot/v1.4.8; http://mj12bot.com/)"
193.111.77.77 - - [05/Dec/2025:21:45:31 +0300] "GET /wp-content/uploads/2023/07/w-vgs-casual-park-beyond.jpg HTTP/1.1" 200 209981 "-" "-"
193.111.77.77 - - [05/Dec/2025:21:45:32 +0300] "POST /wp-cron.php?doing_wp_cron=1764960332.3434700965881347656250 HTTP/1.1" 200 0 "-" "WordPress/6.9; https://tnstickers.com"
95.217.109.26 - - [05/Dec/2025:21:45:39 +0300] "GET /shop/?stock_status=onsale&filter_color=deluxe&filter_product_brand=36,39&filter_size=standart HTTP/1.1" 200 23920 "-" "Mozilla/5.0 (compatible; MJ12bot/v1.4.8; http://mj12bot.com/)"
95.217.109.26 - - [05/Dec/2025:21:45:43 +0300] "GET /shop/?stock_status=onsale&filter_color=deluxe&filter_product_brand=37&filter_size=physical HTTP/1.1" 200 21404 "-" "Mozilla/5.0 (compatible; MJ12bot/v1.4.8; http://mj12bot.com/)"
193.111.77.77 - - [05/Dec/2025:21:45:58 +0300] "GET /wp-content/uploads/2023/07/w-vgs-casual-park-beyond.jpg HTTP/1.1" 200 209981 "-" "-"
95.217.109.26 - - [05/Dec/2025:21:46:11 +0300] "GET /shop/?stock_status=onsale&filter_color=deluxe&filter_product_brand=37,38&filter_size=standart HTTP/1.1" 200 23905 "-" "Mozilla/5.0 (compatible; MJ12bot/v1.4.8; http://mj12bot.com/)"
193.111.77.77 - - [05/Dec/2025:21:46:19 +0300] "GET /wp-content/uploads/2023/07/w-vgs-casual-park-beyond.jpg HTTP/1.1" 200 209981 "-" "-"
193.111.77.77 - - [05/Dec/2025:21:46:29 +0300] "GET /wp-content/uploads/2023/07/w-vgs-casual-park-beyond.jpg HTTP/1.1" 200 209981 "-" "-"
95.217.109.26 - - [05/Dec/2025:21:46:43 +0300] "GET /shop/?stock_status=onsale&filter_color=deluxe&filter_product_brand=38&filter_size=physical HTTP/1.1" 200 21408 "-" "Mozilla/5.0 (compatible; MJ12bot/v1.4.8; http://mj12bot.com/)"
95.217.109.26 - - [05/Dec/2025:21:42:43 +0300] "GET /shop/?per_row=4&shop_view=list&per_page=9&add-to-cart=2728 HTTP/1.1" 200 25861 "-" "Mozilla/5.0 (compatible; MJ12bot/v1.4.8; http://mj12bot.com/)"
193.111.77.77 - - [05/Dec/2025:21:42:57 +0300] "GET /wp-content/uploads/2025/12/45.png HTTP/1.1" 200 242191 "-" "-"
95.217.109.26 - - [05/Dec/2025:21:42:56 +0300] "GET /shop/?per_row=4&shop_view=list&s=Yamaha&post_type=product&add-to-cart=2689 HTTP/1.1" 200 23740 "-" "Mozilla/5.0 (compatible; MJ12bot/v1.4.8; http://mj12bot.com/)"
193.111.77.77 - - [05/Dec/2025:21:43:08 +0300] "GET /wp-content/uploads/2025/12/45.png HTTP/1.1" 200 242191 "-" "-"
95.217.109.26 - - [05/Dec/2025:21:43:18 +0300] "GET /shop/?shop_view=list&per_page=9&add-to-cart=484 HTTP/1.1" 200 25863 "-" "Mozilla/5.0 (compatible; MJ12bot/v1.4.8; http://mj12bot.com/)"
95.217.109.26 - - [05/Dec/2025:21:43:21 +0300] "GET /shop/?shop_view=list&s=Yamaha&post_type=product&add-to-cart=2686 HTTP/1.1" 200 23726 "-" "Mozilla/5.0 (compatible; MJ12bot/v1.4.8; http://mj12bot.com/)"
193.111.77.77 - - [05/Dec/2025:21:43:26 +0300] "GET /wp-content/uploads/2025/12/45.png HTTP/1.1" 200 242191 "-" "-"
193.111.77.77 - - [05/Dec/2025:21:43:34 +0300] "GET /wp-content/uploads/2025/12/45.png HTTP/1.1" 200 242191 "-" "-"
95.217.109.26 - - [05/Dec/2025:21:43:37 +0300] "GET /shop/?shop_view=list&s=Yamaha&post_type=product&per_page=18&add-to-cart=2686 HTTP/1.1" 200 23752 "-" "Mozilla/5.0 (compatible; MJ12bot/v1.4.8; http://mj12bot.com/)"
193.111.77.77 - - [05/Dec/2025:21:43:49 +0300] "GET /wp-content/uploads/2025/12/45.png HTTP/1.1" 200 242191 "-" "-"
193.111.77.77 - - [05/Dec/2025:21:43:52 +0300] "GET /wp-content/uploads/2025/12/45.png HTTP/1.1" 200 242191 "-" "-"
95.217.109.26 - - [05/Dec/2025:21:43:58 +0300] "GET /shop/?stock_status=onsale&filter_color=deluxe&filter_product_brand=36&filter_size=physical HTTP/1.1" 200 21292 "-" "Mozilla/5.0 (compatible; MJ12bot/v1.4.8; http://mj12bot.com/)"
95.217.109.26 - - [05/Dec/2025:21:44:12 +0300] "GET /shop/?stock_status=onsale&filter_color=deluxe&filter_product_brand=36,37&filter_size=standart HTTP/1.1" 200 23895 "-" "Mozilla/5.0 (compatible; MJ12bot/v1.4.8; http://mj12bot.com/)"
95.217.109.26 - - [05/Dec/2025:21:45:15 +0300] "GET /shop/?stock_status=onsale&filter_color=deluxe&filter_product_brand=36,37,38 HTTP/1.1" 200 23891 "-" "Mozilla/5.0 (compatible; MJ12bot/v1.4.8; http://mj12bot.com/)"
193.111.77.77 - - [05/Dec/2025:21:45:20 +0300] "GET /wp-content/uploads/2023/07/w-vgs-casual-park-beyond.jpg HTTP/1.1" 200 209981 "-" "-"
193.111.77.77 - - [05/Dec/2025:21:45:23 +0300] "GET /wp-content/uploads/2023/07/w-vgs-casual-park-beyond.jpg HTTP/1.1" 200 209981 "-" "-"
193.111.77.77 - - [05/Dec/2025:21:46:02 +0300] "GET /wp-content/uploads/2023/07/w-vgs-casual-park-beyond.jpg HTTP/1.1" 200 209981 "-" "-"
95.217.109.26 - - [05/Dec/2025:21:46:17 +0300] "GET /shop/?stock_status=onsale&filter_color=deluxe&filter_product_brand=37,38,39 HTTP/1.1" 200 23900 "-" "Mozilla/5.0 (compatible; MJ12bot/v1.4.8; http://mj12bot.com/)"
95.217.109.26 - - [05/Dec/2025:21:46:21 +0300] "GET /shop/?stock_status=onsale&filter_color=deluxe&filter_product_brand=37,39 HTTP/1.1" 200 23895 "-" "Mozilla/5.0 (compatible; MJ12bot/v1.4.8; http://mj12bot.com/)"
193.111.77.77 - - [05/Dec/2025:21:46:40 +0300] "GET /wp-content/uploads/2023/07/w-vgs-casual-park-beyond.jpg HTTP/1.1" 200 209981 "-" "-"
193.111.77.77 - - [05/Dec/2025:21:46:58 +0300] "GET /wp-content/uploads/2023/07/w-vgs-casual-park-beyond.jpg HTTP/1.1" 200 209981 "-" "-"
95.217.109.26 - - [05/Dec/2025:21:47:12 +0300] "GET /shop/?stock_status=onsale&filter_color=deluxe&filter_product_brand=39&filter_size=physical HTTP/1.1" 200 21403 "-" "Mozilla/5.0 (compatible; MJ12bot/v1.4.8; http://mj12bot.com/)"
193.111.77.77 - - [05/Dec/2025:21:47:17 +0300] "GET /wp-content/uploads/2023/07/w-vgs-casual-park-beyond.jpg HTTP/1.1" 200 209981 "-" "-"
193.111.77.77 - - [05/Dec/2025:21:42:44 +0300] "GET /wp-content/uploads/2025/12/akra.png HTTP/1.1" 200 232293 "-" "-"
193.111.77.77 - - [05/Dec/2025:21:42:47 +0300] "GET /wp-content/uploads/2025/12/akra.png HTTP/1.1" 200 232293 "-" "-"
193.111.77.77 - - [05/Dec/2025:21:43:01 +0300] "GET /wp-content/uploads/2025/12/45.png HTTP/1.1" 200 242191 "-" "-"
193.111.77.77 - - [05/Dec/2025:21:43:04 +0300] "GET /wp-content/uploads/2025/12/45.png HTTP/1.1" 200 242191 "-" "-"
95.217.109.26 - - [05/Dec/2025:21:43:03 +0300] "GET /shop/?per_row=4&shop_view=list&s=Yamaha&post_type=product&per_page=18 HTTP/1.1" 200 23705 "-" "Mozilla/5.0 (compatible; MJ12bot/v1.4.8; http://mj12bot.com/)"
95.217.109.26 - - [05/Dec/2025:21:43:06 +0300] "GET /shop/?per_row=4&shop_view=list&s=Yamaha&post_type=product&per_page=24 HTTP/1.1" 200 23703 "-" "Mozilla/5.0 (compatible; MJ12bot/v1.4.8; http://mj12bot.com/)"
95.217.109.26 - - [05/Dec/2025:21:43:13 +0300] "GET /shop/?shop_view=list&per_page=9&add-to-cart=2771 HTTP/1.1" 200 25864 "-" "Mozilla/5.0 (compatible; MJ12bot/v1.4.8; http://mj12bot.com/)"
193.111.77.77 - - [05/Dec/2025:21:43:22 +0300] "GET /wp-content/uploads/2025/12/45.png HTTP/1.1" 200 242191 "-" "-"
193.111.77.77 - - [05/Dec/2025:21:43:29 +0300] "GET /wp-content/uploads/2025/12/45.png HTTP/1.1" 200 242191 "-" "-"
193.111.77.77 - - [05/Dec/2025:21:43:39 +0300] "GET /wp-content/uploads/2025/12/45.png HTTP/1.1" 200 242191 "-" "-"
95.217.109.26 - - [05/Dec/2025:21:43:41 +0300] "GET /shop/?shop_view=list&s=Yamaha&post_type=product&per_page=18&add-to-cart=2689 HTTP/1.1" 200 23750 "-" "Mozilla/5.0 (compatible; MJ12bot/v1.4.8; http://mj12bot.com/)"
193.111.77.77 - - [05/Dec/2025:21:43:45 +0300] "GET /wp-content/uploads/2025/12/45.png HTTP/1.1" 200 242191 "-" "-"
193.111.77.77 - - [05/Dec/2025:21:44:13 +0300] "GET /wp-content/uploads/2023/07/w-vgs-casual-park-beyond.jpg HTTP/1.1" 200 209981 "-" "-"
95.217.109.26 - - [05/Dec/2025:21:45:29 +0300] "GET /shop/?stock_status=onsale&filter_color=deluxe&filter_product_brand=36,39 HTTP/1.1" 200 23887 "-" "Mozilla/5.0 (compatible; MJ12bot/v1.4.8; http://mj12bot.com/)"
193.111.77.77 - - [05/Dec/2025:21:45:41 +0300] "GET /wp-content/uploads/2023/07/w-vgs-casual-park-beyond.jpg HTTP/1.1" 200 209981 "-" "-"
95.217.109.26 - - [05/Dec/2025:21:45:56 +0300] "GET /shop/?stock_status=onsale&filter_color=deluxe&filter_product_brand=37&filter_size=standart HTTP/1.1" 200 23884 "-" "Mozilla/5.0 (compatible; MJ12bot/v1.4.8; http://mj12bot.com/)"
95.217.109.26 - - [05/Dec/2025:21:46:01 +0300] "GET /shop/?stock_status=onsale&filter_color=deluxe&filter_product_brand=37,38 HTTP/1.1" 200 23886 "-" "Mozilla/5.0 (compatible; MJ12bot/v1.4.8; http://mj12bot.com/)"
95.217.109.26 - - [05/Dec/2025:21:46:04 +0300] "GET /shop/?stock_status=onsale&filter_color=deluxe&filter_product_brand=37,38&filter_size=physical HTTP/1.1" 200 21423 "-" "Mozilla/5.0 (compatible; MJ12bot/v1.4.8; http://mj12bot.com/)"
95.217.109.26 - - [05/Dec/2025:21:46:31 +0300] "GET /shop/?stock_status=onsale&filter_color=deluxe&filter_product_brand=37,39&filter_size=physical HTTP/1.1" 200 21431 "-" "Mozilla/5.0 (compatible; MJ12bot/v1.4.8; http://mj12bot.com/)"
95.217.109.26 - - [05/Dec/2025:21:46:39 +0300] "GET /shop/?stock_status=onsale&filter_color=deluxe&filter_product_brand=37,39&filter_size=standart HTTP/1.1" 200 23925 "-" "Mozilla/5.0 (compatible; MJ12bot/v1.4.8; http://mj12bot.com/)"
95.217.109.26 - - [05/Dec/2025:21:47:04 +0300] "GET /shop/?stock_status=onsale&filter_color=deluxe&filter_product_brand=38,39&filter_size=physical HTTP/1.1" 200 21430 "-" "Mozilla/5.0 (compatible; MJ12bot/v1.4.8; http://mj12bot.com/)"
95.217.109.26 - - [05/Dec/2025:21:47:08 +0300] "GET /shop/?stock_status=onsale&filter_color=deluxe&filter_product_brand=38,39&filter_size=standart HTTP/1.1" 200 23906 "-" "Mozilla/5.0 (compatible; MJ12bot/v1.4.8; http://mj12bot.com/)"
193.111.77.77 - - [05/Dec/2025:21:46:29 +0300] "POST /wp-cron.php?doing_wp_cron=1764960389.8558659553527832031250 HTTP/1.1" 200 0 "-" "WordPress/6.9; https://tnstickers.com"
95.217.109.26 - - [05/Dec/2025:21:47:00 +0300] "GET /shop/?stock_status=onsale&filter_color=deluxe&filter_product_brand=38,39 HTTP/1.1" 200 23889 "-" "Mozilla/5.0 (compatible; MJ12bot/v1.4.8; http://mj12bot.com/)"
95.217.109.26 - - [05/Dec/2025:21:47:28 +0300] "GET /shop/?stock_status=onsale&filter_color=deluxe&filter_size=physical&filter_product_brand=38 HTTP/1.1" 200 21408 "-" "Mozilla/5.0 (compatible; MJ12bot/v1.4.8; http://mj12bot.com/)"
193.111.77.77 - - [05/Dec/2025:21:47:42 +0300] "GET /wp-content/uploads/2023/07/w-vgs-casual-park-beyond.jpg HTTP/1.1" 200 209981 "-" "-"
193.111.77.77 - - [05/Dec/2025:21:47:45 +0300] "GET /wp-content/uploads/2023/07/w-vgs-casual-park-beyond.jpg HTTP/1.1" 200 209981 "-" "-"
193.111.77.77 - - [05/Dec/2025:21:48:00 +0300] "GET /wp-content/uploads/2023/07/w-vgs-action-dying-light-2.jpg HTTP/1.1" 200 157438 "-" "-"
49.51.253.83 - - [05/Dec/2025:21:48:01 +0300] "GET / HTTP/1.1" 200 30972 "https://tnstickers.com/embed/" "Mozilla/5.0 (iPhone; CPU iPhone OS 13_2_3 like Mac OS X) AppleWebKit/605.1.15 (KHTML, like Gecko) Version/13.0.3 Mobile/15E148 Safari/604.1"
193.111.77.77 - - [05/Dec/2025:21:48:14 +0300] "GET /wp-content/uploads/2023/07/w-vgs-action-dying-light-2.jpg HTTP/1.1" 200 157438 "-" "-"
95.217.109.26 - - [05/Dec/2025:21:48:12 +0300] "GET /shop/?stock_status=onsale&filter_color=deluxe&filter_size=standart&shop_view=list HTTP/1.1" 200 24789 "-" "Mozilla/5.0 (compatible; MJ12bot/v1.4.8; http://mj12bot.com/)"
95.217.109.26 - - [05/Dec/2025:21:48:16 +0300] "GET /shop/?stock_status=onsale&filter_color=deluxe,standart&filter_product_brand=36 HTTP/1.1" 200 21310 "-" "Mozilla/5.0 (compatible; MJ12bot/v1.4.8; http://mj12bot.com/)"
193.111.77.77 - - [05/Dec/2025:21:48:29 +0300] "POST /wp-cron.php?doing_wp_cron=1764960509.0101950168609619140625 HTTP/1.1" 200 0 "-" "WordPress/6.9; https://tnstickers.com"
193.111.77.77 - - [05/Dec/2025:21:48:31 +0300] "GET /wp-content/uploads/2023/07/w-vgs-casual-park-beyond.jpg HTTP/1.1" 200 209981 "-" "-"
95.217.109.26 - - [05/Dec/2025:21:48:30 +0300] "GET /shop/?stock_status=onsale&filter_color=deluxe,standart&filter_product_brand=36,38 HTTP/1.1" 200 23932 "-" "Mozilla/5.0 (compatible; MJ12bot/v1.4.8; http://mj12bot.com/)"
193.111.77.77 - - [05/Dec/2025:21:48:37 +0300] "GET /wp-content/uploads/2023/07/w-vgs-casual-park-beyond.jpg HTTP/1.1" 200 209981 "-" "-"
95.217.109.26 - - [05/Dec/2025:21:48:39 +0300] "GET /shop/?stock_status=onsale&filter_color=deluxe,standart&filter_product_brand=37 HTTP/1.1" 200 23907 "-" "Mozilla/5.0 (compatible; MJ12bot/v1.4.8; http://mj12bot.com/)"
193.111.77.77 - - [05/Dec/2025:21:49:04 +0300] "GET /wp-content/uploads/2023/07/w-vgs-casual-park-beyond.jpg HTTP/1.1" 200 209981 "-" "-"
193.111.77.77 - - [05/Dec/2025:21:49:08 +0300] "GET /wp-content/uploads/2023/07/w-vgs-casual-park-beyond.jpg HTTP/1.1" 200 209981 "-" "-"
193.111.77.77 - - [05/Dec/2025:21:49:11 +0300] "GET /wp-content/uploads/2023/07/w-vgs-casual-park-beyond.jpg HTTP/1.1" 200 209981 "-" "-"
95.217.109.26 - - [05/Dec/2025:21:49:10 +0300] "GET /shop/?stock_status=onsale&filter_color=deluxe,standart&filter_product_brand=39 HTTP/1.1" 200 23905 "-" "Mozilla/5.0 (compatible; MJ12bot/v1.4.8; http://mj12bot.com/)"
193.111.77.77 - - [05/Dec/2025:21:49:20 +0300] "GET /wp-content/uploads/2023/07/w-vgs-casual-park-beyond.jpg HTTP/1.1" 200 209981 "-" "-"
95.217.109.26 - - [05/Dec/2025:21:49:18 +0300] "GET /shop/?stock_status=onsale&filter_color=deluxe,standart&filter_product_brand=39&filter_size=standart HTTP/1.1" 200 23912 "-" "Mozilla/5.0 (compatible; MJ12bot/v1.4.8; http://mj12bot.com/)"
193.111.77.77 - - [05/Dec/2025:21:49:30 +0300] "GET /wp-content/uploads/2023/07/w-vgs-action-dying-light-2.jpg HTTP/1.1" 200 157438 "-" "-"
95.217.109.26 - - [05/Dec/2025:21:47:16 +0300] "GET /shop/?stock_status=onsale&filter_color=deluxe&filter_product_brand=39&filter_size=standart HTTP/1.1" 200 23879 "-" "Mozilla/5.0 (compatible; MJ12bot/v1.4.8; http://mj12bot.com/)"
95.217.109.26 - - [05/Dec/2025:21:47:24 +0300] "GET /shop/?stock_status=onsale&filter_color=deluxe&filter_size=physical&filter_product_brand=37 HTTP/1.1" 200 21404 "-" "Mozilla/5.0 (compatible; MJ12bot/v1.4.8; http://mj12bot.com/)"
95.217.109.26 - - [05/Dec/2025:21:47:31 +0300] "GET /shop/?stock_status=onsale&filter_color=deluxe&filter_size=physical&filter_product_brand=39 HTTP/1.1" 200 21401 "-" "Mozilla/5.0 (compatible; MJ12bot/v1.4.8; http://mj12bot.com/)"
95.217.109.26 - - [05/Dec/2025:21:47:41 +0300] "GET /shop/?stock_status=onsale&filter_color=deluxe&filter_size=standart&filter_product_brand=37 HTTP/1.1" 200 23882 "-" "Mozilla/5.0 (compatible; MJ12bot/v1.4.8; http://mj12bot.com/)"
95.217.109.26 - - [05/Dec/2025:21:47:44 +0300] "GET /shop/?stock_status=onsale&filter_color=deluxe&filter_size=standart&filter_product_brand=38 HTTP/1.1" 200 23885 "-" "Mozilla/5.0 (compatible; MJ12bot/v1.4.8; http://mj12bot.com/)"
95.217.109.26 - - [05/Dec/2025:21:47:51 +0300] "GET /shop/?stock_status=onsale&filter_color=deluxe&filter_size=standart&per_page=12 HTTP/1.1" 200 24605 "-" "Mozilla/5.0 (compatible; MJ12bot/v1.4.8; http://mj12bot.com/)"
193.111.77.77 - - [05/Dec/2025:21:47:57 +0300] "GET /wp-content/uploads/2023/07/w-vgs-action-dying-light-2.jpg HTTP/1.1" 200 157438 "-" "-"
95.217.109.26 - - [05/Dec/2025:21:47:56 +0300] "GET /shop/?stock_status=onsale&filter_color=deluxe&filter_size=standart&per_page=18 HTTP/1.1" 200 24602 "-" "Mozilla/5.0 (compatible; MJ12bot/v1.4.8; http://mj12bot.com/)"
193.111.77.77 - - [05/Dec/2025:21:48:04 +0300] "GET /wp-content/uploads/2023/07/w-vgs-action-dying-light-2.jpg HTTP/1.1" 200 157438 "-" "-"
193.111.77.77 - - [05/Dec/2025:21:48:07 +0300] "GET /wp-content/uploads/2023/07/w-vgs-action-dying-light-2.jpg HTTP/1.1" 200 157438 "-" "-"
95.217.109.26 - - [05/Dec/2025:21:48:06 +0300] "GET /shop/?stock_status=onsale&filter_color=deluxe&filter_size=standart&shop_view=grid&per_row=3 HTTP/1.1" 200 24613 "-" "Mozilla/5.0 (compatible; MJ12bot/v1.4.8; http://mj12bot.com/)"
95.217.109.26 - - [05/Dec/2025:21:48:24 +0300] "GET /shop/?stock_status=onsale&filter_color=deluxe,standart&filter_product_brand=36&filter_size=standart HTTP/1.1" 200 21306 "-" "Mozilla/5.0 (compatible; MJ12bot/v1.4.8; http://mj12bot.com/)"
95.217.109.26 - - [05/Dec/2025:21:48:34 +0300] "GET /shop/?stock_status=onsale&filter_color=deluxe,standart&filter_product_brand=36,39 HTTP/1.1" 200 23926 "-" "Mozilla/5.0 (compatible; MJ12bot/v1.4.8; http://mj12bot.com/)"
193.111.77.77 - - [05/Dec/2025:21:48:47 +0300] "GET /wp-content/uploads/2023/07/w-vgs-casual-park-beyond.jpg HTTP/1.1" 200 209981 "-" "-"
193.111.77.77 - - [05/Dec/2025:21:48:57 +0300] "GET /wp-content/uploads/2023/07/w-vgs-casual-park-beyond.jpg HTTP/1.1" 200 209981 "-" "-"
95.217.109.26 - - [05/Dec/2025:21:48:59 +0300] "GET /shop/?stock_status=onsale&filter_color=deluxe,standart&filter_product_brand=38&filter_size=physical HTTP/1.1" 200 21437 "-" "Mozilla/5.0 (compatible; MJ12bot/v1.4.8; http://mj12bot.com/)"
95.217.109.26 - - [05/Dec/2025:21:49:14 +0300] "GET /shop/?stock_status=onsale&filter_color=deluxe,standart&filter_product_brand=39&filter_size=physical HTTP/1.1" 200 21439 "-" "Mozilla/5.0 (compatible; MJ12bot/v1.4.8; http://mj12bot.com/)"
95.217.109.26 - - [05/Dec/2025:21:49:28 +0300] "GET /shop/?stock_status=onsale&filter_color=deluxe,standart&filter_size=standart HTTP/1.1" 200 24603 "-" "Mozilla/5.0 (compatible; MJ12bot/v1.4.8; http://mj12bot.com/)"
193.111.77.77 - - [05/Dec/2025:21:49:47 +0300] "GET /wp-content/uploads/2023/07/w-vgs-action-dying-light-2.jpg HTTP/1.1" 200 157438 "-" "-"
95.217.109.26 - - [05/Dec/2025:21:49:56 +0300] "GET /shop/?stock_status=onsale&filter_color=standart&filter_product_brand=36,37&filter_size=physical HTTP/1.1" 200 21432 "-" "Mozilla/5.0 (compatible; MJ12bot/v1.4.8; http://mj12bot.com/)"
95.217.109.26 - - [05/Dec/2025:21:47:21 +0300] "GET /shop/?stock_status=onsale&filter_color=deluxe&filter_size=physical&filter_product_brand=36 HTTP/1.1" 200 21292 "-" "Mozilla/5.0 (compatible; MJ12bot/v1.4.8; http://mj12bot.com/)"
193.111.77.77 - - [05/Dec/2025:21:47:29 +0300] "POST /wp-cron.php?doing_wp_cron=1764960449.5917320251464843750000 HTTP/1.1" 200 0 "-" "WordPress/6.9; https://tnstickers.com"
95.217.109.26 - - [05/Dec/2025:21:47:37 +0300] "GET /shop/?stock_status=onsale&filter_color=deluxe&filter_size=standart&filter_product_brand=36 HTTP/1.1" 200 21285 "-" "Mozilla/5.0 (compatible; MJ12bot/v1.4.8; http://mj12bot.com/)"
193.111.77.77 - - [05/Dec/2025:21:47:49 +0300] "GET /wp-content/uploads/2023/07/w-vgs-casual-park-beyond.jpg HTTP/1.1" 200 209981 "-" "-"
95.217.109.26 - - [05/Dec/2025:21:47:48 +0300] "GET /shop/?stock_status=onsale&filter_color=deluxe&filter_size=standart&filter_product_brand=39 HTTP/1.1" 200 23880 "-" "Mozilla/5.0 (compatible; MJ12bot/v1.4.8; http://mj12bot.com/)"
95.217.109.26 - - [05/Dec/2025:21:48:02 +0300] "GET /shop/?stock_status=onsale&filter_color=deluxe&filter_size=standart&per_page=9 HTTP/1.1" 200 24602 "-" "Mozilla/5.0 (compatible; MJ12bot/v1.4.8; http://mj12bot.com/)"
95.217.109.26 - - [05/Dec/2025:21:48:09 +0300] "GET /shop/?stock_status=onsale&filter_color=deluxe&filter_size=standart&shop_view=grid&per_row=4 HTTP/1.1" 200 24609 "-" "Mozilla/5.0 (compatible; MJ12bot/v1.4.8; http://mj12bot.com/)"
95.217.109.26 - - [05/Dec/2025:21:48:19 +0300] "GET /shop/?stock_status=onsale&filter_color=deluxe,standart&filter_product_brand=36&filter_size=physical HTTP/1.1" 200 21326 "-" "Mozilla/5.0 (compatible; MJ12bot/v1.4.8; http://mj12bot.com/)"
193.111.77.77 - - [05/Dec/2025:21:48:41 +0300] "GET /wp-content/uploads/2023/07/w-vgs-casual-park-beyond.jpg HTTP/1.1" 200 209981 "-" "-"
95.217.109.26 - - [05/Dec/2025:21:48:43 +0300] "GET /shop/?stock_status=onsale&filter_color=deluxe,standart&filter_product_brand=37&filter_size=physical HTTP/1.1" 200 21436 "-" "Mozilla/5.0 (compatible; MJ12bot/v1.4.8; http://mj12bot.com/)"
95.217.109.26 - - [05/Dec/2025:21:48:50 +0300] "GET /shop/?stock_status=onsale&filter_color=deluxe,standart&filter_product_brand=37,38 HTTP/1.1" 200 23935 "-" "Mozilla/5.0 (compatible; MJ12bot/v1.4.8; http://mj12bot.com/)"
193.111.77.77 - - [05/Dec/2025:21:48:54 +0300] "GET /wp-content/uploads/2023/07/w-vgs-casual-park-beyond.jpg HTTP/1.1" 200 209981 "-" "-"
95.217.109.26 - - [05/Dec/2025:21:49:06 +0300] "GET /shop/?stock_status=onsale&filter_color=deluxe,standart&filter_product_brand=38,39 HTTP/1.1" 200 23925 "-" "Mozilla/5.0 (compatible; MJ12bot/v1.4.8; http://mj12bot.com/)"
193.111.77.77 - - [05/Dec/2025:21:49:31 +0300] "POST /wp-cron.php?doing_wp_cron=1764960571.1417150497436523437500 HTTP/1.1" 200 0 "-" "WordPress/6.9; https://tnstickers.com"
193.111.77.77 - - [05/Dec/2025:21:49:37 +0300] "GET /wp-content/uploads/2023/07/w-vgs-action-dying-light-2.jpg HTTP/1.1" 200 157438 "-" "-"
193.111.77.77 - - [05/Dec/2025:21:49:40 +0300] "GET /wp-content/uploads/2023/07/w-vgs-action-dying-light-2.jpg HTTP/1.1" 200 157438 "-" "-"
95.217.109.26 - - [05/Dec/2025:21:49:42 +0300] "GET /shop/?stock_status=onsale&filter_color=deluxe,standart&per_page=24 HTTP/1.1" 200 24610 "-" "Mozilla/5.0 (compatible; MJ12bot/v1.4.8; http://mj12bot.com/)"
95.217.109.26 - - [05/Dec/2025:21:49:46 +0300] "GET /shop/?stock_status=onsale&filter_color=deluxe,standart&per_page=9 HTTP/1.1" 200 24616 "-" "Mozilla/5.0 (compatible; MJ12bot/v1.4.8; http://mj12bot.com/)"
95.217.109.26 - - [05/Dec/2025:21:49:49 +0300] "GET /shop/?stock_status=onsale&filter_color=deluxe,standart&shop_view=grid&per_row=3 HTTP/1.1" 200 24622 "-" "Mozilla/5.0 (compatible; MJ12bot/v1.4.8; http://mj12bot.com/)"
95.217.109.26 - - [05/Dec/2025:21:49:59 +0300] "GET /shop/?stock_status=onsale&filter_color=standart&filter_product_brand=36,37&filter_size=standart HTTP/1.1" 200 23903 "-" "Mozilla/5.0 (compatible; MJ12bot/v1.4.8; http://mj12bot.com/)"
95.217.109.26 - - [05/Dec/2025:21:46:55 +0300] "GET /shop/?stock_status=onsale&filter_color=deluxe&filter_product_brand=38&filter_size=standart HTTP/1.1" 200 23885 "-" "Mozilla/5.0 (compatible; MJ12bot/v1.4.8; http://mj12bot.com/)"
193.111.77.77 - - [05/Dec/2025:21:47:02 +0300] "GET /wp-content/uploads/2023/07/w-vgs-casual-park-beyond.jpg HTTP/1.1" 200 209981 "-" "-"
193.111.77.77 - - [05/Dec/2025:21:47:10 +0300] "GET /wp-content/uploads/2023/07/w-vgs-casual-park-beyond.jpg HTTP/1.1" 200 209981 "-" "-"
193.111.77.77 - - [05/Dec/2025:21:47:54 +0300] "GET /wp-content/uploads/2023/07/w-vgs-action-dying-light-2.jpg HTTP/1.1" 200 157438 "-" "-"
49.51.253.83 - - [05/Dec/2025:21:47:58 +0300] "GET /embed/ HTTP/1.1" 301 0 "-" "Mozilla/5.0 (iPhone; CPU iPhone OS 13_2_3 like Mac OS X) AppleWebKit/605.1.15 (KHTML, like Gecko) Version/13.0.3 Mobile/15E148 Safari/604.1"
95.217.109.26 - - [05/Dec/2025:21:47:59 +0300] "GET /shop/?stock_status=onsale&filter_color=deluxe&filter_size=standart&per_page=24 HTTP/1.1" 200 24601 "-" "Mozilla/5.0 (compatible; MJ12bot/v1.4.8; http://mj12bot.com/)"
193.111.77.77 - - [05/Dec/2025:21:48:10 +0300] "GET /wp-content/uploads/2023/07/w-vgs-action-dying-light-2.jpg HTTP/1.1" 200 157438 "-" "-"
193.111.77.77 - - [05/Dec/2025:21:48:28 +0300] "GET /wp-content/uploads/2023/07/w-vgs-casual-park-beyond.jpg HTTP/1.1" 200 209981 "-" "-"
95.217.109.26 - - [05/Dec/2025:21:48:27 +0300] "GET /shop/?stock_status=onsale&filter_color=deluxe,standart&filter_product_brand=36,37 HTTP/1.1" 200 23927 "-" "Mozilla/5.0 (compatible; MJ12bot/v1.4.8; http://mj12bot.com/)"
95.217.109.26 - - [05/Dec/2025:21:48:46 +0300] "GET /shop/?stock_status=onsale&filter_color=deluxe,standart&filter_product_brand=37&filter_size=standart HTTP/1.1" 200 23915 "-" "Mozilla/5.0 (compatible; MJ12bot/v1.4.8; http://mj12bot.com/)"
193.111.77.77 - - [05/Dec/2025:21:48:51 +0300] "GET /wp-content/uploads/2023/07/w-vgs-casual-park-beyond.jpg HTTP/1.1" 200 209981 "-" "-"
95.217.109.26 - - [05/Dec/2025:21:48:53 +0300] "GET /shop/?stock_status=onsale&filter_color=deluxe,standart&filter_product_brand=37,39 HTTP/1.1" 200 23937 "-" "Mozilla/5.0 (compatible; MJ12bot/v1.4.8; http://mj12bot.com/)"
95.217.109.26 - - [05/Dec/2025:21:48:56 +0300] "GET /shop/?stock_status=onsale&filter_color=deluxe,standart&filter_product_brand=38 HTTP/1.1" 200 23906 "-" "Mozilla/5.0 (compatible; MJ12bot/v1.4.8; http://mj12bot.com/)"
95.217.109.26 - - [05/Dec/2025:21:49:02 +0300] "GET /shop/?stock_status=onsale&filter_color=deluxe,standart&filter_product_brand=38&filter_size=standart HTTP/1.1" 200 23914 "-" "Mozilla/5.0 (compatible; MJ12bot/v1.4.8; http://mj12bot.com/)"
95.217.109.26 - - [05/Dec/2025:21:49:22 +0300] "GET /shop/?stock_status=onsale&filter_color=deluxe,standart&filter_size=physical HTTP/1.1" 200 21816 "-" "Mozilla/5.0 (compatible; MJ12bot/v1.4.8; http://mj12bot.com/)"
95.217.109.26 - - [05/Dec/2025:21:49:39 +0300] "GET /shop/?stock_status=onsale&filter_color=deluxe,standart&per_page=18 HTTP/1.1" 200 24617 "-" "Mozilla/5.0 (compatible; MJ12bot/v1.4.8; http://mj12bot.com/)"
193.111.77.77 - - [05/Dec/2025:21:49:43 +0300] "GET /wp-content/uploads/2023/07/w-vgs-action-dying-light-2.jpg HTTP/1.1" 200 157438 "-" "-"
193.111.77.77 - - [05/Dec/2025:21:49:50 +0300] "GET /wp-content/uploads/2023/07/w-vgs-action-dying-light-2.jpg HTTP/1.1" 200 157438 "-" "-"
95.217.109.26 - - [05/Dec/2025:21:49:53 +0300] "GET /shop/?stock_status=onsale&filter_color=deluxe,standart&shop_view=grid&per_row=4 HTTP/1.1" 200 24621 "-" "Mozilla/5.0 (compatible; MJ12bot/v1.4.8; http://mj12bot.com/)"
193.111.77.77 - - [05/Dec/2025:21:50:04 +0300] "GET /wp-content/uploads/2023/07/w-vgs-casual-park-beyond.jpg HTTP/1.1" 200 209981 "-" "-"
95.217.109.26 - - [05/Dec/2025:21:50:06 +0300] "GET /shop/?stock_status=onsale&filter_color=standart&filter_product_brand=36,37,39 HTTP/1.1" 200 23918 "-" "Mozilla/5.0 (compatible; MJ12bot/v1.4.8; http://mj12bot.com/)"
193.111.77.77 - - [05/Dec/2025:21:50:14 +0300] "GET /wp-content/uploads/2023/07/w-vgs-casual-park-beyond.jpg HTTP/1.1" 200 209981 "-" "-"
95.217.109.26 - - [05/Dec/2025:21:50:09 +0300] "GET /shop/?stock_status=onsale&filter_color=standart&filter_product_brand=36,38&filter_size=physical HTTP/1.1" 200 21433 "-" "Mozilla/5.0 (compatible; MJ12bot/v1.4.8; http://mj12bot.com/)"
193.111.77.77 - - [05/Dec/2025:21:50:24 +0300] "GET /wp-content/uploads/2023/07/w-vgs-casual-park-beyond.jpg HTTP/1.1" 200 209981 "-" "-"
193.111.77.77 - - [05/Dec/2025:21:50:32 +0300] "GET /wp-content/uploads/2023/07/w-vgs-casual-park-beyond.jpg HTTP/1.1" 200 209981 "-" "-"
193.111.77.77 - - [05/Dec/2025:21:50:53 +0300] "GET /wp-content/uploads/2023/07/w-vgs-casual-park-beyond.jpg HTTP/1.1" 200 209981 "-" "-"
95.217.109.26 - - [05/Dec/2025:21:50:52 +0300] "GET /shop/?stock_status=onsale&filter_color=standart&filter_product_brand=38,39&filter_size=standart HTTP/1.1" 200 23894 "-" "Mozilla/5.0 (compatible; MJ12bot/v1.4.8; http://mj12bot.com/)"
95.217.109.26 - - [05/Dec/2025:21:50:59 +0300] "GET /shop/?stock_status=onsale&filter_color=standart&filter_size=physical&filter_product_brand=36,38 HTTP/1.1" 200 21429 "-" "Mozilla/5.0 (compatible; MJ12bot/v1.4.8; http://mj12bot.com/)"
193.111.77.77 - - [05/Dec/2025:21:51:31 +0300] "GET /wp-content/uploads/2023/07/w-vgs-casual-park-beyond.jpg HTTP/1.1" 200 209981 "-" "-"
95.217.109.26 - - [05/Dec/2025:21:51:36 +0300] "GET /shop/?stock_status=onsale&filter_color=standart&filter_size=standart&filter_product_brand=36,38 HTTP/1.1" 200 23896 "-" "Mozilla/5.0 (compatible; MJ12bot/v1.4.8; http://mj12bot.com/)"
193.111.77.77 - - [05/Dec/2025:21:51:42 +0300] "GET /wp-content/uploads/2023/07/w-vgs-casual-park-beyond.jpg HTTP/1.1" 200 209981 "-" "-"
95.217.109.26 - - [05/Dec/2025:21:51:40 +0300] "GET /shop/?stock_status=onsale&filter_color=standart&filter_size=standart&filter_product_brand=36,39 HTTP/1.1" 200 23897 "-" "Mozilla/5.0 (compatible; MJ12bot/v1.4.8; http://mj12bot.com/)"
193.111.77.77 - - [05/Dec/2025:21:51:53 +0300] "GET /wp-content/uploads/2023/07/w-vgs-casual-park-beyond.jpg HTTP/1.1" 200 209981 "-" "-"
95.217.109.26 - - [05/Dec/2025:21:51:51 +0300] "GET /shop/?stock_status=onsale&filter_color=standart&filter_size=standart&filter_product_brand=38,39 HTTP/1.1" 200 23892 "-" "Mozilla/5.0 (compatible; MJ12bot/v1.4.8; http://mj12bot.com/)"
95.217.109.26 - - [05/Dec/2025:21:51:55 +0300] "GET /shop/?stock_status=onsale&filter_color=standart&filter_size=standart&shop_view=list HTTP/1.1" 200 24787 "-" "Mozilla/5.0 (compatible; MJ12bot/v1.4.8; http://mj12bot.com/)"
193.111.77.77 - - [05/Dec/2025:21:52:01 +0300] "GET /wp-content/uploads/2023/07/w-vgs-casual-park-beyond.jpg HTTP/1.1" 200 209981 "-" "-"
95.217.109.26 - - [05/Dec/2025:21:52:11 +0300] "GET /shop/?stock_status=onsale&filter_product_brand=36,37,38&filter_size=physical HTTP/1.1" 200 21416 "-" "Mozilla/5.0 (compatible; MJ12bot/v1.4.8; http://mj12bot.com/)"
193.111.77.77 - - [05/Dec/2025:21:52:21 +0300] "GET /wp-content/uploads/2023/07/w-vgs-casual-park-beyond.jpg HTTP/1.1" 200 209981 "-" "-"
193.111.77.77 - - [05/Dec/2025:21:52:25 +0300] "GET /wp-content/uploads/2023/07/w-vgs-casual-park-beyond.jpg HTTP/1.1" 200 209981 "-" "-"
193.111.77.77 - - [05/Dec/2025:21:52:28 +0300] "GET /wp-content/uploads/2023/07/w-vgs-casual-park-beyond.jpg HTTP/1.1" 200 209981 "-" "-"
193.111.77.77 - - [05/Dec/2025:21:55:30 +0300] "POST /wp-cron.php?doing_wp_cron=1764960930.3198399543762207031250 HTTP/1.1" 200 0 "-" "WordPress/6.9; https://tnstickers.com"
66.249.66.164 - - [05/Dec/2025:21:55:29 +0300] "GET /?_g=1853424 HTTP/1.1" 301 0 "-" "Mozilla/5.0 (Linux; Android 6.0.1; Nexus 5X Build/MMB29P) AppleWebKit/537.36 (KHTML, like Gecko) Chrome/141.0.7390.122 Mobile Safari/537.36 (compatible; GoogleOther)"
170.106.35.187 - - [05/Dec/2025:21:58:19 +0300] "GET /product-category/enfants/ HTTP/1.1" 200 26644 "-" "Mozilla/5.0 (iPhone; CPU iPhone OS 13_2_3 like Mac OS X) AppleWebKit/605.1.15 (KHTML, like Gecko) Version/13.0.3 Mobile/15E148 Safari/604.1"
193.111.77.77 - - [05/Dec/2025:21:50:00 +0300] "GET /wp-content/uploads/2023/07/w-vgs-casual-park-beyond.jpg HTTP/1.1" 200 209981 "-" "-"
95.217.109.26 - - [05/Dec/2025:21:50:03 +0300] "GET /shop/?stock_status=onsale&filter_color=standart&filter_product_brand=36,37,38 HTTP/1.1" 200 23917 "-" "Mozilla/5.0 (compatible; MJ12bot/v1.4.8; http://mj12bot.com/)"
193.111.77.77 - - [05/Dec/2025:21:50:07 +0300] "GET /wp-content/uploads/2023/07/w-vgs-casual-park-beyond.jpg HTTP/1.1" 200 209981 "-" "-"
95.217.109.26 - - [05/Dec/2025:21:50:13 +0300] "GET /shop/?stock_status=onsale&filter_color=standart&filter_product_brand=36,38&filter_size=standart HTTP/1.1" 200 23902 "-" "Mozilla/5.0 (compatible; MJ12bot/v1.4.8; http://mj12bot.com/)"
193.111.77.77 - - [05/Dec/2025:21:50:33 +0300] "POST /wp-cron.php?doing_wp_cron=1764960633.8536930084228515625000 HTTP/1.1" 200 0 "-" "WordPress/6.9; https://tnstickers.com"
95.217.109.26 - - [05/Dec/2025:21:50:47 +0300] "GET /shop/?stock_status=onsale&filter_color=standart&filter_product_brand=38,39&filter_size=physical HTTP/1.1" 200 21425 "-" "Mozilla/5.0 (compatible; MJ12bot/v1.4.8; http://mj12bot.com/)"
