23.27.145.162 - - [05/Dec/2025:17:20:08 +0300] "GET /wp-content/uploads/2023/07/Gemini_Generated_Image_du8ebrdu8ebrdu8e-e1764714621696.png HTTP/2" 200 1401008 "https://tnstickers.com/" "Mozilla/5.0 (Windows NT 10.0; Win64; x64) AppleWebKit/537.36 (KHTML, like Gecko) Chrome/119.0.0.0 Safari/537.36"
157.173.127.72 - - [05/Dec/2025:17:20:14 +0300] "GET /shop/?s=Yamaha&post_type=product&per_page=12&add-to-cart=2689 HTTP/1.1" 200 23353 "-" "Mozilla/5.0 (compatible; MJ12bot/v1.4.8; http://mj12bot.com/)"
157.173.127.72 - - [05/Dec/2025:17:20:20 +0300] "GET /shop/?s=Yamaha&post_type=product&per_page=18&add-to-cart=2689 HTTP/1.1" 200 23351 "-" "Mozilla/5.0 (compatible; MJ12bot/v1.4.8; http://mj12bot.com/)"
157.173.127.72 - - [05/Dec/2025:17:20:31 +0300] "GET /shop/?s=Yamaha&post_type=product&per_page=9&add-to-cart=2689 HTTP/1.1" 200 23350 "-" "Mozilla/5.0 (compatible; MJ12bot/v1.4.8; http://mj12bot.com/)"
157.173.127.72 - - [05/Dec/2025:17:20:34 +0300] "GET /shop/?s=Yamaha&post_type=product&shop_view=grid&per_row=3&add-to-cart=2686 HTTP/1.1" 200 23382 "-" "Mozilla/5.0 (compatible; MJ12bot/v1.4.8; http://mj12bot.com/)"
157.173.127.72 - - [05/Dec/2025:17:20:36 +0300] "GET /shop/?s=Yamaha&post_type=product&shop_view=grid&per_row=3&add-to-cart=2689 HTTP/1.1" 200 23380 "-" "Mozilla/5.0 (compatible; MJ12bot/v1.4.8; http://mj12bot.com/)"
157.173.127.72 - - [05/Dec/2025:17:20:42 +0300] "GET /shop/?s=Yamaha&post_type=product&shop_view=grid&per_row=4&add-to-cart=2689 HTTP/1.1" 200 23378 "-" "Mozilla/5.0 (compatible; MJ12bot/v1.4.8; http://mj12bot.com/)"
157.173.127.72 - - [05/Dec/2025:17:20:48 +0300] "GET /shop/?s=Yamaha&post_type=product&shop_view=list&add-to-cart=2689 HTTP/1.1" 200 23730 "-" "Mozilla/5.0 (compatible; MJ12bot/v1.4.8; http://mj12bot.com/)"
193.111.77.77 - - [05/Dec/2025:17:21:03 +0300] "GET /wp-content/uploads/2025/12/akra.png HTTP/1.1" 200 232293 "-" "-"
193.111.77.77 - - [05/Dec/2025:17:21:09 +0300] "GET /wp-content/uploads/2025/12/akra.png HTTP/1.1" 200 232293 "-" "-"
157.173.127.72 - - [05/Dec/2025:17:21:08 +0300] "GET /shop/?shop_view=grid&per_row=3&add-to-cart=2734 HTTP/1.1" 200 27317 "-" "Mozilla/5.0 (compatible; MJ12bot/v1.4.8; http://mj12bot.com/)"
157.173.127.72 - - [05/Dec/2025:17:21:11 +0300] "GET /shop/?shop_view=grid&per_row=3&add-to-cart=2771 HTTP/1.1" 200 27324 "-" "Mozilla/5.0 (compatible; MJ12bot/v1.4.8; http://mj12bot.com/)"
193.111.77.77 - - [05/Dec/2025:17:21:15 +0300] "GET /wp-content/uploads/2025/12/akra.png HTTP/1.1" 200 232293 "-" "-"
157.173.127.72 - - [05/Dec/2025:17:21:15 +0300] "GET /shop/?shop_view=grid&per_row=3&add-to-cart=484 HTTP/1.1" 200 27318 "-" "Mozilla/5.0 (compatible; MJ12bot/v1.4.8; http://mj12bot.com/)"
157.173.127.72 - - [05/Dec/2025:17:21:18 +0300] "GET /shop/?shop_view=grid&per_row=3&add-to-cart=496 HTTP/1.1" 200 27316 "-" "Mozilla/5.0 (compatible; MJ12bot/v1.4.8; http://mj12bot.com/)"
157.173.127.72 - - [05/Dec/2025:17:21:26 +0300] "GET /shop/?shop_view=grid&per_row=4&add-to-cart=2683 HTTP/1.1" 200 27309 "-" "Mozilla/5.0 (compatible; MJ12bot/v1.4.8; http://mj12bot.com/)"
193.111.77.77 - - [05/Dec/2025:17:21:39 +0300] "GET /wp-content/uploads/2025/12/akra.png HTTP/1.1" 200 232293 "-" "-"
193.111.77.77 - - [05/Dec/2025:17:21:44 +0300] "GET /wp-content/uploads/2025/12/akra.png HTTP/1.1" 200 232293 "-" "-"
193.111.77.77 - - [05/Dec/2025:17:21:47 +0300] "GET /wp-content/uploads/2025/12/akra.png HTTP/1.1" 200 232293 "-" "-"
193.111.77.77 - - [05/Dec/2025:17:21:50 +0300] "GET /wp-content/uploads/2025/12/akra.png HTTP/1.1" 200 232293 "-" "-"
193.111.77.77 - - [05/Dec/2025:17:22:01 +0300] "GET /wp-content/uploads/2025/12/akra.png HTTP/1.1" 200 232293 "-" "-"
193.111.77.77 - - [05/Dec/2025:17:22:04 +0300] "GET /wp-content/uploads/2025/12/akra.png HTTP/1.1" 200 232293 "-" "-"
157.173.127.72 - - [05/Dec/2025:17:20:08 +0300] "GET /shop/?per_row=4&shop_view=list HTTP/1.1" 200 29279 "-" "Mozilla/5.0 (compatible; MJ12bot/v1.4.8; http://mj12bot.com/)"
193.111.77.77 - - [05/Dec/2025:17:20:12 +0300] "GET /wp-content/uploads/2025/12/45.png HTTP/1.1" 200 242191 "-" "-"
193.111.77.77 - - [05/Dec/2025:17:20:21 +0300] "GET /wp-content/uploads/2025/12/45.png HTTP/1.1" 200 242191 "-" "-"
193.111.77.77 - - [05/Dec/2025:17:20:24 +0300] "GET /wp-content/uploads/2025/12/45.png HTTP/1.1" 200 242191 "-" "-"
193.111.77.77 - - [05/Dec/2025:17:20:32 +0300] "GET /wp-content/uploads/2025/12/45.png HTTP/1.1" 200 242191 "-" "-"
193.111.77.77 - - [05/Dec/2025:17:20:40 +0300] "GET /wp-content/uploads/2025/12/45.png HTTP/1.1" 200 242191 "-" "-"
157.173.127.72 - - [05/Dec/2025:17:20:40 +0300] "GET /shop/?s=Yamaha&post_type=product&shop_view=grid&per_row=4&add-to-cart=2686 HTTP/1.1" 200 23381 "-" "Mozilla/5.0 (compatible; MJ12bot/v1.4.8; http://mj12bot.com/)"
193.111.77.77 - - [05/Dec/2025:17:20:43 +0300] "GET /wp-content/uploads/2025/12/45.png HTTP/1.1" 200 242191 "-" "-"
157.173.127.72 - - [05/Dec/2025:17:20:54 +0300] "GET /shop/?shop_view=grid&per_row=3&add-to-cart=2683 HTTP/1.1" 200 27306 "-" "Mozilla/5.0 (compatible; MJ12bot/v1.4.8; http://mj12bot.com/)"
193.111.77.77 - - [05/Dec/2025:17:20:58 +0300] "GET /wp-content/uploads/2025/12/akra.png HTTP/1.1" 200 232293 "-" "-"
193.111.77.77 - - [05/Dec/2025:17:21:01 +0300] "GET /wp-content/uploads/2025/12/akra.png HTTP/1.1" 200 232293 "-" "-"
157.173.127.72 - - [05/Dec/2025:17:21:00 +0300] "GET /shop/?shop_view=grid&per_row=3&add-to-cart=2722 HTTP/1.1" 200 27323 "-" "Mozilla/5.0 (compatible; MJ12bot/v1.4.8; http://mj12bot.com/)"
193.111.77.77 - - [05/Dec/2025:17:21:23 +0300] "GET /wp-content/uploads/2025/12/akra.png HTTP/1.1" 200 232293 "-" "-"
157.173.127.72 - - [05/Dec/2025:17:21:29 +0300] "GET /shop/?shop_view=grid&per_row=4&add-to-cart=2719 HTTP/1.1" 200 27315 "-" "Mozilla/5.0 (compatible; MJ12bot/v1.4.8; http://mj12bot.com/)"
193.111.77.77 - - [05/Dec/2025:17:21:36 +0300] "GET /wp-content/uploads/2025/12/akra.png HTTP/1.1" 200 232293 "-" "-"
157.173.127.72 - - [05/Dec/2025:17:21:34 +0300] "GET /shop/?shop_view=grid&per_row=4&add-to-cart=2728 HTTP/1.1" 200 27315 "-" "Mozilla/5.0 (compatible; MJ12bot/v1.4.8; http://mj12bot.com/)"
157.173.127.72 - - [05/Dec/2025:17:21:41 +0300] "GET /shop/?shop_view=grid&per_row=4&add-to-cart=2734 HTTP/1.1" 200 27314 "-" "Mozilla/5.0 (compatible; MJ12bot/v1.4.8; http://mj12bot.com/)"
157.173.127.72 - - [05/Dec/2025:17:21:46 +0300] "GET /shop/?shop_view=grid&per_row=4&add-to-cart=484 HTTP/1.1" 200 27315 "-" "Mozilla/5.0 (compatible; MJ12bot/v1.4.8; http://mj12bot.com/)"
157.173.127.72 - - [05/Dec/2025:17:21:52 +0300] "GET /shop/?shop_view=grid&s=Yamaha&post_type=product&per_row=3 HTTP/1.1" 200 23333 "-" "Mozilla/5.0 (compatible; MJ12bot/v1.4.8; http://mj12bot.com/)"
157.173.127.72 - - [05/Dec/2025:17:21:57 +0300] "GET /shop/?shop_view=list&add-to-cart=2680 HTTP/1.1" 200 29315 "-" "Mozilla/5.0 (compatible; MJ12bot/v1.4.8; http://mj12bot.com/)"
157.173.127.72 - - [05/Dec/2025:17:22:12 +0300] "GET /shop/?shop_view=list&add-to-cart=2731 HTTP/1.1" 200 29323 "-" "Mozilla/5.0 (compatible; MJ12bot/v1.4.8; http://mj12bot.com/)"
157.173.127.72 - - [05/Dec/2025:17:22:21 +0300] "GET /shop/?shop_view=list&add-to-cart=484 HTTP/1.1" 200 29316 "-" "Mozilla/5.0 (compatible; MJ12bot/v1.4.8; http://mj12bot.com/)"
193.111.77.77 - - [05/Dec/2025:17:22:24 +0300] "GET /wp-content/uploads/2025/12/akra.png HTTP/1.1" 200 232293 "-" "-"
157.173.127.72 - - [05/Dec/2025:17:22:23 +0300] "GET /shop/?shop_view=list&add-to-cart=496 HTTP/1.1" 200 29316 "-" "Mozilla/5.0 (compatible; MJ12bot/v1.4.8; http://mj12bot.com/)"
193.111.77.77 - - [05/Dec/2025:17:22:41 +0300] "GET /wp-content/uploads/2025/12/45.png HTTP/1.1" 200 242191 "-" "-"
157.173.127.72 - - [05/Dec/2025:17:22:41 +0300] "GET /shop/?shop_view=list&s=Yamaha&post_type=product HTTP/1.1" 200 23657 "-" "Mozilla/5.0 (compatible; MJ12bot/v1.4.8; http://mj12bot.com/)"
157.173.127.72 - - [05/Dec/2025:17:20:29 +0300] "GET /shop/?s=Yamaha&post_type=product&per_page=9&add-to-cart=2686 HTTP/1.1" 200 23355 "-" "Mozilla/5.0 (compatible; MJ12bot/v1.4.8; http://mj12bot.com/)"
193.111.77.77 - - [05/Dec/2025:17:20:34 +0300] "GET /wp-content/uploads/2025/12/45.png HTTP/1.1" 200 242191 "-" "-"
193.111.77.77 - - [05/Dec/2025:17:20:49 +0300] "GET /wp-content/uploads/2025/12/45.png HTTP/1.1" 200 242191 "-" "-"
157.173.127.72 - - [05/Dec/2025:17:20:51 +0300] "GET /shop/?shop_view=grid&per_row=3&add-to-cart=2680 HTTP/1.1" 200 27316 "-" "Mozilla/5.0 (compatible; MJ12bot/v1.4.8; http://mj12bot.com/)"
157.173.127.72 - - [05/Dec/2025:17:21:03 +0300] "GET /shop/?shop_view=grid&per_row=3&add-to-cart=2728 HTTP/1.1" 200 27313 "-" "Mozilla/5.0 (compatible; MJ12bot/v1.4.8; http://mj12bot.com/)"
193.111.77.77 - - [05/Dec/2025:17:21:06 +0300] "GET /wp-content/uploads/2025/12/akra.png HTTP/1.1" 200 232293 "-" "-"
157.173.127.72 - - [05/Dec/2025:17:21:06 +0300] "GET /shop/?shop_view=grid&per_row=3&add-to-cart=2731 HTTP/1.1" 200 27314 "-" "Mozilla/5.0 (compatible; MJ12bot/v1.4.8; http://mj12bot.com/)"
193.111.77.77 - - [05/Dec/2025:17:21:30 +0300] "POST /wp-cron.php?doing_wp_cron=1764944490.3489499092102050781250 HTTP/1.1" 200 0 "-" "WordPress/6.9; https://tnstickers.com"
193.111.77.77 - - [05/Dec/2025:17:21:32 +0300] "GET /wp-content/uploads/2025/12/akra.png HTTP/1.1" 200 232293 "-" "-"
157.173.127.72 - - [05/Dec/2025:17:21:38 +0300] "GET /shop/?shop_view=grid&per_row=4&add-to-cart=2731 HTTP/1.1" 200 27313 "-" "Mozilla/5.0 (compatible; MJ12bot/v1.4.8; http://mj12bot.com/)"
193.111.77.77 - - [05/Dec/2025:17:21:41 +0300] "GET /wp-content/uploads/2025/12/akra.png HTTP/1.1" 200 232293 "-" "-"
157.173.127.72 - - [05/Dec/2025:17:21:43 +0300] "GET /shop/?shop_view=grid&per_row=4&add-to-cart=2771 HTTP/1.1" 200 27323 "-" "Mozilla/5.0 (compatible; MJ12bot/v1.4.8; http://mj12bot.com/)"
157.173.127.72 - - [05/Dec/2025:17:21:49 +0300] "GET /shop/?shop_view=grid&per_row=4&add-to-cart=496 HTTP/1.1" 200 27315 "-" "Mozilla/5.0 (compatible; MJ12bot/v1.4.8; http://mj12bot.com/)"
193.111.77.77 - - [05/Dec/2025:17:21:53 +0300] "GET /wp-content/uploads/2025/12/45.png HTTP/1.1" 200 242191 "-" "-"
193.111.77.77 - - [05/Dec/2025:17:21:55 +0300] "GET /wp-content/uploads/2025/12/45.png HTTP/1.1" 200 242191 "-" "-"
193.111.77.77 - - [05/Dec/2025:17:21:58 +0300] "GET /wp-content/uploads/2025/12/akra.png HTTP/1.1" 200 232293 "-" "-"
193.111.77.77 - - [05/Dec/2025:17:22:10 +0300] "GET /wp-content/uploads/2025/12/akra.png HTTP/1.1" 200 232293 "-" "-"
157.173.127.72 - - [05/Dec/2025:17:22:09 +0300] "GET /shop/?shop_view=list&add-to-cart=2728 HTTP/1.1" 200 29311 "-" "Mozilla/5.0 (compatible; MJ12bot/v1.4.8; http://mj12bot.com/)"
193.111.77.77 - - [05/Dec/2025:17:22:12 +0300] "GET /wp-content/uploads/2025/12/akra.png HTTP/1.1" 200 232293 "-" "-"
193.111.77.77 - - [05/Dec/2025:17:22:18 +0300] "GET /wp-content/uploads/2025/12/akra.png HTTP/1.1" 200 232293 "-" "-"
193.111.77.77 - - [05/Dec/2025:17:22:34 +0300] "GET /wp-content/uploads/2025/12/akra.png HTTP/1.1" 200 232293 "-" "-"
157.173.127.72 - - [05/Dec/2025:17:22:33 +0300] "GET /shop/?shop_view=list&per_page=24 HTTP/1.1" 200 29282 "-" "Mozilla/5.0 (compatible; MJ12bot/v1.4.8; http://mj12bot.com/)"
193.111.77.77 - - [05/Dec/2025:17:22:38 +0300] "GET /wp-content/uploads/2025/12/akra.png HTTP/1.1" 200 232293 "-" "-"
157.173.127.72 - - [05/Dec/2025:17:22:36 +0300] "GET /shop/?shop_view=list&per_page=9 HTTP/1.1" 200 25802 "-" "Mozilla/5.0 (compatible; MJ12bot/v1.4.8; http://mj12bot.com/)"
193.111.77.77 - - [05/Dec/2025:17:22:44 +0300] "GET /wp-content/uploads/2025/12/45.png HTTP/1.1" 200 242191 "-" "-"
193.111.77.77 - - [05/Dec/2025:17:22:46 +0300] "GET /wp-content/uploads/2025/12/45.png HTTP/1.1" 200 242191 "-" "-"
157.173.127.72 - - [05/Dec/2025:17:22:46 +0300] "GET /shop/?shop_view=list&s=Yamaha&post_type=product&per_page=18 HTTP/1.1" 200 23685 "-" "Mozilla/5.0 (compatible; MJ12bot/v1.4.8; http://mj12bot.com/)"
193.111.77.77 - - [05/Dec/2025:17:20:15 +0300] "GET /wp-content/uploads/2025/12/45.png HTTP/1.1" 200 242191 "-" "-"
193.111.77.77 - - [05/Dec/2025:17:20:18 +0300] "GET /wp-content/uploads/2025/12/45.png HTTP/1.1" 200 242191 "-" "-"
157.173.127.72 - - [05/Dec/2025:17:20:26 +0300] "GET /shop/?s=Yamaha&post_type=product&per_page=24&add-to-cart=2689 HTTP/1.1" 200 23349 "-" "Mozilla/5.0 (compatible; MJ12bot/v1.4.8; http://mj12bot.com/)"
193.111.77.77 - - [05/Dec/2025:17:20:37 +0300] "GET /wp-content/uploads/2025/12/45.png HTTP/1.1" 200 242191 "-" "-"
193.111.77.77 - - [05/Dec/2025:17:20:45 +0300] "GET /wp-content/uploads/2025/12/45.png HTTP/1.1" 200 242191 "-" "-"
157.173.127.72 - - [05/Dec/2025:17:20:45 +0300] "GET /shop/?s=Yamaha&post_type=product&shop_view=list&add-to-cart=2686 HTTP/1.1" 200 23727 "-" "Mozilla/5.0 (compatible; MJ12bot/v1.4.8; http://mj12bot.com/)"
193.111.77.77 - - [05/Dec/2025:17:20:52 +0300] "GET /wp-content/uploads/2025/12/akra.png HTTP/1.1" 200 232293 "-" "-"
193.111.77.77 - - [05/Dec/2025:17:20:55 +0300] "GET /wp-content/uploads/2025/12/akra.png HTTP/1.1" 200 232293 "-" "-"
157.173.127.72 - - [05/Dec/2025:17:20:57 +0300] "GET /shop/?shop_view=grid&per_row=3&add-to-cart=2719 HTTP/1.1" 200 27316 "-" "Mozilla/5.0 (compatible; MJ12bot/v1.4.8; http://mj12bot.com/)"
193.111.77.77 - - [05/Dec/2025:17:21:12 +0300] "GET /wp-content/uploads/2025/12/akra.png HTTP/1.1" 200 232293 "-" "-"
193.111.77.77 - - [05/Dec/2025:17:21:19 +0300] "GET /wp-content/uploads/2025/12/akra.png HTTP/1.1" 200 232293 "-" "-"
157.173.127.72 - - [05/Dec/2025:17:21:21 +0300] "GET /shop/?shop_view=grid&per_row=4&add-to-cart=2680 HTTP/1.1" 200 27315 "-" "Mozilla/5.0 (compatible; MJ12bot/v1.4.8; http://mj12bot.com/)"
193.111.77.77 - - [05/Dec/2025:17:21:27 +0300] "GET /wp-content/uploads/2025/12/akra.png HTTP/1.1" 200 232293 "-" "-"
193.111.77.77 - - [05/Dec/2025:17:21:29 +0300] "GET /wp-content/uploads/2025/12/akra.png HTTP/1.1" 200 232293 "-" "-"
157.173.127.72 - - [05/Dec/2025:17:21:32 +0300] "GET /shop/?shop_view=grid&per_row=4&add-to-cart=2722 HTTP/1.1" 200 27324 "-" "Mozilla/5.0 (compatible; MJ12bot/v1.4.8; http://mj12bot.com/)"
157.173.127.72 - - [05/Dec/2025:17:21:55 +0300] "GET /shop/?shop_view=grid&s=Yamaha&post_type=product&per_row=4 HTTP/1.1" 200 23331 "-" "Mozilla/5.0 (compatible; MJ12bot/v1.4.8; http://mj12bot.com/)"
157.173.127.72 - - [05/Dec/2025:17:22:00 +0300] "GET /shop/?shop_view=list&add-to-cart=2683 HTTP/1.1" 200 29309 "-" "Mozilla/5.0 (compatible; MJ12bot/v1.4.8; http://mj12bot.com/)"
157.173.127.72 - - [05/Dec/2025:17:22:06 +0300] "GET /shop/?shop_view=list&add-to-cart=2722 HTTP/1.1" 200 29325 "-" "Mozilla/5.0 (compatible; MJ12bot/v1.4.8; http://mj12bot.com/)"
157.173.127.72 - - [05/Dec/2025:17:22:14 +0300] "GET /shop/?shop_view=list&add-to-cart=2734 HTTP/1.1" 200 29316 "-" "Mozilla/5.0 (compatible; MJ12bot/v1.4.8; http://mj12bot.com/)"
193.111.77.77 - - [05/Dec/2025:17:22:21 +0300] "GET /wp-content/uploads/2025/12/akra.png HTTP/1.1" 200 232293 "-" "-"
193.111.77.77 - - [05/Dec/2025:17:22:28 +0300] "GET /wp-content/uploads/2025/12/akra.png HTTP/1.1" 200 232293 "-" "-"
193.111.77.77 - - [05/Dec/2025:17:22:31 +0300] "GET /wp-content/uploads/2025/12/akra.png HTTP/1.1" 200 232293 "-" "-"
193.111.77.77 - - [05/Dec/2025:17:22:31 +0300] "POST /wp-cron.php?doing_wp_cron=1764944551.7374470233917236328125 HTTP/1.1" 200 0 "-" "WordPress/6.9; https://tnstickers.com"
157.173.127.72 - - [05/Dec/2025:17:22:43 +0300] "GET /shop/?shop_view=list&s=Yamaha&post_type=product&per_page=12 HTTP/1.1" 200 23688 "-" "Mozilla/5.0 (compatible; MJ12bot/v1.4.8; http://mj12bot.com/)"
157.173.127.72 - - [05/Dec/2025:17:22:53 +0300] "GET /shop/?shop_view=list&s=Yamaha&post_type=product&per_page=9 HTTP/1.1" 200 23686 "-" "Mozilla/5.0 (compatible; MJ12bot/v1.4.8; http://mj12bot.com/)"
193.111.77.77 - - [05/Dec/2025:17:23:06 +0300] "GET /wp-content/uploads/2023/07/w-vgs-casual-park-beyond.jpg HTTP/1.1" 200 209981 "-" "-"
157.173.127.72 - - [05/Dec/2025:17:22:03 +0300] "GET /shop/?shop_view=list&add-to-cart=2719 HTTP/1.1" 200 29317 "-" "Mozilla/5.0 (compatible; MJ12bot/v1.4.8; http://mj12bot.com/)"
193.111.77.77 - - [05/Dec/2025:17:22:07 +0300] "GET /wp-content/uploads/2025/12/akra.png HTTP/1.1" 200 232293 "-" "-"
193.111.77.77 - - [05/Dec/2025:17:22:15 +0300] "GET /wp-content/uploads/2025/12/akra.png HTTP/1.1" 200 232293 "-" "-"
157.173.127.72 - - [05/Dec/2025:17:22:17 +0300] "GET /shop/?shop_view=list&add-to-cart=2771 HTTP/1.1" 200 29321 "-" "Mozilla/5.0 (compatible; MJ12bot/v1.4.8; http://mj12bot.com/)"
157.173.127.72 - - [05/Dec/2025:17:22:27 +0300] "GET /shop/?shop_view=list&per_page=12 HTTP/1.1" 200 26472 "-" "Mozilla/5.0 (compatible; MJ12bot/v1.4.8; http://mj12bot.com/)"
157.173.127.72 - - [05/Dec/2025:17:22:30 +0300] "GET /shop/?shop_view=list&per_page=18 HTTP/1.1" 200 27915 "-" "Mozilla/5.0 (compatible; MJ12bot/v1.4.8; http://mj12bot.com/)"
157.173.127.72 - - [05/Dec/2025:17:23:00 +0300] "GET /shop/?stock_status=onsale&filter_color=deluxe&filter_product_brand=37 HTTP/1.1" 200 23865 "-" "Mozilla/5.0 (compatible; MJ12bot/v1.4.8; http://mj12bot.com/)"
193.111.77.77 - - [05/Dec/2025:17:23:03 +0300] "GET /wp-content/uploads/2023/07/w-vgs-casual-park-beyond.jpg HTTP/1.1" 200 209981 "-" "-"
157.173.127.72 - - [05/Dec/2025:17:23:10 +0300] "GET /shop/?stock_status=onsale&filter_color=deluxe&filter_size=standart HTTP/1.1" 200 24584 "-" "Mozilla/5.0 (compatible; MJ12bot/v1.4.8; http://mj12bot.com/)"
157.173.127.72 - - [05/Dec/2025:17:23:16 +0300] "GET /shop/?stock_status=onsale&filter_color=deluxe&per_page=18 HTTP/1.1" 200 24582 "-" "Mozilla/5.0 (compatible; MJ12bot/v1.4.8; http://mj12bot.com/)"
193.111.77.77 - - [05/Dec/2025:17:23:24 +0300] "GET /wp-content/uploads/2023/07/w-vgs-action-dying-light-2.jpg HTTP/1.1" 200 157438 "-" "-"
157.173.127.72 - - [05/Dec/2025:17:23:24 +0300] "GET /shop/?stock_status=onsale&filter_color=deluxe&shop_view=grid&per_row=3 HTTP/1.1" 200 24604 "-" "Mozilla/5.0 (compatible; MJ12bot/v1.4.8; http://mj12bot.com/)"
157.173.127.72 - - [05/Dec/2025:17:23:26 +0300] "GET /shop/?stock_status=onsale&filter_color=deluxe&shop_view=grid&per_row=4 HTTP/1.1" 200 24602 "-" "Mozilla/5.0 (compatible; MJ12bot/v1.4.8; http://mj12bot.com/)"
193.111.77.77 - - [05/Dec/2025:17:23:31 +0300] "GET /wp-content/uploads/2023/07/w-vgs-action-dying-light-2.jpg HTTP/1.1" 200 157438 "-" "-"
157.173.127.72 - - [05/Dec/2025:17:23:52 +0300] "GET /shop/?stock_status=onsale&filter_color=standart&filter_size=standart HTTP/1.1" 200 24578 "-" "Mozilla/5.0 (compatible; MJ12bot/v1.4.8; http://mj12bot.com/)"
193.111.77.77 - - [05/Dec/2025:17:24:01 +0300] "GET /wp-content/uploads/2023/07/w-vgs-action-dying-light-2.jpg HTTP/1.1" 200 157438 "-" "-"
193.111.77.77 - - [05/Dec/2025:17:24:13 +0300] "GET /wp-content/uploads/2023/07/w-vgs-action-dying-light-2.jpg HTTP/1.1" 200 157438 "-" "-"
157.173.127.72 - - [05/Dec/2025:17:24:18 +0300] "GET /shop/?stock_status=onsale&filter_product_brand=36&filter_color=standart HTTP/1.1" 200 21294 "-" "Mozilla/5.0 (compatible; MJ12bot/v1.4.8; http://mj12bot.com/)"
157.173.127.72 - - [05/Dec/2025:17:24:24 +0300] "GET /shop/?stock_status=onsale&filter_product_brand=36&filter_size=standart HTTP/1.1" 200 21270 "-" "Mozilla/5.0 (compatible; MJ12bot/v1.4.8; http://mj12bot.com/)"
193.111.77.77 - - [05/Dec/2025:17:24:29 +0300] "POST /wp-cron.php?doing_wp_cron=1764944669.9015181064605712890625 HTTP/1.1" 200 0 "-" "WordPress/6.9; https://tnstickers.com"
193.111.77.77 - - [05/Dec/2025:17:24:34 +0300] "GET /wp-content/uploads/2023/07/w-vgs-casual-park-beyond.jpg HTTP/1.1" 200 209981 "-" "-"
157.173.127.72 - - [05/Dec/2025:17:24:32 +0300] "GET /shop/?stock_status=onsale&filter_product_brand=36,38 HTTP/1.1" 200 23836 "-" "Mozilla/5.0 (compatible; MJ12bot/v1.4.8; http://mj12bot.com/)"
193.111.77.77 - - [05/Dec/2025:17:24:38 +0300] "GET /wp-content/uploads/2023/07/w-vgs-casual-park-beyond.jpg HTTP/1.1" 200 209981 "-" "-"
193.111.77.77 - - [05/Dec/2025:17:22:50 +0300] "GET /wp-content/uploads/2025/12/45.png HTTP/1.1" 200 242191 "-" "-"
193.111.77.77 - - [05/Dec/2025:17:22:54 +0300] "GET /wp-content/uploads/2025/12/45.png HTTP/1.1" 200 242191 "-" "-"
193.111.77.77 - - [05/Dec/2025:17:23:00 +0300] "GET /wp-content/uploads/2023/07/w-vgs-casual-park-beyond.jpg HTTP/1.1" 200 209981 "-" "-"
157.173.127.72 - - [05/Dec/2025:17:23:05 +0300] "GET /shop/?stock_status=onsale&filter_color=deluxe&filter_product_brand=39 HTTP/1.1" 200 23869 "-" "Mozilla/5.0 (compatible; MJ12bot/v1.4.8; http://mj12bot.com/)"
157.173.127.72 - - [05/Dec/2025:17:23:08 +0300] "GET /shop/?stock_status=onsale&filter_color=deluxe&filter_size=physical HTTP/1.1" 200 21790 "-" "Mozilla/5.0 (compatible; MJ12bot/v1.4.8; http://mj12bot.com/)"
193.111.77.77 - - [05/Dec/2025:17:23:11 +0300] "GET /wp-content/uploads/2023/07/w-vgs-action-dying-light-2.jpg HTTP/1.1" 200 157438 "-" "-"
157.173.127.72 - - [05/Dec/2025:17:23:13 +0300] "GET /shop/?stock_status=onsale&filter_color=deluxe&per_page=12 HTTP/1.1" 200 24585 "-" "Mozilla/5.0 (compatible; MJ12bot/v1.4.8; http://mj12bot.com/)"
193.111.77.77 - - [05/Dec/2025:17:23:16 +0300] "GET /wp-content/uploads/2023/07/w-vgs-action-dying-light-2.jpg HTTP/1.1" 200 157438 "-" "-"
157.173.127.72 - - [05/Dec/2025:17:23:18 +0300] "GET /shop/?stock_status=onsale&filter_color=deluxe&per_page=24 HTTP/1.1" 200 24583 "-" "Mozilla/5.0 (compatible; MJ12bot/v1.4.8; http://mj12bot.com/)"
193.111.77.77 - - [05/Dec/2025:17:23:31 +0300] "POST /wp-cron.php?doing_wp_cron=1764944611.4023299217224121093750 HTTP/1.1" 200 0 "-" "WordPress/6.9; https://tnstickers.com"
157.173.127.72 - - [05/Dec/2025:17:23:35 +0300] "GET /shop/?stock_status=onsale&filter_color=standart&filter_product_brand=36 HTTP/1.1" 200 21294 "-" "Mozilla/5.0 (compatible; MJ12bot/v1.4.8; http://mj12bot.com/)"
193.111.77.77 - - [05/Dec/2025:17:23:41 +0300] "GET /wp-content/uploads/2023/07/w-vgs-casual-park-beyond.jpg HTTP/1.1" 200 209981 "-" "-"
157.173.127.72 - - [05/Dec/2025:17:23:40 +0300] "GET /shop/?stock_status=onsale&filter_color=standart&filter_product_brand=37 HTTP/1.1" 200 23870 "-" "Mozilla/5.0 (compatible; MJ12bot/v1.4.8; http://mj12bot.com/)"
157.173.127.72 - - [05/Dec/2025:17:23:46 +0300] "GET /shop/?stock_status=onsale&filter_color=standart&filter_product_brand=39 HTTP/1.1" 200 23873 "-" "Mozilla/5.0 (compatible; MJ12bot/v1.4.8; http://mj12bot.com/)"
157.173.127.72 - - [05/Dec/2025:17:23:57 +0300] "GET /shop/?stock_status=onsale&filter_color=standart&per_page=18 HTTP/1.1" 200 24593 "-" "Mozilla/5.0 (compatible; MJ12bot/v1.4.8; http://mj12bot.com/)"
157.173.127.72 - - [05/Dec/2025:17:24:00 +0300] "GET /shop/?stock_status=onsale&filter_color=standart&per_page=24 HTTP/1.1" 200 24595 "-" "Mozilla/5.0 (compatible; MJ12bot/v1.4.8; http://mj12bot.com/)"
193.111.77.77 - - [05/Dec/2025:17:24:04 +0300] "GET /wp-content/uploads/2023/07/w-vgs-action-dying-light-2.jpg HTTP/1.1" 200 157438 "-" "-"
193.111.77.77 - - [05/Dec/2025:17:24:07 +0300] "GET /wp-content/uploads/2023/07/w-vgs-action-dying-light-2.jpg HTTP/1.1" 200 157438 "-" "-"
157.173.127.72 - - [05/Dec/2025:17:24:15 +0300] "GET /shop/?stock_status=onsale&filter_product_brand=36&filter_color=deluxe HTTP/1.1" 200 21280 "-" "Mozilla/5.0 (compatible; MJ12bot/v1.4.8; http://mj12bot.com/)"
157.173.127.72 - - [05/Dec/2025:17:24:21 +0300] "GET /shop/?stock_status=onsale&filter_product_brand=36&filter_size=physical HTTP/1.1" 200 21282 "-" "Mozilla/5.0 (compatible; MJ12bot/v1.4.8; http://mj12bot.com/)"
193.111.77.77 - - [05/Dec/2025:17:24:29 +0300] "GET /wp-content/uploads/2023/07/w-vgs-casual-park-beyond.jpg HTTP/1.1" 200 209981 "-" "-"
157.173.127.72 - - [05/Dec/2025:17:24:50 +0300] "GET /shop/?stock_status=onsale&filter_product_brand=37&filter_size=standart HTTP/1.1" 200 23835 "-" "Mozilla/5.0 (compatible; MJ12bot/v1.4.8; http://mj12bot.com/)"
193.111.77.77 - - [05/Dec/2025:17:24:55 +0300] "GET /wp-content/uploads/2023/07/w-vgs-casual-park-beyond.jpg HTTP/1.1" 200 209981 "-" "-"
193.111.77.77 - - [05/Dec/2025:17:23:19 +0300] "GET /wp-content/uploads/2023/07/w-vgs-action-dying-light-2.jpg HTTP/1.1" 200 157438 "-" "-"
193.111.77.77 - - [05/Dec/2025:17:23:22 +0300] "GET /wp-content/uploads/2023/07/w-vgs-action-dying-light-2.jpg HTTP/1.1" 200 157438 "-" "-"
193.111.77.77 - - [05/Dec/2025:17:23:27 +0300] "GET /wp-content/uploads/2023/07/w-vgs-action-dying-light-2.jpg HTTP/1.1" 200 157438 "-" "-"
157.173.127.72 - - [05/Dec/2025:17:23:30 +0300] "GET /shop/?stock_status=onsale&filter_color=deluxe&shop_view=list HTTP/1.1" 200 24762 "-" "Mozilla/5.0 (compatible; MJ12bot/v1.4.8; http://mj12bot.com/)"
193.111.77.77 - - [05/Dec/2025:17:23:33 +0300] "GET /wp-content/uploads/2023/07/w-vgs-action-dying-light-2.jpg HTTP/1.1" 200 157438 "-" "-"
157.173.127.72 - - [05/Dec/2025:17:23:33 +0300] "GET /shop/?stock_status=onsale&filter_color=deluxe,standart HTTP/1.1" 200 24604 "-" "Mozilla/5.0 (compatible; MJ12bot/v1.4.8; http://mj12bot.com/)"
193.111.77.77 - - [05/Dec/2025:17:23:44 +0300] "GET /wp-content/uploads/2023/07/w-vgs-casual-park-beyond.jpg HTTP/1.1" 200 209981 "-" "-"
157.173.127.72 - - [05/Dec/2025:17:23:49 +0300] "GET /shop/?stock_status=onsale&filter_color=standart&filter_size=physical HTTP/1.1" 200 21792 "-" "Mozilla/5.0 (compatible; MJ12bot/v1.4.8; http://mj12bot.com/)"
193.111.77.77 - - [05/Dec/2025:17:23:52 +0300] "GET /wp-content/uploads/2023/07/w-vgs-action-dying-light-2.jpg HTTP/1.1" 200 157438 "-" "-"
157.173.127.72 - - [05/Dec/2025:17:23:54 +0300] "GET /shop/?stock_status=onsale&filter_color=standart&per_page=12 HTTP/1.1" 200 24595 "-" "Mozilla/5.0 (compatible; MJ12bot/v1.4.8; http://mj12bot.com/)"
193.111.77.77 - - [05/Dec/2025:17:23:58 +0300] "GET /wp-content/uploads/2023/07/w-vgs-action-dying-light-2.jpg HTTP/1.1" 200 157438 "-" "-"
157.173.127.72 - - [05/Dec/2025:17:24:06 +0300] "GET /shop/?stock_status=onsale&filter_color=standart&shop_view=grid&per_row=3 HTTP/1.1" 200 24606 "-" "Mozilla/5.0 (compatible; MJ12bot/v1.4.8; http://mj12bot.com/)"
157.173.127.72 - - [05/Dec/2025:17:24:09 +0300] "GET /shop/?stock_status=onsale&filter_color=standart&shop_view=grid&per_row=4 HTTP/1.1" 200 24607 "-" "Mozilla/5.0 (compatible; MJ12bot/v1.4.8; http://mj12bot.com/)"
157.173.127.72 - - [05/Dec/2025:17:24:12 +0300] "GET /shop/?stock_status=onsale&filter_color=standart&shop_view=list HTTP/1.1" 200 24783 "-" "Mozilla/5.0 (compatible; MJ12bot/v1.4.8; http://mj12bot.com/)"
157.173.127.72 - - [05/Dec/2025:17:24:36 +0300] "GET /shop/?stock_status=onsale&filter_product_brand=36,39 HTTP/1.1" 200 23836 "-" "Mozilla/5.0 (compatible; MJ12bot/v1.4.8; http://mj12bot.com/)"
193.111.77.77 - - [05/Dec/2025:17:24:42 +0300] "GET /wp-content/uploads/2023/07/w-vgs-casual-park-beyond.jpg HTTP/1.1" 200 209981 "-" "-"
157.173.127.72 - - [05/Dec/2025:17:24:44 +0300] "GET /shop/?stock_status=onsale&filter_product_brand=37&filter_color=standart HTTP/1.1" 200 23865 "-" "Mozilla/5.0 (compatible; MJ12bot/v1.4.8; http://mj12bot.com/)"
193.111.77.77 - - [05/Dec/2025:17:25:07 +0300] "GET /wp-content/uploads/2023/07/w-vgs-casual-park-beyond.jpg HTTP/1.1" 200 209981 "-" "-"
157.173.127.72 - - [05/Dec/2025:17:25:05 +0300] "GET /shop/?stock_status=onsale&filter_product_brand=38&filter_color=standart HTTP/1.1" 200 23880 "-" "Mozilla/5.0 (compatible; MJ12bot/v1.4.8; http://mj12bot.com/)"
193.111.77.77 - - [05/Dec/2025:17:25:15 +0300] "GET /wp-content/uploads/2023/07/w-vgs-casual-park-beyond.jpg HTTP/1.1" 200 209981 "-" "-"
157.173.127.72 - - [05/Dec/2025:17:25:14 +0300] "GET /shop/?stock_status=onsale&filter_product_brand=38,39 HTTP/1.1" 200 23829 "-" "Mozilla/5.0 (compatible; MJ12bot/v1.4.8; http://mj12bot.com/)"
193.111.77.77 - - [05/Dec/2025:17:25:19 +0300] "GET /wp-content/uploads/2023/07/w-vgs-casual-park-beyond.jpg HTTP/1.1" 200 209981 "-" "-"
193.111.77.77 - - [05/Dec/2025:17:25:22 +0300] "GET /wp-content/uploads/2023/07/w-vgs-casual-park-beyond.jpg HTTP/1.1" 200 209981 "-" "-"
157.173.127.72 - - [05/Dec/2025:17:22:49 +0300] "GET /shop/?shop_view=list&s=Yamaha&post_type=product&per_page=24 HTTP/1.1" 200 23683 "-" "Mozilla/5.0 (compatible; MJ12bot/v1.4.8; http://mj12bot.com/)"
157.173.127.72 - - [05/Dec/2025:17:22:57 +0300] "GET /shop/?stock_status=onsale&filter_color=deluxe&filter_product_brand=36 HTTP/1.1" 200 21280 "-" "Mozilla/5.0 (compatible; MJ12bot/v1.4.8; http://mj12bot.com/)"
157.173.127.72 - - [05/Dec/2025:17:23:02 +0300] "GET /shop/?stock_status=onsale&filter_color=deluxe&filter_product_brand=38 HTTP/1.1" 200 23865 "-" "Mozilla/5.0 (compatible; MJ12bot/v1.4.8; http://mj12bot.com/)"
193.111.77.77 - - [05/Dec/2025:17:23:14 +0300] "GET /wp-content/uploads/2023/07/w-vgs-action-dying-light-2.jpg HTTP/1.1" 200 157438 "-" "-"
157.173.127.72 - - [05/Dec/2025:17:23:21 +0300] "GET /shop/?stock_status=onsale&filter_color=deluxe&per_page=9 HTTP/1.1" 200 24584 "-" "Mozilla/5.0 (compatible; MJ12bot/v1.4.8; http://mj12bot.com/)"
157.173.127.72 - - [05/Dec/2025:17:23:44 +0300] "GET /shop/?stock_status=onsale&filter_color=standart&filter_product_brand=38 HTTP/1.1" 200 23874 "-" "Mozilla/5.0 (compatible; MJ12bot/v1.4.8; http://mj12bot.com/)"
193.111.77.77 - - [05/Dec/2025:17:23:47 +0300] "GET /wp-content/uploads/2023/07/w-vgs-casual-park-beyond.jpg HTTP/1.1" 200 209981 "-" "-"
193.111.77.77 - - [05/Dec/2025:17:23:55 +0300] "GET /wp-content/uploads/2023/07/w-vgs-action-dying-light-2.jpg HTTP/1.1" 200 157438 "-" "-"
157.173.127.72 - - [05/Dec/2025:17:24:03 +0300] "GET /shop/?stock_status=onsale&filter_color=standart&per_page=9 HTTP/1.1" 200 24592 "-" "Mozilla/5.0 (compatible; MJ12bot/v1.4.8; http://mj12bot.com/)"
193.111.77.77 - - [05/Dec/2025:17:24:10 +0300] "GET /wp-content/uploads/2023/07/w-vgs-action-dying-light-2.jpg HTTP/1.1" 200 157438 "-" "-"
157.173.127.72 - - [05/Dec/2025:17:24:27 +0300] "GET /shop/?stock_status=onsale&filter_product_brand=36,37 HTTP/1.1" 200 23835 "-" "Mozilla/5.0 (compatible; MJ12bot/v1.4.8; http://mj12bot.com/)"
193.111.77.77 - - [05/Dec/2025:17:24:45 +0300] "GET /wp-content/uploads/2023/07/w-vgs-casual-park-beyond.jpg HTTP/1.1" 200 209981 "-" "-"
157.173.127.72 - - [05/Dec/2025:17:24:47 +0300] "GET /shop/?stock_status=onsale&filter_product_brand=37&filter_size=physical HTTP/1.1" 200 21387 "-" "Mozilla/5.0 (compatible; MJ12bot/v1.4.8; http://mj12bot.com/)"
157.173.127.72 - - [05/Dec/2025:17:25:19 +0300] "GET /shop/?stock_status=onsale&filter_product_brand=39&filter_color=deluxe HTTP/1.1" 200 23868 "-" "Mozilla/5.0 (compatible; MJ12bot/v1.4.8; http://mj12bot.com/)"
193.111.77.77 - - [05/Dec/2025:17:25:30 +0300] "POST /wp-cron.php?doing_wp_cron=1764944730.1948909759521484375000 HTTP/1.1" 200 0 "-" "WordPress/6.9; https://tnstickers.com"
157.173.127.72 - - [05/Dec/2025:17:25:29 +0300] "GET /shop/?stock_status=onsale&filter_size=physical&filter_color=deluxe HTTP/1.1" 200 21783 "-" "Mozilla/5.0 (compatible; MJ12bot/v1.4.8; http://mj12bot.com/)"
157.173.127.72 - - [05/Dec/2025:17:25:38 +0300] "GET /shop/?stock_status=onsale&filter_size=physical&filter_product_brand=37 HTTP/1.1" 200 21387 "-" "Mozilla/5.0 (compatible; MJ12bot/v1.4.8; http://mj12bot.com/)"
157.173.127.72 - - [05/Dec/2025:17:25:43 +0300] "GET /shop/?stock_status=onsale&filter_size=physical&filter_product_brand=39 HTTP/1.1" 200 21385 "-" "Mozilla/5.0 (compatible; MJ12bot/v1.4.8; http://mj12bot.com/)"
157.173.127.72 - - [05/Dec/2025:17:25:48 +0300] "GET /shop/?stock_status=onsale&filter_size=standart&filter_color=standart HTTP/1.1" 200 24573 "-" "Mozilla/5.0 (compatible; MJ12bot/v1.4.8; http://mj12bot.com/)"
157.173.127.72 - - [05/Dec/2025:17:25:53 +0300] "GET /shop/?stock_status=onsale&filter_size=standart&filter_product_brand=37 HTTP/1.1" 200 23833 "-" "Mozilla/5.0 (compatible; MJ12bot/v1.4.8; http://mj12bot.com/)"
157.173.127.72 - - [05/Dec/2025:17:26:01 +0300] "GET /shop/?stock_status=onsale&filter_size=standart&per_page=12 HTTP/1.1" 200 24572 "-" "Mozilla/5.0 (compatible; MJ12bot/v1.4.8; http://mj12bot.com/)"
157.173.127.72 - - [05/Dec/2025:17:25:02 +0300] "GET /shop/?stock_status=onsale&filter_product_brand=38&filter_color=deluxe HTTP/1.1" 200 23870 "-" "Mozilla/5.0 (compatible; MJ12bot/v1.4.8; http://mj12bot.com/)"
157.173.127.72 - - [05/Dec/2025:17:25:09 +0300] "GET /shop/?stock_status=onsale&filter_product_brand=38&filter_size=physical HTTP/1.1" 200 21390 "-" "Mozilla/5.0 (compatible; MJ12bot/v1.4.8; http://mj12bot.com/)"
157.173.127.72 - - [05/Dec/2025:17:25:12 +0300] "GET /shop/?stock_status=onsale&filter_product_brand=38&filter_size=standart HTTP/1.1" 200 23832 "-" "Mozilla/5.0 (compatible; MJ12bot/v1.4.8; http://mj12bot.com/)"
208.110.64.178 - - [05/Dec/2025:17:25:26 +0300] "GET /wp-content/wpe333bb/index.php HTTP/1.1" 301 0 "https://tnstickers.com/wp-content/wpe333bb/index.php" "Mozilla/5.0 (Windows NT 10.0; Win64; x64) AppleWebKit/537.36 (KHTML, like Gecko) Chrome/58.0.3029.110 Safari/537.3"
157.173.127.72 - - [05/Dec/2025:17:25:26 +0300] "GET /shop/?stock_status=onsale&filter_product_brand=39&filter_size=standart HTTP/1.1" 200 23830 "-" "Mozilla/5.0 (compatible; MJ12bot/v1.4.8; http://mj12bot.com/)"
208.110.64.178 - - [05/Dec/2025:17:25:27 +0300] "GET /wp-content/wpe333bb/ HTTP/1.1" 404 19018 "https://tnstickers.com/wp-content/wpe333bb/index.php" "Mozilla/5.0 (Windows NT 10.0; Win64; x64) AppleWebKit/537.36 (KHTML, like Gecko) Chrome/58.0.3029.110 Safari/537.3"
157.173.127.72 - - [05/Dec/2025:17:25:31 +0300] "GET /shop/?stock_status=onsale&filter_size=physical&filter_color=standart HTTP/1.1" 200 21788 "-" "Mozilla/5.0 (compatible; MJ12bot/v1.4.8; http://mj12bot.com/)"
193.111.77.77 - - [05/Dec/2025:17:25:56 +0300] "GET /wp-content/uploads/2023/07/w-vgs-casual-park-beyond.jpg HTTP/1.1" 200 209981 "-" "-"
157.173.127.72 - - [05/Dec/2025:17:25:56 +0300] "GET /shop/?stock_status=onsale&filter_size=standart&filter_product_brand=38 HTTP/1.1" 200 23832 "-" "Mozilla/5.0 (compatible; MJ12bot/v1.4.8; http://mj12bot.com/)"
193.111.77.77 - - [05/Dec/2025:17:26:02 +0300] "GET /wp-content/uploads/2023/07/w-vgs-action-dying-light-2.jpg HTTP/1.1" 200 157438 "-" "-"
157.173.127.72 - - [05/Dec/2025:17:26:04 +0300] "GET /shop/?stock_status=onsale&filter_size=standart&per_page=18 HTTP/1.1" 200 24562 "-" "Mozilla/5.0 (compatible; MJ12bot/v1.4.8; http://mj12bot.com/)"
157.173.127.72 - - [05/Dec/2025:17:26:09 +0300] "GET /shop/?stock_status=onsale&filter_size=standart&per_page=9 HTTP/1.1" 200 24569 "-" "Mozilla/5.0 (compatible; MJ12bot/v1.4.8; http://mj12bot.com/)"
193.111.77.77 - - [05/Dec/2025:17:26:13 +0300] "GET /wp-content/uploads/2023/07/w-vgs-action-dying-light-2.jpg HTTP/1.1" 200 157438 "-" "-"
193.111.77.77 - - [05/Dec/2025:17:26:18 +0300] "GET /wp-content/uploads/2023/07/w-vgs-action-dying-light-2.jpg HTTP/1.1" 200 157438 "-" "-"
193.111.77.77 - - [05/Dec/2025:17:26:20 +0300] "GET /wp-content/uploads/2023/07/w-vgs-action-dying-light-2.jpg HTTP/1.1" 200 157438 "-" "-"
193.111.77.77 - - [05/Dec/2025:17:26:25 +0300] "GET /wp-content/uploads/2023/07/w-vgs-action-dying-light-2.jpg HTTP/1.1" 200 157438 "-" "-"
157.173.127.72 - - [05/Dec/2025:17:26:25 +0300] "GET /shop/?stock_status=onsale&per_page=12&shop_view=list HTTP/1.1" 200 24728 "-" "Mozilla/5.0 (compatible; MJ12bot/v1.4.8; http://mj12bot.com/)"
193.111.77.77 - - [05/Dec/2025:17:26:28 +0300] "GET /wp-content/uploads/2023/07/w-vgs-action-dying-light-2.jpg HTTP/1.1" 200 157438 "-" "-"
157.173.127.72 - - [05/Dec/2025:17:26:30 +0300] "GET /shop/?stock_status=onsale&per_page=18&shop_view=grid&per_row=4 HTTP/1.1" 200 24559 "-" "Mozilla/5.0 (compatible; MJ12bot/v1.4.8; http://mj12bot.com/)"
157.173.127.72 - - [05/Dec/2025:17:26:36 +0300] "GET /shop/?stock_status=onsale&per_page=24&shop_view=grid&per_row=3 HTTP/1.1" 200 24557 "-" "Mozilla/5.0 (compatible; MJ12bot/v1.4.8; http://mj12bot.com/)"
193.111.77.77 - - [05/Dec/2025:17:26:40 +0300] "GET /wp-content/uploads/2023/07/w-vgs-action-dying-light-2.jpg HTTP/1.1" 200 157438 "-" "-"
193.111.77.77 - - [05/Dec/2025:17:26:42 +0300] "GET /wp-content/uploads/2023/07/w-vgs-action-dying-light-2.jpg HTTP/1.1" 200 157438 "-" "-"
157.173.127.72 - - [05/Dec/2025:17:24:40 +0300] "GET /shop/?stock_status=onsale&filter_product_brand=37&filter_color=deluxe HTTP/1.1" 200 23868 "-" "Mozilla/5.0 (compatible; MJ12bot/v1.4.8; http://mj12bot.com/)"
193.111.77.77 - - [05/Dec/2025:17:24:52 +0300] "GET /wp-content/uploads/2023/07/w-vgs-casual-park-beyond.jpg HTTP/1.1" 200 209981 "-" "-"
157.173.127.72 - - [05/Dec/2025:17:24:54 +0300] "GET /shop/?stock_status=onsale&filter_product_brand=37,38 HTTP/1.1" 200 23841 "-" "Mozilla/5.0 (compatible; MJ12bot/v1.4.8; http://mj12bot.com/)"
193.111.77.77 - - [05/Dec/2025:17:24:59 +0300] "GET /wp-content/uploads/2023/07/w-vgs-casual-park-beyond.jpg HTTP/1.1" 200 209981 "-" "-"
157.173.127.72 - - [05/Dec/2025:17:24:57 +0300] "GET /shop/?stock_status=onsale&filter_product_brand=37,39 HTTP/1.1" 200 23841 "-" "Mozilla/5.0 (compatible; MJ12bot/v1.4.8; http://mj12bot.com/)"
193.111.77.77 - - [05/Dec/2025:17:25:03 +0300] "GET /wp-content/uploads/2023/07/w-vgs-casual-park-beyond.jpg HTTP/1.1" 200 209981 "-" "-"
193.111.77.77 - - [05/Dec/2025:17:25:13 +0300] "GET /wp-content/uploads/2023/07/w-vgs-casual-park-beyond.jpg HTTP/1.1" 200 209981 "-" "-"
157.173.127.72 - - [05/Dec/2025:17:25:21 +0300] "GET /shop/?stock_status=onsale&filter_product_brand=39&filter_color=standart HTTP/1.1" 200 23873 "-" "Mozilla/5.0 (compatible; MJ12bot/v1.4.8; http://mj12bot.com/)"
157.173.127.72 - - [05/Dec/2025:17:25:24 +0300] "GET /shop/?stock_status=onsale&filter_product_brand=39&filter_size=physical HTTP/1.1" 200 21385 "-" "Mozilla/5.0 (compatible; MJ12bot/v1.4.8; http://mj12bot.com/)"
193.111.77.77 - - [05/Dec/2025:17:25:27 +0300] "GET /wp-content/uploads/2023/07/w-vgs-casual-park-beyond.jpg HTTP/1.1" 200 209981 "-" "-"
157.173.127.72 - - [05/Dec/2025:17:25:35 +0300] "GET /shop/?stock_status=onsale&filter_size=physical&filter_product_brand=36 HTTP/1.1" 200 21281 "-" "Mozilla/5.0 (compatible; MJ12bot/v1.4.8; http://mj12bot.com/)"
193.111.77.77 - - [05/Dec/2025:17:25:46 +0300] "GET /wp-content/uploads/2023/07/w-vgs-action-dying-light-2.jpg HTTP/1.1" 200 157438 "-" "-"
193.111.77.77 - - [05/Dec/2025:17:25:54 +0300] "GET /wp-content/uploads/2023/07/w-vgs-casual-park-beyond.jpg HTTP/1.1" 200 209981 "-" "-"
193.111.77.77 - - [05/Dec/2025:17:26:04 +0300] "GET /wp-content/uploads/2023/07/w-vgs-action-dying-light-2.jpg HTTP/1.1" 200 157438 "-" "-"
157.173.127.72 - - [05/Dec/2025:17:26:06 +0300] "GET /shop/?stock_status=onsale&filter_size=standart&per_page=24 HTTP/1.1" 200 24570 "-" "Mozilla/5.0 (compatible; MJ12bot/v1.4.8; http://mj12bot.com/)"
193.111.77.77 - - [05/Dec/2025:17:26:10 +0300] "GET /wp-content/uploads/2023/07/w-vgs-action-dying-light-2.jpg HTTP/1.1" 200 157438 "-" "-"
157.173.127.72 - - [05/Dec/2025:17:26:12 +0300] "GET /shop/?stock_status=onsale&filter_size=standart&shop_view=grid&per_row=3 HTTP/1.1" 200 24582 "-" "Mozilla/5.0 (compatible; MJ12bot/v1.4.8; http://mj12bot.com/)"
193.111.77.77 - - [05/Dec/2025:17:26:15 +0300] "GET /wp-content/uploads/2023/07/w-vgs-action-dying-light-2.jpg HTTP/1.1" 200 157438 "-" "-"
157.173.127.72 - - [05/Dec/2025:17:26:17 +0300] "GET /shop/?stock_status=onsale&filter_size=standart&shop_view=list HTTP/1.1" 200 24746 "-" "Mozilla/5.0 (compatible; MJ12bot/v1.4.8; http://mj12bot.com/)"
157.173.127.72 - - [05/Dec/2025:17:26:20 +0300] "GET /shop/?stock_status=onsale&per_page=12&shop_view=grid&per_row=3 HTTP/1.1" 200 24560 "-" "Mozilla/5.0 (compatible; MJ12bot/v1.4.8; http://mj12bot.com/)"
157.173.127.72 - - [05/Dec/2025:17:26:33 +0300] "GET /shop/?stock_status=onsale&per_page=18&shop_view=list HTTP/1.1" 200 24729 "-" "Mozilla/5.0 (compatible; MJ12bot/v1.4.8; http://mj12bot.com/)"
193.111.77.77 - - [05/Dec/2025:17:26:37 +0300] "GET /wp-content/uploads/2023/07/w-vgs-action-dying-light-2.jpg HTTP/1.1" 200 157438 "-" "-"
157.173.127.72 - - [05/Dec/2025:17:26:54 +0300] "GET /shop/?stock_status=onsale&per_row=3&shop_view=grid&per_page=12 HTTP/1.1" 200 24561 "-" "Mozilla/5.0 (compatible; MJ12bot/v1.4.8; http://mj12bot.com/)"
157.173.127.72 - - [05/Dec/2025:17:25:40 +0300] "GET /shop/?stock_status=onsale&filter_size=physical&filter_product_brand=38 HTTP/1.1" 200 21388 "-" "Mozilla/5.0 (compatible; MJ12bot/v1.4.8; http://mj12bot.com/)"
157.173.127.72 - - [05/Dec/2025:17:25:45 +0300] "GET /shop/?stock_status=onsale&filter_size=standart&filter_color=deluxe HTTP/1.1" 200 24577 "-" "Mozilla/5.0 (compatible; MJ12bot/v1.4.8; http://mj12bot.com/)"
193.111.77.77 - - [05/Dec/2025:17:25:49 +0300] "GET /wp-content/uploads/2023/07/w-vgs-action-dying-light-2.jpg HTTP/1.1" 200 157438 "-" "-"
157.173.127.72 - - [05/Dec/2025:17:25:51 +0300] "GET /shop/?stock_status=onsale&filter_size=standart&filter_product_brand=36 HTTP/1.1" 200 21270 "-" "Mozilla/5.0 (compatible; MJ12bot/v1.4.8; http://mj12bot.com/)"
193.111.77.77 - - [05/Dec/2025:17:25:59 +0300] "GET /wp-content/uploads/2023/07/w-vgs-casual-park-beyond.jpg HTTP/1.1" 200 209981 "-" "-"
157.173.127.72 - - [05/Dec/2025:17:25:58 +0300] "GET /shop/?stock_status=onsale&filter_size=standart&filter_product_brand=39 HTTP/1.1" 200 23829 "-" "Mozilla/5.0 (compatible; MJ12bot/v1.4.8; http://mj12bot.com/)"
193.111.77.77 - - [05/Dec/2025:17:26:23 +0300] "GET /wp-content/uploads/2023/07/w-vgs-action-dying-light-2.jpg HTTP/1.1" 200 157438 "-" "-"
157.173.127.72 - - [05/Dec/2025:17:26:27 +0300] "GET /shop/?stock_status=onsale&per_page=18&shop_view=grid&per_row=3 HTTP/1.1" 200 24558 "-" "Mozilla/5.0 (compatible; MJ12bot/v1.4.8; http://mj12bot.com/)"
193.111.77.77 - - [05/Dec/2025:17:26:33 +0300] "GET /wp-content/uploads/2023/07/w-vgs-action-dying-light-2.jpg HTTP/1.1" 200 157438 "-" "-"
193.111.77.77 - - [05/Dec/2025:17:26:45 +0300] "GET /wp-content/uploads/2023/07/w-vgs-action-dying-light-2.jpg HTTP/1.1" 200 157438 "-" "-"
157.173.127.72 - - [05/Dec/2025:17:26:44 +0300] "GET /shop/?stock_status=onsale&per_page=9&shop_view=grid&per_row=3 HTTP/1.1" 200 24559 "-" "Mozilla/5.0 (compatible; MJ12bot/v1.4.8; http://mj12bot.com/)"
157.173.127.72 - - [05/Dec/2025:17:26:49 +0300] "GET /shop/?stock_status=onsale&per_page=9&shop_view=list HTTP/1.1" 200 24728 "-" "Mozilla/5.0 (compatible; MJ12bot/v1.4.8; http://mj12bot.com/)"
193.111.77.77 - - [05/Dec/2025:17:26:52 +0300] "GET /wp-content/uploads/2023/07/w-vgs-action-dying-light-2.jpg HTTP/1.1" 200 157438 "-" "-"
193.111.77.77 - - [05/Dec/2025:17:26:55 +0300] "GET /wp-content/uploads/2023/07/w-vgs-action-dying-light-2.jpg HTTP/1.1" 200 157438 "-" "-"
157.173.127.72 - - [05/Dec/2025:17:27:00 +0300] "GET /shop/?stock_status=onsale&per_row=3&shop_view=grid&per_page=24 HTTP/1.1" 200 24559 "-" "Mozilla/5.0 (compatible; MJ12bot/v1.4.8; http://mj12bot.com/)"
193.111.77.77 - - [05/Dec/2025:17:27:03 +0300] "GET /wp-content/uploads/2023/07/w-vgs-action-dying-light-2.jpg HTTP/1.1" 200 157438 "-" "-"
157.173.127.72 - - [05/Dec/2025:17:27:05 +0300] "GET /shop/?stock_status=onsale&per_row=3&shop_view=list HTTP/1.1" 200 24737 "-" "Mozilla/5.0 (compatible; MJ12bot/v1.4.8; http://mj12bot.com/)"
157.173.127.72 - - [05/Dec/2025:17:27:08 +0300] "GET /shop/?stock_status=onsale&per_row=4&shop_view=grid HTTP/1.1" 200 24569 "-" "Mozilla/5.0 (compatible; MJ12bot/v1.4.8; http://mj12bot.com/)"
157.173.127.72 - - [05/Dec/2025:17:27:10 +0300] "GET /shop/?stock_status=onsale&per_row=4&shop_view=grid&per_page=12 HTTP/1.1" 200 24560 "-" "Mozilla/5.0 (compatible; MJ12bot/v1.4.8; http://mj12bot.com/)"
157.173.127.72 - - [05/Dec/2025:17:27:13 +0300] "GET /shop/?stock_status=onsale&per_row=4&shop_view=grid&per_page=18 HTTP/1.1" 200 24560 "-" "Mozilla/5.0 (compatible; MJ12bot/v1.4.8; http://mj12bot.com/)"
193.111.77.77 - - [05/Dec/2025:17:27:17 +0300] "GET /wp-content/uploads/2023/07/w-vgs-action-dying-light-2.jpg HTTP/1.1" 200 157438 "-" "-"
193.111.77.77 - - [05/Dec/2025:17:27:30 +0300] "POST /wp-cron.php?doing_wp_cron=1764944850.4063229560852050781250 HTTP/1.1" 200 0 "-" "WordPress/6.9; https://tnstickers.com"
193.111.77.77 - - [05/Dec/2025:17:27:44 +0300] "GET /wp-content/uploads/2023/07/w-vgs-action-redfall.jpg HTTP/1.1" 200 164222 "-" "-"
193.111.77.77 - - [05/Dec/2025:17:26:07 +0300] "GET /wp-content/uploads/2023/07/w-vgs-action-dying-light-2.jpg HTTP/1.1" 200 157438 "-" "-"
157.173.127.72 - - [05/Dec/2025:17:26:15 +0300] "GET /shop/?stock_status=onsale&filter_size=standart&shop_view=grid&per_row=4 HTTP/1.1" 200 24582 "-" "Mozilla/5.0 (compatible; MJ12bot/v1.4.8; http://mj12bot.com/)"
157.173.127.72 - - [05/Dec/2025:17:26:22 +0300] "GET /shop/?stock_status=onsale&per_page=12&shop_view=grid&per_row=4 HTTP/1.1" 200 24560 "-" "Mozilla/5.0 (compatible; MJ12bot/v1.4.8; http://mj12bot.com/)"
193.111.77.77 - - [05/Dec/2025:17:26:31 +0300] "GET /wp-content/uploads/2023/07/w-vgs-action-dying-light-2.jpg HTTP/1.1" 200 157438 "-" "-"
193.111.77.77 - - [05/Dec/2025:17:26:31 +0300] "POST /wp-cron.php?doing_wp_cron=1764944791.4863181114196777343750 HTTP/1.1" 200 0 "-" "WordPress/6.9; https://tnstickers.com"
157.173.127.72 - - [05/Dec/2025:17:26:39 +0300] "GET /shop/?stock_status=onsale&per_page=24&shop_view=grid&per_row=4 HTTP/1.1" 200 24554 "-" "Mozilla/5.0 (compatible; MJ12bot/v1.4.8; http://mj12bot.com/)"
193.111.77.77 - - [05/Dec/2025:17:26:47 +0300] "GET /wp-content/uploads/2023/07/w-vgs-action-dying-light-2.jpg HTTP/1.1" 200 157438 "-" "-"
193.111.77.77 - - [05/Dec/2025:17:26:50 +0300] "GET /wp-content/uploads/2023/07/w-vgs-action-dying-light-2.jpg HTTP/1.1" 200 157438 "-" "-"
157.173.127.72 - - [05/Dec/2025:17:26:57 +0300] "GET /shop/?stock_status=onsale&per_row=3&shop_view=grid&per_page=18 HTTP/1.1" 200 24560 "-" "Mozilla/5.0 (compatible; MJ12bot/v1.4.8; http://mj12bot.com/)"
193.111.77.77 - - [05/Dec/2025:17:27:08 +0300] "GET /wp-content/uploads/2023/07/w-vgs-action-dying-light-2.jpg HTTP/1.1" 200 157438 "-" "-"
193.111.77.77 - - [05/Dec/2025:17:27:14 +0300] "GET /wp-content/uploads/2023/07/w-vgs-action-dying-light-2.jpg HTTP/1.1" 200 157438 "-" "-"
157.173.127.72 - - [05/Dec/2025:17:27:16 +0300] "GET /shop/?stock_status=onsale&per_row=4&shop_view=grid&per_page=24 HTTP/1.1" 200 24555 "-" "Mozilla/5.0 (compatible; MJ12bot/v1.4.8; http://mj12bot.com/)"
193.111.77.77 - - [05/Dec/2025:17:27:20 +0300] "GET /wp-content/uploads/2023/07/w-vgs-action-dying-light-2.jpg HTTP/1.1" 200 157438 "-" "-"
157.173.127.72 - - [05/Dec/2025:17:27:19 +0300] "GET /shop/?stock_status=onsale&per_row=4&shop_view=grid&per_page=9 HTTP/1.1" 200 24560 "-" "Mozilla/5.0 (compatible; MJ12bot/v1.4.8; http://mj12bot.com/)"
193.111.77.77 - - [05/Dec/2025:17:27:30 +0300] "GET /wp-content/uploads/2023/07/w-vgs-action-dying-light-2.jpg HTTP/1.1" 200 157438 "-" "-"
157.173.127.72 - - [05/Dec/2025:17:27:32 +0300] "GET /shop/?stock_status=onsale&shop_view=list&per_page=18 HTTP/1.1" 200 24730 "-" "Mozilla/5.0 (compatible; MJ12bot/v1.4.8; http://mj12bot.com/)"
157.173.127.72 - - [05/Dec/2025:17:27:38 +0300] "GET /shop/?stock_status=onsale&shop_view=list&per_page=9 HTTP/1.1" 200 24729 "-" "Mozilla/5.0 (compatible; MJ12bot/v1.4.8; http://mj12bot.com/)"
193.111.77.77 - - [05/Dec/2025:17:27:47 +0300] "GET /wp-content/uploads/2023/07/w-vgs-action-redfall.jpg HTTP/1.1" 200 164222 "-" "-"
193.111.77.77 - - [05/Dec/2025:17:27:55 +0300] "GET /wp-content/uploads/2023/07/w-vgs-action-redfall.jpg HTTP/1.1" 200 164222 "-" "-"
193.111.77.77 - - [05/Dec/2025:17:28:11 +0300] "GET /wp-content/uploads/2023/07/w-vgs-action-metroid.jpg HTTP/1.1" 200 134227 "-" "-"
193.111.77.77 - - [05/Dec/2025:17:35:26 +0300] "POST /wp-cron.php?doing_wp_cron=1764945326.7950050830841064453125 HTTP/1.1" 200 0 "-" "WordPress/6.9; https://tnstickers.com"
66.249.66.198 - - [05/Dec/2025:17:35:26 +0300] "GET /produit/forspoken/ HTTP/1.1" 301 0 "-" "Mozilla/5.0 (Linux; Android 6.0.1; Nexus 5X Build/MMB29P) AppleWebKit/537.36 (KHTML, like Gecko) Chrome/141.0.7390.122 Mobile Safari/537.36 (compatible; GoogleOther)"
66.249.78.10 - - [05/Dec/2025:17:38:40 +0300] "GET /product/forspoken/ HTTP/1.1" 200 27404 "-" "Mozilla/5.0 (Linux; Android 6.0.1; Nexus 5X Build/MMB29P) AppleWebKit/537.36 (KHTML, like Gecko) Chrome/141.0.7390.122 Mobile Safari/537.36 (compatible; GoogleOther)"
157.173.127.72 - - [05/Dec/2025:17:26:41 +0300] "GET /shop/?stock_status=onsale&per_page=24&shop_view=list HTTP/1.1" 200 24726 "-" "Mozilla/5.0 (compatible; MJ12bot/v1.4.8; http://mj12bot.com/)"
157.173.127.72 - - [05/Dec/2025:17:26:47 +0300] "GET /shop/?stock_status=onsale&per_page=9&shop_view=grid&per_row=4 HTTP/1.1" 200 24559 "-" "Mozilla/5.0 (compatible; MJ12bot/v1.4.8; http://mj12bot.com/)"
157.173.127.72 - - [05/Dec/2025:17:26:52 +0300] "GET /shop/?stock_status=onsale&per_row=3&shop_view=grid HTTP/1.1" 200 24561 "-" "Mozilla/5.0 (compatible; MJ12bot/v1.4.8; http://mj12bot.com/)"
193.111.77.77 - - [05/Dec/2025:17:26:58 +0300] "GET /wp-content/uploads/2023/07/w-vgs-action-dying-light-2.jpg HTTP/1.1" 200 157438 "-" "-"
157.173.127.72 - - [05/Dec/2025:17:27:29 +0300] "GET /shop/?stock_status=onsale&shop_view=list&per_page=12 HTTP/1.1" 200 24731 "-" "Mozilla/5.0 (compatible; MJ12bot/v1.4.8; http://mj12bot.com/)"
157.173.127.72 - - [05/Dec/2025:17:27:34 +0300] "GET /shop/?stock_status=onsale&shop_view=list&per_page=24 HTTP/1.1" 200 24727 "-" "Mozilla/5.0 (compatible; MJ12bot/v1.4.8; http://mj12bot.com/)"
193.111.77.77 - - [05/Dec/2025:17:27:39 +0300] "GET /wp-content/uploads/2023/07/w-vgs-action-dying-light-2.jpg HTTP/1.1" 200 157438 "-" "-"
157.173.127.72 - - [05/Dec/2025:17:27:41 +0300] "GET /shop/page/2/?add-to-cart=2686 HTTP/1.1" 200 24634 "-" "Mozilla/5.0 (compatible; MJ12bot/v1.4.8; http://mj12bot.com/)"
157.173.127.72 - - [05/Dec/2025:17:27:44 +0300] "GET /shop/page/2/?add-to-cart=2689 HTTP/1.1" 200 24634 "-" "Mozilla/5.0 (compatible; MJ12bot/v1.4.8; http://mj12bot.com/)"
157.173.127.72 - - [05/Dec/2025:17:27:49 +0300] "GET /shop/page/2/?per_page=12 HTTP/1.1" 200 25436 "-" "Mozilla/5.0 (compatible; MJ12bot/v1.4.8; http://mj12bot.com/)"
157.173.127.72 - - [05/Dec/2025:17:27:52 +0300] "GET /shop/page/2/?per_page=18 HTTP/1.1" 200 25629 "-" "Mozilla/5.0 (compatible; MJ12bot/v1.4.8; http://mj12bot.com/)"
193.111.77.77 - - [05/Dec/2025:17:28:06 +0300] "GET /wp-content/uploads/2023/07/w-vgs-action-redfall.jpg HTTP/1.1" 200 164222 "-" "-"
