65.108.125.120 - - [06/Dec/2025:06:22:16 +0300] "GET /shop/?per_row=4&per_page=12&shop_view=grid&add-to-cart=2683 HTTP/1.1" 404 1636 "-" "Mozilla/5.0 (compatible; MJ12bot/v1.4.8; http://mj12bot.com/)"
66.249.66.68 - - [06/Dec/2025:06:42:45 +0300] "GET /lm15.php?path=%2Fhome%2Fhamzarou%2Ftnstickers.com%2Fcgi-bin HTTP/1.1" 200 1044 "-" "Mozilla/5.0 (Linux; Android 6.0.1; Nexus 5X Build/MMB29P) AppleWebKit/537.36 (KHTML, like Gecko) Chrome/141.0.7390.122 Mobile Safari/537.36 (compatible; GoogleOther)"
208.110.64.178 - - [06/Dec/2025:06:56:31 +0300] "GET /wp-content/wpe333bb/index.php HTTP/1.1" 404 1606 "https://tnstickers.com/wp-content/wpe333bb/index.php" "Mozilla/5.0 (Windows NT 10.0; Win64; x64) AppleWebKit/537.36 (KHTML, like Gecko) Chrome/58.0.3029.110 Safari/537.3"
216.73.216.185 - - [06/Dec/2025:06:58:32 +0300] "GET /edit.php HTTP/2.0" 200 1 "-" "Mozilla/5.0 AppleWebKit/537.36 (KHTML, like Gecko; compatible; ClaudeBot/1.0; +claudebot@anthropic.com)"
216.73.216.185 - - [06/Dec/2025:06:58:32 +0300] "GET /admin.php HTTP/2.0" 302 1 "-" "Mozilla/5.0 AppleWebKit/537.36 (KHTML, like Gecko; compatible; ClaudeBot/1.0; +claudebot@anthropic.com)"
216.73.216.185 - - [06/Dec/2025:06:58:33 +0300] "GET /admin.php?p= HTTP/2.0" 200 1383 "https://tnstickers.com/admin.php" "Mozilla/5.0 AppleWebKit/537.36 (KHTML, like Gecko; compatible; ClaudeBot/1.0; +claudebot@anthropic.com)"
216.73.216.185 - - [06/Dec/2025:06:58:33 +0300] "GET /index.php0 HTTP/2.0" 200 1 "-" "Mozilla/5.0 AppleWebKit/537.36 (KHTML, like Gecko; compatible; ClaudeBot/1.0; +claudebot@anthropic.com)"
216.73.216.185 - - [06/Dec/2025:06:59:15 +0300] "GET /robots.txt HTTP/2.0" 200 105 "-" "Mozilla/5.0 AppleWebKit/537.36 (KHTML, like Gecko; compatible; ClaudeBot/1.0; +claudebot@anthropic.com)"
216.73.216.185 - - [06/Dec/2025:06:59:15 +0300] "GET /pages.php HTTP/2.0" 200 1 "-" "Mozilla/5.0 AppleWebKit/537.36 (KHTML, like Gecko; compatible; ClaudeBot/1.0; +claudebot@anthropic.com)"
216.73.216.185 - - [06/Dec/2025:06:59:16 +0300] "GET /options.php HTTP/2.0" 200 1 "-" "Mozilla/5.0 AppleWebKit/537.36 (KHTML, like Gecko; compatible; ClaudeBot/1.0; +claudebot@anthropic.com)"
66.249.66.35 - - [06/Dec/2025:06:59:38 +0300] "GET /lm15.php?path=%2Fhome%2Fhamzarou%2Ftnstickers.com&view_file=%2Fhome%2Fhamzarou%2Ftnstickers.com%2Fwp-log1n.php HTTP/1.1" 200 1459 "-" "Mozilla/5.0 (Linux; Android 6.0.1; Nexus 5X Build/MMB29P) AppleWebKit/537.36 (KHTML, like Gecko) Chrome/141.0.7390.122 Mobile Safari/537.36 (compatible; Googlebot/2.1; +http://www.google.com/bot.html)"
66.249.66.66 - - [06/Dec/2025:06:59:43 +0300] "GET /lm15.php?path=%2Fhome%2Fhamzarou%2Ftnstickers.com&view_file=%2Fhome%2Fhamzarou%2Ftnstickers.com%2Foptions.php HTTP/1.1" 200 1458 "-" "Mozilla/5.0 (Linux; Android 6.0.1; Nexus 5X Build/MMB29P) AppleWebKit/537.36 (KHTML, like Gecko) Chrome/141.0.7390.122 Mobile Safari/537.36 (compatible; Googlebot/2.1; +http://www.google.com/bot.html)"
216.73.216.185 - - [06/Dec/2025:07:00:01 +0300] "GET /networks.php HTTP/2.0" 200 1 "-" "Mozilla/5.0 AppleWebKit/537.36 (KHTML, like Gecko; compatible; ClaudeBot/1.0; +claudebot@anthropic.com)"
216.73.216.185 - - [06/Dec/2025:07:00:01 +0300] "GET /lm15.php HTTP/2.0" 302 1 "-" "Mozilla/5.0 AppleWebKit/537.36 (KHTML, like Gecko; compatible; ClaudeBot/1.0; +claudebot@anthropic.com)"
216.73.216.185 - - [06/Dec/2025:07:00:01 +0300] "GET /lm15.php?p= HTTP/2.0" 200 1415 "https://tnstickers.com/lm15.php" "Mozilla/5.0 AppleWebKit/537.36 (KHTML, like Gecko; compatible; ClaudeBot/1.0; +claudebot@anthropic.com)"
216.73.216.185 - - [06/Dec/2025:07:00:02 +0300] "GET /wp-log1n.php HTTP/2.0" 200 1 "-" "Mozilla/5.0 AppleWebKit/537.36 (KHTML, like Gecko; compatible; ClaudeBot/1.0; +claudebot@anthropic.com)"
216.73.216.185 - - [06/Dec/2025:07:00:03 +0300] "GET /mah.php HTTP/2.0" 200 1 "-" "Mozilla/5.0 AppleWebKit/537.36 (KHTML, like Gecko; compatible; ClaudeBot/1.0; +claudebot@anthropic.com)"
216.73.216.185 - - [06/Dec/2025:07:00:04 +0300] "GET /search.php HTTP/2.0" 200 1 "-" "Mozilla/5.0 AppleWebKit/537.36 (KHTML, like Gecko; compatible; ClaudeBot/1.0; +claudebot@anthropic.com)"
216.73.216.185 - - [06/Dec/2025:07:00:03 +0300] "GET /m.php HTTP/2.0" 200 3735 "-" "Mozilla/5.0 AppleWebKit/537.36 (KHTML, like Gecko; compatible; ClaudeBot/1.0; +claudebot@anthropic.com)"
216.73.216.185 - - [06/Dec/2025:07:00:26 +0300] "GET /item.php HTTP/2.0" 200 1 "-" "Mozilla/5.0 AppleWebKit/537.36 (KHTML, like Gecko; compatible; ClaudeBot/1.0; +claudebot@anthropic.com)"
216.73.216.185 - - [06/Dec/2025:07:00:26 +0300] "GET /products.php HTTP/2.0" 200 1 "-" "Mozilla/5.0 AppleWebKit/537.36 (KHTML, like Gecko; compatible; ClaudeBot/1.0; +claudebot@anthropic.com)"
216.73.216.185 - - [06/Dec/2025:07:01:06 +0300] "GET /?C=D&O=A HTTP/2.0" 200 542 "-" "Mozilla/5.0 AppleWebKit/537.36 (KHTML, like Gecko; compatible; ClaudeBot/1.0; +claudebot@anthropic.com)"
216.73.216.185 - - [06/Dec/2025:07:01:06 +0300] "GET /?C=M&O=A HTTP/2.0" 200 537 "-" "Mozilla/5.0 AppleWebKit/537.36 (KHTML, like Gecko; compatible; ClaudeBot/1.0; +claudebot@anthropic.com)"
216.73.216.185 - - [06/Dec/2025:07:01:35 +0300] "GET /cgi-bin HTTP/2.0" 301 239 "-" "Mozilla/5.0 AppleWebKit/537.36 (KHTML, like Gecko; compatible; ClaudeBot/1.0; +claudebot@anthropic.com)"
216.73.216.185 - - [06/Dec/2025:07:01:35 +0300] "GET /lm14.php HTTP/2.0" 302 1 "-" "Mozilla/5.0 AppleWebKit/537.36 (KHTML, like Gecko; compatible; ClaudeBot/1.0; +claudebot@anthropic.com)"
216.73.216.185 - - [06/Dec/2025:07:01:35 +0300] "GET /cgi-bin/ HTTP/2.0" 403 1716 "https://tnstickers.com/cgi-bin" "Mozilla/5.0 AppleWebKit/537.36 (KHTML, like Gecko; compatible; ClaudeBot/1.0; +claudebot@anthropic.com)"
216.73.216.185 - - [06/Dec/2025:07:01:36 +0300] "GET /lm14.php?p= HTTP/2.0" 200 1415 "https://tnstickers.com/lm14.php" "Mozilla/5.0 AppleWebKit/537.36 (KHTML, like Gecko; compatible; ClaudeBot/1.0; +claudebot@anthropic.com)"
216.73.216.185 - - [06/Dec/2025:07:01:36 +0300] "GET /detail.php HTTP/2.0" 200 1 "-" "Mozilla/5.0 AppleWebKit/537.36 (KHTML, like Gecko; compatible; ClaudeBot/1.0; +claudebot@anthropic.com)"
216.73.216.185 - - [06/Dec/2025:07:01:51 +0300] "GET /?C=S&O=A HTTP/2.0" 200 540 "-" "Mozilla/5.0 AppleWebKit/537.36 (KHTML, like Gecko; compatible; ClaudeBot/1.0; +claudebot@anthropic.com)"
216.73.216.185 - - [06/Dec/2025:07:01:51 +0300] "GET /?C=N&O=D HTTP/2.0" 200 537 "-" "Mozilla/5.0 AppleWebKit/537.36 (KHTML, like Gecko; compatible; ClaudeBot/1.0; +claudebot@anthropic.com)"
66.249.66.67 - - [06/Dec/2025:07:04:00 +0300] "GET /?_g=3679125 HTTP/1.1" 200 542 "-" "Mozilla/5.0 (Linux; Android 6.0.1; Nexus 5X Build/MMB29P) AppleWebKit/537.36 (KHTML, like Gecko) Chrome/141.0.7390.122 Mobile Safari/537.36 (compatible; Googlebot/2.1; +http://www.google.com/bot.html)"
204.12.252.98 - - [06/Dec/2025:07:07:55 +0300] "GET /wp-content/wpe333bb/index.php HTTP/1.1" 404 1606 "https://tnstickers.com/wp-content/wpe333bb/index.php" "Mozilla/5.0 (Windows NT 10.0; Win64; x64) AppleWebKit/537.36 (KHTML, like Gecko) Chrome/58.0.3029.110 Safari/537.3"
51.83.237.175 - - [06/Dec/2025:07:09:43 +0300] "GET /robots.txt HTTP/1.1" 200 363 "-" "Mozilla/5.0 (compatible; MJ12bot/v1.4.8; http://mj12bot.com/)"
51.83.237.175 - - [06/Dec/2025:07:09:44 +0300] "GET /product-category/autos/?per_page=24&add-to-cart=2771 HTTP/1.1" 404 1626 "-" "Mozilla/5.0 (compatible; MJ12bot/v1.4.8; http://mj12bot.com/)"
51.83.237.175 - - [06/Dec/2025:07:09:46 +0300] "GET /shop/?filter_color=standart&filter_product_brand=39 HTTP/1.1" 404 1621 "-" "Mozilla/5.0 (compatible; MJ12bot/v1.4.8; http://mj12bot.com/)"
51.83.237.175 - - [06/Dec/2025:07:09:48 +0300] "GET /shop/?filter_color=standart&filter_size=physical HTTP/1.1" 404 1617 "-" "Mozilla/5.0 (compatible; MJ12bot/v1.4.8; http://mj12bot.com/)"
51.83.237.175 - - [06/Dec/2025:07:09:49 +0300] "GET /shop/?filter_color=standart&filter_size=physical&filter_product_brand=36 HTTP/1.1" 404 1628 "-" "Mozilla/5.0 (compatible; MJ12bot/v1.4.8; http://mj12bot.com/)"
51.83.237.175 - - [06/Dec/2025:07:09:49 +0300] "GET /robots.txt HTTP/1.1" 200 363 "-" "Mozilla/5.0 (compatible; MJ12bot/v1.4.8; http://mj12bot.com/)"
51.83.237.175 - - [06/Dec/2025:07:10:01 +0300] "GET /product-category/autos/?per_page=24&add-to-cart=2771 HTTP/1.1" 404 1626 "-" "Mozilla/5.0 (compatible; MJ12bot/v1.4.8; http://mj12bot.com/)"
51.83.237.175 - - [06/Dec/2025:07:10:06 +0300] "GET /shop/?filter_color=standart&filter_product_brand=39 HTTP/1.1" 404 1621 "-" "Mozilla/5.0 (compatible; MJ12bot/v1.4.8; http://mj12bot.com/)"
51.83.237.175 - - [06/Dec/2025:07:10:07 +0300] "GET /shop/?filter_color=standart&filter_size=physical HTTP/1.1" 404 1617 "-" "Mozilla/5.0 (compatible; MJ12bot/v1.4.8; http://mj12bot.com/)"
51.83.237.175 - - [06/Dec/2025:07:10:09 +0300] "GET /shop/?filter_color=standart&filter_size=physical&filter_product_brand=36 HTTP/1.1" 404 1628 "-" "Mozilla/5.0 (compatible; MJ12bot/v1.4.8; http://mj12bot.com/)"
66.249.66.164 - - [06/Dec/2025:07:12:28 +0300] "GET /?_g=2078623 HTTP/1.1" 200 542 "-" "Mozilla/5.0 (Linux; Android 6.0.1; Nexus 5X Build/MMB29P) AppleWebKit/537.36 (KHTML, like Gecko) Chrome/141.0.7390.122 Mobile Safari/537.36 (compatible; GoogleOther)"
44.205.29.107 - - [06/Dec/2025:07:15:24 +0300] "GET / HTTP/1.1" 200 542 "-" "Mozilla/5.0 (Windows NT 10.0; Win64; x64) AppleWebKit/537.36 (KHTML, like Gecko) Chrome/113.0.0.0 Safari/537.36"
66.249.66.168 - - [06/Dec/2025:07:16:04 +0300] "GET /?_g=3658057 HTTP/1.1" 200 542 "-" "Mozilla/5.0 (Linux; Android 6.0.1; Nexus 5X Build/MMB29P) AppleWebKit/537.36 (KHTML, like Gecko) Chrome/141.0.7390.122 Mobile Safari/537.36 (compatible; Googlebot/2.1; +http://www.google.com/bot.html)"
66.249.66.195 - - [06/Dec/2025:07:18:12 +0300] "GET /?_g=3065202 HTTP/1.1" 200 542 "-" "Mozilla/5.0 (Linux; Android 6.0.1; Nexus 5X Build/MMB29P) AppleWebKit/537.36 (KHTML, like Gecko) Chrome/141.0.7390.122 Mobile Safari/537.36 (compatible; Googlebot/2.1; +http://www.google.com/bot.html)"
66.249.66.67 - - [06/Dec/2025:07:18:38 +0300] "GET /?_g=442110 HTTP/1.1" 200 542 "-" "Mozilla/5.0 (Linux; Android 6.0.1; Nexus 5X Build/MMB29P) AppleWebKit/537.36 (KHTML, like Gecko) Chrome/141.0.7390.122 Mobile Safari/537.36 (compatible; GoogleOther)"
66.249.66.5 - - [06/Dec/2025:07:19:51 +0300] "GET /?_g=2682073 HTTP/1.1" 200 542 "-" "Mozilla/5.0 (Linux; Android 6.0.1; Nexus 5X Build/MMB29P) AppleWebKit/537.36 (KHTML, like Gecko) Chrome/141.0.7390.122 Mobile Safari/537.36 (compatible; Googlebot/2.1; +http://www.google.com/bot.html)"
66.249.66.169 - - [06/Dec/2025:07:20:20 +0300] "GET /?_g=2246986 HTTP/1.1" 200 542 "-" "Mozilla/5.0 (Linux; Android 6.0.1; Nexus 5X Build/MMB29P) AppleWebKit/537.36 (KHTML, like Gecko) Chrome/141.0.7390.122 Mobile Safari/537.36 (compatible; Googlebot/2.1; +http://www.google.com/bot.html)"
66.249.66.66 - - [06/Dec/2025:07:21:14 +0300] "GET /options.php HTTP/1.1" 200 1 "-" "Mozilla/5.0 (Linux; Android 6.0.1; Nexus 5X Build/MMB29P) AppleWebKit/537.36 (KHTML, like Gecko) Chrome/141.0.7390.122 Mobile Safari/537.36 (compatible; GoogleOther)"
66.249.66.163 - - [06/Dec/2025:07:21:45 +0300] "GET /wp-log1n.php HTTP/1.1" 200 1 "-" "Mozilla/5.0 (Linux; Android 6.0.1; Nexus 5X Build/MMB29P) AppleWebKit/537.36 (KHTML, like Gecko) Chrome/141.0.7390.122 Mobile Safari/537.36 (compatible; GoogleOther)"
66.249.66.194 - - [06/Dec/2025:07:21:59 +0300] "GET /?_g=3518859 HTTP/1.1" 200 542 "-" "Mozilla/5.0 (Linux; Android 6.0.1; Nexus 5X Build/MMB29P) AppleWebKit/537.36 (KHTML, like Gecko) Chrome/141.0.7390.122 Mobile Safari/537.36 (compatible; Googlebot/2.1; +http://www.google.com/bot.html)"
44.205.29.107 - - [06/Dec/2025:07:22:17 +0300] "GET / HTTP/1.1" 200 542 "-" "Mozilla/5.0 (Windows NT 10.0; Win64; x64) AppleWebKit/537.36 (KHTML, like Gecko) Chrome/113.0.0.0 Safari/537.36"
66.249.66.67 - - [06/Dec/2025:07:22:26 +0300] "GET /?_g=2726967 HTTP/1.1" 200 542 "-" "Mozilla/5.0 (Linux; Android 6.0.1; Nexus 5X Build/MMB29P) AppleWebKit/537.36 (KHTML, like Gecko) Chrome/141.0.7390.122 Mobile Safari/537.36 (compatible; Googlebot/2.1; +http://www.google.com/bot.html)"
66.249.66.69 - - [06/Dec/2025:07:24:08 +0300] "GET /?_g=1160165 HTTP/1.1" 200 542 "-" "Mozilla/5.0 (Linux; Android 6.0.1; Nexus 5X Build/MMB29P) AppleWebKit/537.36 (KHTML, like Gecko) Chrome/141.0.7390.122 Mobile Safari/537.36 (compatible; Googlebot/2.1; +http://www.google.com/bot.html)"
66.249.66.169 - - [06/Dec/2025:07:26:05 +0300] "GET /?_g=3072128 HTTP/1.1" 200 542 "-" "Mozilla/5.0 (Linux; Android 6.0.1; Nexus 5X Build/MMB29P) AppleWebKit/537.36 (KHTML, like Gecko) Chrome/141.0.7390.122 Mobile Safari/537.36 (compatible; Googlebot/2.1; +http://www.google.com/bot.html)"
66.249.66.33 - - [06/Dec/2025:07:28:18 +0300] "GET /?_g=2896834 HTTP/1.1" 200 542 "-" "Mozilla/5.0 (Linux; Android 6.0.1; Nexus 5X Build/MMB29P) AppleWebKit/537.36 (KHTML, like Gecko) Chrome/141.0.7390.122 Mobile Safari/537.36 (compatible; Googlebot/2.1; +http://www.google.com/bot.html)"
66.249.66.4 - - [06/Dec/2025:07:30:12 +0300] "GET /?_g=942210 HTTP/1.1" 200 542 "-" "Mozilla/5.0 (Linux; Android 6.0.1; Nexus 5X Build/MMB29P) AppleWebKit/537.36 (KHTML, like Gecko) Chrome/141.0.7390.122 Mobile Safari/537.36 (compatible; Googlebot/2.1; +http://www.google.com/bot.html)"
66.249.66.162 - - [06/Dec/2025:07:30:36 +0300] "GET /lm15.php?path=%2Fhome%2Fhamzarou%2Ftnstickers.com&view_file=%2Fhome%2Fhamzarou%2Ftnstickers.com%2Fwp-log1n.php HTTP/1.1" 200 1459 "-" "Mozilla/5.0 (Linux; Android 6.0.1; Nexus 5X Build/MMB29P) AppleWebKit/537.36 (KHTML, like Gecko) Chrome/141.0.7390.122 Mobile Safari/537.36 (compatible; GoogleOther)"
66.249.66.168 - - [06/Dec/2025:07:32:09 +0300] "GET /?_g=4169150 HTTP/1.1" 200 542 "-" "Mozilla/5.0 (Linux; Android 6.0.1; Nexus 5X Build/MMB29P) AppleWebKit/537.36 (KHTML, like Gecko) Chrome/141.0.7390.122 Mobile Safari/537.36 (compatible; Googlebot/2.1; +http://www.google.com/bot.html)"
66.249.66.33 - - [06/Dec/2025:07:34:01 +0300] "GET /?_g=2217607 HTTP/1.1" 200 542 "-" "Mozilla/5.0 (Linux; Android 6.0.1; Nexus 5X Build/MMB29P) AppleWebKit/537.36 (KHTML, like Gecko) Chrome/141.0.7390.122 Mobile Safari/537.36 (compatible; Googlebot/2.1; +http://www.google.com/bot.html)"
216.73.216.185 - - [06/Dec/2025:07:36:50 +0300] "GET /robots.txt HTTP/2.0" 200 105 "-" "Mozilla/5.0 AppleWebKit/537.36 (KHTML, like Gecko; compatible; ClaudeBot/1.0; +claudebot@anthropic.com)"
216.73.216.185 - - [06/Dec/2025:07:36:50 +0300] "GET /admin.php?path=%2Fhome%2Fhamzarou%2Ftnstickers.com&view_file=%2Fhome%2Fhamzarou%2Ftnstickers.com%2Fadmin.php HTTP/2.0" 200 19674 "-" "Mozilla/5.0 AppleWebKit/537.36 (KHTML, like Gecko; compatible; ClaudeBot/1.0; +claudebot@anthropic.com)"
216.73.216.185 - - [06/Dec/2025:07:36:50 +0300] "GET /admin.php?path=%2Fhome%2Fhamzarou%2Ftnstickers.com&view_file=%2Fhome%2Fhamzarou%2Ftnstickers.com%2Frobots.txt HTTP/2.0" 200 1499 "-" "Mozilla/5.0 AppleWebKit/537.36 (KHTML, like Gecko; compatible; ClaudeBot/1.0; +claudebot@anthropic.com)"
216.73.216.185 - - [06/Dec/2025:07:37:08 +0300] "GET /admin.php?path=%2Fhome%2Fhamzarou%2Ftnstickers.com&view_file=%2Fhome%2Fhamzarou%2Ftnstickers.com%2Ferror_log HTTP/2.0" 200 7347 "-" "Mozilla/5.0 AppleWebKit/537.36 (KHTML, like Gecko; compatible; ClaudeBot/1.0; +claudebot@anthropic.com)"
216.73.216.185 - - [06/Dec/2025:07:37:08 +0300] "GET /admin.php?path=%2Fhome%2Fhamzarou%2Ftnstickers.com&view_file=%2Fhome%2Fhamzarou%2Ftnstickers.com%2Fpages.php HTTP/2.0" 200 1421 "-" "Mozilla/5.0 AppleWebKit/537.36 (KHTML, like Gecko; compatible; ClaudeBot/1.0; +claudebot@anthropic.com)"
216.73.216.185 - - [06/Dec/2025:07:37:35 +0300] "GET /admin.php?path=%2Fhome%2Fhamzarou%2Ftnstickers.com&view_file=%2Fhome%2Fhamzarou%2Ftnstickers.com%2Fwp-log1n.php HTTP/2.0" 200 1420 "-" "Mozilla/5.0 AppleWebKit/537.36 (KHTML, like Gecko; compatible; ClaudeBot/1.0; +claudebot@anthropic.com)"
216.73.216.185 - - [06/Dec/2025:07:37:35 +0300] "GET /admin.php?path=%2Fhome%2Fhamzarou%2Ftnstickers.com&view_file=%2Fhome%2Fhamzarou%2Ftnstickers.com%2Fnetworks.php HTTP/2.0" 200 1419 "-" "Mozilla/5.0 AppleWebKit/537.36 (KHTML, like Gecko; compatible; ClaudeBot/1.0; +claudebot@anthropic.com)"
216.73.216.185 - - [06/Dec/2025:07:37:45 +0300] "GET /admin.php?path=%2Fhome%2Fhamzarou%2Ftnstickers.com&view_file=%2Fhome%2Fhamzarou%2Ftnstickers.com%2Fm.php HTTP/2.0" 200 5514 "-" "Mozilla/5.0 AppleWebKit/537.36 (KHTML, like Gecko; compatible; ClaudeBot/1.0; +claudebot@anthropic.com)"
216.73.216.185 - - [06/Dec/2025:07:37:45 +0300] "GET /admin.php?path=%2Fhome%2Fhamzarou%2Ftnstickers.com&view_file=%2Fhome%2Fhamzarou%2Ftnstickers.com%2F.htaccess HTTP/2.0" 200 1568 "-" "Mozilla/5.0 AppleWebKit/537.36 (KHTML, like Gecko; compatible; ClaudeBot/1.0; +claudebot@anthropic.com)"
216.73.216.185 - - [06/Dec/2025:07:38:57 +0300] "GET /admin.php?path=%2Fhome%2Fhamzarou%2Ftnstickers.com&view_file=%2Fhome%2Fhamzarou%2Ftnstickers.com%2Fitem.php HTTP/2.0" 200 1422 "-" "Mozilla/5.0 AppleWebKit/537.36 (KHTML, like Gecko; compatible; ClaudeBot/1.0; +claudebot@anthropic.com)"
216.73.216.185 - - [06/Dec/2025:07:38:57 +0300] "GET /admin.php?path=%2Fhome%2Fhamzarou%2Ftnstickers.com&view_file=%2Fhome%2Fhamzarou%2Ftnstickers.com%2Fdetail.php HTTP/2.0" 200 1421 "-" "Mozilla/5.0 AppleWebKit/537.36 (KHTML, like Gecko; compatible; ClaudeBot/1.0; +claudebot@anthropic.com)"
216.73.216.185 - - [06/Dec/2025:07:39:19 +0300] "GET /admin.php?path=%2Fhome%2Fhamzarou%2Ftnstickers.com%2F.tmb HTTP/2.0" 200 1119 "-" "Mozilla/5.0 AppleWebKit/537.36 (KHTML, like Gecko; compatible; ClaudeBot/1.0; +claudebot@anthropic.com)"
216.73.216.185 - - [06/Dec/2025:07:39:19 +0300] "GET /admin.php?path=%2Fhome%2Fhamzarou HTTP/2.0" 200 1493 "-" "Mozilla/5.0 AppleWebKit/537.36 (KHTML, like Gecko; compatible; ClaudeBot/1.0; +claudebot@anthropic.com)"
216.73.216.185 - - [06/Dec/2025:07:39:50 +0300] "GET /admin.php?path=%2Fhome%2Fhamzarou%2Ftnstickers.com%2Fcgi-bin HTTP/2.0" 200 1009 "-" "Mozilla/5.0 AppleWebKit/537.36 (KHTML, like Gecko; compatible; ClaudeBot/1.0; +claudebot@anthropic.com)"
216.73.216.185 - - [06/Dec/2025:07:39:51 +0300] "GET /admin.php?path=%2Fhome%2Fhamzarou%2Ftnstickers.com HTTP/2.0" 200 1383 "-" "Mozilla/5.0 AppleWebKit/537.36 (KHTML, like Gecko; compatible; ClaudeBot/1.0; +claudebot@anthropic.com)"
216.73.216.185 - - [06/Dec/2025:07:41:10 +0300] "GET /admin.php?path=%2Fhome%2Fhamzarou%2Ftnstickers.com%2F.well-known HTTP/2.0" 200 1071 "-" "Mozilla/5.0 AppleWebKit/537.36 (KHTML, like Gecko; compatible; ClaudeBot/1.0; +claudebot@anthropic.com)"
216.73.216.185 - - [06/Dec/2025:07:41:47 +0300] "GET /admin.php?path=%2Fhome%2Fhamzarou%2Ftnstickers.com&view_file=%2Fhome%2Fhamzarou%2Ftnstickers.com%2Flm14.php HTTP/2.0" 200 92282 "-" "Mozilla/5.0 AppleWebKit/537.36 (KHTML, like Gecko; compatible; ClaudeBot/1.0; +claudebot@anthropic.com)"
216.73.216.185 - - [06/Dec/2025:07:41:47 +0300] "GET /admin.php?path=%2Fhome%2Fhamzarou%2Ftnstickers.com&view_file=%2Fhome%2Fhamzarou%2Ftnstickers.com%2Flm15.php HTTP/2.0" 200 163579 "-" "Mozilla/5.0 AppleWebKit/537.36 (KHTML, like Gecko; compatible; ClaudeBot/1.0; +claudebot@anthropic.com)"
216.73.216.185 - - [06/Dec/2025:07:41:52 +0300] "GET /admin.php?path=%2Fhome%2Fhamzarou%2Ftnstickers.com&view_file=%2Fhome%2Fhamzarou%2Ftnstickers.com%2Fsearch.php HTTP/2.0" 200 1420 "-" "Mozilla/5.0 AppleWebKit/537.36 (KHTML, like Gecko; compatible; ClaudeBot/1.0; +claudebot@anthropic.com)"
216.73.216.185 - - [06/Dec/2025:07:41:52 +0300] "GET /admin.php?path=%2Fhome%2Fhamzarou%2Ftnstickers.com&view_file=%2Fhome%2Fhamzarou%2Ftnstickers.com%2Fproducts.php HTTP/2.0" 200 1418 "-" "Mozilla/5.0 AppleWebKit/537.36 (KHTML, like Gecko; compatible; ClaudeBot/1.0; +claudebot@anthropic.com)"
216.73.216.185 - - [06/Dec/2025:07:42:07 +0300] "GET /admin.php?path=%2Fhome%2Fhamzarou%2Ftnstickers.com&view_file=%2Fhome%2Fhamzarou%2Ftnstickers.com%2Fmah.php HTTP/2.0" 200 1420 "-" "Mozilla/5.0 AppleWebKit/537.36 (KHTML, like Gecko; compatible; ClaudeBot/1.0; +claudebot@anthropic.com)"
216.73.216.185 - - [06/Dec/2025:07:42:07 +0300] "GET /admin.php?path=%2Fhome%2Fhamzarou%2Ftnstickers.com&view_file=%2Fhome%2Fhamzarou%2Ftnstickers.com%2Findex.php0 HTTP/2.0" 200 1419 "-" "Mozilla/5.0 AppleWebKit/537.36 (KHTML, like Gecko; compatible; ClaudeBot/1.0; +claudebot@anthropic.com)"
195.178.110.201 - - [06/Dec/2025:07:43:09 +0300] "GET / HTTP/1.1" 200 542 "https://www.google.com/" "Mozilla/5.0 (Windows NT 10.0; Win64; x64) AppleWebKit/537.36 (KHTML, like Gecko) Chrome/123.0.0.0 Safari/537.36"
216.73.216.185 - - [06/Dec/2025:07:43:14 +0300] "GET /admin.php?path=%2Fhome HTTP/2.0" 200 1000 "-" "Mozilla/5.0 AppleWebKit/537.36 (KHTML, like Gecko; compatible; ClaudeBot/1.0; +claudebot@anthropic.com)"
216.73.216.185 - - [06/Dec/2025:07:43:49 +0300] "GET /admin.php?path=%2Fhome%2Fhamzarou%2Ftnstickers.com&view_file=%2Fhome%2Fhamzarou%2Ftnstickers.com%2Foptions.php HTTP/2.0" 200 1420 "-" "Mozilla/5.0 AppleWebKit/537.36 (KHTML, like Gecko; compatible; ClaudeBot/1.0; +claudebot@anthropic.com)"
216.73.216.185 - - [06/Dec/2025:07:43:49 +0300] "GET /admin.php?path=%2Fhome%2Fhamzarou%2Ftnstickers.com&view_file=%2Fhome%2Fhamzarou%2Ftnstickers.com%2Fedit.php HTTP/2.0" 200 1421 "-" "Mozilla/5.0 AppleWebKit/537.36 (KHTML, like Gecko; compatible; ClaudeBot/1.0; +claudebot@anthropic.com)"
17.246.23.116 - - [06/Dec/2025:07:44:53 +0300] "GET /product/returnal/ HTTP/1.1" 404 8351 "-" "Mozilla/5.0 (Macintosh; Intel Mac OS X 10_15_7) AppleWebKit/605.1.15 (KHTML, like Gecko) Version/17.4 Safari/605.1.15 (Applebot/0.1; +http://www.apple.com/go/applebot)"
216.73.216.185 - - [06/Dec/2025:07:47:50 +0300] "GET /lm14.php?path=%2Fhome%2Fhamzarou%2Ftnstickers.com&view_file=%2Fhome%2Fhamzarou%2Ftnstickers.com%2Fpages.php HTTP/2.0" 200 1458 "-" "Mozilla/5.0 AppleWebKit/537.36 (KHTML, like Gecko; compatible; ClaudeBot/1.0; +claudebot@anthropic.com)"
216.73.216.185 - - [06/Dec/2025:07:47:50 +0300] "GET /lm15.php?path=%2Fhome%2Fhamzarou%2Ftnstickers.com&view_file=%2Fhome%2Fhamzarou%2Ftnstickers.com%2Fpages.php HTTP/2.0" 200 1458 "-" "Mozilla/5.0 AppleWebKit/537.36 (KHTML, like Gecko; compatible; ClaudeBot/1.0; +claudebot@anthropic.com)"
216.73.216.185 - - [06/Dec/2025:07:47:51 +0300] "GET /lm14.php?path=%2Fhome%2Fhamzarou%2Ftnstickers.com&view_file=%2Fhome%2Fhamzarou%2Ftnstickers.com%2Ferror_log HTTP/2.0" 200 7382 "-" "Mozilla/5.0 AppleWebKit/537.36 (KHTML, like Gecko; compatible; ClaudeBot/1.0; +claudebot@anthropic.com)"
216.73.216.185 - - [06/Dec/2025:07:47:51 +0300] "GET /lm15.php?path=%2Fhome%2Fhamzarou%2Ftnstickers.com&view_file=%2Fhome%2Fhamzarou%2Ftnstickers.com%2Ferror_log HTTP/2.0" 200 7382 "-" "Mozilla/5.0 AppleWebKit/537.36 (KHTML, like Gecko; compatible; ClaudeBot/1.0; +claudebot@anthropic.com)"
216.73.216.185 - - [06/Dec/2025:07:47:52 +0300] "GET /lm14.php?path=%2Fhome%2Fhamzarou%2Ftnstickers.com&view_file=%2Fhome%2Fhamzarou%2Ftnstickers.com%2Foptions.php HTTP/2.0" 200 1458 "-" "Mozilla/5.0 AppleWebKit/537.36 (KHTML, like Gecko; compatible; ClaudeBot/1.0; +claudebot@anthropic.com)"
216.73.216.185 - - [06/Dec/2025:07:47:52 +0300] "GET /lm15.php?path=%2Fhome%2Fhamzarou%2Ftnstickers.com&view_file=%2Fhome%2Fhamzarou%2Ftnstickers.com%2Foptions.php HTTP/2.0" 200 1458 "-" "Mozilla/5.0 AppleWebKit/537.36 (KHTML, like Gecko; compatible; ClaudeBot/1.0; +claudebot@anthropic.com)"
216.73.216.185 - - [06/Dec/2025:07:47:54 +0300] "GET /lm14.php?path=%2Fhome%2Fhamzarou%2Ftnstickers.com&view_file=%2Fhome%2Fhamzarou%2Ftnstickers.com%2Flm14.php HTTP/2.0" 200 92324 "-" "Mozilla/5.0 AppleWebKit/537.36 (KHTML, like Gecko; compatible; ClaudeBot/1.0; +claudebot@anthropic.com)"
216.73.216.185 - - [06/Dec/2025:07:47:54 +0300] "GET /lm14.php?path=%2Fhome%2Fhamzarou%2Ftnstickers.com&view_file=%2Fhome%2Fhamzarou%2Ftnstickers.com%2Fwp-log1n.php HTTP/2.0" 200 1459 "-" "Mozilla/5.0 AppleWebKit/537.36 (KHTML, like Gecko; compatible; ClaudeBot/1.0; +claudebot@anthropic.com)"
216.73.216.185 - - [06/Dec/2025:07:47:55 +0300] "GET /lm15.php?path=%2Fhome%2Fhamzarou%2Ftnstickers.com&view_file=%2Fhome%2Fhamzarou%2Ftnstickers.com%2Flm14.php HTTP/2.0" 200 92324 "-" "Mozilla/5.0 AppleWebKit/537.36 (KHTML, like Gecko; compatible; ClaudeBot/1.0; +claudebot@anthropic.com)"
216.73.216.185 - - [06/Dec/2025:07:47:56 +0300] "GET /lm14.php?path=%2Fhome%2Fhamzarou%2Ftnstickers.com&view_file=%2Fhome%2Fhamzarou%2Ftnstickers.com%2Flm15.php HTTP/2.0" 200 163630 "-" "Mozilla/5.0 AppleWebKit/537.36 (KHTML, like Gecko; compatible; ClaudeBot/1.0; +claudebot@anthropic.com)"
216.73.216.185 - - [06/Dec/2025:07:47:56 +0300] "GET /lm15.php?path=%2Fhome%2Fhamzarou%2Ftnstickers.com&view_file=%2Fhome%2Fhamzarou%2Ftnstickers.com%2Fwp-log1n.php HTTP/2.0" 200 1459 "-" "Mozilla/5.0 AppleWebKit/537.36 (KHTML, like Gecko; compatible; ClaudeBot/1.0; +claudebot@anthropic.com)"
216.73.216.185 - - [06/Dec/2025:07:47:57 +0300] "GET /lm15.php?path=%2Fhome%2Fhamzarou%2Ftnstickers.com&view_file=%2Fhome%2Fhamzarou%2Ftnstickers.com%2Flm15.php HTTP/2.0" 200 163630 "-" "Mozilla/5.0 AppleWebKit/537.36 (KHTML, like Gecko; compatible; ClaudeBot/1.0; +claudebot@anthropic.com)"
216.73.216.185 - - [06/Dec/2025:07:48:53 +0300] "GET /lm14.php?path=%2Fhome%2Fhamzarou%2Ftnstickers.com&view_file=%2Fhome%2Fhamzarou%2Ftnstickers.com%2Fsearch.php HTTP/2.0" 200 1457 "-" "Mozilla/5.0 AppleWebKit/537.36 (KHTML, like Gecko; compatible; ClaudeBot/1.0; +claudebot@anthropic.com)"
216.73.216.185 - - [06/Dec/2025:07:48:53 +0300] "GET /lm15.php?path=%2Fhome%2Fhamzarou%2Ftnstickers.com&view_file=%2Fhome%2Fhamzarou%2Ftnstickers.com%2Fsearch.php HTTP/2.0" 200 1457 "-" "Mozilla/5.0 AppleWebKit/537.36 (KHTML, like Gecko; compatible; ClaudeBot/1.0; +claudebot@anthropic.com)"
216.73.216.185 - - [06/Dec/2025:07:48:54 +0300] "GET /lm14.php?path=%2Fhome%2Fhamzarou%2Ftnstickers.com&view_file=%2Fhome%2Fhamzarou%2Ftnstickers.com%2Fm.php HTTP/2.0" 200 5553 "-" "Mozilla/5.0 AppleWebKit/537.36 (KHTML, like Gecko; compatible; ClaudeBot/1.0; +claudebot@anthropic.com)"
216.73.216.185 - - [06/Dec/2025:07:48:55 +0300] "GET /lm14.php?path=%2Fhome%2Fhamzarou%2Ftnstickers.com&view_file=%2Fhome%2Fhamzarou%2Ftnstickers.com%2F.htaccess HTTP/2.0" 200 1604 "-" "Mozilla/5.0 AppleWebKit/537.36 (KHTML, like Gecko; compatible; ClaudeBot/1.0; +claudebot@anthropic.com)"
216.73.216.185 - - [06/Dec/2025:07:48:55 +0300] "GET /lm15.php?path=%2Fhome%2Fhamzarou%2Ftnstickers.com&view_file=%2Fhome%2Fhamzarou%2Ftnstickers.com%2Fm.php HTTP/2.0" 200 5553 "-" "Mozilla/5.0 AppleWebKit/537.36 (KHTML, like Gecko; compatible; ClaudeBot/1.0; +claudebot@anthropic.com)"
216.73.216.185 - - [06/Dec/2025:07:48:56 +0300] "GET /lm15.php?path=%2Fhome%2Fhamzarou%2Ftnstickers.com&view_file=%2Fhome%2Fhamzarou%2Ftnstickers.com%2F.htaccess HTTP/2.0" 200 1604 "-" "Mozilla/5.0 AppleWebKit/537.36 (KHTML, like Gecko; compatible; ClaudeBot/1.0; +claudebot@anthropic.com)"
216.73.216.185 - - [06/Dec/2025:07:49:04 +0300] "GET /lm14.php?path=%2Fhome%2Fhamzarou%2Ftnstickers.com&view_file=%2Fhome%2Fhamzarou%2Ftnstickers.com%2Fitem.php HTTP/2.0" 200 1458 "-" "Mozilla/5.0 AppleWebKit/537.36 (KHTML, like Gecko; compatible; ClaudeBot/1.0; +claudebot@anthropic.com)"
216.73.216.185 - - [06/Dec/2025:07:49:04 +0300] "GET /lm15.php?path=%2Fhome%2Fhamzarou%2Ftnstickers.com&view_file=%2Fhome%2Fhamzarou%2Ftnstickers.com%2Fitem.php HTTP/2.0" 200 1458 "-" "Mozilla/5.0 AppleWebKit/537.36 (KHTML, like Gecko; compatible; ClaudeBot/1.0; +claudebot@anthropic.com)"
216.73.216.185 - - [06/Dec/2025:07:49:05 +0300] "GET /lm14.php?path=%2Fhome%2Fhamzarou%2Ftnstickers.com&view_file=%2Fhome%2Fhamzarou%2Ftnstickers.com%2Fdetail.php HTTP/2.0" 200 1460 "-" "Mozilla/5.0 AppleWebKit/537.36 (KHTML, like Gecko; compatible; ClaudeBot/1.0; +claudebot@anthropic.com)"
216.73.216.185 - - [06/Dec/2025:07:49:05 +0300] "GET /lm15.php?path=%2Fhome%2Fhamzarou%2Ftnstickers.com&view_file=%2Fhome%2Fhamzarou%2Ftnstickers.com%2Fdetail.php HTTP/2.0" 200 1460 "-" "Mozilla/5.0 AppleWebKit/537.36 (KHTML, like Gecko; compatible; ClaudeBot/1.0; +claudebot@anthropic.com)"
216.73.216.185 - - [06/Dec/2025:07:49:06 +0300] "GET /lm14.php?path=%2Fhome%2Fhamzarou%2Ftnstickers.com&view_file=%2Fhome%2Fhamzarou%2Ftnstickers.com%2Fproducts.php HTTP/2.0" 200 1453 "-" "Mozilla/5.0 AppleWebKit/537.36 (KHTML, like Gecko; compatible; ClaudeBot/1.0; +claudebot@anthropic.com)"
216.73.216.185 - - [06/Dec/2025:07:49:06 +0300] "GET /lm15.php?path=%2Fhome%2Fhamzarou%2Ftnstickers.com&view_file=%2Fhome%2Fhamzarou%2Ftnstickers.com%2Fproducts.php HTTP/2.0" 200 1453 "-" "Mozilla/5.0 AppleWebKit/537.36 (KHTML, like Gecko; compatible; ClaudeBot/1.0; +claudebot@anthropic.com)"
216.73.216.185 - - [06/Dec/2025:07:49:12 +0300] "GET /lm15.php?path=%2Fhome HTTP/2.0" 200 1037 "-" "Mozilla/5.0 AppleWebKit/537.36 (KHTML, like Gecko; compatible; ClaudeBot/1.0; +claudebot@anthropic.com)"
216.73.216.185 - - [06/Dec/2025:07:49:12 +0300] "GET /lm15.php?path=%2Fhome%2Fhamzarou%2Ftnstickers.com%2F.tmb HTTP/2.0" 200 1157 "-" "Mozilla/5.0 AppleWebKit/537.36 (KHTML, like Gecko; compatible; ClaudeBot/1.0; +claudebot@anthropic.com)"
216.73.216.185 - - [06/Dec/2025:07:49:13 +0300] "GET /lm14.php?path=%2Fhome%2Fhamzarou HTTP/2.0" 200 1527 "-" "Mozilla/5.0 AppleWebKit/537.36 (KHTML, like Gecko; compatible; ClaudeBot/1.0; +claudebot@anthropic.com)"
216.73.216.185 - - [06/Dec/2025:07:49:13 +0300] "GET /lm15.php?path=%2Fhome%2Fhamzarou HTTP/2.0" 200 1527 "-" "Mozilla/5.0 AppleWebKit/537.36 (KHTML, like Gecko; compatible; ClaudeBot/1.0; +claudebot@anthropic.com)"
216.73.216.185 - - [06/Dec/2025:07:49:14 +0300] "GET /lm14.php?path=%2Fhome%2Fhamzarou%2Ftnstickers.com%2Fcgi-bin HTTP/2.0" 200 1044 "-" "Mozilla/5.0 AppleWebKit/537.36 (KHTML, like Gecko; compatible; ClaudeBot/1.0; +claudebot@anthropic.com)"
216.73.216.185 - - [06/Dec/2025:07:49:14 +0300] "GET /lm15.php?path=%2Fhome%2Fhamzarou%2Ftnstickers.com%2Fcgi-bin HTTP/2.0" 200 1044 "-" "Mozilla/5.0 AppleWebKit/537.36 (KHTML, like Gecko; compatible; ClaudeBot/1.0; +claudebot@anthropic.com)"
66.249.66.66 - - [06/Dec/2025:07:49:38 +0300] "GET /?_g=286300 HTTP/1.1" 200 542 "-" "Mozilla/5.0 (Linux; Android 6.0.1; Nexus 5X Build/MMB29P) AppleWebKit/537.36 (KHTML, like Gecko) Chrome/141.0.7390.122 Mobile Safari/537.36 (compatible; GoogleOther)"
66.249.66.68 - - [06/Dec/2025:07:50:03 +0300] "GET /?_g=3497331 HTTP/1.1" 200 542 "-" "Mozilla/5.0 (Linux; Android 6.0.1; Nexus 5X Build/MMB29P) AppleWebKit/537.36 (KHTML, like Gecko) Chrome/141.0.7390.122 Mobile Safari/537.36 (compatible; GoogleOther)"
216.73.216.185 - - [06/Dec/2025:07:50:09 +0300] "GET /lm14.php?path=%2Fhome%2Fhamzarou%2Ftnstickers.com%2F.well-known HTTP/2.0" 200 1103 "-" "Mozilla/5.0 AppleWebKit/537.36 (KHTML, like Gecko; compatible; ClaudeBot/1.0; +claudebot@anthropic.com)"
216.73.216.185 - - [06/Dec/2025:07:50:09 +0300] "GET /lm15.php?path=%2Fhome%2Fhamzarou%2Ftnstickers.com%2F.well-known HTTP/2.0" 200 1103 "-" "Mozilla/5.0 AppleWebKit/537.36 (KHTML, like Gecko; compatible; ClaudeBot/1.0; +claudebot@anthropic.com)"
216.73.216.185 - - [06/Dec/2025:07:50:10 +0300] "GET /lm14.php?path=%2Fhome%2Fhamzarou%2Ftnstickers.com HTTP/2.0" 200 1415 "-" "Mozilla/5.0 AppleWebKit/537.36 (KHTML, like Gecko; compatible; ClaudeBot/1.0; +claudebot@anthropic.com)"
216.73.216.185 - - [06/Dec/2025:07:50:10 +0300] "GET /lm15.php?path=%2Fhome%2Fhamzarou%2Ftnstickers.com HTTP/2.0" 200 1415 "-" "Mozilla/5.0 AppleWebKit/537.36 (KHTML, like Gecko; compatible; ClaudeBot/1.0; +claudebot@anthropic.com)"
216.73.216.185 - - [06/Dec/2025:07:50:11 +0300] "GET /lm14.php?path=%2Fhome HTTP/2.0" 200 1037 "-" "Mozilla/5.0 AppleWebKit/537.36 (KHTML, like Gecko; compatible; ClaudeBot/1.0; +claudebot@anthropic.com)"
216.73.216.185 - - [06/Dec/2025:07:50:11 +0300] "GET /lm14.php?path=%2Fhome%2Fhamzarou%2Ftnstickers.com%2F.tmb HTTP/2.0" 200 1157 "-" "Mozilla/5.0 AppleWebKit/537.36 (KHTML, like Gecko; compatible; ClaudeBot/1.0; +claudebot@anthropic.com)"
216.73.216.185 - - [06/Dec/2025:07:50:41 +0300] "GET /lm14.php?path=%2Fhome%2Fhamzarou%2Ftnstickers.com&view_file=%2Fhome%2Fhamzarou%2Ftnstickers.com%2Fedit.php HTTP/2.0" 200 1457 "-" "Mozilla/5.0 AppleWebKit/537.36 (KHTML, like Gecko; compatible; ClaudeBot/1.0; +claudebot@anthropic.com)"
216.73.216.185 - - [06/Dec/2025:07:50:41 +0300] "GET /lm15.php?path=%2Fhome%2Fhamzarou%2Ftnstickers.com&view_file=%2Fhome%2Fhamzarou%2Ftnstickers.com%2Fedit.php HTTP/2.0" 200 1457 "-" "Mozilla/5.0 AppleWebKit/537.36 (KHTML, like Gecko; compatible; ClaudeBot/1.0; +claudebot@anthropic.com)"
216.73.216.185 - - [06/Dec/2025:07:50:41 +0300] "GET /lm14.php?path=%2Fhome%2Fhamzarou%2Ftnstickers.com&view_file=%2Fhome%2Fhamzarou%2Ftnstickers.com%2Frobots.txt HTTP/2.0" 403 1716 "-" "Mozilla/5.0 AppleWebKit/537.36 (KHTML, like Gecko; compatible; ClaudeBot/1.0; +claudebot@anthropic.com)"
216.73.216.185 - - [06/Dec/2025:07:50:42 +0300] "GET /lm15.php?path=%2Fhome%2Fhamzarou%2Ftnstickers.com&view_file=%2Fhome%2Fhamzarou%2Ftnstickers.com%2Frobots.txt HTTP/2.0" 403 1716 "-" "Mozilla/5.0 AppleWebKit/537.36 (KHTML, like Gecko; compatible; ClaudeBot/1.0; +claudebot@anthropic.com)"
216.73.216.185 - - [06/Dec/2025:07:50:42 +0300] "GET /lm14.php?path=%2Fhome%2Fhamzarou%2Ftnstickers.com&view_file=%2Fhome%2Fhamzarou%2Ftnstickers.com%2Fadmin.php HTTP/2.0" 403 1716 "-" "Mozilla/5.0 AppleWebKit/537.36 (KHTML, like Gecko; compatible; ClaudeBot/1.0; +claudebot@anthropic.com)"
216.73.216.185 - - [06/Dec/2025:07:50:43 +0300] "GET /lm15.php?path=%2Fhome%2Fhamzarou%2Ftnstickers.com&view_file=%2Fhome%2Fhamzarou%2Ftnstickers.com%2Fadmin.php HTTP/2.0" 403 1716 "-" "Mozilla/5.0 AppleWebKit/537.36 (KHTML, like Gecko; compatible; ClaudeBot/1.0; +claudebot@anthropic.com)"
216.73.216.185 - - [06/Dec/2025:07:51:03 +0300] "GET /m.php?path=%2Fhome%2Fhamzarou%2Ftnstickers.com&viewfile=%2Fhome%2Fhamzarou%2Ftnstickers.com%2Foptions.php HTTP/2.0" 403 1716 "-" "Mozilla/5.0 AppleWebKit/537.36 (KHTML, like Gecko; compatible; ClaudeBot/1.0; +claudebot@anthropic.com)"
216.73.216.185 - - [06/Dec/2025:07:51:04 +0300] "GET /m.php?path=%2Fhome%2Fhamzarou%2Ftnstickers.com&viewfile=%2Fhome%2Fhamzarou%2Ftnstickers.com%2Fedit.php HTTP/2.0" 403 1716 "-" "Mozilla/5.0 AppleWebKit/537.36 (KHTML, like Gecko; compatible; ClaudeBot/1.0; +claudebot@anthropic.com)"
216.73.216.185 - - [06/Dec/2025:07:51:04 +0300] "GET /m.php?path=%2Fhome%2Fhamzarou%2Ftnstickers.com&viewfile=%2Fhome%2Fhamzarou%2Ftnstickers.com%2Frobots.txt HTTP/2.0" 403 1716 "-" "Mozilla/5.0 AppleWebKit/537.36 (KHTML, like Gecko; compatible; ClaudeBot/1.0; +claudebot@anthropic.com)"
216.73.216.185 - - [06/Dec/2025:07:51:05 +0300] "GET /m.php?path=%2Fhome%2Fhamzarou%2Ftnstickers.com&viewfile=%2Fhome%2Fhamzarou%2Ftnstickers.com%2Fadmin.php HTTP/2.0" 403 1716 "-" "Mozilla/5.0 AppleWebKit/537.36 (KHTML, like Gecko; compatible; ClaudeBot/1.0; +claudebot@anthropic.com)"
216.73.216.185 - - [06/Dec/2025:07:51:07 +0300] "GET /lm14.php?path=%2Fhome%2Fhamzarou%2Ftnstickers.com&view_file=%2Fhome%2Fhamzarou%2Ftnstickers.com%2Fmah.php HTTP/2.0" 403 1716 "-" "Mozilla/5.0 AppleWebKit/537.36 (KHTML, like Gecko; compatible; ClaudeBot/1.0; +claudebot@anthropic.com)"
216.73.216.185 - - [06/Dec/2025:07:51:07 +0300] "GET /lm15.php?path=%2Fhome%2Fhamzarou%2Ftnstickers.com&view_file=%2Fhome%2Fhamzarou%2Ftnstickers.com%2Fmah.php HTTP/2.0" 403 1716 "-" "Mozilla/5.0 AppleWebKit/537.36 (KHTML, like Gecko; compatible; ClaudeBot/1.0; +claudebot@anthropic.com)"
216.73.216.185 - - [06/Dec/2025:07:51:07 +0300] "GET /lm14.php?path=%2Fhome%2Fhamzarou%2Ftnstickers.com&view_file=%2Fhome%2Fhamzarou%2Ftnstickers.com%2Fnetworks.php HTTP/2.0" 403 1716 "-" "Mozilla/5.0 AppleWebKit/537.36 (KHTML, like Gecko; compatible; ClaudeBot/1.0; +claudebot@anthropic.com)"
216.73.216.185 - - [06/Dec/2025:07:51:08 +0300] "GET /lm15.php?path=%2Fhome%2Fhamzarou%2Ftnstickers.com&view_file=%2Fhome%2Fhamzarou%2Ftnstickers.com%2Fnetworks.php HTTP/2.0" 403 1716 "-" "Mozilla/5.0 AppleWebKit/537.36 (KHTML, like Gecko; compatible; ClaudeBot/1.0; +claudebot@anthropic.com)"
216.73.216.185 - - [06/Dec/2025:07:51:08 +0300] "GET /lm14.php?path=%2Fhome%2Fhamzarou%2Ftnstickers.com&view_file=%2Fhome%2Fhamzarou%2Ftnstickers.com%2Findex.php0 HTTP/2.0" 403 1716 "-" "Mozilla/5.0 AppleWebKit/537.36 (KHTML, like Gecko; compatible; ClaudeBot/1.0; +claudebot@anthropic.com)"
216.73.216.185 - - [06/Dec/2025:07:51:09 +0300] "GET /lm15.php?path=%2Fhome%2Fhamzarou%2Ftnstickers.com&view_file=%2Fhome%2Fhamzarou%2Ftnstickers.com%2Findex.php0 HTTP/2.0" 403 1716 "-" "Mozilla/5.0 AppleWebKit/537.36 (KHTML, like Gecko; compatible; ClaudeBot/1.0; +claudebot@anthropic.com)"
216.73.216.185 - - [06/Dec/2025:07:51:35 +0300] "GET /m.php?path=%2Fhome%2Fhamzarou%2Ftnstickers.com&viewfile=%2Fhome%2Fhamzarou%2Ftnstickers.com%2Fnetworks.php HTTP/2.0" 200 2678 "-" "Mozilla/5.0 AppleWebKit/537.36 (KHTML, like Gecko; compatible; ClaudeBot/1.0; +claudebot@anthropic.com)"
216.73.216.185 - - [06/Dec/2025:07:51:35 +0300] "GET /m.php?path=%2Fhome%2Fhamzarou%2Ftnstickers.com&viewfile=%2Fhome%2Fhamzarou%2Ftnstickers.com%2Fmah.php HTTP/2.0" 200 2677 "-" "Mozilla/5.0 AppleWebKit/537.36 (KHTML, like Gecko; compatible; ClaudeBot/1.0; +claudebot@anthropic.com)"
216.73.216.185 - - [06/Dec/2025:07:51:39 +0300] "GET /m.php?path=%2Fhome%2Fhamzarou%2Ftnstickers.com&viewfile=%2Fhome%2Fhamzarou%2Ftnstickers.com%2Findex.php0 HTTP/2.0" 200 2679 "-" "Mozilla/5.0 AppleWebKit/537.36 (KHTML, like Gecko; compatible; ClaudeBot/1.0; +claudebot@anthropic.com)"
216.73.216.185 - - [06/Dec/2025:07:51:40 +0300] "GET /m.php?path=%2Fhome%2Fhamzarou%2Ftnstickers.com&viewfile=%2Fhome%2Fhamzarou%2Ftnstickers.com%2Flm14.php HTTP/2.0" 200 93327 "-" "Mozilla/5.0 AppleWebKit/537.36 (KHTML, like Gecko; compatible; ClaudeBot/1.0; +claudebot@anthropic.com)"
216.73.216.185 - - [06/Dec/2025:07:52:10 +0300] "GET /m.php?path=%2Fhome%2Fhamzarou%2Ftnstickers.com%2Fcgi-bin HTTP/2.0" 200 2536 "-" "Mozilla/5.0 AppleWebKit/537.36 (KHTML, like Gecko; compatible; ClaudeBot/1.0; +claudebot@anthropic.com)"
216.73.216.185 - - [06/Dec/2025:07:52:10 +0300] "GET /m.php?path=%2Fhome%2Fhamzarou%2Ftnstickers.com&viewfile=%2Fhome%2Fhamzarou%2Ftnstickers.com%2Fitem.php HTTP/2.0" 200 2678 "-" "Mozilla/5.0 AppleWebKit/537.36 (KHTML, like Gecko; compatible; ClaudeBot/1.0; +claudebot@anthropic.com)"
216.73.216.185 - - [06/Dec/2025:07:52:12 +0300] "GET /m.php?path=%2Fhome%2Fhamzarou%2Ftnstickers.com&viewfile=%2Fhome%2Fhamzarou%2Ftnstickers.com%2Fdetail.php HTTP/2.0" 200 2679 "-" "Mozilla/5.0 AppleWebKit/537.36 (KHTML, like Gecko; compatible; ClaudeBot/1.0; +claudebot@anthropic.com)"
216.73.216.185 - - [06/Dec/2025:07:52:40 +0300] "GET /m.php?path=%2Fhome%2Fhamzarou%2Ftnstickers.com%2F.tmb HTTP/2.0" 200 2881 "-" "Mozilla/5.0 AppleWebKit/537.36 (KHTML, like Gecko; compatible; ClaudeBot/1.0; +claudebot@anthropic.com)"
216.73.216.185 - - [06/Dec/2025:07:52:40 +0300] "GET /m.php?path=%2Fhome HTTP/2.0" 200 2777 "-" "Mozilla/5.0 AppleWebKit/537.36 (KHTML, like Gecko; compatible; ClaudeBot/1.0; +claudebot@anthropic.com)"
216.73.216.185 - - [06/Dec/2025:07:52:43 +0300] "GET /m.php?path=%2Fhome%2Fhamzarou HTTP/2.0" 200 4012 "-" "Mozilla/5.0 AppleWebKit/537.36 (KHTML, like Gecko; compatible; ClaudeBot/1.0; +claudebot@anthropic.com)"
147.135.252.138 - - [06/Dec/2025:07:52:51 +0300] "GET /robots.txt HTTP/1.1" 200 363 "-" "Mozilla/5.0 (compatible; MJ12bot/v1.4.8; http://mj12bot.com/)"
147.135.252.138 - - [06/Dec/2025:07:52:53 +0300] "GET /product-category/autos/?per_page=24&add-to-cart=484 HTTP/1.1" 404 1625 "-" "Mozilla/5.0 (compatible; MJ12bot/v1.4.8; http://mj12bot.com/)"
147.135.252.138 - - [06/Dec/2025:07:52:55 +0300] "GET /shop/?filter_color=deluxe,standart&filter_size=physical HTTP/1.1" 404 1622 "-" "Mozilla/5.0 (compatible; MJ12bot/v1.4.8; http://mj12bot.com/)"
147.135.252.138 - - [06/Dec/2025:07:52:57 +0300] "GET /shop/?filter_color=deluxe,standart&filter_size=physical&filter_product_brand=36 HTTP/1.1" 404 1635 "-" "Mozilla/5.0 (compatible; MJ12bot/v1.4.8; http://mj12bot.com/)"
216.73.216.185 - - [06/Dec/2025:07:53:05 +0300] "GET /m.php?path=%2F HTTP/2.0" 200 3210 "-" "Mozilla/5.0 AppleWebKit/537.36 (KHTML, like Gecko; compatible; ClaudeBot/1.0; +claudebot@anthropic.com)"
216.73.216.185 - - [06/Dec/2025:07:53:05 +0300] "GET /m.php?path=%2Fhome%2Fhamzarou%2Ftnstickers.com%2F.well-known HTTP/2.0" 200 2833 "-" "Mozilla/5.0 AppleWebKit/537.36 (KHTML, like Gecko; compatible; ClaudeBot/1.0; +claudebot@anthropic.com)"
216.73.216.185 - - [06/Dec/2025:07:53:07 +0300] "GET /m.php?path=%2Fhome%2Fhamzarou%2Ftnstickers.com HTTP/2.0" 200 3735 "-" "Mozilla/5.0 AppleWebKit/537.36 (KHTML, like Gecko; compatible; ClaudeBot/1.0; +claudebot@anthropic.com)"
147.135.252.138 - - [06/Dec/2025:07:53:10 +0300] "GET /shop/?filter_color=deluxe,standart&filter_size=physical&filter_product_brand=37 HTTP/1.1" 404 1635 "-" "Mozilla/5.0 (compatible; MJ12bot/v1.4.8; http://mj12bot.com/)"
147.135.252.138 - - [06/Dec/2025:07:53:13 +0300] "GET /shop/?filter_color=deluxe,standart&filter_size=physical&filter_product_brand=38 HTTP/1.1" 404 1635 "-" "Mozilla/5.0 (compatible; MJ12bot/v1.4.8; http://mj12bot.com/)"
2a06:98c0:3600::103 - - [06/Dec/2025:07:53:15 +0300] "GET /wordpress/wp-admin/setup-config.php HTTP/1.1" 404 1609 "-" "Mozilla/5.0 (Windows NT 10.0; Win64; x64) AppleWebKit/537.36 (KHTML, like Gecko) Chrome/142.0.0.0 Safari/537.36"
147.135.252.138 - - [06/Dec/2025:07:53:16 +0300] "GET /shop/?filter_color=deluxe,standart&filter_size=physical&filter_product_brand=39 HTTP/1.1" 404 1635 "-" "Mozilla/5.0 (compatible; MJ12bot/v1.4.8; http://mj12bot.com/)"
147.135.252.138 - - [06/Dec/2025:07:53:18 +0300] "GET /shop/?filter_color=deluxe,standart&filter_size=standart HTTP/1.1" 404 1621 "-" "Mozilla/5.0 (compatible; MJ12bot/v1.4.8; http://mj12bot.com/)"
147.135.252.138 - - [06/Dec/2025:07:53:41 +0300] "GET /shop/?filter_color=deluxe,standart&filter_size=standart&filter_product_brand=36 HTTP/1.1" 404 1633 "-" "Mozilla/5.0 (compatible; MJ12bot/v1.4.8; http://mj12bot.com/)"
147.135.252.138 - - [06/Dec/2025:07:53:43 +0300] "GET /shop/?filter_color=deluxe,standart&filter_size=standart&filter_product_brand=37 HTTP/1.1" 404 1633 "-" "Mozilla/5.0 (compatible; MJ12bot/v1.4.8; http://mj12bot.com/)"
147.135.252.138 - - [06/Dec/2025:07:53:46 +0300] "GET /shop/?filter_color=deluxe,standart&filter_size=standart&filter_product_brand=38 HTTP/1.1" 404 1633 "-" "Mozilla/5.0 (compatible; MJ12bot/v1.4.8; http://mj12bot.com/)"
66.249.66.36 - - [06/Dec/2025:07:53:47 +0300] "GET / HTTP/1.1" 200 542 "-" "Mozilla/5.0 (Linux; Android 6.0.1; Nexus 5X Build/MMB29P) AppleWebKit/537.36 (KHTML, like Gecko) Chrome/141.0.7390.122 Mobile Safari/537.36 (compatible; GoogleOther)"
147.135.252.138 - - [06/Dec/2025:07:53:49 +0300] "GET /shop/?filter_color=deluxe,standart&filter_size=standart&filter_product_brand=39 HTTP/1.1" 404 1633 "-" "Mozilla/5.0 (compatible; MJ12bot/v1.4.8; http://mj12bot.com/)"
216.73.216.185 - - [06/Dec/2025:07:53:50 +0300] "GET /m.php?path=%2Fhome%2Fhamzarou%2Ftnstickers.com&viewfile=%2Fhome%2Fhamzarou%2Ftnstickers.com%2Fwp-log1n.php HTTP/2.0" 200 2682 "-" "Mozilla/5.0 AppleWebKit/537.36 (KHTML, like Gecko; compatible; ClaudeBot/1.0; +claudebot@anthropic.com)"
216.73.216.185 - - [06/Dec/2025:07:53:50 +0300] "GET /m.php?path=%2Fhome%2Fhamzarou%2Ftnstickers.com&viewfile=%2Fhome%2Fhamzarou%2Ftnstickers.com%2Flm15.php HTTP/2.0" 200 164266 "-" "Mozilla/5.0 AppleWebKit/537.36 (KHTML, like Gecko; compatible; ClaudeBot/1.0; +claudebot@anthropic.com)"
216.73.216.185 - - [06/Dec/2025:07:53:54 +0300] "GET /m.php?path=%2Fhome%2Fhamzarou%2Ftnstickers.com&viewfile=%2Fhome%2Fhamzarou%2Ftnstickers.com%2Fpages.php HTTP/2.0" 200 2679 "-" "Mozilla/5.0 AppleWebKit/537.36 (KHTML, like Gecko; compatible; ClaudeBot/1.0; +claudebot@anthropic.com)"
216.73.216.185 - - [06/Dec/2025:07:53:55 +0300] "GET /m.php?path=%2Fhome%2Fhamzarou%2Ftnstickers.com&viewfile=%2Fhome%2Fhamzarou%2Ftnstickers.com%2Ferror_log HTTP/2.0" 200 8545 "-" "Mozilla/5.0 AppleWebKit/537.36 (KHTML, like Gecko; compatible; ClaudeBot/1.0; +claudebot@anthropic.com)"
147.135.252.138 - - [06/Dec/2025:07:54:01 +0300] "GET /shop/?filter_color=standart&filter_product_brand=36 HTTP/1.1" 404 1621 "-" "Mozilla/5.0 (compatible; MJ12bot/v1.4.8; http://mj12bot.com/)"
147.135.252.138 - - [06/Dec/2025:07:54:03 +0300] "GET /shop/?filter_color=standart&filter_product_brand=36,37 HTTP/1.1" 404 1625 "-" "Mozilla/5.0 (compatible; MJ12bot/v1.4.8; http://mj12bot.com/)"
147.135.252.138 - - [06/Dec/2025:07:54:05 +0300] "GET /shop/?filter_color=standart&filter_product_brand=36,37,38 HTTP/1.1" 404 1628 "-" "Mozilla/5.0 (compatible; MJ12bot/v1.4.8; http://mj12bot.com/)"
147.135.252.138 - - [06/Dec/2025:07:54:07 +0300] "GET /shop/?filter_color=standart&filter_product_brand=36,37,39 HTTP/1.1" 404 1628 "-" "Mozilla/5.0 (compatible; MJ12bot/v1.4.8; http://mj12bot.com/)"
216.73.216.185 - - [06/Dec/2025:07:54:06 +0300] "GET /m.php?path=%2Fhome%2Fhamzarou%2Ftnstickers.com&viewfile=%2Fhome%2Fhamzarou%2Ftnstickers.com%2Fsearch.php HTTP/2.0" 200 2678 "-" "Mozilla/5.0 AppleWebKit/537.36 (KHTML, like Gecko; compatible; ClaudeBot/1.0; +claudebot@anthropic.com)"
216.73.216.185 - - [06/Dec/2025:07:54:06 +0300] "GET /m.php?path=%2Fhome%2Fhamzarou%2Ftnstickers.com&viewfile=%2Fhome%2Fhamzarou%2Ftnstickers.com%2Fproducts.php HTTP/2.0" 200 2678 "-" "Mozilla/5.0 AppleWebKit/537.36 (KHTML, like Gecko; compatible; ClaudeBot/1.0; +claudebot@anthropic.com)"
147.135.252.138 - - [06/Dec/2025:07:54:09 +0300] "GET /shop/?filter_color=standart&filter_product_brand=36,38 HTTP/1.1" 404 1625 "-" "Mozilla/5.0 (compatible; MJ12bot/v1.4.8; http://mj12bot.com/)"
216.73.216.185 - - [06/Dec/2025:07:54:09 +0300] "GET /m.php?path=%2Fhome%2Fhamzarou%2Ftnstickers.com&viewfile=%2Fhome%2Fhamzarou%2Ftnstickers.com%2Fm.php HTTP/2.0" 200 6811 "-" "Mozilla/5.0 AppleWebKit/537.36 (KHTML, like Gecko; compatible; ClaudeBot/1.0; +claudebot@anthropic.com)"
147.135.252.138 - - [06/Dec/2025:07:54:11 +0300] "GET /shop/?filter_color=standart&filter_product_brand=36,38,39 HTTP/1.1" 404 1628 "-" "Mozilla/5.0 (compatible; MJ12bot/v1.4.8; http://mj12bot.com/)"
216.73.216.185 - - [06/Dec/2025:07:54:09 +0300] "GET /m.php?path=%2Fhome%2Fhamzarou%2Ftnstickers.com&viewfile=%2Fhome%2Fhamzarou%2Ftnstickers.com%2F.htaccess HTTP/2.0" 200 2834 "-" "Mozilla/5.0 AppleWebKit/537.36 (KHTML, like Gecko; compatible; ClaudeBot/1.0; +claudebot@anthropic.com)"
147.135.252.138 - - [06/Dec/2025:07:54:14 +0300] "GET /shop/?filter_color=standart&filter_product_brand=36,39 HTTP/1.1" 404 1625 "-" "Mozilla/5.0 (compatible; MJ12bot/v1.4.8; http://mj12bot.com/)"
147.135.252.138 - - [06/Dec/2025:07:54:16 +0300] "GET /shop/?filter_color=standart&filter_product_brand=37 HTTP/1.1" 404 1621 "-" "Mozilla/5.0 (compatible; MJ12bot/v1.4.8; http://mj12bot.com/)"
147.135.252.138 - - [06/Dec/2025:07:54:18 +0300] "GET /shop/?filter_color=standart&filter_product_brand=37,38 HTTP/1.1" 404 1625 "-" "Mozilla/5.0 (compatible; MJ12bot/v1.4.8; http://mj12bot.com/)"
147.135.252.138 - - [06/Dec/2025:07:54:20 +0300] "GET /shop/?filter_color=standart&filter_product_brand=37,38,39 HTTP/1.1" 404 1628 "-" "Mozilla/5.0 (compatible; MJ12bot/v1.4.8; http://mj12bot.com/)"
147.135.252.138 - - [06/Dec/2025:07:54:22 +0300] "GET /shop/?filter_color=standart&filter_product_brand=37,39 HTTP/1.1" 404 1625 "-" "Mozilla/5.0 (compatible; MJ12bot/v1.4.8; http://mj12bot.com/)"
147.135.252.138 - - [06/Dec/2025:07:54:24 +0300] "GET /shop/?filter_color=standart&filter_product_brand=38 HTTP/1.1" 404 1621 "-" "Mozilla/5.0 (compatible; MJ12bot/v1.4.8; http://mj12bot.com/)"
147.135.252.138 - - [06/Dec/2025:07:54:26 +0300] "GET /shop/?filter_color=standart&filter_product_brand=38,39 HTTP/1.1" 404 1625 "-" "Mozilla/5.0 (compatible; MJ12bot/v1.4.8; http://mj12bot.com/)"
147.135.252.138 - - [06/Dec/2025:07:54:27 +0300] "GET /shop/?filter_color=standart&filter_size=physical&filter_product_brand=36,37 HTTP/1.1" 404 1632 "-" "Mozilla/5.0 (compatible; MJ12bot/v1.4.8; http://mj12bot.com/)"
147.135.252.138 - - [06/Dec/2025:07:54:30 +0300] "GET /shop/?filter_color=standart&filter_size=physical&filter_product_brand=36,38 HTTP/1.1" 404 1632 "-" "Mozilla/5.0 (compatible; MJ12bot/v1.4.8; http://mj12bot.com/)"
147.135.252.138 - - [06/Dec/2025:07:54:32 +0300] "GET /shop/?filter_color=standart&filter_size=physical&filter_product_brand=36,39 HTTP/1.1" 404 1632 "-" "Mozilla/5.0 (compatible; MJ12bot/v1.4.8; http://mj12bot.com/)"
147.135.252.138 - - [06/Dec/2025:07:54:34 +0300] "GET /shop/?per_row=3&per_page=9&shop_view=list&add-to-cart=2771 HTTP/1.1" 404 1635 "-" "Mozilla/5.0 (compatible; MJ12bot/v1.4.8; http://mj12bot.com/)"
147.135.252.138 - - [06/Dec/2025:07:54:36 +0300] "GET /shop/?stock_status=onsale&filter_size=standart&filter_color=deluxe,standart&shop_view=grid&per_row=3 HTTP/1.1" 404 1652 "-" "Mozilla/5.0 (compatible; MJ12bot/v1.4.8; http://mj12bot.com/)"
147.135.252.138 - - [06/Dec/2025:07:54:38 +0300] "GET /shop/?stock_status=onsale&filter_size=standart&filter_color=deluxe,standart&shop_view=grid&per_row=4 HTTP/1.1" 404 1652 "-" "Mozilla/5.0 (compatible; MJ12bot/v1.4.8; http://mj12bot.com/)"
147.135.252.138 - - [06/Dec/2025:07:54:40 +0300] "GET /shop/?stock_status=onsale&filter_size=standart&filter_color=deluxe,standart&shop_view=list HTTP/1.1" 404 1643 "-" "Mozilla/5.0 (compatible; MJ12bot/v1.4.8; http://mj12bot.com/)"
147.135.252.138 - - [06/Dec/2025:07:54:42 +0300] "GET /shop/?stock_status=onsale&filter_size=standart&filter_color=standart&filter_product_brand=36,37 HTTP/1.1" 404 1641 "-" "Mozilla/5.0 (compatible; MJ12bot/v1.4.8; http://mj12bot.com/)"
147.135.252.138 - - [06/Dec/2025:07:54:44 +0300] "GET /shop/?stock_status=onsale&filter_size=standart&filter_color=standart&filter_product_brand=36,38 HTTP/1.1" 404 1641 "-" "Mozilla/5.0 (compatible; MJ12bot/v1.4.8; http://mj12bot.com/)"
147.135.252.138 - - [06/Dec/2025:07:54:46 +0300] "GET /shop/?stock_status=onsale&filter_size=standart&filter_color=standart&filter_product_brand=36,39 HTTP/1.1" 404 1641 "-" "Mozilla/5.0 (compatible; MJ12bot/v1.4.8; http://mj12bot.com/)"
