193.111.77.77 - - [05/Dec/2025:18:01:03 +0300] "POST /wp-cron.php?doing_wp_cron=1764946863.0308210849761962890625 HTTP/1.1" 200 0 "-" "WordPress/6.9; https://tnstickers.com"
66.249.66.4 - - [05/Dec/2025:18:04:31 +0300] "GET /?_g=659975 HTTP/1.1" 200 27354 "-" "Mozilla/5.0 (Linux; Android 6.0.1; Nexus 5X Build/MMB29P) AppleWebKit/537.36 (KHTML, like Gecko) Chrome/141.0.7390.122 Mobile Safari/537.36 (compatible; GoogleOther)"
193.111.77.77 - - [05/Dec/2025:18:07:17 +0300] "POST /wp-cron.php?doing_wp_cron=1764947236.9371640682220458984375 HTTP/1.1" 200 0 "-" "WordPress/6.9; https://tnstickers.com"
193.111.77.77 - - [05/Dec/2025:18:09:04 +0300] "POST /wp-cron.php?doing_wp_cron=1764947344.8219149112701416015625 HTTP/1.1" 200 0 "-" "WordPress/6.9; https://tnstickers.com"
66.249.66.169 - - [05/Dec/2025:18:09:03 +0300] "GET /?_g=473110 HTTP/1.1" 200 27354 "-" "Mozilla/5.0 (Linux; Android 6.0.1; Nexus 5X Build/MMB29P) AppleWebKit/537.36 (KHTML, like Gecko) Chrome/141.0.7390.122 Mobile Safari/537.36 (compatible; GoogleOther)"
23.27.145.252 - - [05/Dec/2025:18:06:10 +0300] "GET / HTTP/2" 301 0 "-" "Mozilla/5.0 (X11; Linux x86_64) AppleWebKit/537.36 (KHTML, like Gecko) Chrome/119.0.0.0 Safari/537.36"
66.249.76.36 - - [05/Dec/2025:18:12:22 +0300] "GET /?_g=3042328 HTTP/1.1" 301 0 "-" "Mozilla/5.0 (Linux; Android 6.0.1; Nexus 5X Build/MMB29P) AppleWebKit/537.36 (KHTML, like Gecko) Chrome/141.0.7390.122 Mobile Safari/537.36 (compatible; GoogleOther)"
193.111.77.77 - - [05/Dec/2025:18:13:26 +0300] "POST /wp-cron.php?doing_wp_cron=1764947606.4477798938751220703125 HTTP/1.1" 200 0 "-" "WordPress/6.9; https://tnstickers.com"
66.249.66.32 - - [05/Dec/2025:18:13:24 +0300] "GET /?_g=3042328 HTTP/1.1" 200 27350 "-" "Mozilla/5.0 (Linux; Android 6.0.1; Nexus 5X Build/MMB29P) AppleWebKit/537.36 (KHTML, like Gecko) Chrome/141.0.7390.122 Mobile Safari/537.36 (compatible; GoogleOther)"
66.249.66.68 - - [05/Dec/2025:18:09:17 +0300] "POST /?wc-ajax=get_refreshed_fragments HTTP/1.1" 200 514 "https://tnstickers.com/?_g=473110" "Mozilla/5.0 (Linux; Android 6.0.1; Nexus 5X Build/MMB29P) AppleWebKit/537.36 (KHTML, like Gecko) Chrome/141.0.7390.122 Mobile Safari/537.36 (compatible; Googlebot/2.1; +http://www.google.com/bot.html)"
66.249.78.9 - - [05/Dec/2025:18:11:14 +0300] "POST /?wc-ajax=get_refreshed_fragments HTTP/1.1" 200 514 "https://tnstickers.com/?_g=1672072" "Mozilla/5.0 (Linux; Android 6.0.1; Nexus 5X Build/MMB29P) AppleWebKit/537.36 (KHTML, like Gecko) Chrome/141.0.7390.122 Mobile Safari/537.36 (compatible; Googlebot/2.1; +http://www.google.com/bot.html)"
23.27.145.252 - - [05/Dec/2025:18:06:22 +0300] "GET /wp-content/uploads/2023/07/chevron-right.svg HTTP/2" 200 329 "https://tnstickers.com/" "Mozilla/5.0 (X11; Linux x86_64) AppleWebKit/537.36 (KHTML, like Gecko) Chrome/119.0.0.0 Safari/537.36"
23.27.145.252 - - [05/Dec/2025:18:06:22 +0300] "GET /wp-content/uploads/2023/07/wd-vgs-action-w-opt-220x130.jpg HTTP/2" 200 9086 "https://tnstickers.com/" "Mozilla/5.0 (X11; Linux x86_64) AppleWebKit/537.36 (KHTML, like Gecko) Chrome/119.0.0.0 Safari/537.36"
23.27.145.252 - - [05/Dec/2025:18:06:22 +0300] "GET /wp-content/uploads/2023/07/w-vgs-action-dead-island-2.jpg HTTP/2" 200 190095 "https://tnstickers.com/" "Mozilla/5.0 (X11; Linux x86_64) AppleWebKit/537.36 (KHTML, like Gecko) Chrome/119.0.0.0 Safari/537.36"
23.27.145.252 - - [05/Dec/2025:18:06:22 +0300] "GET /wp-content/uploads/2023/07/w-vgs-action-stalker-2.jpg HTTP/2" 200 123277 "https://tnstickers.com/" "Mozilla/5.0 (X11; Linux x86_64) AppleWebKit/537.36 (KHTML, like Gecko) Chrome/119.0.0.0 Safari/537.36"
23.27.145.252 - - [05/Dec/2025:18:06:22 +0300] "GET /wp-content/uploads/2023/07/Gemini_Generated_Image_du8ebrdu8ebrdu8e-e1764714621696.png HTTP/2" 200 1401008 "https://tnstickers.com/" "Mozilla/5.0 (X11; Linux x86_64) AppleWebKit/537.36 (KHTML, like Gecko) Chrome/119.0.0.0 Safari/537.36"
23.27.145.252 - - [05/Dec/2025:18:06:28 +0300] "GET /wp-includes/js/jquery/ui/core.min.js?ver=1.13.3 HTTP/2" 200 6351 "https://tnstickers.com/" "Mozilla/5.0 (X11; Linux x86_64) AppleWebKit/537.36 (KHTML, like Gecko) Chrome/119.0.0.0 Safari/537.36"
66.249.66.164 - - [05/Dec/2025:18:07:16 +0300] "GET /?_g=473110 HTTP/1.1" 301 0 "-" "Mozilla/5.0 (Linux; Android 6.0.1; Nexus 5X Build/MMB29P) AppleWebKit/537.36 (KHTML, like Gecko) Chrome/141.0.7390.122 Mobile Safari/537.36 (compatible; GoogleOther)"
66.249.66.67 - - [05/Dec/2025:18:09:30 +0300] "GET /?_g=1672072 HTTP/1.1" 301 0 "-" "Mozilla/5.0 (Linux; Android 6.0.1; Nexus 5X Build/MMB29P) AppleWebKit/537.36 (KHTML, like Gecko) Chrome/141.0.7390.122 Mobile Safari/537.36 (compatible; GoogleOther)"
193.111.77.77 - - [05/Dec/2025:18:11:10 +0300] "POST /wp-cron.php?doing_wp_cron=1764947470.1684079170227050781250 HTTP/1.1" 200 0 "-" "WordPress/6.9; https://tnstickers.com"
193.111.77.77 - - [05/Dec/2025:18:12:22 +0300] "POST /wp-cron.php?doing_wp_cron=1764947542.9612829685211181640625 HTTP/1.1" 200 0 "-" "WordPress/6.9; https://tnstickers.com"
17.246.23.71 - - [05/Dec/2025:17:59:08 +0300] "GET /wp-content/themes/woodmart/js/scripts/elements/toggle.min.js?ver=8.3.6 HTTP/1.1" 200 531 "https://tnstickers.com/?product=horizon-forbidden-west" "Mozilla/5.0 (Macintosh; Intel Mac OS X 10_15_7) AppleWebKit/605.1.15 (KHTML, like Gecko) Version/17.4 Safari/605.1.15 (Applebot/0.1; +http://www.apple.com/go/applebot)"
17.246.23.71 - - [05/Dec/2025:17:59:10 +0300] "GET /wp-content/themes/woodmart/js/scripts/wc/cartWidget.min.js?ver=8.3.6 HTTP/1.1" 200 430 "https://tnstickers.com/?product=horizon-forbidden-west" "Mozilla/5.0 (Macintosh; Intel Mac OS X 10_15_7) AppleWebKit/605.1.15 (KHTML, like Gecko) Version/17.4 Safari/605.1.15 (Applebot/0.1; +http://www.apple.com/go/applebot)"
17.246.23.112 - - [05/Dec/2025:17:59:15 +0300] "GET /wp-content/plugins/elementor/assets/js/shared-frontend-handlers.03caa53373b56d3bab67.bundle.min.js HTTP/1.1" 200 2631 "https://tnstickers.com/?product=horizon-forbidden-west" "Mozilla/5.0 (Macintosh; Intel Mac OS X 10_15_7) AppleWebKit/605.1.15 (KHTML, like Gecko) Version/17.4 Safari/605.1.15 (Applebot/0.1; +http://www.apple.com/go/applebot)"
193.111.77.77 - - [05/Dec/2025:17:59:40 +0300] "POST /wp-cron.php?doing_wp_cron=1764946780.1647861003875732421875 HTTP/1.1" 200 0 "-" "WordPress/6.9; https://tnstickers.com"
2a06:98c0:3600::103 - - [05/Dec/2025:17:59:39 +0300] "GET /wordpress/wp-admin/setup-config.php HTTP/1.1" 404 19015 "-" "Mozilla/5.0 (Windows NT 10.0; Win64; x64) AppleWebKit/537.36 (KHTML, like Gecko) Chrome/142.0.0.0 Safari/537.36"
66.249.66.6 - - [05/Dec/2025:18:02:46 +0300] "GET /wp-content/themes/woodmart/css/parts/el-social-styles.min.css?ver=8.3.6 HTTP/1.1" 200 284 "https://tnstickers.com/?_g=591882" "Mozilla/5.0 (Linux; Android 6.0.1; Nexus 5X Build/MMB29P) AppleWebKit/537.36 (KHTML, like Gecko) Chrome/141.0.7390.122 Mobile Safari/537.36 (compatible; Googlebot/2.1; +http://www.google.com/bot.html)"
66.249.66.34 - - [05/Dec/2025:18:02:50 +0300] "POST /?wc-ajax=get_refreshed_fragments HTTP/1.1" 200 514 "https://tnstickers.com/?_g=591882" "Mozilla/5.0 (Linux; Android 6.0.1; Nexus 5X Build/MMB29P) AppleWebKit/537.36 (KHTML, like Gecko) Chrome/141.0.7390.122 Mobile Safari/537.36 (compatible; Googlebot/2.1; +http://www.google.com/bot.html)"
66.249.78.10 - - [05/Dec/2025:18:05:53 +0300] "GET /wp-content/themes/woodmart/js/scripts/global/ajaxSearch.min.js?ver=8.3.6 HTTP/1.1" 200 1569 "https://tnstickers.com/?_g=659975" "Mozilla/5.0 (Linux; Android 6.0.1; Nexus 5X Build/MMB29P) AppleWebKit/537.36 (KHTML, like Gecko) Chrome/141.0.7390.122 Mobile Safari/537.36 (compatible; Googlebot/2.1; +http://www.google.com/bot.html)"
193.111.77.77 - - [05/Dec/2025:18:05:55 +0300] "POST /wp-cron.php?doing_wp_cron=1764947155.8373289108276367187500 HTTP/1.1" 200 0 "-" "WordPress/6.9; https://tnstickers.com"
66.249.78.1 - - [05/Dec/2025:18:05:55 +0300] "POST /?wc-ajax=get_refreshed_fragments HTTP/1.1" 200 514 "https://tnstickers.com/?_g=659975" "Mozilla/5.0 (Linux; Android 6.0.1; Nexus 5X Build/MMB29P) AppleWebKit/537.36 (KHTML, like Gecko) Chrome/141.0.7390.122 Mobile Safari/537.36 (compatible; Googlebot/2.1; +http://www.google.com/bot.html)"
193.111.77.77 - - [05/Dec/2025:18:09:31 +0300] "POST /wp-cron.php?doing_wp_cron=1764947371.4050428867340087890625 HTTP/1.1" 200 0 "-" "WordPress/6.9; https://tnstickers.com"
66.249.66.5 - - [05/Dec/2025:18:11:08 +0300] "GET /?_g=1672072 HTTP/1.1" 200 27354 "-" "Mozilla/5.0 (Linux; Android 6.0.1; Nexus 5X Build/MMB29P) AppleWebKit/537.36 (KHTML, like Gecko) Chrome/141.0.7390.122 Mobile Safari/537.36 (compatible; GoogleOther)"
193.111.77.77 - - [05/Dec/2025:18:13:33 +0300] "POST /wp-cron.php?doing_wp_cron=1764947613.7487750053405761718750 HTTP/1.1" 200 0 "-" "WordPress/6.9; https://tnstickers.com"
66.249.66.168 - - [05/Dec/2025:18:16:57 +0300] "GET /?_g=1005297 HTTP/1.1" 200 27353 "-" "Mozilla/5.0 (Linux; Android 6.0.1; Nexus 5X Build/MMB29P) AppleWebKit/537.36 (KHTML, like Gecko) Chrome/141.0.7390.122 Mobile Safari/537.36 (compatible; GoogleOther)"
66.249.78.10 - - [05/Dec/2025:18:17:03 +0300] "POST /?wc-ajax=get_refreshed_fragments HTTP/1.1" 200 514 "https://tnstickers.com/?_g=1005297" "Mozilla/5.0 (Linux; Android 6.0.1; Nexus 5X Build/MMB29P) AppleWebKit/537.36 (KHTML, like Gecko) Chrome/141.0.7390.122 Mobile Safari/537.36 (compatible; Googlebot/2.1; +http://www.google.com/bot.html)"
66.249.76.36 - - [05/Dec/2025:18:18:20 +0300] "GET /?_g=2258356 HTTP/1.1" 301 0 "-" "Mozilla/5.0 (Linux; Android 6.0.1; Nexus 5X Build/MMB29P) AppleWebKit/537.36 (KHTML, like Gecko) Chrome/141.0.7390.122 Mobile Safari/537.36 (compatible; GoogleOther)"
193.111.77.77 - - [05/Dec/2025:18:22:20 +0300] "POST /wp-cron.php?doing_wp_cron=1764948140.9649510383605957031250 HTTP/1.1" 200 0 "-" "WordPress/6.9; https://tnstickers.com"
66.249.66.32 - - [05/Dec/2025:18:22:53 +0300] "GET /?_g=1660873 HTTP/1.1" 200 27352 "-" "Mozilla/5.0 (Linux; Android 6.0.1; Nexus 5X Build/MMB29P) AppleWebKit/537.36 (KHTML, like Gecko) Chrome/141.0.7390.122 Mobile Safari/537.36 (compatible; GoogleOther)"
150.40.242.182 - - [05/Dec/2025:18:26:11 +0300] "HEAD / HTTP/1.1" 200 0 "-" "Java/1.8.0_322"
66.249.78.9 - - [05/Dec/2025:18:35:22 +0300] "POST /?wc-ajax=get_refreshed_fragments HTTP/1.1" 200 514 "https://tnstickers.com/?_g=4031745" "Mozilla/5.0 (Linux; Android 6.0.1; Nexus 5X Build/MMB29P) AppleWebKit/537.36 (KHTML, like Gecko) Chrome/141.0.7390.122 Mobile Safari/537.36 (compatible; Googlebot/2.1; +http://www.google.com/bot.html)"
66.249.78.10 - - [05/Dec/2025:18:36:08 +0300] "POST /?wc-ajax=get_refreshed_fragments HTTP/1.1" 200 514 "https://tnstickers.com/?_g=335287" "Mozilla/5.0 (Linux; Android 6.0.1; Nexus 5X Build/MMB29P) AppleWebKit/537.36 (KHTML, like Gecko) Chrome/141.0.7390.122 Mobile Safari/537.36 (compatible; Googlebot/2.1; +http://www.google.com/bot.html)"
204.12.252.98 - - [05/Dec/2025:18:40:08 +0300] "GET /wp-content/wpe333bb/index.php HTTP/1.1" 301 0 "https://tnstickers.com/wp-content/wpe333bb/index.php" "Mozilla/5.0 (Windows NT 10.0; Win64; x64) AppleWebKit/537.36 (KHTML, like Gecko) Chrome/58.0.3029.110 Safari/537.3"
204.12.252.98 - - [05/Dec/2025:18:40:10 +0300] "GET /wp-content/wpe333bb/ HTTP/1.1" 404 19018 "https://tnstickers.com/wp-content/wpe333bb/index.php" "Mozilla/5.0 (Windows NT 10.0; Win64; x64) AppleWebKit/537.36 (KHTML, like Gecko) Chrome/58.0.3029.110 Safari/537.3"
66.249.66.200 - - [05/Dec/2025:18:43:45 +0300] "GET /?_g=383309 HTTP/1.1" 301 0 "-" "Mozilla/5.0 (Linux; Android 6.0.1; Nexus 5X Build/MMB29P) AppleWebKit/537.36 (KHTML, like Gecko) Chrome/141.0.7390.122 Mobile Safari/537.36 (compatible; GoogleOther)"
66.249.66.199 - - [05/Dec/2025:18:43:48 +0300] "GET /robots.txt HTTP/1.1" 200 103 "-" "Mozilla/5.0 (compatible; Googlebot/2.1; +http://www.google.com/bot.html)"
95.217.109.26 - - [05/Dec/2025:18:53:40 +0300] "GET /2023/04/15/xbox-seems-to-expect-bungies-mysterious-ip-matter-to-release-in-2025/feed/ HTTP/1.1" 200 527 "-" "Mozilla/5.0 (compatible; MJ12bot/v1.4.8; http://mj12bot.com/)"
95.217.109.26 - - [05/Dec/2025:18:53:44 +0300] "GET /2023/04/26/hitman-developers-upcoming-fantasy-rpg-may-be-an-xbox-exclusive/feed/ HTTP/1.1" 200 514 "-" "Mozilla/5.0 (compatible; MJ12bot/v1.4.8; http://mj12bot.com/)"
95.217.109.26 - - [05/Dec/2025:18:53:48 +0300] "GET /2023/05/08/seriously-considered-acquiring-sega/feed/ HTTP/1.1" 200 468 "-" "Mozilla/5.0 (compatible; MJ12bot/v1.4.8; http://mj12bot.com/)"
95.217.109.26 - - [05/Dec/2025:18:53:55 +0300] "GET /2023/05/18/acquired-hellblade-developer-ninja-theory-for-117-million/feed/ HTTP/1.1" 200 499 "-" "Mozilla/5.0 (compatible; MJ12bot/v1.4.8; http://mj12bot.com/)"
193.111.77.77 - - [05/Dec/2025:18:15:46 +0300] "POST /wp-cron.php?doing_wp_cron=1764947746.0682520866394042968750 HTTP/1.1" 200 0 "-" "WordPress/6.9; https://tnstickers.com"
66.249.66.162 - - [05/Dec/2025:18:15:44 +0300] "GET /?_g=1005297 HTTP/1.1" 301 0 "-" "Mozilla/5.0 (Linux; Android 6.0.1; Nexus 5X Build/MMB29P) AppleWebKit/537.36 (KHTML, like Gecko) Chrome/141.0.7390.122 Mobile Safari/537.36 (compatible; GoogleOther)"
66.249.76.35 - - [05/Dec/2025:18:22:19 +0300] "GET /?_g=1898805 HTTP/1.1" 301 0 "-" "Mozilla/5.0 (Linux; Android 6.0.1; Nexus 5X Build/MMB29P) AppleWebKit/537.36 (KHTML, like Gecko) Chrome/141.0.7390.122 Mobile Safari/537.36 (compatible; GoogleOther)"
66.249.78.1 - - [05/Dec/2025:18:22:29 +0300] "GET /?_g=1898805 HTTP/1.1" 200 27354 "-" "Mozilla/5.0 (Linux; Android 6.0.1; Nexus 5X Build/MMB29P) AppleWebKit/537.36 (KHTML, like Gecko) Chrome/141.0.7390.122 Mobile Safari/537.36 (compatible; GoogleOther)"
66.249.76.35 - - [05/Dec/2025:18:22:48 +0300] "GET /?_g=1660873 HTTP/1.1" 301 0 "-" "Mozilla/5.0 (Linux; Android 6.0.1; Nexus 5X Build/MMB29P) AppleWebKit/537.36 (KHTML, like Gecko) Chrome/141.0.7390.122 Mobile Safari/537.36 (compatible; GoogleOther)"
66.249.66.168 - - [05/Dec/2025:18:23:08 +0300] "POST /?wc-ajax=get_refreshed_fragments HTTP/1.1" 200 514 "https://tnstickers.com/?_g=1660873" "Mozilla/5.0 (Linux; Android 6.0.1; Nexus 5X Build/MMB29P) AppleWebKit/537.36 (KHTML, like Gecko) Chrome/141.0.7390.122 Mobile Safari/537.36 (compatible; Googlebot/2.1; +http://www.google.com/bot.html)"
193.111.77.77 - - [05/Dec/2025:18:26:13 +0300] "POST /wp-cron.php?doing_wp_cron=1764948373.3321020603179931640625 HTTP/1.1" 200 0 "-" "WordPress/6.9; https://tnstickers.com"
193.111.77.77 - - [05/Dec/2025:18:35:09 +0300] "POST /wp-cron.php?doing_wp_cron=1764948909.7934861183166503906250 HTTP/1.1" 200 0 "-" "WordPress/6.9; https://tnstickers.com"
66.249.66.162 - - [05/Dec/2025:18:35:08 +0300] "GET /?_g=4031745 HTTP/1.1" 301 0 "-" "Mozilla/5.0 (Linux; Android 6.0.1; Nexus 5X Build/MMB29P) AppleWebKit/537.36 (KHTML, like Gecko) Chrome/141.0.7390.122 Mobile Safari/537.36 (compatible; GoogleOther)"
66.249.78.9 - - [05/Dec/2025:18:35:11 +0300] "GET /robots.txt HTTP/1.1" 200 103 "-" "Mozilla/5.0 (compatible; Googlebot/2.1; +http://www.google.com/bot.html)"
66.249.66.200 - - [05/Dec/2025:18:35:12 +0300] "GET /?_g=4031745 HTTP/1.1" 200 27354 "-" "Mozilla/5.0 (Linux; Android 6.0.1; Nexus 5X Build/MMB29P) AppleWebKit/537.36 (KHTML, like Gecko) Chrome/141.0.7390.122 Mobile Safari/537.36 (compatible; GoogleOther)"
66.249.78.10 - - [05/Dec/2025:18:35:59 +0300] "GET /?_g=335287 HTTP/1.1" 200 27353 "-" "Mozilla/5.0 (Linux; Android 6.0.1; Nexus 5X Build/MMB29P) AppleWebKit/537.36 (KHTML, like Gecko) Chrome/141.0.7390.122 Mobile Safari/537.36 (compatible; GoogleOther)"
66.249.78.9 - - [05/Dec/2025:18:44:24 +0300] "GET /?_g=383309 HTTP/1.1" 200 27353 "-" "Mozilla/5.0 (Linux; Android 6.0.1; Nexus 5X Build/MMB29P) AppleWebKit/537.36 (KHTML, like Gecko) Chrome/141.0.7390.122 Mobile Safari/537.36 (compatible; GoogleOther)"
66.249.66.169 - - [05/Dec/2025:18:44:34 +0300] "POST /?wc-ajax=get_refreshed_fragments HTTP/1.1" 200 514 "https://tnstickers.com/?_g=383309" "Mozilla/5.0 (Linux; Android 6.0.1; Nexus 5X Build/MMB29P) AppleWebKit/537.36 (KHTML, like Gecko) Chrome/141.0.7390.122 Mobile Safari/537.36 (compatible; Googlebot/2.1; +http://www.google.com/bot.html)"
95.217.109.26 - - [05/Dec/2025:18:53:38 +0300] "GET /robots.txt HTTP/1.1" 200 363 "-" "Mozilla/5.0 (compatible; MJ12bot/v1.4.8; http://mj12bot.com/)"
95.217.109.26 - - [05/Dec/2025:18:54:06 +0300] "GET /2023/06/14/diablo-4-patch-1-03-fixes-nightmare-dungeons-and-the-endgame-xp-grind/feed/ HTTP/1.1" 200 513 "-" "Mozilla/5.0 (compatible; MJ12bot/v1.4.8; http://mj12bot.com/)"
95.217.109.26 - - [05/Dec/2025:18:54:12 +0300] "GET /author/admin/feed/ HTTP/1.1" 200 4256 "-" "Mozilla/5.0 (compatible; MJ12bot/v1.4.8; http://mj12bot.com/)"
208.110.64.178 - - [05/Dec/2025:18:17:14 +0300] "GET /wp-content/wpe333bb/index.php HTTP/1.1" 301 0 "https://tnstickers.com/wp-content/wpe333bb/index.php" "Mozilla/5.0 (Windows NT 10.0; Win64; x64) AppleWebKit/537.36 (KHTML, like Gecko) Chrome/58.0.3029.110 Safari/537.3"
208.110.64.178 - - [05/Dec/2025:18:17:16 +0300] "GET /wp-content/wpe333bb/ HTTP/1.1" 404 19020 "https://tnstickers.com/wp-content/wpe333bb/index.php" "Mozilla/5.0 (Windows NT 10.0; Win64; x64) AppleWebKit/537.36 (KHTML, like Gecko) Chrome/58.0.3029.110 Safari/537.3"
66.249.66.199 - - [05/Dec/2025:18:19:04 +0300] "GET /?_g=2258356 HTTP/1.1" 200 27352 "-" "Mozilla/5.0 (Linux; Android 6.0.1; Nexus 5X Build/MMB29P) AppleWebKit/537.36 (KHTML, like Gecko) Chrome/141.0.7390.122 Mobile Safari/537.36 (compatible; GoogleOther)"
193.111.77.77 - - [05/Dec/2025:18:22:31 +0300] "POST /wp-cron.php?doing_wp_cron=1764948151.6806170940399169921875 HTTP/1.1" 200 0 "-" "WordPress/6.9; https://tnstickers.com"
66.249.78.9 - - [05/Dec/2025:18:23:03 +0300] "GET /wp-content/uploads/elementor/css/post-2056.css?ver=1762560000 HTTP/1.1" 200 352 "https://tnstickers.com/?_g=1660873" "Mozilla/5.0 (Linux; Android 6.0.1; Nexus 5X Build/MMB29P) AppleWebKit/537.36 (KHTML, like Gecko) Chrome/141.0.7390.122 Mobile Safari/537.36 (compatible; Googlebot/2.1; +http://www.google.com/bot.html)"
193.111.77.77 - - [05/Dec/2025:18:35:34 +0300] "POST /wp-cron.php?doing_wp_cron=1764948934.7853100299835205078125 HTTP/1.1" 200 0 "-" "WordPress/6.9; https://tnstickers.com"
66.249.76.34 - - [05/Dec/2025:18:35:33 +0300] "GET /?_g=335287 HTTP/1.1" 301 0 "-" "Mozilla/5.0 (Linux; Android 6.0.1; Nexus 5X Build/MMB29P) AppleWebKit/537.36 (KHTML, like Gecko) Chrome/141.0.7390.122 Mobile Safari/537.36 (compatible; GoogleOther)"
2a06:98c0:3600::103 - - [05/Dec/2025:18:39:45 +0300] "GET /wp-admin/setup-config.php HTTP/1.1" 409 922 "-" "Mozilla/5.0 (Windows NT 10.0; Win64; x64) AppleWebKit/537.36 (KHTML, like Gecko) Chrome/142.0.0.0 Safari/537.36"
193.111.77.77 - - [05/Dec/2025:18:43:47 +0300] "POST /wp-cron.php?doing_wp_cron=1764949427.2132010459899902343750 HTTP/1.1" 200 0 "-" "WordPress/6.9; https://tnstickers.com"
193.111.77.77 - - [05/Dec/2025:18:44:35 +0300] "POST /wp-cron.php?doing_wp_cron=1764949475.7957220077514648437500 HTTP/1.1" 200 0 "-" "WordPress/6.9; https://tnstickers.com"
193.111.77.77 - - [05/Dec/2025:18:53:42 +0300] "POST /wp-cron.php?doing_wp_cron=1764950022.4389679431915283203125 HTTP/1.1" 200 0 "-" "WordPress/6.9; https://tnstickers.com"
95.217.109.26 - - [05/Dec/2025:18:53:58 +0300] "GET /2023/05/24/starfield-on-xbox-getting-a-physical-disc-after-all/feed/ HTTP/1.1" 200 489 "-" "Mozilla/5.0 (compatible; MJ12bot/v1.4.8; http://mj12bot.com/)"
95.217.109.26 - - [05/Dec/2025:18:54:09 +0300] "GET /2023/06/28/upcoming-freebies-fabledom-tales-of-trades-feuds-and-partnerships/feed/ HTTP/1.1" 200 495 "-" "Mozilla/5.0 (compatible; MJ12bot/v1.4.8; http://mj12bot.com/)"
66.249.66.4 - - [05/Dec/2025:18:54:33 +0300] "GET /?_g=3145850 HTTP/1.1" 301 0 "-" "Mozilla/5.0 (Linux; Android 6.0.1; Nexus 5X Build/MMB29P) AppleWebKit/537.36 (KHTML, like Gecko) Chrome/141.0.7390.122 Mobile Safari/537.36 (compatible; GoogleOther)"
66.249.66.4 - - [05/Dec/2025:18:55:21 +0300] "POST /?wc-ajax=get_refreshed_fragments HTTP/1.1" 200 514 "https://tnstickers.com/?_g=3145850" "Mozilla/5.0 (Linux; Android 6.0.1; Nexus 5X Build/MMB29P) AppleWebKit/537.36 (KHTML, like Gecko) Chrome/141.0.7390.122 Mobile Safari/537.36 (compatible; Googlebot/2.1; +http://www.google.com/bot.html)"
95.217.109.26 - - [05/Dec/2025:18:57:44 +0300] "GET /category/deals/feed/ HTTP/1.1" 200 2916 "-" "Mozilla/5.0 (compatible; MJ12bot/v1.4.8; http://mj12bot.com/)"
95.217.109.26 - - [05/Dec/2025:18:57:48 +0300] "GET /category/freebies/feed/ HTTP/1.1" 200 3418 "-" "Mozilla/5.0 (compatible; MJ12bot/v1.4.8; http://mj12bot.com/)"
95.217.109.26 - - [05/Dec/2025:18:57:51 +0300] "GET /product/homestead-arcana/feed/ HTTP/1.1" 200 441 "-" "Mozilla/5.0 (compatible; MJ12bot/v1.4.8; http://mj12bot.com/)"
66.249.66.168 - - [05/Dec/2025:18:55:06 +0300] "GET /?_g=3145850 HTTP/1.1" 200 27352 "-" "Mozilla/5.0 (Linux; Android 6.0.1; Nexus 5X Build/MMB29P) AppleWebKit/537.36 (KHTML, like Gecko) Chrome/141.0.7390.122 Mobile Safari/537.36 (compatible; GoogleOther)"
66.249.66.68 - - [05/Dec/2025:18:55:18 +0300] "GET /wp-content/themes/woodmart/css/parts/woo-mod-product-labels.min.css?ver=8.3.6 HTTP/1.1" 200 363 "https://tnstickers.com/?_g=3145850" "Mozilla/5.0 (Linux; Android 6.0.1; Nexus 5X Build/MMB29P) AppleWebKit/537.36 (KHTML, like Gecko) Chrome/141.0.7390.122 Mobile Safari/537.36 (compatible; Googlebot/2.1; +http://www.google.com/bot.html)"
66.249.78.9 - - [05/Dec/2025:18:55:19 +0300] "GET /wp-content/themes/woodmart/css/parts/lib-magnific-popup.min.css?ver=8.3.6 HTTP/1.1" 200 647 "https://tnstickers.com/?_g=3145850" "Mozilla/5.0 (Linux; Android 6.0.1; Nexus 5X Build/MMB29P) AppleWebKit/537.36 (KHTML, like Gecko) Chrome/141.0.7390.122 Mobile Safari/537.36 (compatible; Googlebot/2.1; +http://www.google.com/bot.html)"
95.217.109.26 - - [05/Dec/2025:18:57:40 +0300] "GET /category/bundles/feed/ HTTP/1.1" 200 3092 "-" "Mozilla/5.0 (compatible; MJ12bot/v1.4.8; http://mj12bot.com/)"
193.111.77.77 - - [05/Dec/2025:18:57:55 +0300] "GET /wp-content/uploads/2025/12/akra.png HTTP/1.1" 200 232293 "-" "-"
95.217.109.26 - - [05/Dec/2025:18:57:54 +0300] "GET /shop/?per_row=4&shop_view=list&add-to-cart=2719 HTTP/1.1" 200 29329 "-" "Mozilla/5.0 (compatible; MJ12bot/v1.4.8; http://mj12bot.com/)"
95.217.109.26 - - [05/Dec/2025:18:58:10 +0300] "GET /shop/?stock_status=onsale&filter_color=standart&filter_product_brand=36,37 HTTP/1.1" 200 23902 "-" "Mozilla/5.0 (compatible; MJ12bot/v1.4.8; http://mj12bot.com/)"
95.217.109.26 - - [05/Dec/2025:18:58:14 +0300] "GET /shop/?stock_status=onsale&filter_color=standart&filter_product_brand=36,38 HTTP/1.1" 200 23904 "-" "Mozilla/5.0 (compatible; MJ12bot/v1.4.8; http://mj12bot.com/)"
95.217.109.26 - - [05/Dec/2025:18:58:25 +0300] "GET /shop/?stock_status=onsale&filter_color=standart&filter_product_brand=37&filter_size=standart HTTP/1.1" 200 23873 "-" "Mozilla/5.0 (compatible; MJ12bot/v1.4.8; http://mj12bot.com/)"
193.111.77.77 - - [05/Dec/2025:18:58:30 +0300] "GET /wp-content/uploads/2023/07/w-vgs-casual-park-beyond.jpg HTTP/1.1" 200 209981 "-" "-"
95.217.109.26 - - [05/Dec/2025:18:58:32 +0300] "GET /shop/?stock_status=onsale&filter_color=standart&filter_product_brand=37,39 HTTP/1.1" 200 23906 "-" "Mozilla/5.0 (compatible; MJ12bot/v1.4.8; http://mj12bot.com/)"
95.217.109.26 - - [05/Dec/2025:18:58:36 +0300] "GET /shop/?stock_status=onsale&filter_color=standart&filter_product_brand=38&filter_size=physical HTTP/1.1" 200 21404 "-" "Mozilla/5.0 (compatible; MJ12bot/v1.4.8; http://mj12bot.com/)"
95.217.109.26 - - [05/Dec/2025:18:58:44 +0300] "GET /shop/?stock_status=onsale&filter_color=standart&filter_product_brand=38,39 HTTP/1.1" 200 23900 "-" "Mozilla/5.0 (compatible; MJ12bot/v1.4.8; http://mj12bot.com/)"
95.217.109.26 - - [05/Dec/2025:18:58:58 +0300] "GET /shop/?stock_status=onsale&filter_color=standart&filter_size=physical&filter_product_brand=37 HTTP/1.1" 200 21407 "-" "Mozilla/5.0 (compatible; MJ12bot/v1.4.8; http://mj12bot.com/)"
95.217.109.26 - - [05/Dec/2025:18:59:01 +0300] "GET /shop/?stock_status=onsale&filter_color=standart&filter_size=physical&filter_product_brand=38 HTTP/1.1" 200 21404 "-" "Mozilla/5.0 (compatible; MJ12bot/v1.4.8; http://mj12bot.com/)"
95.217.109.26 - - [05/Dec/2025:18:59:11 +0300] "GET /shop/?stock_status=onsale&filter_color=standart&filter_size=standart&filter_product_brand=37 HTTP/1.1" 200 23872 "-" "Mozilla/5.0 (compatible; MJ12bot/v1.4.8; http://mj12bot.com/)"
95.217.109.26 - - [05/Dec/2025:18:59:14 +0300] "GET /shop/?stock_status=onsale&filter_color=standart&filter_size=standart&filter_product_brand=38 HTTP/1.1" 200 23873 "-" "Mozilla/5.0 (compatible; MJ12bot/v1.4.8; http://mj12bot.com/)"
66.249.66.198 - - [05/Dec/2025:18:13:32 +0300] "POST /?wc-ajax=get_refreshed_fragments HTTP/1.1" 200 514 "https://tnstickers.com/?_g=3042328" "Mozilla/5.0 (Linux; Android 6.0.1; Nexus 5X Build/MMB29P) AppleWebKit/537.36 (KHTML, like Gecko) Chrome/141.0.7390.122 Mobile Safari/537.36 (compatible; Googlebot/2.1; +http://www.google.com/bot.html)"
193.111.77.77 - - [05/Dec/2025:18:16:59 +0300] "POST /wp-cron.php?doing_wp_cron=1764947819.5690910816192626953125 HTTP/1.1" 200 0 "-" "WordPress/6.9; https://tnstickers.com"
193.111.77.77 - - [05/Dec/2025:18:18:21 +0300] "POST /wp-cron.php?doing_wp_cron=1764947901.2650189399719238281250 HTTP/1.1" 200 0 "-" "WordPress/6.9; https://tnstickers.com"
193.111.77.77 - - [05/Dec/2025:18:19:06 +0300] "POST /wp-cron.php?doing_wp_cron=1764947946.7993578910827636718750 HTTP/1.1" 200 0 "-" "WordPress/6.9; https://tnstickers.com"
66.249.78.9 - - [05/Dec/2025:18:19:09 +0300] "POST /?wc-ajax=get_refreshed_fragments HTTP/1.1" 200 514 "https://tnstickers.com/?_g=2258356" "Mozilla/5.0 (Linux; Android 6.0.1; Nexus 5X Build/MMB29P) AppleWebKit/537.36 (KHTML, like Gecko) Chrome/141.0.7390.122 Mobile Safari/537.36 (compatible; Googlebot/2.1; +http://www.google.com/bot.html)"
66.249.78.9 - - [05/Dec/2025:18:22:35 +0300] "POST /?wc-ajax=get_refreshed_fragments HTTP/1.1" 200 514 "https://tnstickers.com/?_g=1898805" "Mozilla/5.0 (Linux; Android 6.0.1; Nexus 5X Build/MMB29P) AppleWebKit/537.36 (KHTML, like Gecko) Chrome/141.0.7390.122 Mobile Safari/537.36 (compatible; Googlebot/2.1; +http://www.google.com/bot.html)"
202.170.91.69 - - [05/Dec/2025:18:26:15 +0300] "GET / HTTP/1.1" 200 30975 "-" "Mozilla/5.0 (X11; Linux x86_64; iPhone) AppleWebKit/537.36 (KHTML, like Gecko) Chrome/74.0.4599.138 Safari/537.36 HuaweiCrawler"
193.111.77.77 - - [05/Dec/2025:18:40:10 +0300] "POST /wp-cron.php?doing_wp_cron=1764949210.0966589450836181640625 HTTP/1.1" 200 0 "-" "WordPress/6.9; https://tnstickers.com"
95.217.109.26 - - [05/Dec/2025:18:54:02 +0300] "GET /2023/05/31/survivors-most-bizarre-and-beloved-boss-came-to-be/feed/ HTTP/1.1" 200 498 "-" "Mozilla/5.0 (compatible; MJ12bot/v1.4.8; http://mj12bot.com/)"
95.217.109.26 - - [05/Dec/2025:18:54:16 +0300] "GET /category/blog/feed/ HTTP/1.1" 200 3163 "-" "Mozilla/5.0 (compatible; MJ12bot/v1.4.8; http://mj12bot.com/)"
193.111.77.77 - - [05/Dec/2025:18:54:34 +0300] "POST /wp-cron.php?doing_wp_cron=1764950074.3879749774932861328125 HTTP/1.1" 200 0 "-" "WordPress/6.9; https://tnstickers.com"
95.217.109.26 - - [05/Dec/2025:18:58:07 +0300] "GET /shop/?stock_status=onsale&filter_color=standart&filter_product_brand=36&filter_size=standart HTTP/1.1" 200 21280 "-" "Mozilla/5.0 (compatible; MJ12bot/v1.4.8; http://mj12bot.com/)"
193.111.77.77 - - [05/Dec/2025:18:58:26 +0300] "GET /wp-content/uploads/2023/07/w-vgs-casual-park-beyond.jpg HTTP/1.1" 200 209981 "-" "-"
193.111.77.77 - - [05/Dec/2025:18:58:34 +0300] "GET /wp-content/uploads/2023/07/w-vgs-casual-park-beyond.jpg HTTP/1.1" 200 209981 "-" "-"
95.217.109.26 - - [05/Dec/2025:18:58:51 +0300] "GET /shop/?stock_status=onsale&filter_color=standart&filter_product_brand=39&filter_size=standart HTTP/1.1" 200 23869 "-" "Mozilla/5.0 (compatible; MJ12bot/v1.4.8; http://mj12bot.com/)"
95.217.109.26 - - [05/Dec/2025:18:59:04 +0300] "GET /shop/?stock_status=onsale&filter_color=standart&filter_size=physical&filter_product_brand=39 HTTP/1.1" 200 21403 "-" "Mozilla/5.0 (compatible; MJ12bot/v1.4.8; http://mj12bot.com/)"
66.249.66.67 - - [05/Dec/2025:18:59:25 +0300] "GET /robots.txt HTTP/1.1" 200 103 "-" "Mozilla/5.0 (compatible; Googlebot/2.1; +http://www.google.com/bot.html)"
193.111.77.77 - - [05/Dec/2025:18:59:51 +0300] "GET /wp-content/uploads/2023/07/w-vgs-casual-park-beyond.jpg HTTP/1.1" 200 209981 "-" "-"
95.217.109.26 - - [05/Dec/2025:18:59:49 +0300] "GET /shop/?stock_status=onsale&filter_product_brand=36,37&filter_color=standart HTTP/1.1" 200 23907 "-" "Mozilla/5.0 (compatible; MJ12bot/v1.4.8; http://mj12bot.com/)"
204.12.252.98 - - [05/Dec/2025:18:55:26 +0300] "GET /wp-content/wpe333bb/index.php HTTP/1.1" 301 0 "https://tnstickers.com/wp-content/wpe333bb/index.php" "Mozilla/5.0 (Windows NT 10.0; Win64; x64) AppleWebKit/537.36 (KHTML, like Gecko) Chrome/58.0.3029.110 Safari/537.3"
204.12.252.98 - - [05/Dec/2025:18:55:27 +0300] "GET /wp-content/wpe333bb/ HTTP/1.1" 404 19010 "https://tnstickers.com/wp-content/wpe333bb/index.php" "Mozilla/5.0 (Windows NT 10.0; Win64; x64) AppleWebKit/537.36 (KHTML, like Gecko) Chrome/58.0.3029.110 Safari/537.3"
193.111.77.77 - - [05/Dec/2025:18:57:42 +0300] "POST /wp-cron.php?doing_wp_cron=1764950262.2705070972442626953125 HTTP/1.1" 200 0 "-" "WordPress/6.9; https://tnstickers.com"
204.12.208.18 - - [05/Dec/2025:18:57:56 +0300] "GET /wp-content/wpe333bb/index.php HTTP/1.1" 301 0 "https://tnstickers.com/wp-content/wpe333bb/index.php" "Mozilla/5.0 (Macintosh; Intel Mac OS X 10_6_8) AppleWebKit/534.30 (KHTML, like Gecko) Chrome/12.0.742.112 Safari/534.30"
204.12.208.18 - - [05/Dec/2025:18:57:57 +0300] "GET /wp-content/wpe333bb/ HTTP/1.1" 404 20777 "-" "Mozilla/5.0 (Macintosh; Intel Mac OS X 10_6_8) AppleWebKit/534.30 (KHTML, like Gecko) Chrome/12.0.742.112 Safari/534.30"
193.111.77.77 - - [05/Dec/2025:18:58:12 +0300] "GET /wp-content/uploads/2023/07/w-vgs-casual-park-beyond.jpg HTTP/1.1" 200 209981 "-" "-"
193.111.77.77 - - [05/Dec/2025:18:58:16 +0300] "GET /wp-content/uploads/2023/07/w-vgs-casual-park-beyond.jpg HTTP/1.1" 200 209981 "-" "-"
95.217.109.26 - - [05/Dec/2025:18:58:18 +0300] "GET /shop/?stock_status=onsale&filter_color=standart&filter_product_brand=36,39 HTTP/1.1" 200 23902 "-" "Mozilla/5.0 (compatible; MJ12bot/v1.4.8; http://mj12bot.com/)"
193.111.77.77 - - [05/Dec/2025:18:58:30 +0300] "POST /wp-cron.php?doing_wp_cron=1764950310.9077000617980957031250 HTTP/1.1" 200 0 "-" "WordPress/6.9; https://tnstickers.com"
95.217.109.26 - - [05/Dec/2025:18:58:29 +0300] "GET /shop/?stock_status=onsale&filter_color=standart&filter_product_brand=37,38 HTTP/1.1" 200 23908 "-" "Mozilla/5.0 (compatible; MJ12bot/v1.4.8; http://mj12bot.com/)"
95.217.109.26 - - [05/Dec/2025:18:58:40 +0300] "GET /shop/?stock_status=onsale&filter_color=standart&filter_product_brand=38&filter_size=standart HTTP/1.1" 200 23872 "-" "Mozilla/5.0 (compatible; MJ12bot/v1.4.8; http://mj12bot.com/)"
193.111.77.77 - - [05/Dec/2025:18:58:46 +0300] "GET /wp-content/uploads/2023/07/w-vgs-casual-park-beyond.jpg HTTP/1.1" 200 209981 "-" "-"
95.217.109.26 - - [05/Dec/2025:18:58:54 +0300] "GET /shop/?stock_status=onsale&filter_color=standart&filter_size=physical&filter_product_brand=36 HTTP/1.1" 200 21302 "-" "Mozilla/5.0 (compatible; MJ12bot/v1.4.8; http://mj12bot.com/)"
95.217.109.26 - - [05/Dec/2025:18:59:08 +0300] "GET /shop/?stock_status=onsale&filter_color=standart&filter_size=standart&filter_product_brand=36 HTTP/1.1" 200 21280 "-" "Mozilla/5.0 (compatible; MJ12bot/v1.4.8; http://mj12bot.com/)"
193.111.77.77 - - [05/Dec/2025:18:59:22 +0300] "GET /wp-content/uploads/2023/07/w-vgs-action-dying-light-2.jpg HTTP/1.1" 200 157438 "-" "-"
95.217.109.26 - - [05/Dec/2025:18:59:24 +0300] "GET /shop/?stock_status=onsale&filter_color=standart&filter_size=standart&per_page=18 HTTP/1.1" 200 24596 "-" "Mozilla/5.0 (compatible; MJ12bot/v1.4.8; http://mj12bot.com/)"
193.111.77.77 - - [05/Dec/2025:18:59:29 +0300] "POST /wp-cron.php?doing_wp_cron=1764950369.8613998889923095703125 HTTP/1.1" 200 0 "-" "WordPress/6.9; https://tnstickers.com"
95.217.109.26 - - [05/Dec/2025:18:59:28 +0300] "GET /shop/?stock_status=onsale&filter_color=standart&filter_size=standart&per_page=24 HTTP/1.1" 200 24595 "-" "Mozilla/5.0 (compatible; MJ12bot/v1.4.8; http://mj12bot.com/)"
193.111.77.77 - - [05/Dec/2025:18:59:32 +0300] "GET /wp-content/uploads/2023/07/w-vgs-action-dying-light-2.jpg HTTP/1.1" 200 157438 "-" "-"
95.217.109.26 - - [05/Dec/2025:18:59:31 +0300] "GET /shop/?stock_status=onsale&filter_color=standart&filter_size=standart&per_page=9 HTTP/1.1" 200 24595 "-" "Mozilla/5.0 (compatible; MJ12bot/v1.4.8; http://mj12bot.com/)"
193.111.77.77 - - [05/Dec/2025:18:58:00 +0300] "GET /wp-content/uploads/2023/07/w-vgs-action-dying-light-2.jpg HTTP/1.1" 200 157438 "-" "-"
95.217.109.26 - - [05/Dec/2025:18:57:59 +0300] "GET /shop/?stock_status=onsale&filter_color=deluxe,standart&shop_view=list HTTP/1.1" 200 24811 "-" "Mozilla/5.0 (compatible; MJ12bot/v1.4.8; http://mj12bot.com/)"
95.217.109.26 - - [05/Dec/2025:18:58:03 +0300] "GET /shop/?stock_status=onsale&filter_color=standart&filter_product_brand=36&filter_size=physical HTTP/1.1" 200 21302 "-" "Mozilla/5.0 (compatible; MJ12bot/v1.4.8; http://mj12bot.com/)"
193.111.77.77 - - [05/Dec/2025:18:58:19 +0300] "GET /wp-content/uploads/2023/07/w-vgs-casual-park-beyond.jpg HTTP/1.1" 200 209981 "-" "-"
95.217.109.26 - - [05/Dec/2025:18:58:22 +0300] "GET /shop/?stock_status=onsale&filter_color=standart&filter_product_brand=37&filter_size=physical HTTP/1.1" 200 21409 "-" "Mozilla/5.0 (compatible; MJ12bot/v1.4.8; http://mj12bot.com/)"
193.111.77.77 - - [05/Dec/2025:18:58:41 +0300] "GET /wp-content/uploads/2023/07/w-vgs-casual-park-beyond.jpg HTTP/1.1" 200 209981 "-" "-"
95.217.109.26 - - [05/Dec/2025:18:58:48 +0300] "GET /shop/?stock_status=onsale&filter_color=standart&filter_product_brand=39&filter_size=physical HTTP/1.1" 200 21403 "-" "Mozilla/5.0 (compatible; MJ12bot/v1.4.8; http://mj12bot.com/)"
193.111.77.77 - - [05/Dec/2025:18:58:52 +0300] "GET /wp-content/uploads/2023/07/w-vgs-casual-park-beyond.jpg HTTP/1.1" 200 209981 "-" "-"
193.111.77.77 - - [05/Dec/2025:18:59:12 +0300] "GET /wp-content/uploads/2023/07/w-vgs-casual-park-beyond.jpg HTTP/1.1" 200 209981 "-" "-"
193.111.77.77 - - [05/Dec/2025:18:59:15 +0300] "GET /wp-content/uploads/2023/07/w-vgs-casual-park-beyond.jpg HTTP/1.1" 200 209981 "-" "-"
193.111.77.77 - - [05/Dec/2025:18:59:19 +0300] "GET /wp-content/uploads/2023/07/w-vgs-casual-park-beyond.jpg HTTP/1.1" 200 209981 "-" "-"
95.217.109.26 - - [05/Dec/2025:18:59:17 +0300] "GET /shop/?stock_status=onsale&filter_color=standart&filter_size=standart&filter_product_brand=39 HTTP/1.1" 200 23871 "-" "Mozilla/5.0 (compatible; MJ12bot/v1.4.8; http://mj12bot.com/)"
193.111.77.77 - - [05/Dec/2025:18:59:36 +0300] "GET /wp-content/uploads/2023/07/w-vgs-action-dying-light-2.jpg HTTP/1.1" 200 157438 "-" "-"
95.217.109.26 - - [05/Dec/2025:18:59:35 +0300] "GET /shop/?stock_status=onsale&filter_color=standart&filter_size=standart&shop_view=grid&per_row=3 HTTP/1.1" 200 24600 "-" "Mozilla/5.0 (compatible; MJ12bot/v1.4.8; http://mj12bot.com/)"
193.111.77.77 - - [05/Dec/2025:18:59:47 +0300] "GET /wp-content/uploads/2023/07/w-vgs-casual-park-beyond.jpg HTTP/1.1" 200 209981 "-" "-"
193.111.77.77 - - [05/Dec/2025:18:59:57 +0300] "GET /wp-content/uploads/2023/07/w-vgs-casual-park-beyond.jpg HTTP/1.1" 200 209981 "-" "-"
66.249.66.200 - - [05/Dec/2025:18:59:57 +0300] "GET /?_g=1825195 HTTP/1.1" 301 0 "-" "Mozilla/5.0 (Linux; Android 6.0.1; Nexus 5X Build/MMB29P) AppleWebKit/537.36 (KHTML, like Gecko) Chrome/141.0.7390.122 Mobile Safari/537.36 (compatible; GoogleOther)"
193.111.77.77 - - [05/Dec/2025:19:00:08 +0300] "GET /wp-content/uploads/2023/07/w-vgs-casual-park-beyond.jpg HTTP/1.1" 200 209981 "-" "-"
95.217.109.26 - - [05/Dec/2025:19:00:14 +0300] "GET /shop/?stock_status=onsale&filter_product_brand=36,38&filter_size=standart HTTP/1.1" 200 23875 "-" "Mozilla/5.0 (compatible; MJ12bot/v1.4.8; http://mj12bot.com/)"
95.217.109.26 - - [05/Dec/2025:19:00:52 +0300] "GET /shop/?stock_status=onsale&filter_product_brand=37,38&filter_size=physical HTTP/1.1" 200 21407 "-" "Mozilla/5.0 (compatible; MJ12bot/v1.4.8; http://mj12bot.com/)"
193.111.77.77 - - [05/Dec/2025:19:00:58 +0300] "GET /wp-content/uploads/2023/07/w-vgs-casual-park-beyond.jpg HTTP/1.1" 200 209981 "-" "-"
193.111.77.77 - - [05/Dec/2025:19:01:02 +0300] "GET /wp-content/uploads/2023/07/w-vgs-casual-park-beyond.jpg HTTP/1.1" 200 209981 "-" "-"
95.217.109.26 - - [05/Dec/2025:19:01:01 +0300] "GET /shop/?stock_status=onsale&filter_product_brand=37,38,39 HTTP/1.1" 200 23840 "-" "Mozilla/5.0 (compatible; MJ12bot/v1.4.8; http://mj12bot.com/)"
95.217.109.26 - - [05/Dec/2025:18:59:21 +0300] "GET /shop/?stock_status=onsale&filter_color=standart&filter_size=standart&per_page=12 HTTP/1.1" 200 24599 "-" "Mozilla/5.0 (compatible; MJ12bot/v1.4.8; http://mj12bot.com/)"
193.111.77.77 - - [05/Dec/2025:18:59:26 +0300] "GET /wp-content/uploads/2023/07/w-vgs-action-dying-light-2.jpg HTTP/1.1" 200 157438 "-" "-"
193.111.77.77 - - [05/Dec/2025:18:59:29 +0300] "GET /wp-content/uploads/2023/07/w-vgs-action-dying-light-2.jpg HTTP/1.1" 200 157438 "-" "-"
193.111.77.77 - - [05/Dec/2025:18:59:40 +0300] "GET /wp-content/uploads/2023/07/w-vgs-action-dying-light-2.jpg HTTP/1.1" 200 157438 "-" "-"
95.217.109.26 - - [05/Dec/2025:18:59:38 +0300] "GET /shop/?stock_status=onsale&filter_color=standart&filter_size=standart&shop_view=grid&per_row=4 HTTP/1.1" 200 24599 "-" "Mozilla/5.0 (compatible; MJ12bot/v1.4.8; http://mj12bot.com/)"
95.217.109.26 - - [05/Dec/2025:18:59:42 +0300] "GET /shop/?stock_status=onsale&filter_product_brand=36&filter_color=deluxe,standart HTTP/1.1" 200 21310 "-" "Mozilla/5.0 (compatible; MJ12bot/v1.4.8; http://mj12bot.com/)"
95.217.109.26 - - [05/Dec/2025:18:59:46 +0300] "GET /shop/?stock_status=onsale&filter_product_brand=36,37&filter_color=deluxe HTTP/1.1" 200 23886 "-" "Mozilla/5.0 (compatible; MJ12bot/v1.4.8; http://mj12bot.com/)"
95.217.109.26 - - [05/Dec/2025:19:00:00 +0300] "GET /shop/?stock_status=onsale&filter_product_brand=36,37,38 HTTP/1.1" 200 23845 "-" "Mozilla/5.0 (compatible; MJ12bot/v1.4.8; http://mj12bot.com/)"
193.111.77.77 - - [05/Dec/2025:19:00:04 +0300] "GET /wp-content/uploads/2023/07/w-vgs-casual-park-beyond.jpg HTTP/1.1" 200 209981 "-" "-"
95.217.109.26 - - [05/Dec/2025:19:00:03 +0300] "GET /shop/?stock_status=onsale&filter_product_brand=36,37,39 HTTP/1.1" 200 23845 "-" "Mozilla/5.0 (compatible; MJ12bot/v1.4.8; http://mj12bot.com/)"
95.217.109.26 - - [05/Dec/2025:19:00:07 +0300] "GET /shop/?stock_status=onsale&filter_product_brand=36,38&filter_color=standart HTTP/1.1" 200 23909 "-" "Mozilla/5.0 (compatible; MJ12bot/v1.4.8; http://mj12bot.com/)"
193.111.77.77 - - [05/Dec/2025:19:00:15 +0300] "GET /wp-content/uploads/2023/07/w-vgs-casual-park-beyond.jpg HTTP/1.1" 200 209981 "-" "-"
95.217.109.26 - - [05/Dec/2025:19:00:21 +0300] "GET /shop/?stock_status=onsale&filter_product_brand=36,39&filter_color=deluxe HTTP/1.1" 200 23890 "-" "Mozilla/5.0 (compatible; MJ12bot/v1.4.8; http://mj12bot.com/)"
193.111.77.77 - - [05/Dec/2025:19:00:27 +0300] "GET /wp-content/uploads/2023/07/w-vgs-casual-park-beyond.jpg HTTP/1.1" 200 209981 "-" "-"
193.111.77.77 - - [05/Dec/2025:19:00:30 +0300] "POST /wp-cron.php?doing_wp_cron=1764950430.6831669807434082031250 HTTP/1.1" 200 0 "-" "WordPress/6.9; https://tnstickers.com"
95.217.109.26 - - [05/Dec/2025:19:00:29 +0300] "GET /shop/?stock_status=onsale&filter_product_brand=36,39&filter_size=physical HTTP/1.1" 200 21404 "-" "Mozilla/5.0 (compatible; MJ12bot/v1.4.8; http://mj12bot.com/)"
193.111.77.77 - - [05/Dec/2025:19:00:33 +0300] "GET /wp-content/uploads/2023/07/w-vgs-casual-park-beyond.jpg HTTP/1.1" 200 209981 "-" "-"
193.111.77.77 - - [05/Dec/2025:19:00:37 +0300] "GET /wp-content/uploads/2023/07/w-vgs-casual-park-beyond.jpg HTTP/1.1" 200 209981 "-" "-"
193.111.77.77 - - [05/Dec/2025:19:00:41 +0300] "GET /wp-content/uploads/2023/07/w-vgs-casual-park-beyond.jpg HTTP/1.1" 200 209981 "-" "-"
95.217.109.26 - - [05/Dec/2025:19:00:47 +0300] "GET /shop/?stock_status=onsale&filter_product_brand=37,38&filter_color=standart HTTP/1.1" 200 23907 "-" "Mozilla/5.0 (compatible; MJ12bot/v1.4.8; http://mj12bot.com/)"
66.249.66.4 - - [05/Dec/2025:19:00:59 +0300] "GET /?_g=1825195 HTTP/1.1" 200 27354 "-" "Mozilla/5.0 (Linux; Android 6.0.1; Nexus 5X Build/MMB29P) AppleWebKit/537.36 (KHTML, like Gecko) Chrome/141.0.7390.122 Mobile Safari/537.36 (compatible; GoogleOther)"
193.111.77.77 - - [05/Dec/2025:19:01:11 +0300] "GET /wp-content/uploads/2023/07/w-vgs-casual-park-beyond.jpg HTTP/1.1" 200 209981 "-" "-"
193.111.77.77 - - [05/Dec/2025:19:00:01 +0300] "GET /wp-content/uploads/2023/07/w-vgs-casual-park-beyond.jpg HTTP/1.1" 200 209981 "-" "-"
95.217.109.26 - - [05/Dec/2025:19:00:17 +0300] "GET /shop/?stock_status=onsale&filter_product_brand=36,38,39 HTTP/1.1" 200 23847 "-" "Mozilla/5.0 (compatible; MJ12bot/v1.4.8; http://mj12bot.com/)"
95.217.109.26 - - [05/Dec/2025:19:00:35 +0300] "GET /shop/?stock_status=onsale&filter_product_brand=37&filter_color=deluxe,standart HTTP/1.1" 200 23907 "-" "Mozilla/5.0 (compatible; MJ12bot/v1.4.8; http://mj12bot.com/)"
95.217.109.26 - - [05/Dec/2025:19:00:39 +0300] "GET /shop/?stock_status=onsale&filter_product_brand=37,38&filter_color=deluxe HTTP/1.1" 200 23895 "-" "Mozilla/5.0 (compatible; MJ12bot/v1.4.8; http://mj12bot.com/)"
193.111.77.77 - - [05/Dec/2025:19:00:49 +0300] "GET /wp-content/uploads/2023/07/w-vgs-casual-park-beyond.jpg HTTP/1.1" 200 209981 "-" "-"
95.217.109.26 - - [05/Dec/2025:19:00:56 +0300] "GET /shop/?stock_status=onsale&filter_product_brand=37,38&filter_size=standart HTTP/1.1" 200 23876 "-" "Mozilla/5.0 (compatible; MJ12bot/v1.4.8; http://mj12bot.com/)"
193.111.77.77 - - [05/Dec/2025:19:01:06 +0300] "GET /wp-content/uploads/2023/07/w-vgs-casual-park-beyond.jpg HTTP/1.1" 200 209981 "-" "-"
193.111.77.77 - - [05/Dec/2025:19:01:19 +0300] "GET /wp-content/uploads/2023/07/w-vgs-casual-park-beyond.jpg HTTP/1.1" 200 209981 "-" "-"
193.111.77.77 - - [05/Dec/2025:19:01:23 +0300] "GET /wp-content/uploads/2023/07/w-vgs-casual-park-beyond.jpg HTTP/1.1" 200 209981 "-" "-"
193.111.77.77 - - [05/Dec/2025:19:01:32 +0300] "GET /wp-content/uploads/2023/07/w-vgs-casual-park-beyond.jpg HTTP/1.1" 200 209981 "-" "-"
95.217.109.26 - - [05/Dec/2025:19:01:58 +0300] "GET /shop/?stock_status=onsale&filter_size=physical&filter_color=deluxe&filter_product_brand=39 HTTP/1.1" 200 21397 "-" "Mozilla/5.0 (compatible; MJ12bot/v1.4.8; http://mj12bot.com/)"
95.217.109.26 - - [05/Dec/2025:19:02:01 +0300] "GET /shop/?stock_status=onsale&filter_size=physical&filter_color=deluxe,standart HTTP/1.1" 200 21819 "-" "Mozilla/5.0 (compatible; MJ12bot/v1.4.8; http://mj12bot.com/)"
95.217.109.26 - - [05/Dec/2025:19:02:08 +0300] "GET /shop/?stock_status=onsale&filter_size=physical&filter_color=standart&filter_product_brand=37 HTTP/1.1" 200 21408 "-" "Mozilla/5.0 (compatible; MJ12bot/v1.4.8; http://mj12bot.com/)"
193.111.77.77 - - [05/Dec/2025:19:02:29 +0300] "POST /wp-cron.php?doing_wp_cron=1764950549.4880480766296386718750 HTTP/1.1" 200 0 "-" "WordPress/6.9; https://tnstickers.com"
95.217.109.26 - - [05/Dec/2025:19:01:17 +0300] "GET /shop/?stock_status=onsale&filter_product_brand=37,39&filter_size=standart HTTP/1.1" 200 23875 "-" "Mozilla/5.0 (compatible; MJ12bot/v1.4.8; http://mj12bot.com/)"
66.249.78.9 - - [05/Dec/2025:19:01:23 +0300] "POST /?wc-ajax=get_refreshed_fragments HTTP/1.1" 200 514 "https://tnstickers.com/?_g=1825195" "Mozilla/5.0 (Linux; Android 6.0.1; Nexus 5X Build/MMB29P) AppleWebKit/537.36 (KHTML, like Gecko) Chrome/141.0.7390.122 Mobile Safari/537.36 (compatible; Googlebot/2.1; +http://www.google.com/bot.html)"
95.217.109.26 - - [05/Dec/2025:19:01:38 +0300] "GET /shop/?stock_status=onsale&filter_product_brand=38,39&filter_size=standart HTTP/1.1" 200 23868 "-" "Mozilla/5.0 (compatible; MJ12bot/v1.4.8; http://mj12bot.com/)"
95.217.109.26 - - [05/Dec/2025:19:01:42 +0300] "GET /shop/?stock_status=onsale&filter_product_brand=39&filter_color=deluxe,standart HTTP/1.1" 200 23905 "-" "Mozilla/5.0 (compatible; MJ12bot/v1.4.8; http://mj12bot.com/)"
95.217.109.26 - - [05/Dec/2025:19:01:54 +0300] "GET /shop/?stock_status=onsale&filter_size=physical&filter_color=deluxe&filter_product_brand=38 HTTP/1.1" 200 21399 "-" "Mozilla/5.0 (compatible; MJ12bot/v1.4.8; http://mj12bot.com/)"
95.217.109.26 - - [05/Dec/2025:19:02:04 +0300] "GET /shop/?stock_status=onsale&filter_size=physical&filter_color=standart&filter_product_brand=36 HTTP/1.1" 200 21304 "-" "Mozilla/5.0 (compatible; MJ12bot/v1.4.8; http://mj12bot.com/)"
95.217.109.26 - - [05/Dec/2025:19:01:05 +0300] "GET /shop/?stock_status=onsale&filter_product_brand=37,39&filter_color=deluxe HTTP/1.1" 200 23901 "-" "Mozilla/5.0 (compatible; MJ12bot/v1.4.8; http://mj12bot.com/)"
95.217.109.26 - - [05/Dec/2025:19:01:13 +0300] "GET /shop/?stock_status=onsale&filter_product_brand=37,39&filter_size=physical HTTP/1.1" 200 21409 "-" "Mozilla/5.0 (compatible; MJ12bot/v1.4.8; http://mj12bot.com/)"
95.217.109.26 - - [05/Dec/2025:19:01:22 +0300] "GET /shop/?stock_status=onsale&filter_product_brand=38&filter_color=deluxe,standart HTTP/1.1" 200 23908 "-" "Mozilla/5.0 (compatible; MJ12bot/v1.4.8; http://mj12bot.com/)"
193.111.77.77 - - [05/Dec/2025:19:01:27 +0300] "GET /wp-content/uploads/2023/07/w-vgs-casual-park-beyond.jpg HTTP/1.1" 200 209981 "-" "-"
193.111.77.77 - - [05/Dec/2025:19:01:32 +0300] "POST /wp-cron.php?doing_wp_cron=1764950492.6689999103546142578125 HTTP/1.1" 200 0 "-" "WordPress/6.9; https://tnstickers.com"
193.111.77.77 - - [05/Dec/2025:19:01:40 +0300] "GET /wp-content/uploads/2023/07/w-vgs-casual-park-beyond.jpg HTTP/1.1" 200 209981 "-" "-"
95.217.109.26 - - [05/Dec/2025:19:01:46 +0300] "GET /shop/?stock_status=onsale&filter_size=physical&filter_color=deluxe&filter_product_brand=36 HTTP/1.1" 200 21290 "-" "Mozilla/5.0 (compatible; MJ12bot/v1.4.8; http://mj12bot.com/)"
95.217.109.26 - - [05/Dec/2025:19:02:26 +0300] "GET /shop/?stock_status=onsale&filter_size=physical&filter_product_brand=36&filter_color=standart HTTP/1.1" 200 21304 "-" "Mozilla/5.0 (compatible; MJ12bot/v1.4.8; http://mj12bot.com/)"
95.217.109.26 - - [05/Dec/2025:18:59:53 +0300] "GET /shop/?stock_status=onsale&filter_product_brand=36,37&filter_size=physical HTTP/1.1" 200 21401 "-" "Mozilla/5.0 (compatible; MJ12bot/v1.4.8; http://mj12bot.com/)"
95.217.109.26 - - [05/Dec/2025:18:59:56 +0300] "GET /shop/?stock_status=onsale&filter_product_brand=36,37&filter_size=standart HTTP/1.1" 200 23871 "-" "Mozilla/5.0 (compatible; MJ12bot/v1.4.8; http://mj12bot.com/)"
95.217.109.26 - - [05/Dec/2025:19:00:10 +0300] "GET /shop/?stock_status=onsale&filter_product_brand=36,38&filter_size=physical HTTP/1.1" 200 21406 "-" "Mozilla/5.0 (compatible; MJ12bot/v1.4.8; http://mj12bot.com/)"
193.111.77.77 - - [05/Dec/2025:19:00:19 +0300] "GET /wp-content/uploads/2023/07/w-vgs-casual-park-beyond.jpg HTTP/1.1" 200 209981 "-" "-"
193.111.77.77 - - [05/Dec/2025:19:00:23 +0300] "GET /wp-content/uploads/2023/07/w-vgs-casual-park-beyond.jpg HTTP/1.1" 200 209981 "-" "-"
95.217.109.26 - - [05/Dec/2025:19:00:25 +0300] "GET /shop/?stock_status=onsale&filter_product_brand=36,39&filter_color=standart HTTP/1.1" 200 23906 "-" "Mozilla/5.0 (compatible; MJ12bot/v1.4.8; http://mj12bot.com/)"
95.217.109.26 - - [05/Dec/2025:19:00:32 +0300] "GET /shop/?stock_status=onsale&filter_product_brand=36,39&filter_size=standart HTTP/1.1" 200 23868 "-" "Mozilla/5.0 (compatible; MJ12bot/v1.4.8; http://mj12bot.com/)"
204.12.208.18 - - [05/Dec/2025:19:00:34 +0300] "GET /wp-content/wpe333bb/index.php HTTP/1.1" 301 0 "https://tnstickers.com/wp-content/wpe333bb/index.php" "Opera/9.80 (Windows NT 6.1; U; ja) Presto/2.9.168 Version/11.50"
204.12.208.18 - - [05/Dec/2025:19:00:35 +0300] "GET /wp-content/wpe333bb/ HTTP/1.1" 404 20771 "-" "Opera/9.80 (Windows NT 6.1; U; ja) Presto/2.9.168 Version/11.50"
95.217.109.26 - - [05/Dec/2025:19:01:09 +0300] "GET /shop/?stock_status=onsale&filter_product_brand=37,39&filter_color=standart HTTP/1.1" 200 23909 "-" "Mozilla/5.0 (compatible; MJ12bot/v1.4.8; http://mj12bot.com/)"
95.217.109.26 - - [05/Dec/2025:19:01:26 +0300] "GET /shop/?stock_status=onsale&filter_product_brand=38,39&filter_color=deluxe HTTP/1.1" 200 23891 "-" "Mozilla/5.0 (compatible; MJ12bot/v1.4.8; http://mj12bot.com/)"
95.217.109.26 - - [05/Dec/2025:19:01:30 +0300] "GET /shop/?stock_status=onsale&filter_product_brand=38,39&filter_color=standart HTTP/1.1" 200 23905 "-" "Mozilla/5.0 (compatible; MJ12bot/v1.4.8; http://mj12bot.com/)"
95.217.109.26 - - [05/Dec/2025:19:01:34 +0300] "GET /shop/?stock_status=onsale&filter_product_brand=38,39&filter_size=physical HTTP/1.1" 200 21402 "-" "Mozilla/5.0 (compatible; MJ12bot/v1.4.8; http://mj12bot.com/)"
193.111.77.77 - - [05/Dec/2025:19:01:44 +0300] "GET /wp-content/uploads/2023/07/w-vgs-casual-park-beyond.jpg HTTP/1.1" 200 209981 "-" "-"
95.217.109.26 - - [05/Dec/2025:19:01:50 +0300] "GET /shop/?stock_status=onsale&filter_size=physical&filter_color=deluxe&filter_product_brand=37 HTTP/1.1" 200 21401 "-" "Mozilla/5.0 (compatible; MJ12bot/v1.4.8; http://mj12bot.com/)"
95.217.109.26 - - [05/Dec/2025:19:02:12 +0300] "GET /shop/?stock_status=onsale&filter_size=physical&filter_color=standart&filter_product_brand=38 HTTP/1.1" 200 21408 "-" "Mozilla/5.0 (compatible; MJ12bot/v1.4.8; http://mj12bot.com/)"
95.217.109.26 - - [05/Dec/2025:19:02:17 +0300] "GET /shop/?stock_status=onsale&filter_size=physical&filter_color=standart&filter_product_brand=39 HTTP/1.1" 200 21403 "-" "Mozilla/5.0 (compatible; MJ12bot/v1.4.8; http://mj12bot.com/)"
95.217.109.26 - - [05/Dec/2025:19:02:21 +0300] "GET /shop/?stock_status=onsale&filter_size=physical&filter_product_brand=36&filter_color=deluxe HTTP/1.1" 200 21291 "-" "Mozilla/5.0 (compatible; MJ12bot/v1.4.8; http://mj12bot.com/)"
95.217.109.26 - - [05/Dec/2025:19:02:51 +0300] "GET /shop/?stock_status=onsale&filter_size=physical&filter_product_brand=37&filter_color=standart HTTP/1.1" 200 21410 "-" "Mozilla/5.0 (compatible; MJ12bot/v1.4.8; http://mj12bot.com/)"
