66.249.66.168 - - [05/Dec/2025:20:18:26 +0300] "GET /?_g=2726190 HTTP/1.1" 200 27354 "-" "Mozilla/5.0 (Linux; Android 6.0.1; Nexus 5X Build/MMB29P) AppleWebKit/537.36 (KHTML, like Gecko) Chrome/141.0.7390.122 Mobile Safari/537.36 (compatible; Googlebot/2.1; +http://www.google.com/bot.html)"
66.249.66.4 - - [05/Dec/2025:20:18:33 +0300] "GET /wp-content/themes/woodmart/js/scripts/global/ajaxSearch.min.js?ver=8.3.6 HTTP/1.1" 200 1569 "https://tnstickers.com/?_g=2726190" "Mozilla/5.0 (Linux; Android 6.0.1; Nexus 5X Build/MMB29P) AppleWebKit/537.36 (KHTML, like Gecko) Chrome/141.0.7390.122 Mobile Safari/537.36 (compatible; Googlebot/2.1; +http://www.google.com/bot.html)"
66.249.76.35 - - [05/Dec/2025:20:19:05 +0300] "GET /?_g=4053626 HTTP/1.1" 301 0 "-" "Mozilla/5.0 (Linux; Android 6.0.1; Nexus 5X Build/MMB29P) AppleWebKit/537.36 (KHTML, like Gecko) Chrome/141.0.7390.122 Mobile Safari/537.36 (compatible; GoogleOther)"
193.111.77.77 - - [05/Dec/2025:20:19:09 +0300] "GET /wp-content/uploads/2025/12/akra.png HTTP/1.1" 200 232293 "-" "-"
193.111.77.77 - - [05/Dec/2025:20:19:15 +0300] "GET /wp-content/uploads/2025/12/akra.png HTTP/1.1" 200 232293 "-" "-"
193.111.77.77 - - [05/Dec/2025:20:19:31 +0300] "GET /wp-content/uploads/2023/07/w-vgs-action-far-cry-6.jpg HTTP/1.1" 200 174811 "-" "-"
193.111.77.77 - - [05/Dec/2025:20:19:50 +0300] "GET /wp-content/uploads/2023/07/w-vgs-action-metroid.jpg HTTP/1.1" 200 134227 "-" "-"
193.111.77.77 - - [05/Dec/2025:20:20:00 +0300] "GET /wp-content/uploads/2023/07/w-vgs-action-metroid.jpg HTTP/1.1" 200 134227 "-" "-"
193.111.77.77 - - [05/Dec/2025:20:20:03 +0300] "GET /wp-content/uploads/2023/07/w-vgs-action-metroid.jpg HTTP/1.1" 200 134227 "-" "-"
193.111.77.77 - - [05/Dec/2025:20:20:07 +0300] "GET /wp-content/uploads/2023/07/w-vgs-action-metroid.jpg HTTP/1.1" 200 134227 "-" "-"
193.111.77.77 - - [05/Dec/2025:20:20:26 +0300] "GET /wp-content/uploads/2023/07/w-vgs-action-redfall.jpg HTTP/1.1" 200 164222 "-" "-"
193.111.77.77 - - [05/Dec/2025:20:20:29 +0300] "POST /wp-cron.php?doing_wp_cron=1764955229.7993240356445312500000 HTTP/1.1" 200 0 "-" "WordPress/6.9; https://tnstickers.com"
193.111.77.77 - - [05/Dec/2025:20:20:55 +0300] "GET /wp-content/uploads/2023/07/w-vgs-action-redfall.jpg HTTP/1.1" 200 164222 "-" "-"
193.111.77.77 - - [05/Dec/2025:20:20:59 +0300] "GET /wp-content/uploads/2023/07/w-vgs-action-redfall.jpg HTTP/1.1" 200 164222 "-" "-"
193.111.77.77 - - [05/Dec/2025:20:21:57 +0300] "GET /wp-content/uploads/2023/07/w-vgs-action-far-cry-6.jpg HTTP/1.1" 200 174811 "-" "-"
193.111.77.77 - - [05/Dec/2025:20:22:19 +0300] "GET /wp-content/uploads/2023/07/w-vgs-action-metroid.jpg HTTP/1.1" 200 134227 "-" "-"
193.111.77.77 - - [05/Dec/2025:20:22:35 +0300] "GET /wp-content/uploads/2023/07/w-vgs-action-redfall.jpg HTTP/1.1" 200 164222 "-" "-"
193.111.77.77 - - [05/Dec/2025:20:22:52 +0300] "GET /wp-content/uploads/2023/07/w-vgs-action-stalker-2.jpg HTTP/1.1" 200 123277 "-" "-"
193.111.77.77 - - [05/Dec/2025:20:23:08 +0300] "GET /wp-content/uploads/2023/07/w-vgs-action-stalker-2.jpg HTTP/1.1" 200 123277 "-" "-"
193.111.77.77 - - [05/Dec/2025:20:23:14 +0300] "GET /wp-content/uploads/2023/07/w-vgs-action-stalker-2.jpg HTTP/1.1" 200 123277 "-" "-"
66.249.66.33 - - [05/Dec/2025:20:25:11 +0300] "POST /?wc-ajax=get_refreshed_fragments HTTP/1.1" 200 514 "https://tnstickers.com/?_g=3147299" "Mozilla/5.0 (Linux; Android 6.0.1; Nexus 5X Build/MMB29P) AppleWebKit/537.36 (KHTML, like Gecko) Chrome/141.0.7390.122 Mobile Safari/537.36 (compatible; Googlebot/2.1; +http://www.google.com/bot.html)"
193.111.77.77 - - [05/Dec/2025:20:25:52 +0300] "POST /wp-cron.php?doing_wp_cron=1764955552.9722390174865722656250 HTTP/1.1" 200 0 "-" "WordPress/6.9; https://tnstickers.com"
193.111.77.77 - - [05/Dec/2025:20:29:50 +0300] "POST /wp-cron.php?doing_wp_cron=1764955790.2469959259033203125000 HTTP/1.1" 200 0 "-" "WordPress/6.9; https://tnstickers.com"
66.249.66.32 - - [05/Dec/2025:20:30:08 +0300] "GET /wp-content/themes/woodmart/js/scripts/global/ajaxSearch.min.js?ver=8.3.6 HTTP/1.1" 200 1569 "https://tnstickers.com/?_g=2715340" "Mozilla/5.0 (Linux; Android 6.0.1; Nexus 5X Build/MMB29P) AppleWebKit/537.36 (KHTML, like Gecko) Chrome/141.0.7390.122 Mobile Safari/537.36 (compatible; Googlebot/2.1; +http://www.google.com/bot.html)"
66.249.66.169 - - [05/Dec/2025:20:30:10 +0300] "POST /?wc-ajax=get_refreshed_fragments HTTP/1.1" 200 514 "https://tnstickers.com/?_g=2715340" "Mozilla/5.0 (Linux; Android 6.0.1; Nexus 5X Build/MMB29P) AppleWebKit/537.36 (KHTML, like Gecko) Chrome/141.0.7390.122 Mobile Safari/537.36 (compatible; Googlebot/2.1; +http://www.google.com/bot.html)"
66.249.66.33 - - [05/Dec/2025:20:32:24 +0300] "GET /?_g=4053626 HTTP/1.1" 200 27354 "-" "Mozilla/5.0 (Linux; Android 6.0.1; Nexus 5X Build/MMB29P) AppleWebKit/537.36 (KHTML, like Gecko) Chrome/141.0.7390.122 Mobile Safari/537.36 (compatible; GoogleOther)"
66.249.66.168 - - [05/Dec/2025:20:32:34 +0300] "POST /?wc-ajax=get_refreshed_fragments HTTP/1.1" 200 514 "https://tnstickers.com/?_g=4053626" "Mozilla/5.0 (Linux; Android 6.0.1; Nexus 5X Build/MMB29P) AppleWebKit/537.36 (KHTML, like Gecko) Chrome/141.0.7390.122 Mobile Safari/537.36 (compatible; Googlebot/2.1; +http://www.google.com/bot.html)"
193.111.77.77 - - [05/Dec/2025:20:19:03 +0300] "GET /wp-content/uploads/2025/12/akra.png HTTP/1.1" 200 232293 "-" "-"
193.111.77.77 - - [05/Dec/2025:20:19:31 +0300] "POST /wp-cron.php?doing_wp_cron=1764955171.8097789287567138671875 HTTP/1.1" 200 0 "-" "WordPress/6.9; https://tnstickers.com"
193.111.77.77 - - [05/Dec/2025:20:19:34 +0300] "GET /wp-content/uploads/2023/07/w-vgs-action-far-cry-6.jpg HTTP/1.1" 200 174811 "-" "-"
193.111.77.77 - - [05/Dec/2025:20:19:41 +0300] "GET /wp-content/uploads/2023/07/w-vgs-action-far-cry-6.jpg HTTP/1.1" 200 174811 "-" "-"
193.111.77.77 - - [05/Dec/2025:20:20:16 +0300] "GET /wp-content/uploads/2023/07/w-vgs-action-metroid.jpg HTTP/1.1" 200 134227 "-" "-"
193.111.77.77 - - [05/Dec/2025:20:20:42 +0300] "GET /wp-content/uploads/2023/07/gm.png HTTP/1.1" 200 263677 "-" "-"
193.111.77.77 - - [05/Dec/2025:20:20:45 +0300] "GET /wp-content/uploads/2023/07/gm.png HTTP/1.1" 200 263677 "-" "-"
193.111.77.77 - - [05/Dec/2025:20:20:51 +0300] "GET /wp-content/uploads/2023/07/w-vgs-action-redfall.jpg HTTP/1.1" 200 164222 "-" "-"
193.111.77.77 - - [05/Dec/2025:20:21:06 +0300] "GET /wp-content/uploads/2023/07/w-vgs-action-redfall.jpg HTTP/1.1" 200 164222 "-" "-"
193.111.77.77 - - [05/Dec/2025:20:21:37 +0300] "POST /wp-cron.php?doing_wp_cron=1764955296.9559810161590576171875 HTTP/1.1" 200 0 "-" "WordPress/6.9; https://tnstickers.com"
193.111.77.77 - - [05/Dec/2025:20:21:46 +0300] "GET /wp-content/uploads/2023/07/w-vgs-action-redfall.jpg HTTP/1.1" 200 164222 "-" "-"
193.111.77.77 - - [05/Dec/2025:20:22:13 +0300] "GET /wp-content/uploads/2023/07/gm.png HTTP/1.1" 200 263677 "-" "-"
193.111.77.77 - - [05/Dec/2025:20:22:29 +0300] "GET /wp-content/uploads/2023/07/w-vgs-action-metroid.jpg HTTP/1.1" 200 134227 "-" "-"
66.249.66.68 - - [05/Dec/2025:20:24:33 +0300] "POST /?wc-ajax=get_refreshed_fragments HTTP/1.1" 200 514 "https://tnstickers.com/?_g=3029781" "Mozilla/5.0 (Linux; Android 6.0.1; Nexus 5X Build/MMB29P) AppleWebKit/537.36 (KHTML, like Gecko) Chrome/141.0.7390.122 Mobile Safari/537.36 (compatible; Googlebot/2.1; +http://www.google.com/bot.html)"
2a06:98c0:3600::103 - - [05/Dec/2025:20:26:02 +0300] "GET /wp-admin/setup-config.php HTTP/1.1" 409 922 "-" "Mozilla/5.0 (Windows NT 10.0; Win64; x64) AppleWebKit/537.36 (KHTML, like Gecko) Chrome/142.0.0.0 Safari/537.36"
193.111.77.77 - - [05/Dec/2025:20:26:33 +0300] "POST /wp-cron.php?doing_wp_cron=1764955593.7807250022888183593750 HTTP/1.1" 200 0 "-" "WordPress/6.9; https://tnstickers.com"
66.249.66.168 - - [05/Dec/2025:20:29:48 +0300] "GET /?_g=2715340 HTTP/1.1" 200 27354 "-" "Mozilla/5.0 (Linux; Android 6.0.1; Nexus 5X Build/MMB29P) AppleWebKit/537.36 (KHTML, like Gecko) Chrome/141.0.7390.122 Mobile Safari/537.36 (compatible; GoogleOther)"
170.106.11.6 - - [05/Dec/2025:20:34:50 +0300] "GET / HTTP/1.1" 200 30973 "http://tnstickers.com" "Mozilla/5.0 (iPhone; CPU iPhone OS 13_2_3 like Mac OS X) AppleWebKit/605.1.15 (KHTML, like Gecko) Version/13.0.3 Mobile/15E148 Safari/604.1"
193.111.77.77 - - [05/Dec/2025:20:22:40 +0300] "GET /wp-content/uploads/2023/07/w-vgs-action-metroid.jpg HTTP/1.1" 200 134227 "-" "-"
147.135.213.130 - - [05/Dec/2025:20:22:38 +0300] "GET /shop/page/3/?shop_view=list&per_page=9 HTTP/1.1" 200 25819 "-" "Mozilla/5.0 (compatible; MJ12bot/v1.4.8; http://mj12bot.com/)"
147.135.213.130 - - [05/Dec/2025:20:22:43 +0300] "GET /shop/page/4/?per_page=9&add-to-cart=2686 HTTP/1.1" 200 24345 "-" "Mozilla/5.0 (compatible; MJ12bot/v1.4.8; http://mj12bot.com/)"
147.135.213.130 - - [05/Dec/2025:20:22:49 +0300] "GET /shop/page/4/?per_page=9&add-to-cart=2689 HTTP/1.1" 200 24345 "-" "Mozilla/5.0 (compatible; MJ12bot/v1.4.8; http://mj12bot.com/)"
147.135.213.130 - - [05/Dec/2025:20:22:55 +0300] "GET /shop/page/4/?per_page=9&add-to-cart=2725 HTTP/1.1" 200 24339 "-" "Mozilla/5.0 (compatible; MJ12bot/v1.4.8; http://mj12bot.com/)"
147.135.213.130 - - [05/Dec/2025:20:23:00 +0300] "GET /shop/page/4/?per_page=9&shop_view=grid&per_row=3 HTTP/1.1" 200 24326 "-" "Mozilla/5.0 (compatible; MJ12bot/v1.4.8; http://mj12bot.com/)"
147.135.213.130 - - [05/Dec/2025:20:23:06 +0300] "GET /shop/page/4/?per_page=9&shop_view=grid&per_row=4 HTTP/1.1" 200 24323 "-" "Mozilla/5.0 (compatible; MJ12bot/v1.4.8; http://mj12bot.com/)"
147.135.213.130 - - [05/Dec/2025:20:23:11 +0300] "GET /shop/page/4/?shop_view=list&per_page=9 HTTP/1.1" 200 25084 "-" "Mozilla/5.0 (compatible; MJ12bot/v1.4.8; http://mj12bot.com/)"
193.111.77.77 - - [05/Dec/2025:20:24:17 +0300] "POST /wp-cron.php?doing_wp_cron=1764955457.1553149223327636718750 HTTP/1.1" 200 0 "-" "WordPress/6.9; https://tnstickers.com"
66.249.66.160 - - [05/Dec/2025:20:24:13 +0300] "GET /?_g=3029781 HTTP/1.1" 200 27354 "-" "Mozilla/5.0 (Linux; Android 6.0.1; Nexus 5X Build/MMB29P) AppleWebKit/537.36 (KHTML, like Gecko) Chrome/141.0.7390.122 Mobile Safari/537.36 (compatible; GoogleOther)"
66.249.66.67 - - [05/Dec/2025:20:25:04 +0300] "GET /?_g=3147299 HTTP/1.1" 200 27354 "-" "Mozilla/5.0 (Linux; Android 6.0.1; Nexus 5X Build/MMB29P) AppleWebKit/537.36 (KHTML, like Gecko) Chrome/141.0.7390.122 Mobile Safari/537.36 (compatible; GoogleOther)"
193.111.77.77 - - [05/Dec/2025:20:29:02 +0300] "POST /wp-cron.php?doing_wp_cron=1764955742.8660709857940673828125 HTTP/1.1" 200 0 "-" "WordPress/6.9; https://tnstickers.com"
66.249.76.34 - - [05/Dec/2025:20:29:01 +0300] "GET /?_g=3009301 HTTP/1.1" 301 0 "-" "Mozilla/5.0 (Linux; Android 6.0.1; Nexus 5X Build/MMB29P) AppleWebKit/537.36 (KHTML, like Gecko) Chrome/141.0.7390.122 Mobile Safari/537.36 (compatible; GoogleOther)"
193.111.77.77 - - [05/Dec/2025:20:21:51 +0300] "GET /wp-content/uploads/2023/07/w-vgs-action-redfall.jpg HTTP/1.1" 200 164222 "-" "-"
193.111.77.77 - - [05/Dec/2025:20:22:08 +0300] "GET /wp-content/uploads/2023/07/w-vgs-action-redfall.jpg HTTP/1.1" 200 164222 "-" "-"
193.111.77.77 - - [05/Dec/2025:20:22:24 +0300] "GET /wp-content/uploads/2023/07/w-vgs-action-metroid.jpg HTTP/1.1" 200 134227 "-" "-"
193.111.77.77 - - [05/Dec/2025:20:22:31 +0300] "POST /wp-cron.php?doing_wp_cron=1764955351.0066249370574951171875 HTTP/1.1" 200 0 "-" "WordPress/6.9; https://tnstickers.com"
193.111.77.77 - - [05/Dec/2025:20:22:46 +0300] "GET /wp-content/uploads/2023/07/w-vgs-action-stalker-2.jpg HTTP/1.1" 200 123277 "-" "-"
193.111.77.77 - - [05/Dec/2025:20:22:58 +0300] "GET /wp-content/uploads/2023/07/w-vgs-action-stalker-2.jpg HTTP/1.1" 200 123277 "-" "-"
193.111.77.77 - - [05/Dec/2025:20:23:03 +0300] "GET /wp-content/uploads/2023/07/w-vgs-action-stalker-2.jpg HTTP/1.1" 200 123277 "-" "-"
193.111.77.77 - - [05/Dec/2025:20:24:35 +0300] "POST /wp-cron.php?doing_wp_cron=1764955475.1964740753173828125000 HTTP/1.1" 200 0 "-" "WordPress/6.9; https://tnstickers.com"
66.249.66.5 - - [05/Dec/2025:20:25:09 +0300] "GET /wp-content/themes/woodmart/js/scripts/global/ajaxSearch.min.js?ver=8.3.6 HTTP/1.1" 200 1569 "https://tnstickers.com/?_g=3147299" "Mozilla/5.0 (Linux; Android 6.0.1; Nexus 5X Build/MMB29P) AppleWebKit/537.36 (KHTML, like Gecko) Chrome/141.0.7390.122 Mobile Safari/537.36 (compatible; Googlebot/2.1; +http://www.google.com/bot.html)"
66.249.76.34 - - [05/Dec/2025:20:25:51 +0300] "GET /?_g=2600536 HTTP/1.1" 301 0 "-" "Mozilla/5.0 (Linux; Android 6.0.1; Nexus 5X Build/MMB29P) AppleWebKit/537.36 (KHTML, like Gecko) Chrome/141.0.7390.122 Mobile Safari/537.36 (compatible; GoogleOther)"
204.12.252.98 - - [05/Dec/2025:20:26:32 +0300] "GET /wp-content/wpe333bb/index.php HTTP/1.1" 301 0 "https://tnstickers.com/wp-content/wpe333bb/index.php" "Mozilla/5.0 (Windows NT 10.0; Win64; x64) AppleWebKit/537.36 (KHTML, like Gecko) Chrome/58.0.3029.110 Safari/537.3"
204.12.252.98 - - [05/Dec/2025:20:26:33 +0300] "GET /wp-content/wpe333bb/ HTTP/1.1" 404 19018 "https://tnstickers.com/wp-content/wpe333bb/index.php" "Mozilla/5.0 (Windows NT 10.0; Win64; x64) AppleWebKit/537.36 (KHTML, like Gecko) Chrome/58.0.3029.110 Safari/537.3"
2a06:98c0:3600::103 - - [05/Dec/2025:20:28:09 +0300] "GET /wordpress/wp-admin/setup-config.php HTTP/1.1" 404 19018 "-" "Mozilla/5.0 (Windows NT 10.0; Win64; x64) AppleWebKit/537.36 (KHTML, like Gecko) Chrome/142.0.0.0 Safari/537.36"
193.111.77.77 - - [05/Dec/2025:20:32:27 +0300] "POST /wp-cron.php?doing_wp_cron=1764955947.6120049953460693359375 HTTP/1.1" 200 0 "-" "WordPress/6.9; https://tnstickers.com"
208.110.64.178 - - [05/Dec/2025:20:49:51 +0300] "GET /wp-content/wpe333bb/index.php HTTP/1.1" 301 0 "https://tnstickers.com/wp-content/wpe333bb/index.php" "Mozilla/5.0 (Windows NT 10.0; Win64; x64) AppleWebKit/537.36 (KHTML, like Gecko) Chrome/58.0.3029.110 Safari/537.3"
208.110.64.178 - - [05/Dec/2025:20:49:52 +0300] "GET /wp-content/wpe333bb/ HTTP/1.1" 404 19020 "https://tnstickers.com/wp-content/wpe333bb/index.php" "Mozilla/5.0 (Windows NT 10.0; Win64; x64) AppleWebKit/537.36 (KHTML, like Gecko) Chrome/58.0.3029.110 Safari/537.3"
193.111.77.77 - - [05/Dec/2025:20:50:37 +0300] "POST /wp-cron.php?doing_wp_cron=1764957037.4435420036315917968750 HTTP/1.1" 200 0 "-" "WordPress/6.9; https://tnstickers.com"
193.111.77.77 - - [05/Dec/2025:20:38:07 +0300] "POST /wp-cron.php?doing_wp_cron=1764956287.1300868988037109375000 HTTP/1.1" 200 0 "-" "WordPress/6.9; https://tnstickers.com"
66.249.66.33 - - [05/Dec/2025:20:38:10 +0300] "POST /?wc-ajax=get_refreshed_fragments HTTP/1.1" 200 514 "https://tnstickers.com/?_g=2600536" "Mozilla/5.0 (Linux; Android 6.0.1; Nexus 5X Build/MMB29P) AppleWebKit/537.36 (KHTML, like Gecko) Chrome/141.0.7390.122 Mobile Safari/537.36 (compatible; Googlebot/2.1; +http://www.google.com/bot.html)"
193.111.77.77 - - [05/Dec/2025:20:40:32 +0300] "POST /wp-cron.php?doing_wp_cron=1764956432.1717650890350341796875 HTTP/1.1" 200 0 "-" "WordPress/6.9; https://tnstickers.com"
66.249.66.5 - - [05/Dec/2025:20:40:57 +0300] "GET /?_g=3009301 HTTP/1.1" 200 27353 "-" "Mozilla/5.0 (Linux; Android 6.0.1; Nexus 5X Build/MMB29P) AppleWebKit/537.36 (KHTML, like Gecko) Chrome/141.0.7390.122 Mobile Safari/537.36 (compatible; GoogleOther)"
66.249.66.5 - - [05/Dec/2025:20:41:07 +0300] "POST /?wc-ajax=get_refreshed_fragments HTTP/1.1" 200 514 "https://tnstickers.com/?_g=3009301" "Mozilla/5.0 (Linux; Android 6.0.1; Nexus 5X Build/MMB29P) AppleWebKit/537.36 (KHTML, like Gecko) Chrome/141.0.7390.122 Mobile Safari/537.36 (compatible; Googlebot/2.1; +http://www.google.com/bot.html)"
66.249.66.66 - - [05/Dec/2025:20:42:08 +0300] "GET /?_g=3001094 HTTP/1.1" 301 0 "-" "Mozilla/5.0 (Linux; Android 6.0.1; Nexus 5X Build/MMB29P) AppleWebKit/537.36 (KHTML, like Gecko) Chrome/141.0.7390.122 Mobile Safari/537.36 (compatible; GoogleOther)"
66.249.66.198 - - [05/Dec/2025:20:50:35 +0300] "GET /?_g=1980977 HTTP/1.1" 200 27353 "-" "Mozilla/5.0 (Linux; Android 6.0.1; Nexus 5X Build/MMB29P) AppleWebKit/537.36 (KHTML, like Gecko) Chrome/141.0.7390.122 Mobile Safari/537.36 (compatible; GoogleOther)"
193.111.77.77 - - [05/Dec/2025:20:37:02 +0300] "POST /wp-cron.php?doing_wp_cron=1764956221.9891879558563232421875 HTTP/1.1" 200 0 "-" "WordPress/6.9; https://tnstickers.com"
66.249.66.3 - - [05/Dec/2025:20:37:00 +0300] "GET /?_g=1447991 HTTP/1.1" 301 0 "-" "Mozilla/5.0 (Linux; Android 6.0.1; Nexus 5X Build/MMB29P) AppleWebKit/537.36 (KHTML, like Gecko) Chrome/141.0.7390.122 Mobile Safari/537.36 (compatible; Googlebot/2.1; +http://www.google.com/bot.html)"
193.111.77.77 - - [05/Dec/2025:20:41:41 +0300] "POST /wp-cron.php?doing_wp_cron=1764956501.9213418960571289062500 HTTP/1.1" 200 0 "-" "WordPress/6.9; https://tnstickers.com"
66.249.66.4 - - [05/Dec/2025:20:41:40 +0300] "GET /?_g=2726190 HTTP/1.1" 301 0 "-" "Mozilla/5.0 (Linux; Android 6.0.1; Nexus 5X Build/MMB29P) AppleWebKit/537.36 (KHTML, like Gecko) Chrome/141.0.7390.122 Mobile Safari/537.36 (compatible; GoogleOther)"
170.106.143.6 - - [05/Dec/2025:20:48:11 +0300] "GET /wp-json/oembed/1.0/embed?url=https%3A%2F%2Ftnstickers.com%2F HTTP/1.1" 200 1250 "-" "Mozilla/5.0 (iPhone; CPU iPhone OS 13_2_3 like Mac OS X) AppleWebKit/605.1.15 (KHTML, like Gecko) Version/13.0.3 Mobile/15E148 Safari/604.1"
193.111.77.77 - - [05/Dec/2025:20:49:52 +0300] "POST /wp-cron.php?doing_wp_cron=1764956992.1198499202728271484375 HTTP/1.1" 200 0 "-" "WordPress/6.9; https://tnstickers.com"
66.249.66.67 - - [05/Dec/2025:20:49:57 +0300] "GET /?_g=4125515 HTTP/1.1" 200 27356 "-" "Mozilla/5.0 (Linux; Android 6.0.1; Nexus 5X Build/MMB29P) AppleWebKit/537.36 (KHTML, like Gecko) Chrome/141.0.7390.122 Mobile Safari/537.36 (compatible; GoogleOther)"
66.249.66.198 - - [05/Dec/2025:20:50:39 +0300] "POST /?wc-ajax=get_refreshed_fragments HTTP/1.1" 200 514 "https://tnstickers.com/?_g=1980977" "Mozilla/5.0 (Linux; Android 6.0.1; Nexus 5X Build/MMB29P) AppleWebKit/537.36 (KHTML, like Gecko) Chrome/141.0.7390.122 Mobile Safari/537.36 (compatible; Googlebot/2.1; +http://www.google.com/bot.html)"
66.249.66.198 - - [05/Dec/2025:20:50:49 +0300] "GET /?_g=2726190 HTTP/1.1" 200 27353 "-" "Mozilla/5.0 (Linux; Android 6.0.1; Nexus 5X Build/MMB29P) AppleWebKit/537.36 (KHTML, like Gecko) Chrome/141.0.7390.122 Mobile Safari/537.36 (compatible; GoogleOther)"
66.249.66.198 - - [05/Dec/2025:20:50:57 +0300] "POST /?wc-ajax=get_refreshed_fragments HTTP/1.1" 200 514 "https://tnstickers.com/?_g=2726190" "Mozilla/5.0 (Linux; Android 6.0.1; Nexus 5X Build/MMB29P) AppleWebKit/537.36 (KHTML, like Gecko) Chrome/141.0.7390.122 Mobile Safari/537.36 (compatible; Googlebot/2.1; +http://www.google.com/bot.html)"
66.249.66.4 - - [05/Dec/2025:20:37:03 +0300] "GET /?_g=1447991 HTTP/1.1" 200 27356 "-" "Mozilla/5.0 (Linux; Android 6.0.1; Nexus 5X Build/MMB29P) AppleWebKit/537.36 (KHTML, like Gecko) Chrome/141.0.7390.122 Mobile Safari/537.36 (compatible; Googlebot/2.1; +http://www.google.com/bot.html)"
66.249.66.67 - - [05/Dec/2025:20:38:05 +0300] "GET /?_g=2600536 HTTP/1.1" 200 27355 "-" "Mozilla/5.0 (Linux; Android 6.0.1; Nexus 5X Build/MMB29P) AppleWebKit/537.36 (KHTML, like Gecko) Chrome/141.0.7390.122 Mobile Safari/537.36 (compatible; GoogleOther)"
66.249.66.164 - - [05/Dec/2025:20:40:30 +0300] "GET /?_g=4125515 HTTP/1.1" 301 0 "-" "Mozilla/5.0 (Linux; Android 6.0.1; Nexus 5X Build/MMB29P) AppleWebKit/537.36 (KHTML, like Gecko) Chrome/141.0.7390.122 Mobile Safari/537.36 (compatible; GoogleOther)"
66.249.66.3 - - [05/Dec/2025:20:41:19 +0300] "GET /?_g=1980977 HTTP/1.1" 301 0 "-" "Mozilla/5.0 (Linux; Android 6.0.1; Nexus 5X Build/MMB29P) AppleWebKit/537.36 (KHTML, like Gecko) Chrome/141.0.7390.122 Mobile Safari/537.36 (compatible; GoogleOther)"
193.111.77.77 - - [05/Dec/2025:20:48:12 +0300] "POST /wp-cron.php?doing_wp_cron=1764956892.7400999069213867187500 HTTP/1.1" 200 0 "-" "WordPress/6.9; https://tnstickers.com"
66.249.66.4 - - [05/Dec/2025:20:51:11 +0300] "GET /?_g=3001094 HTTP/1.1" 200 27345 "-" "Mozilla/5.0 (Linux; Android 6.0.1; Nexus 5X Build/MMB29P) AppleWebKit/537.36 (KHTML, like Gecko) Chrome/141.0.7390.122 Mobile Safari/537.36 (compatible; GoogleOther)"
66.249.66.33 - - [05/Dec/2025:20:54:14 +0300] "GET /robots.txt HTTP/1.1" 200 103 "-" "Mozilla/5.0 (compatible; Googlebot/2.1; +http://www.google.com/bot.html)"
66.249.66.67 - - [05/Dec/2025:20:55:38 +0300] "GET /robots.txt HTTP/1.1" 200 103 "-" "Mozilla/5.0 (compatible; Googlebot/2.1; +http://www.google.com/bot.html)"
193.111.77.77 - - [05/Dec/2025:20:57:33 +0300] "POST /wp-cron.php?doing_wp_cron=1764957453.4883720874786376953125 HTTP/1.1" 200 0 "-" "WordPress/6.9; https://tnstickers.com"
193.111.77.77 - - [05/Dec/2025:21:05:46 +0300] "POST /wp-cron.php?doing_wp_cron=1764957946.2505860328674316406250 HTTP/1.1" 200 0 "-" "WordPress/6.9; https://tnstickers.com"
193.111.77.77 - - [05/Dec/2025:21:06:48 +0300] "POST /wp-cron.php?doing_wp_cron=1764958008.2748360633850097656250 HTTP/1.1" 200 0 "-" "WordPress/6.9; https://tnstickers.com"
66.249.66.4 - - [05/Dec/2025:20:53:11 +0300] "GET /robots.txt HTTP/1.1" 200 103 "-" "Mozilla/5.0 (compatible; Googlebot/2.1; +http://www.google.com/bot.html)"
193.111.77.77 - - [05/Dec/2025:20:53:12 +0300] "POST /wp-cron.php?doing_wp_cron=1764957192.5521180629730224609375 HTTP/1.1" 200 0 "-" "WordPress/6.9; https://tnstickers.com"
193.111.77.77 - - [05/Dec/2025:20:54:12 +0300] "POST /wp-cron.php?doing_wp_cron=1764957252.7206110954284667968750 HTTP/1.1" 200 0 "-" "WordPress/6.9; https://tnstickers.com"
193.111.77.77 - - [05/Dec/2025:20:55:36 +0300] "POST /wp-cron.php?doing_wp_cron=1764957336.5661931037902832031250 HTTP/1.1" 200 0 "-" "WordPress/6.9; https://tnstickers.com"
43.156.228.27 - - [05/Dec/2025:20:57:31 +0300] "GET /wp-json/oembed/1.0/embed?url=https%3A%2F%2Ftnstickers.com%2F&format=xml HTTP/1.1" 200 1277 "-" "Mozilla/5.0 (iPhone; CPU iPhone OS 13_2_3 like Mac OS X) AppleWebKit/605.1.15 (KHTML, like Gecko) Version/13.0.3 Mobile/15E148 Safari/604.1"
208.110.64.178 - - [05/Dec/2025:21:06:18 +0300] "GET /wp-content/wpe333bb/index.php HTTP/1.1" 301 0 "https://tnstickers.com/wp-content/wpe333bb/index.php" "Mozilla/5.0 (Windows NT 10.0; Win64; x64) AppleWebKit/537.36 (KHTML, like Gecko) Chrome/58.0.3029.110 Safari/537.3"
208.110.64.178 - - [05/Dec/2025:21:06:19 +0300] "GET /wp-content/wpe333bb/ HTTP/1.1" 404 19018 "https://tnstickers.com/wp-content/wpe333bb/index.php" "Mozilla/5.0 (Windows NT 10.0; Win64; x64) AppleWebKit/537.36 (KHTML, like Gecko) Chrome/58.0.3029.110 Safari/537.3"
66.249.66.193 - - [05/Dec/2025:21:07:24 +0300] "GET /wp-content/themes/woodmart/js/scripts/global/ajaxSearch.min.js?ver=8.3.6 HTTP/1.1" 200 1569 "https://tnstickers.com/?_g=2867104" "Mozilla/5.0 (Linux; Android 6.0.1; Nexus 5X Build/MMB29P) AppleWebKit/537.36 (KHTML, like Gecko) Chrome/141.0.7390.122 Mobile Safari/537.36 (compatible; Googlebot/2.1; +http://www.google.com/bot.html)"
193.111.77.77 - - [05/Dec/2025:21:07:29 +0300] "POST /wp-cron.php?doing_wp_cron=1764958049.8217720985412597656250 HTTP/1.1" 200 0 "-" "WordPress/6.9; https://tnstickers.com"
193.111.77.77 - - [05/Dec/2025:20:52:07 +0300] "POST /wp-cron.php?doing_wp_cron=1764957127.3729360103607177734375 HTTP/1.1" 200 0 "-" "WordPress/6.9; https://tnstickers.com"
66.249.66.6 - - [05/Dec/2025:20:52:06 +0300] "POST /?wc-ajax=get_refreshed_fragments HTTP/1.1" 200 514 "https://tnstickers.com/?_g=4125515" "Mozilla/5.0 (Linux; Android 6.0.1; Nexus 5X Build/MMB29P) AppleWebKit/537.36 (KHTML, like Gecko) Chrome/141.0.7390.122 Mobile Safari/537.36 (compatible; Googlebot/2.1; +http://www.google.com/bot.html)"
66.249.66.194 - - [05/Dec/2025:20:59:17 +0300] "GET /?_g=3798935 HTTP/1.1" 301 0 "-" "Mozilla/5.0 (Linux; Android 6.0.1; Nexus 5X Build/MMB29P) AppleWebKit/537.36 (KHTML, like Gecko) Chrome/141.0.7390.122 Mobile Safari/537.36 (compatible; GoogleOther)"
66.249.66.4 - - [05/Dec/2025:20:59:19 +0300] "GET /robots.txt HTTP/1.1" 200 103 "-" "Mozilla/5.0 (compatible; Googlebot/2.1; +http://www.google.com/bot.html)"
2a06:98c0:3600::103 - - [05/Dec/2025:21:06:46 +0300] "GET /wordpress/wp-admin/setup-config.php HTTP/1.1" 404 19020 "-" "Mozilla/5.0 (Windows NT 10.0; Win64; x64) AppleWebKit/537.36 (KHTML, like Gecko) Chrome/142.0.0.0 Safari/537.36"
66.249.66.4 - - [05/Dec/2025:21:08:19 +0300] "POST /?wc-ajax=get_refreshed_fragments HTTP/1.1" 200 514 "https://tnstickers.com/?_g=383005" "Mozilla/5.0 (Linux; Android 6.0.1; Nexus 5X Build/MMB29P) AppleWebKit/537.36 (KHTML, like Gecko) Chrome/141.0.7390.122 Mobile Safari/537.36 (compatible; Googlebot/2.1; +http://www.google.com/bot.html)"
66.249.66.192 - - [05/Dec/2025:21:08:24 +0300] "GET /?_g=1608781 HTTP/1.1" 301 0 "-" "Mozilla/5.0 (Linux; Android 6.0.1; Nexus 5X Build/MMB29P) AppleWebKit/537.36 (KHTML, like Gecko) Chrome/141.0.7390.122 Mobile Safari/537.36 (compatible; GoogleOther)"
66.249.66.68 - - [05/Dec/2025:20:53:11 +0300] "POST /?wc-ajax=get_refreshed_fragments HTTP/1.1" 200 514 "https://tnstickers.com/?_g=3001094" "Mozilla/5.0 (Linux; Android 6.0.1; Nexus 5X Build/MMB29P) AppleWebKit/537.36 (KHTML, like Gecko) Chrome/141.0.7390.122 Mobile Safari/537.36 (compatible; Googlebot/2.1; +http://www.google.com/bot.html)"
66.249.66.66 - - [05/Dec/2025:20:54:11 +0300] "GET /?_g=2867104 HTTP/1.1" 301 0 "-" "Mozilla/5.0 (Linux; Android 6.0.1; Nexus 5X Build/MMB29P) AppleWebKit/537.36 (KHTML, like Gecko) Chrome/141.0.7390.122 Mobile Safari/537.36 (compatible; GoogleOther)"
66.249.66.4 - - [05/Dec/2025:20:55:35 +0300] "GET /?_g=383005 HTTP/1.1" 301 0 "-" "Mozilla/5.0 (Linux; Android 6.0.1; Nexus 5X Build/MMB29P) AppleWebKit/537.36 (KHTML, like Gecko) Chrome/141.0.7390.122 Mobile Safari/537.36 (compatible; GoogleOther)"
193.111.77.77 - - [05/Dec/2025:20:59:19 +0300] "POST /wp-cron.php?doing_wp_cron=1764957558.9937028884887695312500 HTTP/1.1" 200 0 "-" "WordPress/6.9; https://tnstickers.com"
2a06:98c0:3600::103 - - [05/Dec/2025:21:04:11 +0300] "GET /wp-admin/setup-config.php HTTP/1.1" 409 922 "-" "Mozilla/5.0 (Windows NT 10.0; Win64; x64) AppleWebKit/537.36 (KHTML, like Gecko) Chrome/142.0.0.0 Safari/537.36"
66.249.66.6 - - [05/Dec/2025:21:05:44 +0300] "GET /?_g=2867104 HTTP/1.1" 200 27352 "-" "Mozilla/5.0 (Linux; Android 6.0.1; Nexus 5X Build/MMB29P) AppleWebKit/537.36 (KHTML, like Gecko) Chrome/141.0.7390.122 Mobile Safari/537.36 (compatible; GoogleOther)"
66.249.66.5 - - [05/Dec/2025:21:07:28 +0300] "POST /?wc-ajax=get_refreshed_fragments HTTP/1.1" 200 514 "https://tnstickers.com/?_g=2867104" "Mozilla/5.0 (Linux; Android 6.0.1; Nexus 5X Build/MMB29P) AppleWebKit/537.36 (KHTML, like Gecko) Chrome/141.0.7390.122 Mobile Safari/537.36 (compatible; Googlebot/2.1; +http://www.google.com/bot.html)"
66.249.66.5 - - [05/Dec/2025:21:08:13 +0300] "GET /?_g=383005 HTTP/1.1" 200 27353 "-" "Mozilla/5.0 (Linux; Android 6.0.1; Nexus 5X Build/MMB29P) AppleWebKit/537.36 (KHTML, like Gecko) Chrome/141.0.7390.122 Mobile Safari/537.36 (compatible; GoogleOther)"
66.249.66.168 - - [05/Dec/2025:21:11:48 +0300] "GET /?_g=3798935 HTTP/1.1" 200 27352 "-" "Mozilla/5.0 (Linux; Android 6.0.1; Nexus 5X Build/MMB29P) AppleWebKit/537.36 (KHTML, like Gecko) Chrome/141.0.7390.122 Mobile Safari/537.36 (compatible; GoogleOther)"
193.111.77.77 - - [05/Dec/2025:21:15:57 +0300] "POST /wp-cron.php?doing_wp_cron=1764958556.8485610485076904296875 HTTP/1.1" 200 0 "-" "WordPress/6.9; https://tnstickers.com"
66.249.66.6 - - [05/Dec/2025:21:12:11 +0300] "POST /?wc-ajax=get_refreshed_fragments HTTP/1.1" 200 514 "https://tnstickers.com/?_g=3798935" "Mozilla/5.0 (Linux; Android 6.0.1; Nexus 5X Build/MMB29P) AppleWebKit/537.36 (KHTML, like Gecko) Chrome/141.0.7390.122 Mobile Safari/537.36 (compatible; Googlebot/2.1; +http://www.google.com/bot.html)"
193.111.77.77 - - [05/Dec/2025:21:11:50 +0300] "POST /wp-cron.php?doing_wp_cron=1764958310.4403040409088134765625 HTTP/1.1" 200 0 "-" "WordPress/6.9; https://tnstickers.com"
66.249.66.164 - - [05/Dec/2025:21:15:55 +0300] "GET /?_g=3793386 HTTP/1.1" 301 0 "-" "Mozilla/5.0 (Linux; Android 6.0.1; Nexus 5X Build/MMB29P) AppleWebKit/537.36 (KHTML, like Gecko) Chrome/141.0.7390.122 Mobile Safari/537.36 (compatible; GoogleOther)"
193.111.77.77 - - [05/Dec/2025:21:19:46 +0300] "POST /wp-cron.php?doing_wp_cron=1764958786.1119771003723144531250 HTTP/1.1" 200 0 "-" "WordPress/6.9; https://tnstickers.com"
170.106.15.3 - - [05/Dec/2025:21:18:46 +0300] "GET /wp-json/wp/v2/pages/1679 HTTP/1.1" 200 12092 "-" "Mozilla/5.0 (iPhone; CPU iPhone OS 13_2_3 like Mac OS X) AppleWebKit/605.1.15 (KHTML, like Gecko) Version/13.0.3 Mobile/15E148 Safari/604.1"
66.249.66.6 - - [05/Dec/2025:21:19:43 +0300] "GET /?_g=1608781 HTTP/1.1" 200 27352 "-" "Mozilla/5.0 (Linux; Android 6.0.1; Nexus 5X Build/MMB29P) AppleWebKit/537.36 (KHTML, like Gecko) Chrome/141.0.7390.122 Mobile Safari/537.36 (compatible; GoogleOther)"
66.249.66.168 - - [05/Dec/2025:21:19:51 +0300] "POST /?wc-ajax=get_refreshed_fragments HTTP/1.1" 200 514 "https://tnstickers.com/?_g=1608781" "Mozilla/5.0 (Linux; Android 6.0.1; Nexus 5X Build/MMB29P) AppleWebKit/537.36 (KHTML, like Gecko) Chrome/141.0.7390.122 Mobile Safari/537.36 (compatible; Googlebot/2.1; +http://www.google.com/bot.html)"
193.111.77.77 - - [05/Dec/2025:21:18:48 +0300] "POST /wp-cron.php?doing_wp_cron=1764958728.2701570987701416015625 HTTP/1.1" 200 0 "-" "WordPress/6.9; https://tnstickers.com"
193.111.77.77 - - [05/Dec/2025:21:29:49 +0300] "POST /wp-cron.php?doing_wp_cron=1764959389.6730780601501464843750 HTTP/1.1" 200 0 "-" "WordPress/6.9; https://tnstickers.com"
43.164.196.57 - - [05/Dec/2025:21:29:47 +0300] "GET /wishlist/ HTTP/1.1" 200 21445 "-" "Mozilla/5.0 (iPhone; CPU iPhone OS 13_2_3 like Mac OS X) AppleWebKit/605.1.15 (KHTML, like Gecko) Version/13.0.3 Mobile/15E148 Safari/604.1"
208.110.64.178 - - [05/Dec/2025:21:33:53 +0300] "GET /wp-content/wpe333bb/ HTTP/1.1" 404 19018 "https://tnstickers.com/wp-content/wpe333bb/index.php" "Mozilla/5.0 (Windows NT 10.0; Win64; x64) AppleWebKit/537.36 (KHTML, like Gecko) Chrome/58.0.3029.110 Safari/537.3"
95.217.109.26 - - [05/Dec/2025:21:33:58 +0300] "GET /2023/04/04/trepang2-review/feed/ HTTP/1.1" 200 444 "-" "Mozilla/5.0 (compatible; MJ12bot/v1.4.8; http://mj12bot.com/)"
193.111.77.77 - - [05/Dec/2025:21:34:04 +0300] "GET /wp-content/uploads/2025/12/akra.png HTTP/1.1" 200 232293 "-" "-"
193.111.77.77 - - [05/Dec/2025:21:34:28 +0300] "GET /wp-content/uploads/2025/12/akra.png HTTP/1.1" 200 232293 "-" "-"
95.217.109.26 - - [05/Dec/2025:21:34:26 +0300] "GET /shop/?per_row=4&per_page=18&shop_view=list&add-to-cart=2683 HTTP/1.1" 200 27963 "-" "Mozilla/5.0 (compatible; MJ12bot/v1.4.8; http://mj12bot.com/)"
95.217.109.26 - - [05/Dec/2025:21:34:32 +0300] "GET /shop/?per_row=4&per_page=18&shop_view=list&add-to-cart=2728 HTTP/1.1" 200 27968 "-" "Mozilla/5.0 (compatible; MJ12bot/v1.4.8; http://mj12bot.com/)"
95.217.109.26 - - [05/Dec/2025:21:34:52 +0300] "GET /shop/?per_row=4&per_page=18&shop_view=list&add-to-cart=2771 HTTP/1.1" 200 27985 "-" "Mozilla/5.0 (compatible; MJ12bot/v1.4.8; http://mj12bot.com/)"
193.111.77.77 - - [05/Dec/2025:21:34:59 +0300] "GET /wp-content/uploads/2025/12/akra.png HTTP/1.1" 200 232293 "-" "-"
193.111.77.77 - - [05/Dec/2025:21:35:03 +0300] "GET /wp-content/uploads/2025/12/akra.png HTTP/1.1" 200 232293 "-" "-"
95.217.109.26 - - [05/Dec/2025:21:35:06 +0300] "GET /shop/?per_row=4&per_page=24&shop_view=grid&add-to-cart=2680 HTTP/1.1" 200 27327 "-" "Mozilla/5.0 (compatible; MJ12bot/v1.4.8; http://mj12bot.com/)"
95.217.109.26 - - [05/Dec/2025:21:35:17 +0300] "GET /shop/?per_row=4&per_page=24&shop_view=grid&add-to-cart=2722 HTTP/1.1" 200 27327 "-" "Mozilla/5.0 (compatible; MJ12bot/v1.4.8; http://mj12bot.com/)"
193.111.77.77 - - [05/Dec/2025:21:35:28 +0300] "GET /wp-content/uploads/2025/12/akra.png HTTP/1.1" 200 232293 "-" "-"
95.217.109.26 - - [05/Dec/2025:21:35:25 +0300] "GET /shop/?per_row=4&per_page=24&shop_view=grid&add-to-cart=2771 HTTP/1.1" 200 27326 "-" "Mozilla/5.0 (compatible; MJ12bot/v1.4.8; http://mj12bot.com/)"
193.111.77.77 - - [05/Dec/2025:21:35:32 +0300] "POST /wp-cron.php?doing_wp_cron=1764959732.1389698982238769531250 HTTP/1.1" 200 0 "-" "WordPress/6.9; https://tnstickers.com"
193.111.77.77 - - [05/Dec/2025:21:35:40 +0300] "GET /wp-content/uploads/2025/12/akra.png HTTP/1.1" 200 232293 "-" "-"
193.111.77.77 - - [05/Dec/2025:21:35:48 +0300] "GET /wp-content/uploads/2025/12/akra.png HTTP/1.1" 200 232293 "-" "-"
193.111.77.77 - - [05/Dec/2025:21:36:06 +0300] "GET /wp-content/uploads/2025/12/akra.png HTTP/1.1" 200 232293 "-" "-"
95.217.109.26 - - [05/Dec/2025:21:36:03 +0300] "GET /shop/?per_row=4&per_page=24&shop_view=list&add-to-cart=2731 HTTP/1.1" 200 29345 "-" "Mozilla/5.0 (compatible; MJ12bot/v1.4.8; http://mj12bot.com/)"
193.111.77.77 - - [05/Dec/2025:21:36:10 +0300] "GET /wp-content/uploads/2025/12/akra.png HTTP/1.1" 200 232293 "-" "-"
193.111.77.77 - - [05/Dec/2025:21:38:09 +0300] "GET /wp-content/uploads/2025/12/akra.png HTTP/1.1" 200 232293 "-" "-"
193.111.77.77 - - [05/Dec/2025:21:38:13 +0300] "GET /wp-content/uploads/2025/12/akra.png HTTP/1.1" 200 232293 "-" "-"
95.217.109.26 - - [05/Dec/2025:21:38:15 +0300] "GET /shop/?per_row=4&per_page=9&shop_view=grid&add-to-cart=2683 HTTP/1.1" 200 24909 "-" "Mozilla/5.0 (compatible; MJ12bot/v1.4.8; http://mj12bot.com/)"
193.111.77.77 - - [05/Dec/2025:21:38:25 +0300] "GET /wp-content/uploads/2025/12/akra.png HTTP/1.1" 200 232293 "-" "-"
193.111.77.77 - - [05/Dec/2025:21:26:36 +0300] "POST /wp-cron.php?doing_wp_cron=1764959196.6572670936584472656250 HTTP/1.1" 200 0 "-" "WordPress/6.9; https://tnstickers.com"
66.249.66.34 - - [05/Dec/2025:21:26:34 +0300] "GET /?_g=3793386 HTTP/1.1" 200 27356 "-" "Mozilla/5.0 (Linux; Android 6.0.1; Nexus 5X Build/MMB29P) AppleWebKit/537.36 (KHTML, like Gecko) Chrome/141.0.7390.122 Mobile Safari/537.36 (compatible; GoogleOther)"
95.217.109.26 - - [05/Dec/2025:21:34:02 +0300] "GET /shop/?per_row=4&per_page=12&shop_view=list&add-to-cart=2771 HTTP/1.1" 200 26539 "-" "Mozilla/5.0 (compatible; MJ12bot/v1.4.8; http://mj12bot.com/)"
193.111.77.77 - - [05/Dec/2025:21:34:09 +0300] "GET /wp-content/uploads/2025/12/akra.png HTTP/1.1" 200 232293 "-" "-"
95.217.109.26 - - [05/Dec/2025:21:34:07 +0300] "GET /shop/?per_row=4&per_page=12&shop_view=list&add-to-cart=484 HTTP/1.1" 200 26537 "-" "Mozilla/5.0 (compatible; MJ12bot/v1.4.8; http://mj12bot.com/)"
95.217.109.26 - - [05/Dec/2025:21:34:11 +0300] "GET /shop/?per_row=4&per_page=18&shop_view=grid&add-to-cart=496 HTTP/1.1" 200 26507 "-" "Mozilla/5.0 (compatible; MJ12bot/v1.4.8; http://mj12bot.com/)"
193.111.77.77 - - [05/Dec/2025:21:34:34 +0300] "GET /wp-content/uploads/2025/12/akra.png HTTP/1.1" 200 232293 "-" "-"
95.217.109.26 - - [05/Dec/2025:21:34:48 +0300] "GET /shop/?per_row=4&per_page=18&shop_view=list&add-to-cart=2731 HTTP/1.1" 200 27980 "-" "Mozilla/5.0 (compatible; MJ12bot/v1.4.8; http://mj12bot.com/)"
193.111.77.77 - - [05/Dec/2025:21:35:11 +0300] "GET /wp-content/uploads/2025/12/akra.png HTTP/1.1" 200 232293 "-" "-"
193.111.77.77 - - [05/Dec/2025:21:35:19 +0300] "GET /wp-content/uploads/2025/12/akra.png HTTP/1.1" 200 232293 "-" "-"
95.217.109.26 - - [05/Dec/2025:21:35:21 +0300] "GET /shop/?per_row=4&per_page=24&shop_view=grid&add-to-cart=2734 HTTP/1.1" 200 27323 "-" "Mozilla/5.0 (compatible; MJ12bot/v1.4.8; http://mj12bot.com/)"
193.111.77.77 - - [05/Dec/2025:21:35:31 +0300] "GET /wp-content/uploads/2025/12/akra.png HTTP/1.1" 200 232293 "-" "-"
193.111.77.77 - - [05/Dec/2025:21:35:43 +0300] "GET /wp-content/uploads/2025/12/akra.png HTTP/1.1" 200 232293 "-" "-"
95.217.109.26 - - [05/Dec/2025:21:35:55 +0300] "GET /shop/?per_row=4&per_page=24&shop_view=list&add-to-cart=2722 HTTP/1.1" 200 29348 "-" "Mozilla/5.0 (compatible; MJ12bot/v1.4.8; http://mj12bot.com/)"
193.111.77.77 - - [05/Dec/2025:21:36:01 +0300] "GET /wp-content/uploads/2025/12/akra.png HTTP/1.1" 200 232293 "-" "-"
95.217.109.26 - - [05/Dec/2025:21:35:59 +0300] "GET /shop/?per_row=4&per_page=24&shop_view=list&add-to-cart=2728 HTTP/1.1" 200 29333 "-" "Mozilla/5.0 (compatible; MJ12bot/v1.4.8; http://mj12bot.com/)"
193.111.77.77 - - [05/Dec/2025:21:38:05 +0300] "GET /wp-content/uploads/2025/12/akra.png HTTP/1.1" 200 232293 "-" "-"
95.217.109.26 - - [05/Dec/2025:21:38:03 +0300] "GET /shop/?per_row=4&per_page=24&shop_view=list&add-to-cart=2771 HTTP/1.1" 200 29344 "-" "Mozilla/5.0 (compatible; MJ12bot/v1.4.8; http://mj12bot.com/)"
95.217.109.26 - - [05/Dec/2025:21:38:07 +0300] "GET /shop/?per_row=4&per_page=24&shop_view=list&add-to-cart=484 HTTP/1.1" 200 29341 "-" "Mozilla/5.0 (compatible; MJ12bot/v1.4.8; http://mj12bot.com/)"
193.111.77.77 - - [05/Dec/2025:21:38:17 +0300] "GET /wp-content/uploads/2025/12/akra.png HTTP/1.1" 200 232293 "-" "-"
193.111.77.77 - - [05/Dec/2025:21:38:21 +0300] "GET /wp-content/uploads/2025/12/akra.png HTTP/1.1" 200 232293 "-" "-"
95.217.109.26 - - [05/Dec/2025:21:38:23 +0300] "GET /shop/?per_row=4&per_page=9&shop_view=grid&add-to-cart=2771 HTTP/1.1" 200 24926 "-" "Mozilla/5.0 (compatible; MJ12bot/v1.4.8; http://mj12bot.com/)"
193.111.77.77 - - [05/Dec/2025:21:38:30 +0300] "POST /wp-cron.php?doing_wp_cron=1764959910.7117168903350830078125 HTTP/1.1" 200 0 "-" "WordPress/6.9; https://tnstickers.com"
193.111.77.77 - - [05/Dec/2025:21:38:38 +0300] "GET /wp-content/uploads/2025/12/akra.png HTTP/1.1" 200 232293 "-" "-"
193.111.77.77 - - [05/Dec/2025:21:38:43 +0300] "GET /wp-content/uploads/2025/12/akra.png HTTP/1.1" 200 232293 "-" "-"
66.249.66.68 - - [05/Dec/2025:21:26:41 +0300] "POST /?wc-ajax=get_refreshed_fragments HTTP/1.1" 200 514 "https://tnstickers.com/?_g=3793386" "Mozilla/5.0 (Linux; Android 6.0.1; Nexus 5X Build/MMB29P) AppleWebKit/537.36 (KHTML, like Gecko) Chrome/141.0.7390.122 Mobile Safari/537.36 (compatible; Googlebot/2.1; +http://www.google.com/bot.html)"
95.217.109.26 - - [05/Dec/2025:21:33:56 +0300] "GET /robots.txt HTTP/1.1" 200 363 "-" "Mozilla/5.0 (compatible; MJ12bot/v1.4.8; http://mj12bot.com/)"
193.111.77.77 - - [05/Dec/2025:21:34:13 +0300] "GET /wp-content/uploads/2025/12/akra.png HTTP/1.1" 200 232293 "-" "-"
193.111.77.77 - - [05/Dec/2025:21:34:30 +0300] "POST /wp-cron.php?doing_wp_cron=1764959669.9788739681243896484375 HTTP/1.1" 200 0 "-" "WordPress/6.9; https://tnstickers.com"
193.111.77.77 - - [05/Dec/2025:21:35:07 +0300] "GET /wp-content/uploads/2025/12/akra.png HTTP/1.1" 200 232293 "-" "-"
95.217.109.26 - - [05/Dec/2025:21:35:09 +0300] "GET /shop/?per_row=4&per_page=24&shop_view=grid&add-to-cart=2683 HTTP/1.1" 200 27315 "-" "Mozilla/5.0 (compatible; MJ12bot/v1.4.8; http://mj12bot.com/)"
193.111.77.77 - - [05/Dec/2025:21:35:23 +0300] "GET /wp-content/uploads/2025/12/akra.png HTTP/1.1" 200 232293 "-" "-"
95.217.109.26 - - [05/Dec/2025:21:35:30 +0300] "GET /shop/?per_row=4&per_page=24&shop_view=grid&add-to-cart=484 HTTP/1.1" 200 27359 "-" "Mozilla/5.0 (compatible; MJ12bot/v1.4.8; http://mj12bot.com/)"
95.217.109.26 - - [05/Dec/2025:21:35:46 +0300] "GET /shop/?per_row=4&per_page=24&shop_view=list&add-to-cart=2683 HTTP/1.1" 200 29325 "-" "Mozilla/5.0 (compatible; MJ12bot/v1.4.8; http://mj12bot.com/)"
193.111.77.77 - - [05/Dec/2025:21:35:52 +0300] "GET /wp-content/uploads/2025/12/akra.png HTTP/1.1" 200 232293 "-" "-"
95.217.109.26 - - [05/Dec/2025:21:35:50 +0300] "GET /shop/?per_row=4&per_page=24&shop_view=list&add-to-cart=2719 HTTP/1.1" 200 29337 "-" "Mozilla/5.0 (compatible; MJ12bot/v1.4.8; http://mj12bot.com/)"
193.111.77.77 - - [05/Dec/2025:21:35:56 +0300] "GET /wp-content/uploads/2025/12/akra.png HTTP/1.1" 200 232293 "-" "-"
193.111.77.77 - - [05/Dec/2025:21:38:06 +0300] "POST /wp-cron.php?doing_wp_cron=1764959886.1857368946075439453125 HTTP/1.1" 200 0 "-" "WordPress/6.9; https://tnstickers.com"
95.217.109.26 - - [05/Dec/2025:21:38:11 +0300] "GET /shop/?per_row=4&per_page=24&shop_view=list&add-to-cart=496 HTTP/1.1" 200 29336 "-" "Mozilla/5.0 (compatible; MJ12bot/v1.4.8; http://mj12bot.com/)"
95.217.109.26 - - [05/Dec/2025:21:38:19 +0300] "GET /shop/?per_row=4&per_page=9&shop_view=grid&add-to-cart=2728 HTTP/1.1" 200 24915 "-" "Mozilla/5.0 (compatible; MJ12bot/v1.4.8; http://mj12bot.com/)"
193.111.77.77 - - [05/Dec/2025:21:38:29 +0300] "GET /wp-content/uploads/2025/12/akra.png HTTP/1.1" 200 232293 "-" "-"
95.217.109.26 - - [05/Dec/2025:21:38:41 +0300] "GET /shop/?per_row=4&per_page=9&shop_view=list&add-to-cart=2728 HTTP/1.1" 200 25856 "-" "Mozilla/5.0 (compatible; MJ12bot/v1.4.8; http://mj12bot.com/)"
95.217.109.26 - - [05/Dec/2025:21:38:53 +0300] "GET /shop/?per_row=4&shop_view=grid&add-to-cart=2680 HTTP/1.1" 200 27307 "-" "Mozilla/5.0 (compatible; MJ12bot/v1.4.8; http://mj12bot.com/)"
95.217.109.26 - - [05/Dec/2025:21:39:08 +0300] "GET /shop/?per_row=4&shop_view=grid&add-to-cart=2722 HTTP/1.1" 200 27315 "-" "Mozilla/5.0 (compatible; MJ12bot/v1.4.8; http://mj12bot.com/)"
193.111.77.77 - - [05/Dec/2025:21:39:14 +0300] "GET /wp-content/uploads/2025/12/akra.png HTTP/1.1" 200 232293 "-" "-"
193.111.77.77 - - [05/Dec/2025:21:39:19 +0300] "GET /wp-content/uploads/2025/12/akra.png HTTP/1.1" 200 232293 "-" "-"
193.111.77.77 - - [05/Dec/2025:21:39:23 +0300] "GET /wp-content/uploads/2025/12/akra.png HTTP/1.1" 200 232293 "-" "-"
193.111.77.77 - - [05/Dec/2025:21:39:43 +0300] "GET /wp-content/uploads/2025/12/akra.png HTTP/1.1" 200 232293 "-" "-"
193.111.77.77 - - [05/Dec/2025:21:39:47 +0300] "GET /wp-content/uploads/2025/12/akra.png HTTP/1.1" 200 232293 "-" "-"
193.111.77.77 - - [05/Dec/2025:21:33:51 +0300] "POST /wp-cron.php?doing_wp_cron=1764959631.0720629692077636718750 HTTP/1.1" 200 0 "-" "WordPress/6.9; https://tnstickers.com"
208.110.64.178 - - [05/Dec/2025:21:33:49 +0300] "GET /wp-content/wpe333bb/index.php HTTP/1.1" 301 0 "https://tnstickers.com/wp-content/wpe333bb/index.php" "Mozilla/5.0 (Windows NT 10.0; Win64; x64) AppleWebKit/537.36 (KHTML, like Gecko) Chrome/58.0.3029.110 Safari/537.3"
208.110.64.178 - - [05/Dec/2025:21:33:51 +0300] "GET /wp-content/wpe333bb/ HTTP/1.1" 404 19020 "https://tnstickers.com/wp-content/wpe333bb/index.php" "Mozilla/5.0 (Windows NT 10.0; Win64; x64) AppleWebKit/537.36 (KHTML, like Gecko) Chrome/58.0.3029.110 Safari/537.3"
193.111.77.77 - - [05/Dec/2025:21:34:50 +0300] "GET /wp-content/uploads/2025/12/akra.png HTTP/1.1" 200 232293 "-" "-"
193.111.77.77 - - [05/Dec/2025:21:34:54 +0300] "GET /wp-content/uploads/2025/12/akra.png HTTP/1.1" 200 232293 "-" "-"
95.217.109.26 - - [05/Dec/2025:21:34:58 +0300] "GET /shop/?per_row=4&per_page=18&shop_view=list&add-to-cart=484 HTTP/1.1" 200 27977 "-" "Mozilla/5.0 (compatible; MJ12bot/v1.4.8; http://mj12bot.com/)"
95.217.109.26 - - [05/Dec/2025:21:35:01 +0300] "GET /shop/?per_row=4&per_page=18&shop_view=list&add-to-cart=496 HTTP/1.1" 200 27973 "-" "Mozilla/5.0 (compatible; MJ12bot/v1.4.8; http://mj12bot.com/)"
193.111.77.77 - - [05/Dec/2025:21:35:15 +0300] "GET /wp-content/uploads/2025/12/akra.png HTTP/1.1" 200 232293 "-" "-"
95.217.109.26 - - [05/Dec/2025:21:35:13 +0300] "GET /shop/?per_row=4&per_page=24&shop_view=grid&add-to-cart=2719 HTTP/1.1" 200 27323 "-" "Mozilla/5.0 (compatible; MJ12bot/v1.4.8; http://mj12bot.com/)"
95.217.109.26 - - [05/Dec/2025:21:35:33 +0300] "GET /shop/?per_row=4&per_page=24&shop_view=grid&add-to-cart=496 HTTP/1.1" 200 27329 "-" "Mozilla/5.0 (compatible; MJ12bot/v1.4.8; http://mj12bot.com/)"
95.217.109.26 - - [05/Dec/2025:21:35:42 +0300] "GET /shop/?per_row=4&per_page=24&shop_view=list&add-to-cart=2680 HTTP/1.1" 200 29333 "-" "Mozilla/5.0 (compatible; MJ12bot/v1.4.8; http://mj12bot.com/)"
95.217.109.26 - - [05/Dec/2025:21:36:08 +0300] "GET /shop/?per_row=4&per_page=24&shop_view=list&add-to-cart=2734 HTTP/1.1" 200 29335 "-" "Mozilla/5.0 (compatible; MJ12bot/v1.4.8; http://mj12bot.com/)"
193.111.77.77 - - [05/Dec/2025:21:38:47 +0300] "GET /wp-content/uploads/2025/12/akra.png HTTP/1.1" 200 232293 "-" "-"
193.111.77.77 - - [05/Dec/2025:21:38:51 +0300] "GET /wp-content/uploads/2025/12/akra.png HTTP/1.1" 200 232293 "-" "-"
95.217.109.26 - - [05/Dec/2025:21:38:58 +0300] "GET /shop/?per_row=4&shop_view=grid&add-to-cart=2683 HTTP/1.1" 200 27297 "-" "Mozilla/5.0 (compatible; MJ12bot/v1.4.8; http://mj12bot.com/)"
95.217.109.26 - - [05/Dec/2025:21:39:17 +0300] "GET /shop/?per_row=4&shop_view=grid&add-to-cart=2731 HTTP/1.1" 200 27305 "-" "Mozilla/5.0 (compatible; MJ12bot/v1.4.8; http://mj12bot.com/)"
43.153.204.189 - - [05/Dec/2025:21:39:18 +0300] "GET / HTTP/1.1" 200 30976 "-" "Mozilla/5.0 (iPhone; CPU iPhone OS 13_2_3 like Mac OS X) AppleWebKit/605.1.15 (KHTML, like Gecko) Version/13.0.3 Mobile/15E148 Safari/604.1"
193.111.77.77 - - [05/Dec/2025:21:39:28 +0300] "GET /wp-content/uploads/2025/12/akra.png HTTP/1.1" 200 232293 "-" "-"
95.217.109.26 - - [05/Dec/2025:21:39:31 +0300] "GET /shop/?per_row=4&shop_view=grid&add-to-cart=484 HTTP/1.1" 200 27310 "-" "Mozilla/5.0 (compatible; MJ12bot/v1.4.8; http://mj12bot.com/)"
193.111.77.77 - - [05/Dec/2025:21:40:12 +0300] "GET /wp-content/uploads/2025/12/akra.png HTTP/1.1" 200 232293 "-" "-"
95.217.109.26 - - [05/Dec/2025:21:40:11 +0300] "GET /shop/?per_row=4&shop_view=grid&per_page=18&add-to-cart=2771 HTTP/1.1" 200 26517 "-" "Mozilla/5.0 (compatible; MJ12bot/v1.4.8; http://mj12bot.com/)"
193.111.77.77 - - [05/Dec/2025:21:40:16 +0300] "GET /wp-content/uploads/2025/12/akra.png HTTP/1.1" 200 232293 "-" "-"
193.111.77.77 - - [05/Dec/2025:21:40:20 +0300] "GET /wp-content/uploads/2025/12/akra.png HTTP/1.1" 200 232293 "-" "-"
95.217.109.26 - - [05/Dec/2025:21:38:49 +0300] "GET /shop/?per_row=4&per_page=9&shop_view=list&add-to-cart=484 HTTP/1.1" 200 25859 "-" "Mozilla/5.0 (compatible; MJ12bot/v1.4.8; http://mj12bot.com/)"
193.111.77.77 - - [05/Dec/2025:21:38:59 +0300] "GET /wp-content/uploads/2025/12/akra.png HTTP/1.1" 200 232293 "-" "-"
193.111.77.77 - - [05/Dec/2025:21:39:09 +0300] "GET /wp-content/uploads/2025/12/akra.png HTTP/1.1" 200 232293 "-" "-"
95.217.109.26 - - [05/Dec/2025:21:39:22 +0300] "GET /shop/?per_row=4&shop_view=grid&add-to-cart=2734 HTTP/1.1" 200 27305 "-" "Mozilla/5.0 (compatible; MJ12bot/v1.4.8; http://mj12bot.com/)"
95.217.109.26 - - [05/Dec/2025:21:39:27 +0300] "GET /shop/?per_row=4&shop_view=grid&add-to-cart=2771 HTTP/1.1" 200 27317 "-" "Mozilla/5.0 (compatible; MJ12bot/v1.4.8; http://mj12bot.com/)"
193.111.77.77 - - [05/Dec/2025:21:39:35 +0300] "GET /wp-content/uploads/2025/12/akra.png HTTP/1.1" 200 232293 "-" "-"
95.217.109.26 - - [05/Dec/2025:21:39:46 +0300] "GET /shop/?per_row=4&shop_view=grid&per_page=12&add-to-cart=2728 HTTP/1.1" 200 25471 "-" "Mozilla/5.0 (compatible; MJ12bot/v1.4.8; http://mj12bot.com/)"
193.111.77.77 - - [05/Dec/2025:21:39:51 +0300] "GET /wp-content/uploads/2025/12/akra.png HTTP/1.1" 200 232293 "-" "-"
95.217.109.26 - - [05/Dec/2025:21:39:50 +0300] "GET /shop/?per_row=4&shop_view=grid&per_page=12&add-to-cart=2771 HTTP/1.1" 200 25478 "-" "Mozilla/5.0 (compatible; MJ12bot/v1.4.8; http://mj12bot.com/)"
95.217.109.26 - - [05/Dec/2025:21:39:58 +0300] "GET /shop/?per_row=4&shop_view=grid&per_page=18&add-to-cart=2683 HTTP/1.1" 200 26497 "-" "Mozilla/5.0 (compatible; MJ12bot/v1.4.8; http://mj12bot.com/)"
95.217.109.26 - - [05/Dec/2025:21:40:01 +0300] "GET /shop/?per_row=4&shop_view=grid&per_page=18&add-to-cart=2728 HTTP/1.1" 200 26504 "-" "Mozilla/5.0 (compatible; MJ12bot/v1.4.8; http://mj12bot.com/)"
2a06:98c0:3600::103 - - [05/Dec/2025:21:40:10 +0300] "GET /wp-admin/setup-config.php HTTP/1.1" 409 922 "-" "Mozilla/5.0 (Windows NT 10.0; Win64; x64) AppleWebKit/537.36 (KHTML, like Gecko) Chrome/142.0.0.0 Safari/537.36"
95.217.109.26 - - [05/Dec/2025:21:40:18 +0300] "GET /shop/?per_row=4&shop_view=grid&per_page=18&add-to-cart=496 HTTP/1.1" 200 26510 "-" "Mozilla/5.0 (compatible; MJ12bot/v1.4.8; http://mj12bot.com/)"
193.111.77.77 - - [05/Dec/2025:21:40:24 +0300] "GET /wp-content/uploads/2025/12/akra.png HTTP/1.1" 200 232293 "-" "-"
193.111.77.77 - - [05/Dec/2025:21:40:37 +0300] "GET /wp-content/uploads/2025/12/akra.png HTTP/1.1" 200 232293 "-" "-"
95.217.109.26 - - [05/Dec/2025:21:40:36 +0300] "GET /shop/?per_row=4&shop_view=grid&per_page=24&add-to-cart=2722 HTTP/1.1" 200 27331 "-" "Mozilla/5.0 (compatible; MJ12bot/v1.4.8; http://mj12bot.com/)"
193.111.77.77 - - [05/Dec/2025:21:40:41 +0300] "GET /wp-content/uploads/2025/12/akra.png HTTP/1.1" 200 232293 "-" "-"
193.111.77.77 - - [05/Dec/2025:21:40:45 +0300] "GET /wp-content/uploads/2025/12/akra.png HTTP/1.1" 200 232293 "-" "-"
95.217.109.26 - - [05/Dec/2025:21:40:44 +0300] "GET /shop/?per_row=4&shop_view=grid&per_page=24&add-to-cart=2731 HTTP/1.1" 200 27327 "-" "Mozilla/5.0 (compatible; MJ12bot/v1.4.8; http://mj12bot.com/)"
193.111.77.77 - - [05/Dec/2025:21:40:49 +0300] "GET /wp-content/uploads/2025/12/akra.png HTTP/1.1" 200 232293 "-" "-"
95.217.109.26 - - [05/Dec/2025:21:40:48 +0300] "GET /shop/?per_row=4&shop_view=grid&per_page=24&add-to-cart=2734 HTTP/1.1" 200 27326 "-" "Mozilla/5.0 (compatible; MJ12bot/v1.4.8; http://mj12bot.com/)"
193.111.77.77 - - [05/Dec/2025:21:40:53 +0300] "GET /wp-content/uploads/2025/12/akra.png HTTP/1.1" 200 232293 "-" "-"
193.111.77.77 - - [05/Dec/2025:21:41:07 +0300] "GET /wp-content/uploads/2025/12/akra.png HTTP/1.1" 200 232293 "-" "-"
193.111.77.77 - - [05/Dec/2025:21:41:15 +0300] "GET /wp-content/uploads/2025/12/akra.png HTTP/1.1" 200 232293 "-" "-"
95.217.109.26 - - [05/Dec/2025:21:41:13 +0300] "GET /shop/?per_row=4&shop_view=grid&per_page=9&add-to-cart=484 HTTP/1.1" 200 24924 "-" "Mozilla/5.0 (compatible; MJ12bot/v1.4.8; http://mj12bot.com/)"
95.217.109.26 - - [05/Dec/2025:21:38:28 +0300] "GET /shop/?per_row=4&per_page=9&shop_view=grid&add-to-cart=484 HTTP/1.1" 200 24921 "-" "Mozilla/5.0 (compatible; MJ12bot/v1.4.8; http://mj12bot.com/)"
95.217.109.26 - - [05/Dec/2025:21:38:32 +0300] "GET /shop/?per_row=4&per_page=9&shop_view=list&add-to-cart=2683 HTTP/1.1" 200 25847 "-" "Mozilla/5.0 (compatible; MJ12bot/v1.4.8; http://mj12bot.com/)"
95.217.109.26 - - [05/Dec/2025:21:38:45 +0300] "GET /shop/?per_row=4&per_page=9&shop_view=list&add-to-cart=2771 HTTP/1.1" 200 25863 "-" "Mozilla/5.0 (compatible; MJ12bot/v1.4.8; http://mj12bot.com/)"
193.111.77.77 - - [05/Dec/2025:21:38:55 +0300] "GET /wp-content/uploads/2025/12/akra.png HTTP/1.1" 200 232293 "-" "-"
