157.173.127.72 - - [05/Dec/2025:17:28:05 +0300] "GET /shop/page/2/?shop_view=list HTTP/1.1" 200 25422 "-" "Mozilla/5.0 (compatible; MJ12bot/v1.4.8; http://mj12bot.com/)"
193.111.77.77 - - [05/Dec/2025:17:28:09 +0300] "GET /wp-content/uploads/2023/07/w-vgs-action-redfall.jpg HTTP/1.1" 200 164222 "-" "-"
193.111.77.77 - - [05/Dec/2025:17:37:38 +0300] "POST /wp-cron.php?doing_wp_cron=1764945458.8535559177398681640625 HTTP/1.1" 200 0 "-" "WordPress/6.9; https://tnstickers.com"
66.249.78.10 - - [05/Dec/2025:17:37:37 +0300] "GET /author/ HTTP/1.1" 404 19012 "-" "Mozilla/5.0 (Linux; Android 6.0.1; Nexus 5X Build/MMB29P) AppleWebKit/537.36 (KHTML, like Gecko) Chrome/141.0.7390.122 Mobile Safari/537.36 (compatible; GoogleOther)"
66.249.66.67 - - [05/Dec/2025:17:38:45 +0300] "GET /wp-includes/js/comment-reply.min.js?ver=6.9 HTTP/1.1" 200 1170 "https://tnstickers.com/product/forspoken/" "Mozilla/5.0 (Linux; Android 6.0.1; Nexus 5X Build/MMB29P) AppleWebKit/537.36 (KHTML, like Gecko) Chrome/141.0.7390.122 Mobile Safari/537.36 (compatible; Googlebot/2.1; +http://www.google.com/bot.html)"
66.249.66.168 - - [05/Dec/2025:17:38:47 +0300] "POST /?wc-ajax=get_refreshed_fragments HTTP/1.1" 200 514 "https://tnstickers.com/product/forspoken/" "Mozilla/5.0 (Linux; Android 6.0.1; Nexus 5X Build/MMB29P) AppleWebKit/537.36 (KHTML, like Gecko) Chrome/141.0.7390.122 Mobile Safari/537.36 (compatible; Googlebot/2.1; +http://www.google.com/bot.html)"
66.249.66.67 - - [05/Dec/2025:17:40:58 +0300] "GET /?_g=1980977 HTTP/1.1" 301 0 "-" "Mozilla/5.0 (Linux; Android 6.0.1; Nexus 5X Build/MMB29P) AppleWebKit/537.36 (KHTML, like Gecko) Chrome/141.0.7390.122 Mobile Safari/537.36 (compatible; GoogleOther)"
193.111.77.77 - - [05/Dec/2025:17:27:00 +0300] "GET /wp-content/uploads/2023/07/w-vgs-action-dying-light-2.jpg HTTP/1.1" 200 157438 "-" "-"
157.173.127.72 - - [05/Dec/2025:17:27:02 +0300] "GET /shop/?stock_status=onsale&per_row=3&shop_view=grid&per_page=9 HTTP/1.1" 200 24560 "-" "Mozilla/5.0 (compatible; MJ12bot/v1.4.8; http://mj12bot.com/)"
193.111.77.77 - - [05/Dec/2025:17:27:06 +0300] "GET /wp-content/uploads/2023/07/w-vgs-action-dying-light-2.jpg HTTP/1.1" 200 157438 "-" "-"
193.111.77.77 - - [05/Dec/2025:17:27:11 +0300] "GET /wp-content/uploads/2023/07/w-vgs-action-dying-light-2.jpg HTTP/1.1" 200 157438 "-" "-"
193.111.77.77 - - [05/Dec/2025:17:27:23 +0300] "GET /wp-content/uploads/2023/07/w-vgs-action-dying-light-2.jpg HTTP/1.1" 200 157438 "-" "-"
157.173.127.72 - - [05/Dec/2025:17:27:22 +0300] "GET /shop/?stock_status=onsale&per_row=4&shop_view=list HTTP/1.1" 200 24739 "-" "Mozilla/5.0 (compatible; MJ12bot/v1.4.8; http://mj12bot.com/)"
193.111.77.77 - - [05/Dec/2025:17:27:32 +0300] "GET /wp-content/uploads/2023/07/w-vgs-action-dying-light-2.jpg HTTP/1.1" 200 157438 "-" "-"
193.111.77.77 - - [05/Dec/2025:17:27:35 +0300] "GET /wp-content/uploads/2023/07/w-vgs-action-dying-light-2.jpg HTTP/1.1" 200 157438 "-" "-"
193.111.77.77 - - [05/Dec/2025:17:27:42 +0300] "GET /wp-content/uploads/2023/07/w-vgs-action-redfall.jpg HTTP/1.1" 200 164222 "-" "-"
157.173.127.72 - - [05/Dec/2025:17:27:46 +0300] "GET /shop/page/2/?add-to-cart=2725 HTTP/1.1" 200 24630 "-" "Mozilla/5.0 (compatible; MJ12bot/v1.4.8; http://mj12bot.com/)"
193.111.77.77 - - [05/Dec/2025:17:27:50 +0300] "GET /wp-content/uploads/2023/07/w-vgs-action-far-cry-6.jpg HTTP/1.1" 200 174811 "-" "-"
193.111.77.77 - - [05/Dec/2025:17:27:52 +0300] "GET /wp-content/uploads/2023/07/w-vgs-action-metroid.jpg HTTP/1.1" 200 134227 "-" "-"
157.173.127.72 - - [05/Dec/2025:17:27:57 +0300] "GET /shop/page/2/?per_page=9 HTTP/1.1" 200 24867 "-" "Mozilla/5.0 (compatible; MJ12bot/v1.4.8; http://mj12bot.com/)"
157.173.127.72 - - [05/Dec/2025:17:28:03 +0300] "GET /shop/page/2/?shop_view=grid&per_row=4 HTTP/1.1" 200 24621 "-" "Mozilla/5.0 (compatible; MJ12bot/v1.4.8; http://mj12bot.com/)"
66.249.66.36 - - [05/Dec/2025:17:38:25 +0300] "GET /?_g=1907545 HTTP/1.1" 301 0 "-" "Mozilla/5.0 (Linux; Android 6.0.1; Nexus 5X Build/MMB29P) AppleWebKit/537.36 (KHTML, like Gecko) Chrome/141.0.7390.122 Mobile Safari/537.36 (compatible; GoogleOther)"
193.111.77.77 - - [05/Dec/2025:17:38:41 +0300] "POST /wp-cron.php?doing_wp_cron=1764945521.7007889747619628906250 HTTP/1.1" 200 0 "-" "WordPress/6.9; https://tnstickers.com"
66.249.66.168 - - [05/Dec/2025:17:41:13 +0300] "GET /?_g=1907545 HTTP/1.1" 200 27355 "-" "Mozilla/5.0 (Linux; Android 6.0.1; Nexus 5X Build/MMB29P) AppleWebKit/537.36 (KHTML, like Gecko) Chrome/141.0.7390.122 Mobile Safari/537.36 (compatible; GoogleOther)"
66.249.78.9 - - [05/Dec/2025:17:41:25 +0300] "POST /?wc-ajax=get_refreshed_fragments HTTP/1.1" 200 514 "https://tnstickers.com/?_g=1907545" "Mozilla/5.0 (Linux; Android 6.0.1; Nexus 5X Build/MMB29P) AppleWebKit/537.36 (KHTML, like Gecko) Chrome/141.0.7390.122 Mobile Safari/537.36 (compatible; Googlebot/2.1; +http://www.google.com/bot.html)"
66.249.66.34 - - [05/Dec/2025:17:41:29 +0300] "GET /?_g=4125515 HTTP/1.1" 301 0 "-" "Mozilla/5.0 (Linux; Android 6.0.1; Nexus 5X Build/MMB29P) AppleWebKit/537.36 (KHTML, like Gecko) Chrome/141.0.7390.122 Mobile Safari/537.36 (compatible; GoogleOther)"
66.249.76.34 - - [05/Dec/2025:17:41:32 +0300] "GET /?_g=1731483 HTTP/1.1" 301 0 "-" "Mozilla/5.0 (Linux; Android 6.0.1; Nexus 5X Build/MMB29P) AppleWebKit/537.36 (KHTML, like Gecko) Chrome/141.0.7390.122 Mobile Safari/537.36 (compatible; GoogleOther)"
204.12.252.98 - - [05/Dec/2025:17:42:47 +0300] "GET /wp-content/wpe333bb/index.php HTTP/1.1" 301 0 "https://tnstickers.com/wp-content/wpe333bb/index.php" "Mozilla/5.0 (Windows NT 10.0; Win64; x64) AppleWebKit/537.36 (KHTML, like Gecko) Chrome/58.0.3029.110 Safari/537.3"
157.173.127.72 - - [05/Dec/2025:17:27:54 +0300] "GET /shop/page/2/?per_page=24 HTTP/1.1" 200 24589 "-" "Mozilla/5.0 (compatible; MJ12bot/v1.4.8; http://mj12bot.com/)"
193.111.77.77 - - [05/Dec/2025:17:27:58 +0300] "GET /wp-content/uploads/2023/07/gm.png HTTP/1.1" 200 263677 "-" "-"
193.111.77.77 - - [05/Dec/2025:17:28:01 +0300] "GET /wp-content/uploads/2023/07/w-vgs-action-redfall.jpg HTTP/1.1" 200 164222 "-" "-"
157.173.127.72 - - [05/Dec/2025:17:28:00 +0300] "GET /shop/page/2/?shop_view=grid&per_row=3 HTTP/1.1" 200 24622 "-" "Mozilla/5.0 (compatible; MJ12bot/v1.4.8; http://mj12bot.com/)"
193.111.77.77 - - [05/Dec/2025:17:28:03 +0300] "GET /wp-content/uploads/2023/07/w-vgs-action-redfall.jpg HTTP/1.1" 200 164222 "-" "-"
157.173.127.72 - - [05/Dec/2025:17:28:08 +0300] "GET /shop/page/3/?per_page=12 HTTP/1.1" 200 24601 "-" "Mozilla/5.0 (compatible; MJ12bot/v1.4.8; http://mj12bot.com/)"
157.173.127.72 - - [05/Dec/2025:17:28:11 +0300] "GET /shop/page/3/?per_page=9 HTTP/1.1" 200 24874 "-" "Mozilla/5.0 (compatible; MJ12bot/v1.4.8; http://mj12bot.com/)"
193.111.77.77 - - [05/Dec/2025:17:28:14 +0300] "GET /wp-content/uploads/2023/07/w-vgs-action-stalker-2.jpg HTTP/1.1" 200 123277 "-" "-"
157.173.127.72 - - [05/Dec/2025:17:28:13 +0300] "GET /shop/page/4/?per_page=9 HTTP/1.1" 200 24281 "-" "Mozilla/5.0 (compatible; MJ12bot/v1.4.8; http://mj12bot.com/)"
66.249.78.1 - - [05/Dec/2025:17:31:51 +0300] "GET /robots.txt HTTP/1.1" 200 103 "-" "Mozilla/5.0 (compatible; Googlebot/2.1; +http://www.google.com/bot.html)"
193.111.77.77 - - [05/Dec/2025:17:38:41 +0300] "GET /wp-content/uploads/2023/07/w-vgs-action-forspoken.jpg HTTP/1.1" 200 143453 "-" "-"
66.249.78.10 - - [05/Dec/2025:17:38:44 +0300] "GET /wp-content/uploads/elementor/css/post-483.css?ver=1762560000 HTTP/1.1" 200 369 "https://tnstickers.com/product/forspoken/" "Mozilla/5.0 (Linux; Android 6.0.1; Nexus 5X Build/MMB29P) AppleWebKit/537.36 (KHTML, like Gecko) Chrome/141.0.7390.122 Mobile Safari/537.36 (compatible; Googlebot/2.1; +http://www.google.com/bot.html)"
66.249.66.201 - - [05/Dec/2025:17:41:10 +0300] "GET /?_g=2881422 HTTP/1.1" 301 0 "-" "Mozilla/5.0 (Linux; Android 6.0.1; Nexus 5X Build/MMB29P) AppleWebKit/537.36 (KHTML, like Gecko) Chrome/141.0.7390.122 Mobile Safari/537.36 (compatible; GoogleOther)"
193.111.77.77 - - [05/Dec/2025:17:41:12 +0300] "GET /wp-content/uploads/2023/07/w-vgs-action-forspoken.jpg HTTP/1.1" 200 143453 "-" "-"
66.249.66.4 - - [05/Dec/2025:17:41:22 +0300] "POST /?wc-ajax=get_refreshed_fragments HTTP/1.1" 200 514 "https://tnstickers.com/product/forspoken/" "Mozilla/5.0 (Linux; Android 6.0.1; Nexus 5X Build/MMB29P) AppleWebKit/537.36 (KHTML, like Gecko) Chrome/141.0.7390.122 Mobile Safari/537.36 (compatible; Googlebot/2.1; +http://www.google.com/bot.html)"
193.111.77.77 - - [05/Dec/2025:17:42:34 +0300] "POST /wp-cron.php?doing_wp_cron=1764945754.2392220497131347656250 HTTP/1.1" 200 0 "-" "WordPress/6.9; https://tnstickers.com"
66.249.66.162 - - [05/Dec/2025:17:43:57 +0300] "GET /?_g=768554 HTTP/1.1" 301 0 "-" "Mozilla/5.0 (Linux; Android 6.0.1; Nexus 5X Build/MMB29P) AppleWebKit/537.36 (KHTML, like Gecko) Chrome/141.0.7390.122 Mobile Safari/537.36 (compatible; GoogleOther)"
66.249.78.9 - - [05/Dec/2025:17:44:41 +0300] "GET /wp-content/themes/woodmart/js/scripts/wc/addToCartAllTypes.min.js?ver=8.3.6 HTTP/1.1" 200 779 "https://tnstickers.com/?_g=80575" "Mozilla/5.0 (Linux; Android 6.0.1; Nexus 5X Build/MMB29P) AppleWebKit/537.36 (KHTML, like Gecko) Chrome/141.0.7390.122 Mobile Safari/537.36 (compatible; Googlebot/2.1; +http://www.google.com/bot.html)"
66.249.66.3 - - [05/Dec/2025:17:44:42 +0300] "GET /?_g=2844398 HTTP/1.1" 301 0 "-" "Mozilla/5.0 (Linux; Android 6.0.1; Nexus 5X Build/MMB29P) AppleWebKit/537.36 (KHTML, like Gecko) Chrome/141.0.7390.122 Mobile Safari/537.36 (compatible; GoogleOther)"
193.111.77.77 - - [05/Dec/2025:17:44:58 +0300] "POST /wp-cron.php?doing_wp_cron=1764945898.4229660034179687500000 HTTP/1.1" 200 0 "-" "WordPress/6.9; https://tnstickers.com"
66.249.66.33 - - [05/Dec/2025:17:41:18 +0300] "GET /wp-content/uploads/elementor/css/post-483.css?ver=1762560000 HTTP/1.1" 200 369 "https://tnstickers.com/product/forspoken/" "Mozilla/5.0 (Linux; Android 6.0.1; Nexus 5X Build/MMB29P) AppleWebKit/537.36 (KHTML, like Gecko) Chrome/141.0.7390.122 Mobile Safari/537.36 (compatible; Googlebot/2.1; +http://www.google.com/bot.html)"
66.249.78.10 - - [05/Dec/2025:17:41:20 +0300] "GET /wp-content/themes/woodmart/css/parts/el-social-styles.min.css?ver=8.3.6 HTTP/1.1" 200 284 "https://tnstickers.com/?_g=1907545" "Mozilla/5.0 (Linux; Android 6.0.1; Nexus 5X Build/MMB29P) AppleWebKit/537.36 (KHTML, like Gecko) Chrome/141.0.7390.122 Mobile Safari/537.36 (compatible; Googlebot/2.1; +http://www.google.com/bot.html)"
193.111.77.77 - - [05/Dec/2025:17:41:30 +0300] "POST /wp-cron.php?doing_wp_cron=1764945690.1437849998474121093750 HTTP/1.1" 200 0 "-" "WordPress/6.9; https://tnstickers.com"
66.249.66.163 - - [05/Dec/2025:17:42:33 +0300] "GET /?_g=3894351 HTTP/1.1" 301 0 "-" "Mozilla/5.0 (Linux; Android 6.0.1; Nexus 5X Build/MMB29P) AppleWebKit/537.36 (KHTML, like Gecko) Chrome/141.0.7390.122 Mobile Safari/537.36 (compatible; GoogleOther)"
66.249.66.67 - - [05/Dec/2025:17:42:56 +0300] "GET /?_g=3003691 HTTP/1.1" 301 0 "-" "Mozilla/5.0 (Linux; Android 6.0.1; Nexus 5X Build/MMB29P) AppleWebKit/537.36 (KHTML, like Gecko) Chrome/141.0.7390.122 Mobile Safari/537.36 (compatible; GoogleOther)"
66.249.66.33 - - [05/Dec/2025:17:44:25 +0300] "GET /?_g=2881422 HTTP/1.1" 200 27353 "-" "Mozilla/5.0 (Linux; Android 6.0.1; Nexus 5X Build/MMB29P) AppleWebKit/537.36 (KHTML, like Gecko) Chrome/141.0.7390.122 Mobile Safari/537.36 (compatible; GoogleOther)"
66.249.66.67 - - [05/Dec/2025:17:44:31 +0300] "POST /?wc-ajax=get_refreshed_fragments HTTP/1.1" 200 514 "https://tnstickers.com/?_g=2881422" "Mozilla/5.0 (Linux; Android 6.0.1; Nexus 5X Build/MMB29P) AppleWebKit/537.36 (KHTML, like Gecko) Chrome/141.0.7390.122 Mobile Safari/537.36 (compatible; Googlebot/2.1; +http://www.google.com/bot.html)"
66.249.66.67 - - [05/Dec/2025:17:44:37 +0300] "GET /?_g=80575 HTTP/1.1" 200 27353 "-" "Mozilla/5.0 (Linux; Android 6.0.1; Nexus 5X Build/MMB29P) AppleWebKit/537.36 (KHTML, like Gecko) Chrome/141.0.7390.122 Mobile Safari/537.36 (compatible; GoogleOther)"
66.249.66.32 - - [05/Dec/2025:17:44:44 +0300] "POST /?wc-ajax=get_refreshed_fragments HTTP/1.1" 200 514 "https://tnstickers.com/?_g=80575" "Mozilla/5.0 (Linux; Android 6.0.1; Nexus 5X Build/MMB29P) AppleWebKit/537.36 (KHTML, like Gecko) Chrome/141.0.7390.122 Mobile Safari/537.36 (compatible; Googlebot/2.1; +http://www.google.com/bot.html)"
66.249.76.34 - - [05/Dec/2025:17:47:48 +0300] "GET /?_g=1070447 HTTP/1.1" 301 0 "-" "Mozilla/5.0 (Linux; Android 6.0.1; Nexus 5X Build/MMB29P) AppleWebKit/537.36 (KHTML, like Gecko) Chrome/141.0.7390.122 Mobile Safari/537.36 (compatible; GoogleOther)"
66.249.66.32 - - [05/Dec/2025:17:48:01 +0300] "POST /?wc-ajax=get_refreshed_fragments HTTP/1.1" 200 514 "https://tnstickers.com/?_g=1467019" "Mozilla/5.0 (Linux; Android 6.0.1; Nexus 5X Build/MMB29P) AppleWebKit/537.36 (KHTML, like Gecko) Chrome/141.0.7390.122 Mobile Safari/537.36 (compatible; Googlebot/2.1; +http://www.google.com/bot.html)"
66.249.78.10 - - [05/Dec/2025:17:48:06 +0300] "GET /?_g=2844398 HTTP/1.1" 200 27355 "-" "Mozilla/5.0 (Linux; Android 6.0.1; Nexus 5X Build/MMB29P) AppleWebKit/537.36 (KHTML, like Gecko) Chrome/141.0.7390.122 Mobile Safari/537.36 (compatible; GoogleOther)"
66.249.66.33 - - [05/Dec/2025:17:49:08 +0300] "POST /?wc-ajax=get_refreshed_fragments HTTP/1.1" 200 514 "https://tnstickers.com/?_g=3196803" "Mozilla/5.0 (Linux; Android 6.0.1; Nexus 5X Build/MMB29P) AppleWebKit/537.36 (KHTML, like Gecko) Chrome/141.0.7390.122 Mobile Safari/537.36 (compatible; Googlebot/2.1; +http://www.google.com/bot.html)"
66.249.66.4 - - [05/Dec/2025:17:49:41 +0300] "GET /?_g=3201382 HTTP/1.1" 200 27353 "-" "Mozilla/5.0 (Linux; Android 6.0.1; Nexus 5X Build/MMB29P) AppleWebKit/537.36 (KHTML, like Gecko) Chrome/141.0.7390.122 Mobile Safari/537.36 (compatible; GoogleOther)"
193.111.77.77 - - [05/Dec/2025:17:40:58 +0300] "POST /wp-cron.php?doing_wp_cron=1764945658.6358819007873535156250 HTTP/1.1" 200 0 "-" "WordPress/6.9; https://tnstickers.com"
66.249.78.9 - - [05/Dec/2025:17:41:11 +0300] "GET /product/forspoken/ HTTP/1.1" 200 27412 "-" "Mozilla/5.0 (Linux; Android 6.0.1; Nexus 5X Build/MMB29P) AppleWebKit/537.36 (KHTML, like Gecko) Chrome/141.0.7390.122 Mobile Safari/537.36 (compatible; Googlebot/2.1; +http://www.google.com/bot.html)"
66.249.66.3 - - [05/Dec/2025:17:41:17 +0300] "GET /?_g=80575 HTTP/1.1" 301 0 "-" "Mozilla/5.0 (Linux; Android 6.0.1; Nexus 5X Build/MMB29P) AppleWebKit/537.36 (KHTML, like Gecko) Chrome/141.0.7390.122 Mobile Safari/537.36 (compatible; GoogleOther)"
66.249.66.66 - - [05/Dec/2025:17:41:45 +0300] "GET /?_g=394459 HTTP/1.1" 301 0 "-" "Mozilla/5.0 (Linux; Android 6.0.1; Nexus 5X Build/MMB29P) AppleWebKit/537.36 (KHTML, like Gecko) Chrome/141.0.7390.122 Mobile Safari/537.36 (compatible; GoogleOther)"
66.249.78.10 - - [05/Dec/2025:17:44:21 +0300] "POST /?wc-ajax=get_refreshed_fragments HTTP/1.1" 200 514 "https://tnstickers.com/?_g=1980977" "Mozilla/5.0 (Linux; Android 6.0.1; Nexus 5X Build/MMB29P) AppleWebKit/537.36 (KHTML, like Gecko) Chrome/141.0.7390.122 Mobile Safari/537.36 (compatible; Googlebot/2.1; +http://www.google.com/bot.html)"
66.249.76.36 - - [05/Dec/2025:17:45:14 +0300] "GET /?_g=3196803 HTTP/1.1" 301 0 "-" "Mozilla/5.0 (Linux; Android 6.0.1; Nexus 5X Build/MMB29P) AppleWebKit/537.36 (KHTML, like Gecko) Chrome/141.0.7390.122 Mobile Safari/537.36 (compatible; GoogleOther)"
66.249.76.35 - - [05/Dec/2025:17:45:18 +0300] "GET /?_g=941167 HTTP/1.1" 301 0 "-" "Mozilla/5.0 (Linux; Android 6.0.1; Nexus 5X Build/MMB29P) AppleWebKit/537.36 (KHTML, like Gecko) Chrome/141.0.7390.122 Mobile Safari/537.36 (compatible; GoogleOther)"
66.249.66.4 - - [05/Dec/2025:17:45:21 +0300] "GET /?_g=394459 HTTP/1.1" 200 27354 "-" "Mozilla/5.0 (Linux; Android 6.0.1; Nexus 5X Build/MMB29P) AppleWebKit/537.36 (KHTML, like Gecko) Chrome/141.0.7390.122 Mobile Safari/537.36 (compatible; GoogleOther)"
66.249.66.4 - - [05/Dec/2025:17:45:30 +0300] "POST /?wc-ajax=get_refreshed_fragments HTTP/1.1" 200 514 "https://tnstickers.com/?_g=394459" "Mozilla/5.0 (Linux; Android 6.0.1; Nexus 5X Build/MMB29P) AppleWebKit/537.36 (KHTML, like Gecko) Chrome/141.0.7390.122 Mobile Safari/537.36 (compatible; Googlebot/2.1; +http://www.google.com/bot.html)"
66.249.66.4 - - [05/Dec/2025:17:46:02 +0300] "GET /?_g=3201382 HTTP/1.1" 301 0 "-" "Mozilla/5.0 (Linux; Android 6.0.1; Nexus 5X Build/MMB29P) AppleWebKit/537.36 (KHTML, like Gecko) Chrome/141.0.7390.122 Mobile Safari/537.36 (compatible; GoogleOther)"
66.249.78.9 - - [05/Dec/2025:17:46:18 +0300] "GET /?_g=3894351 HTTP/1.1" 200 27354 "-" "Mozilla/5.0 (Linux; Android 6.0.1; Nexus 5X Build/MMB29P) AppleWebKit/537.36 (KHTML, like Gecko) Chrome/141.0.7390.122 Mobile Safari/537.36 (compatible; GoogleOther)"
66.249.78.10 - - [05/Dec/2025:17:47:35 +0300] "GET /?_g=768554 HTTP/1.1" 200 27353 "-" "Mozilla/5.0 (Linux; Android 6.0.1; Nexus 5X Build/MMB29P) AppleWebKit/537.36 (KHTML, like Gecko) Chrome/141.0.7390.122 Mobile Safari/537.36 (compatible; GoogleOther)"
66.249.66.198 - - [05/Dec/2025:17:47:55 +0300] "GET /?_g=1467019 HTTP/1.1" 200 27351 "-" "Mozilla/5.0 (Linux; Android 6.0.1; Nexus 5X Build/MMB29P) AppleWebKit/537.36 (KHTML, like Gecko) Chrome/141.0.7390.122 Mobile Safari/537.36 (compatible; GoogleOther)"
193.111.77.77 - - [05/Dec/2025:17:49:05 +0300] "POST /wp-cron.php?doing_wp_cron=1764946145.1635529994964599609375 HTTP/1.1" 200 0 "-" "WordPress/6.9; https://tnstickers.com"
66.249.66.168 - - [05/Dec/2025:17:49:24 +0300] "GET /?_g=303278 HTTP/1.1" 200 27355 "-" "Mozilla/5.0 (Linux; Android 6.0.1; Nexus 5X Build/MMB29P) AppleWebKit/537.36 (KHTML, like Gecko) Chrome/141.0.7390.122 Mobile Safari/537.36 (compatible; GoogleOther)"
204.12.252.98 - - [05/Dec/2025:17:42:49 +0300] "GET /wp-content/wpe333bb/ HTTP/1.1" 404 19013 "https://tnstickers.com/wp-content/wpe333bb/index.php" "Mozilla/5.0 (Windows NT 10.0; Win64; x64) AppleWebKit/537.36 (KHTML, like Gecko) Chrome/58.0.3029.110 Safari/537.3"
66.249.66.198 - - [05/Dec/2025:17:44:06 +0300] "GET /?_g=1980977 HTTP/1.1" 200 27351 "-" "Mozilla/5.0 (Linux; Android 6.0.1; Nexus 5X Build/MMB29P) AppleWebKit/537.36 (KHTML, like Gecko) Chrome/141.0.7390.122 Mobile Safari/537.36 (compatible; GoogleOther)"
66.249.66.163 - - [05/Dec/2025:17:44:15 +0300] "GET /?_g=1467019 HTTP/1.1" 301 0 "-" "Mozilla/5.0 (Linux; Android 6.0.1; Nexus 5X Build/MMB29P) AppleWebKit/537.36 (KHTML, like Gecko) Chrome/141.0.7390.122 Mobile Safari/537.36 (compatible; GoogleOther)"
66.249.66.198 - - [05/Dec/2025:17:44:57 +0300] "GET /?_g=4125515 HTTP/1.1" 200 27353 "-" "Mozilla/5.0 (Linux; Android 6.0.1; Nexus 5X Build/MMB29P) AppleWebKit/537.36 (KHTML, like Gecko) Chrome/141.0.7390.122 Mobile Safari/537.36 (compatible; GoogleOther)"
66.249.66.198 - - [05/Dec/2025:17:45:00 +0300] "GET /?_g=1731483 HTTP/1.1" 200 27354 "-" "Mozilla/5.0 (Linux; Android 6.0.1; Nexus 5X Build/MMB29P) AppleWebKit/537.36 (KHTML, like Gecko) Chrome/141.0.7390.122 Mobile Safari/537.36 (compatible; GoogleOther)"
66.249.78.9 - - [05/Dec/2025:17:45:03 +0300] "POST /?wc-ajax=get_refreshed_fragments HTTP/1.1" 200 514 "https://tnstickers.com/?_g=4125515" "Mozilla/5.0 (Linux; Android 6.0.1; Nexus 5X Build/MMB29P) AppleWebKit/537.36 (KHTML, like Gecko) Chrome/141.0.7390.122 Mobile Safari/537.36 (compatible; Googlebot/2.1; +http://www.google.com/bot.html)"
66.249.66.200 - - [05/Dec/2025:17:45:40 +0300] "GET /?_g=303278 HTTP/1.1" 301 0 "-" "Mozilla/5.0 (Linux; Android 6.0.1; Nexus 5X Build/MMB29P) AppleWebKit/537.36 (KHTML, like Gecko) Chrome/141.0.7390.122 Mobile Safari/537.36 (compatible; GoogleOther)"
66.249.66.67 - - [05/Dec/2025:17:46:25 +0300] "POST /?wc-ajax=get_refreshed_fragments HTTP/1.1" 200 514 "https://tnstickers.com/?_g=3894351" "Mozilla/5.0 (Linux; Android 6.0.1; Nexus 5X Build/MMB29P) AppleWebKit/537.36 (KHTML, like Gecko) Chrome/141.0.7390.122 Mobile Safari/537.36 (compatible; Googlebot/2.1; +http://www.google.com/bot.html)"
66.249.66.162 - - [05/Dec/2025:17:47:06 +0300] "GET /?_g=66417 HTTP/1.1" 301 0 "-" "Mozilla/5.0 (Linux; Android 6.0.1; Nexus 5X Build/MMB29P) AppleWebKit/537.36 (KHTML, like Gecko) Chrome/141.0.7390.122 Mobile Safari/537.36 (compatible; GoogleOther)"
66.249.66.4 - - [05/Dec/2025:17:47:41 +0300] "POST /?wc-ajax=get_refreshed_fragments HTTP/1.1" 200 514 "https://tnstickers.com/?_g=768554" "Mozilla/5.0 (Linux; Android 6.0.1; Nexus 5X Build/MMB29P) AppleWebKit/537.36 (KHTML, like Gecko) Chrome/141.0.7390.122 Mobile Safari/537.36 (compatible; Googlebot/2.1; +http://www.google.com/bot.html)"
66.249.66.33 - - [05/Dec/2025:17:49:03 +0300] "GET /?_g=3196803 HTTP/1.1" 200 27354 "-" "Mozilla/5.0 (Linux; Android 6.0.1; Nexus 5X Build/MMB29P) AppleWebKit/537.36 (KHTML, like Gecko) Chrome/141.0.7390.122 Mobile Safari/537.36 (compatible; GoogleOther)"
204.12.252.98 - - [05/Dec/2025:17:49:06 +0300] "GET /wp-content/wpe333bb/index.php HTTP/1.1" 301 0 "https://tnstickers.com/wp-content/wpe333bb/index.php" "Mozilla/5.0 (Windows NT 10.0; Win64; x64) AppleWebKit/537.36 (KHTML, like Gecko) Chrome/58.0.3029.110 Safari/537.3"
204.12.252.98 - - [05/Dec/2025:17:49:07 +0300] "GET /wp-content/wpe333bb/ HTTP/1.1" 404 19018 "https://tnstickers.com/wp-content/wpe333bb/index.php" "Mozilla/5.0 (Windows NT 10.0; Win64; x64) AppleWebKit/537.36 (KHTML, like Gecko) Chrome/58.0.3029.110 Safari/537.3"
66.249.78.10 - - [05/Dec/2025:17:49:07 +0300] "GET /?_g=941167 HTTP/1.1" 200 27355 "-" "Mozilla/5.0 (Linux; Android 6.0.1; Nexus 5X Build/MMB29P) AppleWebKit/537.36 (KHTML, like Gecko) Chrome/141.0.7390.122 Mobile Safari/537.36 (compatible; GoogleOther)"
193.111.77.77 - - [05/Dec/2025:17:49:42 +0300] "POST /wp-cron.php?doing_wp_cron=1764946182.2423250675201416015625 HTTP/1.1" 200 0 "-" "WordPress/6.9; https://tnstickers.com"
66.249.78.9 - - [05/Dec/2025:17:45:11 +0300] "POST /?wc-ajax=get_refreshed_fragments HTTP/1.1" 200 514 "https://tnstickers.com/?_g=1731483" "Mozilla/5.0 (Linux; Android 6.0.1; Nexus 5X Build/MMB29P) AppleWebKit/537.36 (KHTML, like Gecko) Chrome/141.0.7390.122 Mobile Safari/537.36 (compatible; Googlebot/2.1; +http://www.google.com/bot.html)"
193.111.77.77 - - [05/Dec/2025:17:45:31 +0300] "POST /wp-cron.php?doing_wp_cron=1764945930.9870378971099853515625 HTTP/1.1" 200 0 "-" "WordPress/6.9; https://tnstickers.com"
193.111.77.77 - - [05/Dec/2025:17:46:43 +0300] "POST /wp-cron.php?doing_wp_cron=1764946003.2090458869934082031250 HTTP/1.1" 200 0 "-" "WordPress/6.9; https://tnstickers.com"
66.249.66.66 - - [05/Dec/2025:17:46:41 +0300] "GET /?_g=1196608 HTTP/1.1" 301 0 "-" "Mozilla/5.0 (Linux; Android 6.0.1; Nexus 5X Build/MMB29P) AppleWebKit/537.36 (KHTML, like Gecko) Chrome/141.0.7390.122 Mobile Safari/537.36 (compatible; GoogleOther)"
66.249.78.9 - - [05/Dec/2025:17:46:48 +0300] "GET /?_g=3003691 HTTP/1.1" 200 27354 "-" "Mozilla/5.0 (Linux; Android 6.0.1; Nexus 5X Build/MMB29P) AppleWebKit/537.36 (KHTML, like Gecko) Chrome/141.0.7390.122 Mobile Safari/537.36 (compatible; GoogleOther)"
66.249.78.1 - - [05/Dec/2025:17:47:05 +0300] "POST /?wc-ajax=get_refreshed_fragments HTTP/1.1" 200 514 "https://tnstickers.com/?_g=3003691" "Mozilla/5.0 (Linux; Android 6.0.1; Nexus 5X Build/MMB29P) AppleWebKit/537.36 (KHTML, like Gecko) Chrome/141.0.7390.122 Mobile Safari/537.36 (compatible; Googlebot/2.1; +http://www.google.com/bot.html)"
193.111.77.77 - - [05/Dec/2025:17:47:37 +0300] "POST /wp-cron.php?doing_wp_cron=1764946057.5357370376586914062500 HTTP/1.1" 200 0 "-" "WordPress/6.9; https://tnstickers.com"
66.249.78.9 - - [05/Dec/2025:17:48:15 +0300] "POST /?wc-ajax=get_refreshed_fragments HTTP/1.1" 200 514 "https://tnstickers.com/?_g=2844398" "Mozilla/5.0 (Linux; Android 6.0.1; Nexus 5X Build/MMB29P) AppleWebKit/537.36 (KHTML, like Gecko) Chrome/141.0.7390.122 Mobile Safari/537.36 (compatible; Googlebot/2.1; +http://www.google.com/bot.html)"
66.249.66.3 - - [05/Dec/2025:17:48:16 +0300] "GET /?_g=2993474 HTTP/1.1" 301 0 "-" "Mozilla/5.0 (Linux; Android 6.0.1; Nexus 5X Build/MMB29P) AppleWebKit/537.36 (KHTML, like Gecko) Chrome/141.0.7390.122 Mobile Safari/537.36 (compatible; GoogleOther)"
66.249.66.163 - - [05/Dec/2025:17:49:11 +0300] "GET /?_g=2003158 HTTP/1.1" 301 0 "-" "Mozilla/5.0 (Linux; Android 6.0.1; Nexus 5X Build/MMB29P) AppleWebKit/537.36 (KHTML, like Gecko) Chrome/141.0.7390.122 Mobile Safari/537.36 (compatible; GoogleOther)"
66.249.76.35 - - [05/Dec/2025:17:49:21 +0300] "GET /?_g=4115405 HTTP/1.1" 301 0 "-" "Mozilla/5.0 (Linux; Android 6.0.1; Nexus 5X Build/MMB29P) AppleWebKit/537.36 (KHTML, like Gecko) Chrome/141.0.7390.122 Mobile Safari/537.36 (compatible; GoogleOther)"
193.111.77.77 - - [05/Dec/2025:17:50:29 +0300] "POST /wp-cron.php?doing_wp_cron=1764946229.1839759349822998046875 HTTP/1.1" 200 0 "-" "WordPress/6.9; https://tnstickers.com"
193.111.77.77 - - [05/Dec/2025:17:50:30 +0300] "POST /wp-cron.php?doing_wp_cron=1764946230.9267649650573730468750 HTTP/1.1" 200 0 "-" "WordPress/6.9; https://tnstickers.com"
66.249.66.199 - - [05/Dec/2025:17:51:12 +0300] "GET /?_g=66417 HTTP/1.1" 200 27354 "-" "Mozilla/5.0 (Linux; Android 6.0.1; Nexus 5X Build/MMB29P) AppleWebKit/537.36 (KHTML, like Gecko) Chrome/141.0.7390.122 Mobile Safari/537.36 (compatible; GoogleOther)"
66.249.66.5 - - [05/Dec/2025:17:53:03 +0300] "GET /?_g=2993474 HTTP/1.1" 200 27352 "-" "Mozilla/5.0 (Linux; Android 6.0.1; Nexus 5X Build/MMB29P) AppleWebKit/537.36 (KHTML, like Gecko) Chrome/141.0.7390.122 Mobile Safari/537.36 (compatible; GoogleOther)"
66.249.66.32 - - [05/Dec/2025:17:53:14 +0300] "POST /?wc-ajax=get_refreshed_fragments HTTP/1.1" 200 514 "https://tnstickers.com/?_g=2993474" "Mozilla/5.0 (Linux; Android 6.0.1; Nexus 5X Build/MMB29P) AppleWebKit/537.36 (KHTML, like Gecko) Chrome/141.0.7390.122 Mobile Safari/537.36 (compatible; Googlebot/2.1; +http://www.google.com/bot.html)"
66.249.78.1 - - [05/Dec/2025:17:50:13 +0300] "POST /?wc-ajax=get_refreshed_fragments HTTP/1.1" 200 514 "https://tnstickers.com/?_g=3201382" "Mozilla/5.0 (Linux; Android 6.0.1; Nexus 5X Build/MMB29P) AppleWebKit/537.36 (KHTML, like Gecko) Chrome/141.0.7390.122 Mobile Safari/537.36 (compatible; Googlebot/2.1; +http://www.google.com/bot.html)"
66.249.66.4 - - [05/Dec/2025:17:50:28 +0300] "POST /?wc-ajax=get_refreshed_fragments HTTP/1.1" 200 514 "https://tnstickers.com/?_g=941167" "Mozilla/5.0 (Linux; Android 6.0.1; Nexus 5X Build/MMB29P) AppleWebKit/537.36 (KHTML, like Gecko) Chrome/141.0.7390.122 Mobile Safari/537.36 (compatible; Googlebot/2.1; +http://www.google.com/bot.html)"
66.249.66.168 - - [05/Dec/2025:17:50:29 +0300] "GET /?_g=1196608 HTTP/1.1" 200 27355 "-" "Mozilla/5.0 (Linux; Android 6.0.1; Nexus 5X Build/MMB29P) AppleWebKit/537.36 (KHTML, like Gecko) Chrome/141.0.7390.122 Mobile Safari/537.36 (compatible; GoogleOther)"
66.249.66.34 - - [05/Dec/2025:17:50:47 +0300] "GET /?_g=3104082 HTTP/1.1" 301 0 "-" "Mozilla/5.0 (Linux; Android 6.0.1; Nexus 5X Build/MMB29P) AppleWebKit/537.36 (KHTML, like Gecko) Chrome/141.0.7390.122 Mobile Safari/537.36 (compatible; GoogleOther)"
66.249.66.67 - - [05/Dec/2025:17:51:30 +0300] "POST /?wc-ajax=get_refreshed_fragments HTTP/1.1" 200 514 "https://tnstickers.com/?_g=66417" "Mozilla/5.0 (Linux; Android 6.0.1; Nexus 5X Build/MMB29P) AppleWebKit/537.36 (KHTML, like Gecko) Chrome/141.0.7390.122 Mobile Safari/537.36 (compatible; Googlebot/2.1; +http://www.google.com/bot.html)"
66.249.78.10 - - [05/Dec/2025:17:54:13 +0300] "GET /?_g=2003158 HTTP/1.1" 200 27351 "-" "Mozilla/5.0 (Linux; Android 6.0.1; Nexus 5X Build/MMB29P) AppleWebKit/537.36 (KHTML, like Gecko) Chrome/141.0.7390.122 Mobile Safari/537.36 (compatible; GoogleOther)"
66.249.66.199 - - [05/Dec/2025:17:54:25 +0300] "GET /?_g=4115405 HTTP/1.1" 200 27352 "-" "Mozilla/5.0 (Linux; Android 6.0.1; Nexus 5X Build/MMB29P) AppleWebKit/537.36 (KHTML, like Gecko) Chrome/141.0.7390.122 Mobile Safari/537.36 (compatible; GoogleOther)"
193.111.77.77 - - [05/Dec/2025:17:55:30 +0300] "POST /wp-cron.php?doing_wp_cron=1764946530.8575880527496337890625 HTTP/1.1" 200 0 "-" "WordPress/6.9; https://tnstickers.com"
66.249.66.67 - - [05/Dec/2025:17:56:14 +0300] "POST /?wc-ajax=get_refreshed_fragments HTTP/1.1" 200 514 "https://tnstickers.com/?_g=1637297" "Mozilla/5.0 (Linux; Android 6.0.1; Nexus 5X Build/MMB29P) AppleWebKit/537.36 (KHTML, like Gecko) Chrome/141.0.7390.122 Mobile Safari/537.36 (compatible; Googlebot/2.1; +http://www.google.com/bot.html)"
17.246.23.234 - - [05/Dec/2025:17:58:28 +0300] "GET /wp-content/plugins/woocommerce/assets/client/blocks/wc-blocks.css?ver=wc-10.3.5 HTTP/1.1" 200 2579 "https://tnstickers.com/?product=horizon-forbidden-west" "Mozilla/5.0 (Macintosh; Intel Mac OS X 10_15_7) AppleWebKit/605.1.15 (KHTML, like Gecko) Version/17.4 Safari/605.1.15 (Applebot/0.1; +http://www.apple.com/go/applebot)"
17.246.23.224 - - [05/Dec/2025:17:58:28 +0300] "GET /wp-includes/css/dist/block-library/style.min.css?ver=6.9 HTTP/1.1" 200 15731 "https://tnstickers.com/?product=horizon-forbidden-west" "Mozilla/5.0 (Macintosh; Intel Mac OS X 10_15_7) AppleWebKit/605.1.15 (KHTML, like Gecko) Version/17.4 Safari/605.1.15 (Applebot/0.1; +http://www.apple.com/go/applebot)"
17.246.19.66 - - [05/Dec/2025:17:58:28 +0300] "GET /wp-content/themes/woodmart/css/parts/base.min.css?ver=8.3.6 HTTP/1.1" 200 10118 "https://tnstickers.com/?product=horizon-forbidden-west" "Mozilla/5.0 (Macintosh; Intel Mac OS X 10_15_7) AppleWebKit/605.1.15 (KHTML, like Gecko) Version/17.4 Safari/605.1.15 (Applebot/0.1; +http://www.apple.com/go/applebot)"
17.246.15.157 - - [05/Dec/2025:17:58:31 +0300] "GET /wp-content/themes/woodmart/css/parts/int-elem-base.min.css?ver=8.3.6 HTTP/1.1" 200 1545 "https://tnstickers.com/?product=horizon-forbidden-west" "Mozilla/5.0 (Macintosh; Intel Mac OS X 10_15_7) AppleWebKit/605.1.15 (KHTML, like Gecko) Version/17.4 Safari/605.1.15 (Applebot/0.1; +http://www.apple.com/go/applebot)"
193.111.77.77 - - [05/Dec/2025:17:51:31 +0300] "POST /wp-cron.php?doing_wp_cron=1764946291.4107971191406250000000 HTTP/1.1" 200 0 "-" "WordPress/6.9; https://tnstickers.com"
66.249.66.68 - - [05/Dec/2025:17:52:19 +0300] "GET /wp-content/themes/woodmart/js/scripts/header/headerBuilder.min.js?ver=8.3.6 HTTP/1.1" 200 915 "https://tnstickers.com/?_g=1070447" "Mozilla/5.0 (Linux; Android 6.0.1; Nexus 5X Build/MMB29P) AppleWebKit/537.36 (KHTML, like Gecko) Chrome/141.0.7390.122 Mobile Safari/537.36 (compatible; Googlebot/2.1; +http://www.google.com/bot.html)"
66.249.78.9 - - [05/Dec/2025:17:52:22 +0300] "POST /?wc-ajax=get_refreshed_fragments HTTP/1.1" 200 514 "https://tnstickers.com/?_g=1070447" "Mozilla/5.0 (Linux; Android 6.0.1; Nexus 5X Build/MMB29P) AppleWebKit/537.36 (KHTML, like Gecko) Chrome/141.0.7390.122 Mobile Safari/537.36 (compatible; Googlebot/2.1; +http://www.google.com/bot.html)"
17.246.15.43 - - [05/Dec/2025:17:52:39 +0300] "GET /robots.txt HTTP/1.1" 200 130 "-" "Mozilla/5.0 (Macintosh; Intel Mac OS X 10_15_7) AppleWebKit/605.1.15 (KHTML, like Gecko) Version/17.4 Safari/605.1.15 (Applebot/0.1; +http://www.apple.com/go/applebot)"
17.246.15.43 - - [05/Dec/2025:17:52:39 +0300] "GET /?product=horizon-forbidden-west HTTP/1.1" 404 20777 "-" "Mozilla/5.0 (Macintosh; Intel Mac OS X 10_15_7) AppleWebKit/605.1.15 (KHTML, like Gecko) Version/17.4 Safari/605.1.15 (Applebot/0.1; +http://www.apple.com/go/applebot)"
193.111.77.77 - - [05/Dec/2025:17:54:33 +0300] "POST /wp-cron.php?doing_wp_cron=1764946473.5910129547119140625000 HTTP/1.1" 200 0 "-" "WordPress/6.9; https://tnstickers.com"
66.249.78.9 - - [05/Dec/2025:17:54:33 +0300] "POST /?wc-ajax=get_refreshed_fragments HTTP/1.1" 200 514 "https://tnstickers.com/?_g=2003158" "Mozilla/5.0 (Linux; Android 6.0.1; Nexus 5X Build/MMB29P) AppleWebKit/537.36 (KHTML, like Gecko) Chrome/141.0.7390.122 Mobile Safari/537.36 (compatible; Googlebot/2.1; +http://www.google.com/bot.html)"
66.249.78.9 - - [05/Dec/2025:17:54:36 +0300] "POST /?wc-ajax=get_refreshed_fragments HTTP/1.1" 200 514 "https://tnstickers.com/?_g=4115405" "Mozilla/5.0 (Linux; Android 6.0.1; Nexus 5X Build/MMB29P) AppleWebKit/537.36 (KHTML, like Gecko) Chrome/141.0.7390.122 Mobile Safari/537.36 (compatible; Googlebot/2.1; +http://www.google.com/bot.html)"
66.249.78.1 - - [05/Dec/2025:17:55:29 +0300] "GET /?_g=3104082 HTTP/1.1" 200 27353 "-" "Mozilla/5.0 (Linux; Android 6.0.1; Nexus 5X Build/MMB29P) AppleWebKit/537.36 (KHTML, like Gecko) Chrome/141.0.7390.122 Mobile Safari/537.36 (compatible; GoogleOther)"
66.249.78.9 - - [05/Dec/2025:17:56:46 +0300] "POST /?wc-ajax=get_refreshed_fragments HTTP/1.1" 200 514 "https://tnstickers.com/?_g=1654344" "Mozilla/5.0 (Linux; Android 6.0.1; Nexus 5X Build/MMB29P) AppleWebKit/537.36 (KHTML, like Gecko) Chrome/141.0.7390.122 Mobile Safari/537.36 (compatible; Googlebot/2.1; +http://www.google.com/bot.html)"
17.246.23.173 - - [05/Dec/2025:17:58:30 +0300] "GET /wp-content/themes/woodmart/css/parts/helpers-wpb-elem.min.css?ver=8.3.6 HTTP/1.1" 200 342 "https://tnstickers.com/?product=horizon-forbidden-west" "Mozilla/5.0 (Macintosh; Intel Mac OS X 10_15_7) AppleWebKit/605.1.15 (KHTML, like Gecko) Version/17.4 Safari/605.1.15 (Applebot/0.1; +http://www.apple.com/go/applebot)"
17.246.19.171 - - [05/Dec/2025:17:58:30 +0300] "GET /wp-content/themes/woodmart/css/parts/page-404.min.css?ver=8.3.6 HTTP/1.1" 200 350 "https://tnstickers.com/?product=horizon-forbidden-west" "Mozilla/5.0 (Macintosh; Intel Mac OS X 10_15_7) AppleWebKit/605.1.15 (KHTML, like Gecko) Version/17.4 Safari/605.1.15 (Applebot/0.1; +http://www.apple.com/go/applebot)"
17.246.19.171 - - [05/Dec/2025:17:58:32 +0300] "GET /wp-content/themes/woodmart/css/parts/woo-mod-progress-bar.min.css?ver=8.3.6 HTTP/1.1" 200 368 "https://tnstickers.com/?product=horizon-forbidden-west" "Mozilla/5.0 (Macintosh; Intel Mac OS X 10_15_7) AppleWebKit/605.1.15 (KHTML, like Gecko) Version/17.4 Safari/605.1.15 (Applebot/0.1; +http://www.apple.com/go/applebot)"
66.249.66.67 - - [05/Dec/2025:17:54:33 +0300] "GET /?_g=1863684 HTTP/1.1" 301 0 "-" "Mozilla/5.0 (Linux; Android 6.0.1; Nexus 5X Build/MMB29P) AppleWebKit/537.36 (KHTML, like Gecko) Chrome/141.0.7390.122 Mobile Safari/537.36 (compatible; GoogleOther)"
193.111.77.77 - - [05/Dec/2025:17:55:52 +0300] "POST /wp-cron.php?doing_wp_cron=1764946552.9819650650024414062500 HTTP/1.1" 200 0 "-" "WordPress/6.9; https://tnstickers.com"
66.249.66.67 - - [05/Dec/2025:17:57:04 +0300] "POST /?wc-ajax=get_refreshed_fragments HTTP/1.1" 200 514 "https://tnstickers.com/?_g=1196608" "Mozilla/5.0 (Linux; Android 6.0.1; Nexus 5X Build/MMB29P) AppleWebKit/537.36 (KHTML, like Gecko) Chrome/141.0.7390.122 Mobile Safari/537.36 (compatible; Googlebot/2.1; +http://www.google.com/bot.html)"
66.249.66.201 - - [05/Dec/2025:17:57:24 +0300] "GET /?_g=591882 HTTP/1.1" 301 0 "-" "Mozilla/5.0 (Linux; Android 6.0.1; Nexus 5X Build/MMB29P) AppleWebKit/537.36 (KHTML, like Gecko) Chrome/141.0.7390.122 Mobile Safari/537.36 (compatible; GoogleOther)"
66.249.76.36 - - [05/Dec/2025:17:58:03 +0300] "GET /robots.txt HTTP/1.1" 200 103 "-" "Mozilla/5.0 (compatible; Googlebot/2.1; +http://www.google.com/bot.html)"
17.246.19.158 - - [05/Dec/2025:17:58:29 +0300] "GET /wp-content/uploads/elementor/css/post-13.css?ver=1764755928 HTTP/1.1" 200 366 "https://tnstickers.com/?product=horizon-forbidden-west" "Mozilla/5.0 (Macintosh; Intel Mac OS X 10_15_7) AppleWebKit/605.1.15 (KHTML, like Gecko) Version/17.4 Safari/605.1.15 (Applebot/0.1; +http://www.apple.com/go/applebot)"
17.246.15.111 - - [05/Dec/2025:17:58:31 +0300] "GET /wp-content/themes/woodmart/css/parts/woocommerce-base.min.css?ver=8.3.6 HTTP/1.1" 200 1792 "https://tnstickers.com/?product=horizon-forbidden-west" "Mozilla/5.0 (Macintosh; Intel Mac OS X 10_15_7) AppleWebKit/605.1.15 (KHTML, like Gecko) Version/17.4 Safari/605.1.15 (Applebot/0.1; +http://www.apple.com/go/applebot)"
17.246.15.152 - - [05/Dec/2025:17:58:32 +0300] "GET /wp-content/themes/woodmart/css/parts/mod-star-rating.min.css?ver=8.3.6 HTTP/1.1" 200 288 "https://tnstickers.com/?product=horizon-forbidden-west" "Mozilla/5.0 (Macintosh; Intel Mac OS X 10_15_7) AppleWebKit/605.1.15 (KHTML, like Gecko) Version/17.4 Safari/605.1.15 (Applebot/0.1; +http://www.apple.com/go/applebot)"
17.246.23.165 - - [05/Dec/2025:17:58:33 +0300] "GET /wp-content/themes/woodmart/css/parts/woo-opt-free-progress-bar.min.css?ver=8.3.6 HTTP/1.1" 200 326 "https://tnstickers.com/?product=horizon-forbidden-west" "Mozilla/5.0 (Macintosh; Intel Mac OS X 10_15_7) AppleWebKit/605.1.15 (KHTML, like Gecko) Version/17.4 Safari/605.1.15 (Applebot/0.1; +http://www.apple.com/go/applebot)"
17.246.15.111 - - [05/Dec/2025:17:58:33 +0300] "GET /wp-content/themes/woodmart/css/parts/mod-tools.min.css?ver=8.3.6 HTTP/1.1" 200 1028 "https://tnstickers.com/?product=horizon-forbidden-west" "Mozilla/5.0 (Macintosh; Intel Mac OS X 10_15_7) AppleWebKit/605.1.15 (KHTML, like Gecko) Version/17.4 Safari/605.1.15 (Applebot/0.1; +http://www.apple.com/go/applebot)"
17.246.15.207 - - [05/Dec/2025:17:58:35 +0300] "GET /wp-content/themes/woodmart/css/parts/el-info-box.min.css?ver=8.3.6 HTTP/1.1" 200 1120 "https://tnstickers.com/?product=horizon-forbidden-west" "Mozilla/5.0 (Macintosh; Intel Mac OS X 10_15_7) AppleWebKit/605.1.15 (KHTML, like Gecko) Version/17.4 Safari/605.1.15 (Applebot/0.1; +http://www.apple.com/go/applebot)"
17.246.19.84 - - [05/Dec/2025:17:58:36 +0300] "GET /wp-content/themes/woodmart/css/parts/el-banner.min.css?ver=8.3.6 HTTP/1.1" 200 747 "https://tnstickers.com/?product=horizon-forbidden-west" "Mozilla/5.0 (Macintosh; Intel Mac OS X 10_15_7) AppleWebKit/605.1.15 (KHTML, like Gecko) Version/17.4 Safari/605.1.15 (Applebot/0.1; +http://www.apple.com/go/applebot)"
66.249.66.67 - - [05/Dec/2025:17:50:21 +0300] "POST /?wc-ajax=get_refreshed_fragments HTTP/1.1" 200 514 "https://tnstickers.com/?_g=303278" "Mozilla/5.0 (Linux; Android 6.0.1; Nexus 5X Build/MMB29P) AppleWebKit/537.36 (KHTML, like Gecko) Chrome/141.0.7390.122 Mobile Safari/537.36 (compatible; Googlebot/2.1; +http://www.google.com/bot.html)"
66.249.76.34 - - [05/Dec/2025:17:51:32 +0300] "GET /?_g=1637297 HTTP/1.1" 301 0 "-" "Mozilla/5.0 (Linux; Android 6.0.1; Nexus 5X Build/MMB29P) AppleWebKit/537.36 (KHTML, like Gecko) Chrome/141.0.7390.122 Mobile Safari/537.36 (compatible; GoogleOther)"
66.249.76.35 - - [05/Dec/2025:17:51:45 +0300] "GET /?_g=1654344 HTTP/1.1" 301 0 "-" "Mozilla/5.0 (Linux; Android 6.0.1; Nexus 5X Build/MMB29P) AppleWebKit/537.36 (KHTML, like Gecko) Chrome/141.0.7390.122 Mobile Safari/537.36 (compatible; GoogleOther)"
66.249.66.33 - - [05/Dec/2025:17:52:11 +0300] "GET /?_g=1070447 HTTP/1.1" 200 27355 "-" "Mozilla/5.0 (Linux; Android 6.0.1; Nexus 5X Build/MMB29P) AppleWebKit/537.36 (KHTML, like Gecko) Chrome/141.0.7390.122 Mobile Safari/537.36 (compatible; GoogleOther)"
193.111.77.77 - - [05/Dec/2025:17:52:40 +0300] "POST /wp-cron.php?doing_wp_cron=1764946360.4687359333038330078125 HTTP/1.1" 200 0 "-" "WordPress/6.9; https://tnstickers.com"
193.111.77.77 - - [05/Dec/2025:17:54:14 +0300] "POST /wp-cron.php?doing_wp_cron=1764946454.3808259963989257812500 HTTP/1.1" 200 0 "-" "WordPress/6.9; https://tnstickers.com"
66.249.66.4 - - [05/Dec/2025:17:54:57 +0300] "GET /?_g=3365540 HTTP/1.1" 301 0 "-" "Mozilla/5.0 (Linux; Android 6.0.1; Nexus 5X Build/MMB29P) AppleWebKit/537.36 (KHTML, like Gecko) Chrome/141.0.7390.122 Mobile Safari/537.36 (compatible; GoogleOther)"
66.249.66.4 - - [05/Dec/2025:17:55:52 +0300] "POST /?wc-ajax=get_refreshed_fragments HTTP/1.1" 200 514 "https://tnstickers.com/?_g=3104082" "Mozilla/5.0 (Linux; Android 6.0.1; Nexus 5X Build/MMB29P) AppleWebKit/537.36 (KHTML, like Gecko) Chrome/141.0.7390.122 Mobile Safari/537.36 (compatible; Googlebot/2.1; +http://www.google.com/bot.html)"
66.249.66.168 - - [05/Dec/2025:17:56:02 +0300] "GET /?_g=1637297 HTTP/1.1" 200 27353 "-" "Mozilla/5.0 (Linux; Android 6.0.1; Nexus 5X Build/MMB29P) AppleWebKit/537.36 (KHTML, like Gecko) Chrome/141.0.7390.122 Mobile Safari/537.36 (compatible; GoogleOther)"
66.249.78.9 - - [05/Dec/2025:17:56:22 +0300] "GET /?_g=1654344 HTTP/1.1" 200 27353 "-" "Mozilla/5.0 (Linux; Android 6.0.1; Nexus 5X Build/MMB29P) AppleWebKit/537.36 (KHTML, like Gecko) Chrome/141.0.7390.122 Mobile Safari/537.36 (compatible; GoogleOther)"
193.111.77.77 - - [05/Dec/2025:17:56:46 +0300] "POST /wp-cron.php?doing_wp_cron=1764946606.7402379512786865234375 HTTP/1.1" 200 0 "-" "WordPress/6.9; https://tnstickers.com"
17.246.15.183 - - [05/Dec/2025:17:58:27 +0300] "GET /wp-content/uploads/elementor/css/custom-frontend.min.css?ver=1764755928 HTTP/1.1" 200 7125 "https://tnstickers.com/?product=horizon-forbidden-west" "Mozilla/5.0 (Macintosh; Intel Mac OS X 10_15_7) AppleWebKit/605.1.15 (KHTML, like Gecko) Version/17.4 Safari/605.1.15 (Applebot/0.1; +http://www.apple.com/go/applebot)"
17.246.19.149 - - [05/Dec/2025:17:58:36 +0300] "GET /wp-content/themes/woodmart/css/parts/mod-nav-menu-label.min.css?ver=8.3.6 HTTP/1.1" 200 468 "https://tnstickers.com/?product=horizon-forbidden-west" "Mozilla/5.0 (Macintosh; Intel Mac OS X 10_15_7) AppleWebKit/605.1.15 (KHTML, like Gecko) Version/17.4 Safari/605.1.15 (Applebot/0.1; +http://www.apple.com/go/applebot)"
17.246.15.183 - - [05/Dec/2025:17:58:37 +0300] "GET /wp-content/themes/woodmart/css/parts/el-social-icons.min.css?ver=8.3.6 HTTP/1.1" 200 1022 "https://tnstickers.com/?product=horizon-forbidden-west" "Mozilla/5.0 (Macintosh; Intel Mac OS X 10_15_7) AppleWebKit/605.1.15 (KHTML, like Gecko) Version/17.4 Safari/605.1.15 (Applebot/0.1; +http://www.apple.com/go/applebot)"
17.246.23.59 - - [05/Dec/2025:17:58:34 +0300] "GET /wp-content/themes/woodmart/css/parts/wp-blocks.min.css?ver=8.3.6 HTTP/1.1" 200 1062 "https://tnstickers.com/?product=horizon-forbidden-west" "Mozilla/5.0 (Macintosh; Intel Mac OS X 10_15_7) AppleWebKit/605.1.15 (KHTML, like Gecko) Version/17.4 Safari/605.1.15 (Applebot/0.1; +http://www.apple.com/go/applebot)"
17.246.15.229 - - [05/Dec/2025:17:58:34 +0300] "GET /wp-content/themes/woodmart/css/parts/header-base.min.css?ver=8.3.6 HTTP/1.1" 200 3038 "https://tnstickers.com/?product=horizon-forbidden-west" "Mozilla/5.0 (Macintosh; Intel Mac OS X 10_15_7) AppleWebKit/605.1.15 (KHTML, like Gecko) Version/17.4 Safari/605.1.15 (Applebot/0.1; +http://www.apple.com/go/applebot)"
17.246.23.59 - - [05/Dec/2025:17:58:35 +0300] "GET /wp-content/themes/woodmart/css/parts/el-banner-hover-zoom.min.css?ver=8.3.6 HTTP/1.1" 200 185 "https://tnstickers.com/?product=horizon-forbidden-west" "Mozilla/5.0 (Macintosh; Intel Mac OS X 10_15_7) AppleWebKit/605.1.15 (KHTML, like Gecko) Version/17.4 Safari/605.1.15 (Applebot/0.1; +http://www.apple.com/go/applebot)"
17.246.23.59 - - [05/Dec/2025:17:58:36 +0300] "GET /wp-content/themes/woodmart/css/parts/el-subtitle-style.min.css?ver=8.3.6 HTTP/1.1" 200 266 "https://tnstickers.com/?product=horizon-forbidden-west" "Mozilla/5.0 (Macintosh; Intel Mac OS X 10_15_7) AppleWebKit/605.1.15 (KHTML, like Gecko) Version/17.4 Safari/605.1.15 (Applebot/0.1; +http://www.apple.com/go/applebot)"
17.246.15.69 - - [05/Dec/2025:17:58:38 +0300] "GET /wp-content/themes/woodmart/css/parts/el-button.min.css?ver=8.3.6 HTTP/1.1" 200 578 "https://tnstickers.com/?product=horizon-forbidden-west" "Mozilla/5.0 (Macintosh; Intel Mac OS X 10_15_7) AppleWebKit/605.1.15 (KHTML, like Gecko) Version/17.4 Safari/605.1.15 (Applebot/0.1; +http://www.apple.com/go/applebot)"
17.246.19.50 - - [05/Dec/2025:17:58:40 +0300] "GET /wp-content/themes/woodmart/css/parts/header-el-search-form.min.css?ver=8.3.6 HTTP/1.1" 200 327 "https://tnstickers.com/?product=horizon-forbidden-west" "Mozilla/5.0 (Macintosh; Intel Mac OS X 10_15_7) AppleWebKit/605.1.15 (KHTML, like Gecko) Version/17.4 Safari/605.1.15 (Applebot/0.1; +http://www.apple.com/go/applebot)"
17.246.15.69 - - [05/Dec/2025:17:58:40 +0300] "GET /wp-content/themes/woodmart/css/parts/header-el-cart-side.min.css?ver=8.3.6 HTTP/1.1" 200 370 "https://tnstickers.com/?product=horizon-forbidden-west" "Mozilla/5.0 (Macintosh; Intel Mac OS X 10_15_7) AppleWebKit/605.1.15 (KHTML, like Gecko) Version/17.4 Safari/605.1.15 (Applebot/0.1; +http://www.apple.com/go/applebot)"
17.246.23.115 - - [05/Dec/2025:17:58:40 +0300] "GET /wp-content/themes/woodmart/css/parts/wd-search-form.min.css?ver=8.3.6 HTTP/1.1" 200 737 "https://tnstickers.com/?product=horizon-forbidden-west" "Mozilla/5.0 (Macintosh; Intel Mac OS X 10_15_7) AppleWebKit/605.1.15 (KHTML, like Gecko) Version/17.4 Safari/605.1.15 (Applebot/0.1; +http://www.apple.com/go/applebot)"
17.246.23.115 - - [05/Dec/2025:17:58:43 +0300] "GET /wp-content/themes/woodmart/css/parts/page-title.min.css?ver=8.3.6 HTTP/1.1" 200 327 "https://tnstickers.com/?product=horizon-forbidden-west" "Mozilla/5.0 (Macintosh; Intel Mac OS X 10_15_7) AppleWebKit/605.1.15 (KHTML, like Gecko) Version/17.4 Safari/605.1.15 (Applebot/0.1; +http://www.apple.com/go/applebot)"
17.246.23.203 - - [05/Dec/2025:17:58:43 +0300] "GET /wp-content/themes/woodmart/css/parts/woo-widget-product-list.min.css?ver=8.3.6 HTTP/1.1" 200 374 "https://tnstickers.com/?product=horizon-forbidden-west" "Mozilla/5.0 (Macintosh; Intel Mac OS X 10_15_7) AppleWebKit/605.1.15 (KHTML, like Gecko) Version/17.4 Safari/605.1.15 (Applebot/0.1; +http://www.apple.com/go/applebot)"
17.246.23.69 - - [05/Dec/2025:17:58:47 +0300] "GET /wp-content/themes/woodmart/css/parts/el-menu.min.css?ver=8.3.6 HTTP/1.1" 200 73 "https://tnstickers.com/?product=horizon-forbidden-west" "Mozilla/5.0 (Macintosh; Intel Mac OS X 10_15_7) AppleWebKit/605.1.15 (KHTML, like Gecko) Version/17.4 Safari/605.1.15 (Applebot/0.1; +http://www.apple.com/go/applebot)"
17.246.15.207 - - [05/Dec/2025:17:58:37 +0300] "GET /wp-content/themes/woodmart/css/parts/header-el-base.min.css?ver=8.3.6 HTTP/1.1" 200 410 "https://tnstickers.com/?product=horizon-forbidden-west" "Mozilla/5.0 (Macintosh; Intel Mac OS X 10_15_7) AppleWebKit/605.1.15 (KHTML, like Gecko) Version/17.4 Safari/605.1.15 (Applebot/0.1; +http://www.apple.com/go/applebot)"
17.246.15.152 - - [05/Dec/2025:17:58:38 +0300] "GET /wp-content/themes/woodmart/css/parts/header-el-search.min.css?ver=8.3.6 HTTP/1.1" 200 519 "https://tnstickers.com/?product=horizon-forbidden-west" "Mozilla/5.0 (Macintosh; Intel Mac OS X 10_15_7) AppleWebKit/605.1.15 (KHTML, like Gecko) Version/17.4 Safari/605.1.15 (Applebot/0.1; +http://www.apple.com/go/applebot)"
193.111.77.77 - - [05/Dec/2025:17:58:40 +0300] "POST /wp-cron.php?doing_wp_cron=1764946720.7478659152984619140625 HTTP/1.1" 200 0 "-" "WordPress/6.9; https://tnstickers.com"
17.246.15.152 - - [05/Dec/2025:17:58:41 +0300] "GET /wp-content/themes/woodmart/css/parts/header-el-cart.min.css?ver=8.3.6 HTTP/1.1" 200 676 "https://tnstickers.com/?product=horizon-forbidden-west" "Mozilla/5.0 (Macintosh; Intel Mac OS X 10_15_7) AppleWebKit/605.1.15 (KHTML, like Gecko) Version/17.4 Safari/605.1.15 (Applebot/0.1; +http://www.apple.com/go/applebot)"
17.246.19.70 - - [05/Dec/2025:17:58:41 +0300] "GET /wp-content/themes/woodmart/css/parts/wd-search-dropdown.min.css?ver=8.3.6 HTTP/1.1" 200 676 "https://tnstickers.com/?product=horizon-forbidden-west" "Mozilla/5.0 (Macintosh; Intel Mac OS X 10_15_7) AppleWebKit/605.1.15 (KHTML, like Gecko) Version/17.4 Safari/605.1.15 (Applebot/0.1; +http://www.apple.com/go/applebot)"
17.246.15.152 - - [05/Dec/2025:17:58:43 +0300] "GET /wp-content/themes/woodmart/css/parts/opt-widget-collapse.min.css?ver=8.3.6 HTTP/1.1" 200 477 "https://tnstickers.com/?product=horizon-forbidden-west" "Mozilla/5.0 (Macintosh; Intel Mac OS X 10_15_7) AppleWebKit/605.1.15 (KHTML, like Gecko) Version/17.4 Safari/605.1.15 (Applebot/0.1; +http://www.apple.com/go/applebot)"
17.246.23.208 - - [05/Dec/2025:17:58:46 +0300] "GET /wp-content/themes/woodmart/css/parts/el-text-block.min.css?ver=8.3.6 HTTP/1.1" 200 141 "https://tnstickers.com/?product=horizon-forbidden-west" "Mozilla/5.0 (Macintosh; Intel Mac OS X 10_15_7) AppleWebKit/605.1.15 (KHTML, like Gecko) Version/17.4 Safari/605.1.15 (Applebot/0.1; +http://www.apple.com/go/applebot)"
17.246.19.17 - - [05/Dec/2025:17:58:46 +0300] "GET /wp-content/themes/woodmart/css/parts/bg-navigation.min.css?ver=8.3.6 HTTP/1.1" 200 267 "https://tnstickers.com/?product=horizon-forbidden-west" "Mozilla/5.0 (Macintosh; Intel Mac OS X 10_15_7) AppleWebKit/605.1.15 (KHTML, like Gecko) Version/17.4 Safari/605.1.15 (Applebot/0.1; +http://www.apple.com/go/applebot)"
17.246.23.208 - - [05/Dec/2025:17:58:47 +0300] "GET /wp-content/themes/woodmart/css/parts/el-list-wpb-elem.min.css?ver=8.3.6 HTTP/1.1" 200 151 "https://tnstickers.com/?product=horizon-forbidden-west" "Mozilla/5.0 (Macintosh; Intel Mac OS X 10_15_7) AppleWebKit/605.1.15 (KHTML, like Gecko) Version/17.4 Safari/605.1.15 (Applebot/0.1; +http://www.apple.com/go/applebot)"
17.246.19.17 - - [05/Dec/2025:17:58:48 +0300] "GET /wp-content/themes/woodmart/css/parts/opt-popular-requests.min.css?ver=8.3.6 HTTP/1.1" 200 333 "https://tnstickers.com/?product=horizon-forbidden-west" "Mozilla/5.0 (Macintosh; Intel Mac OS X 10_15_7) AppleWebKit/605.1.15 (KHTML, like Gecko) Version/17.4 Safari/605.1.15 (Applebot/0.1; +http://www.apple.com/go/applebot)"
17.246.23.250 - - [05/Dec/2025:17:58:52 +0300] "GET /wp-content/themes/woodmart/css/parts/header-el-search-fullscreen-general.min.css?ver=8.3.6 HTTP/1.1" 200 691 "https://tnstickers.com/?product=horizon-forbidden-west" "Mozilla/5.0 (Macintosh; Intel Mac OS X 10_15_7) AppleWebKit/605.1.15 (KHTML, like Gecko) Version/17.4 Safari/605.1.15 (Applebot/0.1; +http://www.apple.com/go/applebot)"
17.246.23.192 - - [05/Dec/2025:17:58:47 +0300] "GET /wp-content/themes/woodmart/css/parts/el-menu-wpb-elem.min.css?ver=8.3.6 HTTP/1.1" 200 257 "https://tnstickers.com/?product=horizon-forbidden-west" "Mozilla/5.0 (Macintosh; Intel Mac OS X 10_15_7) AppleWebKit/605.1.15 (KHTML, like Gecko) Version/17.4 Safari/605.1.15 (Applebot/0.1; +http://www.apple.com/go/applebot)"
17.246.23.59 - - [05/Dec/2025:17:58:47 +0300] "GET /wp-content/themes/woodmart/css/parts/opt-scrolltotop.min.css?ver=8.3.6 HTTP/1.1" 200 443 "https://tnstickers.com/?product=horizon-forbidden-west" "Mozilla/5.0 (Macintosh; Intel Mac OS X 10_15_7) AppleWebKit/605.1.15 (KHTML, like Gecko) Version/17.4 Safari/605.1.15 (Applebot/0.1; +http://www.apple.com/go/applebot)"
