95.217.109.26 - - [05/Dec/2025:21:50:55 +0300] "GET /shop/?stock_status=onsale&filter_color=standart&filter_size=physical&filter_product_brand=36,37 HTTP/1.1" 200 21426 "-" "Mozilla/5.0 (compatible; MJ12bot/v1.4.8; http://mj12bot.com/)"
95.217.109.26 - - [05/Dec/2025:21:51:17 +0300] "GET /shop/?stock_status=onsale&filter_color=standart&filter_size=physical&filter_product_brand=37,38 HTTP/1.1" 200 21430 "-" "Mozilla/5.0 (compatible; MJ12bot/v1.4.8; http://mj12bot.com/)"
95.217.109.26 - - [05/Dec/2025:21:51:20 +0300] "GET /shop/?stock_status=onsale&filter_color=standart&filter_size=physical&filter_product_brand=37,39 HTTP/1.1" 200 21425 "-" "Mozilla/5.0 (compatible; MJ12bot/v1.4.8; http://mj12bot.com/)"
95.217.109.26 - - [05/Dec/2025:21:51:29 +0300] "GET /shop/?stock_status=onsale&filter_color=standart&filter_size=standart&filter_product_brand=36,37 HTTP/1.1" 200 23903 "-" "Mozilla/5.0 (compatible; MJ12bot/v1.4.8; http://mj12bot.com/)"
193.111.77.77 - - [05/Dec/2025:21:51:46 +0300] "GET /wp-content/uploads/2023/07/w-vgs-casual-park-beyond.jpg HTTP/1.1" 200 209981 "-" "-"
193.111.77.77 - - [05/Dec/2025:21:51:49 +0300] "GET /wp-content/uploads/2023/07/w-vgs-casual-park-beyond.jpg HTTP/1.1" 200 209981 "-" "-"
95.217.109.26 - - [05/Dec/2025:21:51:59 +0300] "GET /shop/?stock_status=onsale&filter_product_brand=36,37&filter_color=deluxe,standart HTTP/1.1" 200 23930 "-" "Mozilla/5.0 (compatible; MJ12bot/v1.4.8; http://mj12bot.com/)"
193.111.77.77 - - [05/Dec/2025:21:52:06 +0300] "GET /wp-content/uploads/2023/07/w-vgs-casual-park-beyond.jpg HTTP/1.1" 200 209981 "-" "-"
193.111.77.77 - - [05/Dec/2025:21:52:10 +0300] "GET /wp-content/uploads/2023/07/w-vgs-casual-park-beyond.jpg HTTP/1.1" 200 209981 "-" "-"
193.111.77.77 - - [05/Dec/2025:21:52:17 +0300] "GET /wp-content/uploads/2023/07/w-vgs-casual-park-beyond.jpg HTTP/1.1" 200 209981 "-" "-"
95.217.109.26 - - [05/Dec/2025:21:52:27 +0300] "GET /shop/?stock_status=onsale&filter_product_brand=36,37,39&filter_color=standart HTTP/1.1" 200 23925 "-" "Mozilla/5.0 (compatible; MJ12bot/v1.4.8; http://mj12bot.com/)"
66.249.66.5 - - [05/Dec/2025:21:52:55 +0300] "GET /?_g=527935 HTTP/1.1" 301 0 "-" "Mozilla/5.0 (Linux; Android 6.0.1; Nexus 5X Build/MMB29P) AppleWebKit/537.36 (KHTML, like Gecko) Chrome/141.0.7390.122 Mobile Safari/537.36 (compatible; Googlebot/2.1; +http://www.google.com/bot.html)"
193.111.77.77 - - [05/Dec/2025:21:58:21 +0300] "POST /wp-cron.php?doing_wp_cron=1764961101.6327838897705078125000 HTTP/1.1" 200 0 "-" "WordPress/6.9; https://tnstickers.com"
193.111.77.77 - - [05/Dec/2025:21:50:17 +0300] "GET /wp-content/uploads/2023/07/w-vgs-casual-park-beyond.jpg HTTP/1.1" 200 209981 "-" "-"
95.217.109.26 - - [05/Dec/2025:21:50:16 +0300] "GET /shop/?stock_status=onsale&filter_color=standart&filter_product_brand=36,38,39 HTTP/1.1" 200 23920 "-" "Mozilla/5.0 (compatible; MJ12bot/v1.4.8; http://mj12bot.com/)"
95.217.109.26 - - [05/Dec/2025:21:50:19 +0300] "GET /shop/?stock_status=onsale&filter_color=standart&filter_product_brand=36,39&filter_size=physical HTTP/1.1" 200 21432 "-" "Mozilla/5.0 (compatible; MJ12bot/v1.4.8; http://mj12bot.com/)"
95.217.109.26 - - [05/Dec/2025:21:50:26 +0300] "GET /shop/?stock_status=onsale&filter_color=standart&filter_product_brand=37,38&filter_size=physical HTTP/1.1" 200 21438 "-" "Mozilla/5.0 (compatible; MJ12bot/v1.4.8; http://mj12bot.com/)"
95.217.109.26 - - [05/Dec/2025:21:50:30 +0300] "GET /shop/?stock_status=onsale&filter_color=standart&filter_product_brand=37,38&filter_size=standart HTTP/1.1" 200 23906 "-" "Mozilla/5.0 (compatible; MJ12bot/v1.4.8; http://mj12bot.com/)"
193.111.77.77 - - [05/Dec/2025:21:50:38 +0300] "GET /wp-content/uploads/2023/07/w-vgs-casual-park-beyond.jpg HTTP/1.1" 200 209981 "-" "-"
95.217.109.26 - - [05/Dec/2025:21:50:40 +0300] "GET /shop/?stock_status=onsale&filter_color=standart&filter_product_brand=37,39&filter_size=physical HTTP/1.1" 200 21437 "-" "Mozilla/5.0 (compatible; MJ12bot/v1.4.8; http://mj12bot.com/)"
193.111.77.77 - - [05/Dec/2025:21:50:45 +0300] "GET /wp-content/uploads/2023/07/w-vgs-casual-park-beyond.jpg HTTP/1.1" 200 209981 "-" "-"
95.217.109.26 - - [05/Dec/2025:21:50:43 +0300] "GET /shop/?stock_status=onsale&filter_color=standart&filter_product_brand=37,39&filter_size=standart HTTP/1.1" 200 23912 "-" "Mozilla/5.0 (compatible; MJ12bot/v1.4.8; http://mj12bot.com/)"
95.217.109.26 - - [05/Dec/2025:21:51:03 +0300] "GET /shop/?stock_status=onsale&filter_color=standart&filter_size=physical&filter_product_brand=36,39 HTTP/1.1" 200 21426 "-" "Mozilla/5.0 (compatible; MJ12bot/v1.4.8; http://mj12bot.com/)"
95.217.109.26 - - [05/Dec/2025:21:51:24 +0300] "GET /shop/?stock_status=onsale&filter_color=standart&filter_size=physical&filter_product_brand=38,39 HTTP/1.1" 200 21420 "-" "Mozilla/5.0 (compatible; MJ12bot/v1.4.8; http://mj12bot.com/)"
193.111.77.77 - - [05/Dec/2025:21:51:38 +0300] "GET /wp-content/uploads/2023/07/w-vgs-casual-park-beyond.jpg HTTP/1.1" 200 209981 "-" "-"
193.111.77.77 - - [05/Dec/2025:21:51:57 +0300] "GET /wp-content/uploads/2023/07/w-vgs-action-dying-light-2.jpg HTTP/1.1" 200 157438 "-" "-"
95.217.109.26 - - [05/Dec/2025:21:52:20 +0300] "GET /shop/?stock_status=onsale&filter_product_brand=36,37,38,39 HTTP/1.1" 200 23863 "-" "Mozilla/5.0 (compatible; MJ12bot/v1.4.8; http://mj12bot.com/)"
95.217.109.26 - - [05/Dec/2025:21:52:23 +0300] "GET /shop/?stock_status=onsale&filter_product_brand=36,37,39&filter_color=deluxe HTTP/1.1" 200 23914 "-" "Mozilla/5.0 (compatible; MJ12bot/v1.4.8; http://mj12bot.com/)"
66.249.66.32 - - [05/Dec/2025:21:52:58 +0300] "GET /?_g=527935 HTTP/1.1" 200 27355 "-" "Mozilla/5.0 (Linux; Android 6.0.1; Nexus 5X Build/MMB29P) AppleWebKit/537.36 (KHTML, like Gecko) Chrome/141.0.7390.122 Mobile Safari/537.36 (compatible; Googlebot/2.1; +http://www.google.com/bot.html)"
212.93.145.223 - - [05/Dec/2025:21:56:13 +0300] "GET / HTTP/1.1" 200 30973 "http://tnstickers.com" "Mozilla/5.0"
95.217.109.26 - - [05/Dec/2025:21:49:33 +0300] "GET /shop/?stock_status=onsale&filter_color=deluxe,standart&per_page=12 HTTP/1.1" 200 24614 "-" "Mozilla/5.0 (compatible; MJ12bot/v1.4.8; http://mj12bot.com/)"
193.111.77.77 - - [05/Dec/2025:21:49:54 +0300] "GET /wp-content/uploads/2023/07/w-vgs-action-dying-light-2.jpg HTTP/1.1" 200 157438 "-" "-"
95.217.109.26 - - [05/Dec/2025:21:50:23 +0300] "GET /shop/?stock_status=onsale&filter_color=standart&filter_product_brand=36,39&filter_size=standart HTTP/1.1" 200 23904 "-" "Mozilla/5.0 (compatible; MJ12bot/v1.4.8; http://mj12bot.com/)"
95.217.109.26 - - [05/Dec/2025:21:50:36 +0300] "GET /shop/?stock_status=onsale&filter_color=standart&filter_product_brand=37,38,39 HTTP/1.1" 200 23915 "-" "Mozilla/5.0 (compatible; MJ12bot/v1.4.8; http://mj12bot.com/)"
193.111.77.77 - - [05/Dec/2025:21:51:33 +0300] "POST /wp-cron.php?doing_wp_cron=1764960693.3686709403991699218750 HTTP/1.1" 200 0 "-" "WordPress/6.9; https://tnstickers.com"
95.217.109.26 - - [05/Dec/2025:21:51:44 +0300] "GET /shop/?stock_status=onsale&filter_color=standart&filter_size=standart&filter_product_brand=37,38 HTTP/1.1" 200 23889 "-" "Mozilla/5.0 (compatible; MJ12bot/v1.4.8; http://mj12bot.com/)"
95.217.109.26 - - [05/Dec/2025:21:51:48 +0300] "GET /shop/?stock_status=onsale&filter_color=standart&filter_size=standart&filter_product_brand=37,39 HTTP/1.1" 200 23904 "-" "Mozilla/5.0 (compatible; MJ12bot/v1.4.8; http://mj12bot.com/)"
95.217.109.26 - - [05/Dec/2025:21:52:04 +0300] "GET /shop/?stock_status=onsale&filter_product_brand=36,37,38&filter_color=deluxe HTTP/1.1" 200 23903 "-" "Mozilla/5.0 (compatible; MJ12bot/v1.4.8; http://mj12bot.com/)"
95.217.109.26 - - [05/Dec/2025:21:52:08 +0300] "GET /shop/?stock_status=onsale&filter_product_brand=36,37,38&filter_color=standart HTTP/1.1" 200 23922 "-" "Mozilla/5.0 (compatible; MJ12bot/v1.4.8; http://mj12bot.com/)"
95.217.109.26 - - [05/Dec/2025:21:52:15 +0300] "GET /shop/?stock_status=onsale&filter_product_brand=36,37,38&filter_size=standart HTTP/1.1" 200 23885 "-" "Mozilla/5.0 (compatible; MJ12bot/v1.4.8; http://mj12bot.com/)"
193.111.77.77 - - [05/Dec/2025:21:52:29 +0300] "POST /wp-cron.php?doing_wp_cron=1764960749.1615140438079833984375 HTTP/1.1" 200 0 "-" "WordPress/6.9; https://tnstickers.com"
193.111.77.77 - - [05/Dec/2025:22:02:10 +0300] "POST /wp-cron.php?doing_wp_cron=1764961330.1893990039825439453125 HTTP/1.1" 200 0 "-" "WordPress/6.9; https://tnstickers.com"
45.146.171.187 - - [05/Dec/2025:22:06:33 +0300] "GET /favicon.ico HTTP/1.1" 404 2266 "-" "Mozilla/5.0 (Linux; Android 10; K) AppleWebKit/537.36 (KHTML, like Gecko) Chrome/122.0.0.0 Mobile Safari/537.36"
193.111.77.77 - - [05/Dec/2025:22:08:56 +0300] "POST /wp-cron.php?doing_wp_cron=1764961736.2097170352935791015625 HTTP/1.1" 200 0 "-" "WordPress/6.9; https://tnstickers.com"
66.249.66.68 - - [05/Dec/2025:22:02:08 +0300] "GET /?_g=2867104&add-to-cart=484 HTTP/1.1" 200 27351 "-" "Mozilla/5.0 (Linux; Android 6.0.1; Nexus 5X Build/MMB29P) AppleWebKit/537.36 (KHTML, like Gecko) Chrome/141.0.7390.122 Mobile Safari/537.36 (compatible; Googlebot/2.1; +http://www.google.com/bot.html)"
62.76.155.213 - - [05/Dec/2025:22:05:19 +0300] "GET / HTTP/1.1" 200 30975 "-" "Mozilla/5.0 (Windows NT 10.0; Win64; x64) AppleWebKit/537.36 (KHTML, like Gecko) Chrome/121.0.0.0 Safari/537.36 Edg/121.0.0.0"
66.249.66.168 - - [05/Dec/2025:22:13:52 +0300] "POST /?wc-ajax=get_refreshed_fragments HTTP/1.1" 200 514 "https://tnstickers.com/?_g=1853424" "Mozilla/5.0 (Linux; Android 6.0.1; Nexus 5X Build/MMB29P) AppleWebKit/537.36 (KHTML, like Gecko) Chrome/141.0.7390.122 Mobile Safari/537.36 (compatible; Googlebot/2.1; +http://www.google.com/bot.html)"
66.249.66.6 - - [05/Dec/2025:22:02:08 +0300] "GET /robots.txt HTTP/1.1" 200 103 "-" "Mozilla/5.0 (compatible; Googlebot/2.1; +http://www.google.com/bot.html)"
193.111.77.77 - - [05/Dec/2025:22:02:37 +0300] "POST /wp-cron.php?doing_wp_cron=1764961357.9106171131134033203125 HTTP/1.1" 200 0 "-" "WordPress/6.9; https://tnstickers.com"
208.110.64.178 - - [05/Dec/2025:22:13:32 +0300] "GET /wp-content/wpe333bb/ HTTP/1.1" 404 19018 "https://tnstickers.com/wp-content/wpe333bb/index.php" "Mozilla/5.0 (Windows NT 10.0; Win64; x64) AppleWebKit/537.36 (KHTML, like Gecko) Chrome/58.0.3029.110 Safari/537.3"
66.249.66.4 - - [05/Dec/2025:22:13:40 +0300] "GET /?_g=1853424 HTTP/1.1" 200 27354 "-" "Mozilla/5.0 (Linux; Android 6.0.1; Nexus 5X Build/MMB29P) AppleWebKit/537.36 (KHTML, like Gecko) Chrome/141.0.7390.122 Mobile Safari/537.36 (compatible; GoogleOther)"
66.249.66.169 - - [05/Dec/2025:22:13:46 +0300] "GET /robots.txt HTTP/1.1" 200 103 "-" "Mozilla/5.0 (compatible; Googlebot/2.1; +http://www.google.com/bot.html)"
152.42.221.185 - - [05/Dec/2025:22:14:28 +0300] "GET //wp-includes/ID3/license.txt HTTP/1.1" 200 1396 "-" "Mozilla/5.0 (Windows NT 10.0; Win64; x64) AppleWebKit/537.36 (KHTML, like Gecko) Chrome/95.0.4638.69 Safari/537.36"
193.111.77.77 - - [05/Dec/2025:22:14:30 +0300] "POST /wp-cron.php?doing_wp_cron=1764962070.2321588993072509765625 HTTP/1.1" 200 0 "-" "WordPress/6.9; https://tnstickers.com"
152.42.221.185 - - [05/Dec/2025:22:14:28 +0300] "GET //feed/ HTTP/1.1" 301 0 "-" "Mozilla/5.0 (Windows NT 10.0; Win64; x64) AppleWebKit/537.36 (KHTML, like Gecko) Chrome/95.0.4638.69 Safari/537.36"
152.42.221.185 - - [05/Dec/2025:22:14:30 +0300] "GET //xmlrpc.php?rsd HTTP/1.1" 200 799 "-" "Mozilla/5.0 (Windows NT 10.0; Win64; x64) AppleWebKit/537.36 (KHTML, like Gecko) Chrome/95.0.4638.69 Safari/537.36"
152.42.221.185 - - [05/Dec/2025:22:14:31 +0300] "GET //?author=1 HTTP/1.1" 301 0 "-" "Mozilla/5.0 (Windows NT 10.0; Win64; x64) AppleWebKit/537.36 (KHTML, like Gecko) Chrome/95.0.4638.69 Safari/537.36"
152.42.221.185 - - [05/Dec/2025:22:14:33 +0300] "GET //?author=2 HTTP/1.1" 301 0 "-" "Mozilla/5.0 (Windows NT 10.0; Win64; x64) AppleWebKit/537.36 (KHTML, like Gecko) Chrome/95.0.4638.69 Safari/537.36"
152.42.221.185 - - [05/Dec/2025:22:14:36 +0300] "GET //wp-json/wp/v2/users/ HTTP/1.1" 200 7372 "-" "Mozilla/5.0 (Windows NT 10.0; Win64; x64) AppleWebKit/537.36 (KHTML, like Gecko) Chrome/95.0.4638.69 Safari/537.36"
152.42.221.185 - - [05/Dec/2025:22:14:38 +0300] "GET //wp-json/oembed/1.0/embed?url=https://tnstickers.com/ HTTP/1.1" 200 2475 "-" "Mozilla/5.0 (Windows NT 10.0; Win64; x64) AppleWebKit/537.36 (KHTML, like Gecko) Chrome/95.0.4638.69 Safari/537.36"
152.42.221.185 - - [05/Dec/2025:22:14:40 +0300] "POST //xmlrpc.php HTTP/1.1" 200 408 "-" "Mozilla/5.0 (Windows NT 10.0; Win64; x64) AppleWebKit/537.36 (KHTML, like Gecko) Chrome/95.0.4638.69 Safari/537.36"
152.42.221.185 - - [05/Dec/2025:22:14:41 +0300] "POST //xmlrpc.php HTTP/1.1" 200 403 "-" "Mozilla/5.0 (Windows NT 10.0; Win64; x64) AppleWebKit/537.36 (KHTML, like Gecko) Chrome/95.0.4638.69 Safari/537.36"
152.42.221.185 - - [05/Dec/2025:22:14:43 +0300] "POST //xmlrpc.php HTTP/1.1" 200 403 "-" "Mozilla/5.0 (Windows NT 10.0; Win64; x64) AppleWebKit/537.36 (KHTML, like Gecko) Chrome/95.0.4638.69 Safari/537.36"
152.42.221.185 - - [05/Dec/2025:22:14:45 +0300] "POST //xmlrpc.php HTTP/1.1" 200 408 "-" "Mozilla/5.0 (Windows NT 10.0; Win64; x64) AppleWebKit/537.36 (KHTML, like Gecko) Chrome/95.0.4638.69 Safari/537.36"
152.42.221.185 - - [05/Dec/2025:22:14:46 +0300] "POST //xmlrpc.php HTTP/1.1" 200 408 "-" "Mozilla/5.0 (Windows NT 10.0; Win64; x64) AppleWebKit/537.36 (KHTML, like Gecko) Chrome/95.0.4638.69 Safari/537.36"
152.42.221.185 - - [05/Dec/2025:22:14:48 +0300] "POST //xmlrpc.php HTTP/1.1" 200 403 "-" "Mozilla/5.0 (Windows NT 10.0; Win64; x64) AppleWebKit/537.36 (KHTML, like Gecko) Chrome/95.0.4638.69 Safari/537.36"
152.42.221.185 - - [05/Dec/2025:22:14:50 +0300] "POST //xmlrpc.php HTTP/1.1" 200 408 "-" "Mozilla/5.0 (Windows NT 10.0; Win64; x64) AppleWebKit/537.36 (KHTML, like Gecko) Chrome/95.0.4638.69 Safari/537.36"
152.42.221.185 - - [05/Dec/2025:22:14:51 +0300] "POST //xmlrpc.php HTTP/1.1" 200 408 "-" "Mozilla/5.0 (Windows NT 10.0; Win64; x64) AppleWebKit/537.36 (KHTML, like Gecko) Chrome/95.0.4638.69 Safari/537.36"
152.42.221.185 - - [05/Dec/2025:22:14:53 +0300] "POST //xmlrpc.php HTTP/1.1" 200 408 "-" "Mozilla/5.0 (Windows NT 10.0; Win64; x64) AppleWebKit/537.36 (KHTML, like Gecko) Chrome/95.0.4638.69 Safari/537.36"
152.42.221.185 - - [05/Dec/2025:22:14:54 +0300] "POST //xmlrpc.php HTTP/1.1" 200 408 "-" "Mozilla/5.0 (Windows NT 10.0; Win64; x64) AppleWebKit/537.36 (KHTML, like Gecko) Chrome/95.0.4638.69 Safari/537.36"
152.42.221.185 - - [05/Dec/2025:22:14:56 +0300] "POST //xmlrpc.php HTTP/1.1" 200 408 "-" "Mozilla/5.0 (Windows NT 10.0; Win64; x64) AppleWebKit/537.36 (KHTML, like Gecko) Chrome/95.0.4638.69 Safari/537.36"
152.42.221.185 - - [05/Dec/2025:22:14:57 +0300] "POST //xmlrpc.php HTTP/1.1" 200 408 "-" "Mozilla/5.0 (Windows NT 10.0; Win64; x64) AppleWebKit/537.36 (KHTML, like Gecko) Chrome/95.0.4638.69 Safari/537.36"
152.42.221.185 - - [05/Dec/2025:22:14:59 +0300] "POST //xmlrpc.php HTTP/1.1" 200 408 "-" "Mozilla/5.0 (Windows NT 10.0; Win64; x64) AppleWebKit/537.36 (KHTML, like Gecko) Chrome/95.0.4638.69 Safari/537.36"
152.42.221.185 - - [05/Dec/2025:22:15:00 +0300] "POST //xmlrpc.php HTTP/1.1" 200 408 "-" "Mozilla/5.0 (Windows NT 10.0; Win64; x64) AppleWebKit/537.36 (KHTML, like Gecko) Chrome/95.0.4638.69 Safari/537.36"
152.42.221.185 - - [05/Dec/2025:22:15:02 +0300] "POST //xmlrpc.php HTTP/1.1" 200 408 "-" "Mozilla/5.0 (Windows NT 10.0; Win64; x64) AppleWebKit/537.36 (KHTML, like Gecko) Chrome/95.0.4638.69 Safari/537.36"
152.42.221.185 - - [05/Dec/2025:22:15:03 +0300] "POST //xmlrpc.php HTTP/1.1" 200 408 "-" "Mozilla/5.0 (Windows NT 10.0; Win64; x64) AppleWebKit/537.36 (KHTML, like Gecko) Chrome/95.0.4638.69 Safari/537.36"
152.42.221.185 - - [05/Dec/2025:22:15:06 +0300] "POST //xmlrpc.php HTTP/1.1" 200 408 "-" "Mozilla/5.0 (Windows NT 10.0; Win64; x64) AppleWebKit/537.36 (KHTML, like Gecko) Chrome/95.0.4638.69 Safari/537.36"
152.42.221.185 - - [05/Dec/2025:22:15:07 +0300] "POST //xmlrpc.php HTTP/1.1" 200 408 "-" "Mozilla/5.0 (Windows NT 10.0; Win64; x64) AppleWebKit/537.36 (KHTML, like Gecko) Chrome/95.0.4638.69 Safari/537.36"
152.42.221.185 - - [05/Dec/2025:22:15:09 +0300] "POST //xmlrpc.php HTTP/1.1" 200 408 "-" "Mozilla/5.0 (Windows NT 10.0; Win64; x64) AppleWebKit/537.36 (KHTML, like Gecko) Chrome/95.0.4638.69 Safari/537.36"
152.42.221.185 - - [05/Dec/2025:22:15:11 +0300] "POST //xmlrpc.php HTTP/1.1" 200 408 "-" "Mozilla/5.0 (Windows NT 10.0; Win64; x64) AppleWebKit/537.36 (KHTML, like Gecko) Chrome/95.0.4638.69 Safari/537.36"
152.42.221.185 - - [05/Dec/2025:22:15:12 +0300] "POST //xmlrpc.php HTTP/1.1" 200 408 "-" "Mozilla/5.0 (Windows NT 10.0; Win64; x64) AppleWebKit/537.36 (KHTML, like Gecko) Chrome/95.0.4638.69 Safari/537.36"
152.42.221.185 - - [05/Dec/2025:22:15:13 +0300] "POST //xmlrpc.php HTTP/1.1" 200 408 "-" "Mozilla/5.0 (Windows NT 10.0; Win64; x64) AppleWebKit/537.36 (KHTML, like Gecko) Chrome/95.0.4638.69 Safari/537.36"
152.42.221.185 - - [05/Dec/2025:22:15:15 +0300] "POST //xmlrpc.php HTTP/1.1" 200 408 "-" "Mozilla/5.0 (Windows NT 10.0; Win64; x64) AppleWebKit/537.36 (KHTML, like Gecko) Chrome/95.0.4638.69 Safari/537.36"
152.42.221.185 - - [05/Dec/2025:22:15:16 +0300] "POST //xmlrpc.php HTTP/1.1" 200 408 "-" "Mozilla/5.0 (Windows NT 10.0; Win64; x64) AppleWebKit/537.36 (KHTML, like Gecko) Chrome/95.0.4638.69 Safari/537.36"
152.42.221.185 - - [05/Dec/2025:22:15:18 +0300] "POST //xmlrpc.php HTTP/1.1" 200 408 "-" "Mozilla/5.0 (Windows NT 10.0; Win64; x64) AppleWebKit/537.36 (KHTML, like Gecko) Chrome/95.0.4638.69 Safari/537.36"
152.42.221.185 - - [05/Dec/2025:22:15:19 +0300] "POST //xmlrpc.php HTTP/1.1" 200 408 "-" "Mozilla/5.0 (Windows NT 10.0; Win64; x64) AppleWebKit/537.36 (KHTML, like Gecko) Chrome/95.0.4638.69 Safari/537.36"
152.42.221.185 - - [05/Dec/2025:22:15:21 +0300] "POST //xmlrpc.php HTTP/1.1" 200 408 "-" "Mozilla/5.0 (Windows NT 10.0; Win64; x64) AppleWebKit/537.36 (KHTML, like Gecko) Chrome/95.0.4638.69 Safari/537.36"
152.42.221.185 - - [05/Dec/2025:22:15:23 +0300] "POST //xmlrpc.php HTTP/1.1" 200 408 "-" "Mozilla/5.0 (Windows NT 10.0; Win64; x64) AppleWebKit/537.36 (KHTML, like Gecko) Chrome/95.0.4638.69 Safari/537.36"
152.42.221.185 - - [05/Dec/2025:22:15:24 +0300] "POST //xmlrpc.php HTTP/1.1" 200 408 "-" "Mozilla/5.0 (Windows NT 10.0; Win64; x64) AppleWebKit/537.36 (KHTML, like Gecko) Chrome/95.0.4638.69 Safari/537.36"
152.42.221.185 - - [05/Dec/2025:22:15:26 +0300] "POST //xmlrpc.php HTTP/1.1" 200 408 "-" "Mozilla/5.0 (Windows NT 10.0; Win64; x64) AppleWebKit/537.36 (KHTML, like Gecko) Chrome/95.0.4638.69 Safari/537.36"
66.249.66.3 - - [05/Dec/2025:22:02:36 +0300] "GET /?_g=359860 HTTP/1.1" 301 0 "-" "Mozilla/5.0 (Linux; Android 6.0.1; Nexus 5X Build/MMB29P) AppleWebKit/537.36 (KHTML, like Gecko) Chrome/141.0.7390.122 Mobile Safari/537.36 (compatible; GoogleOther)"
43.157.20.63 - - [05/Dec/2025:22:08:55 +0300] "GET /?s=Stage%206&post_type=product HTTP/1.1" 302 0 "-" "Mozilla/5.0 (iPhone; CPU iPhone OS 13_2_3 like Mac OS X) AppleWebKit/605.1.15 (KHTML, like Gecko) Version/13.0.3 Mobile/15E148 Safari/604.1"
193.111.77.77 - - [05/Dec/2025:22:08:58 +0300] "GET /wp-content/uploads/2025/12/stage.png HTTP/1.1" 200 165602 "-" "-"
43.157.20.63 - - [05/Dec/2025:22:08:57 +0300] "GET /product/stage-6-stickers-motos-autocollant-3d/ HTTP/1.1" 200 28723 "https://tnstickers.com/?s=Stage%206&post_type=product" "Mozilla/5.0 (iPhone; CPU iPhone OS 13_2_3 like Mac OS X) AppleWebKit/605.1.15 (KHTML, like Gecko) Version/13.0.3 Mobile/15E148 Safari/604.1"
193.111.77.77 - - [05/Dec/2025:22:13:30 +0300] "POST /wp-cron.php?doing_wp_cron=1764962010.4345409870147705078125 HTTP/1.1" 200 0 "-" "WordPress/6.9; https://tnstickers.com"
208.110.64.178 - - [05/Dec/2025:22:13:29 +0300] "GET /wp-content/wpe333bb/index.php HTTP/1.1" 301 0 "https://tnstickers.com/wp-content/wpe333bb/index.php" "Mozilla/5.0 (Windows NT 10.0; Win64; x64) AppleWebKit/537.36 (KHTML, like Gecko) Chrome/58.0.3029.110 Safari/537.3"
208.110.64.178 - - [05/Dec/2025:22:13:30 +0300] "GET /wp-content/wpe333bb/ HTTP/1.1" 404 19020 "https://tnstickers.com/wp-content/wpe333bb/index.php" "Mozilla/5.0 (Windows NT 10.0; Win64; x64) AppleWebKit/537.36 (KHTML, like Gecko) Chrome/58.0.3029.110 Safari/537.3"
2a06:98c0:3600::103 - - [05/Dec/2025:22:15:25 +0300] "GET /wordpress/wp-admin/setup-config.php HTTP/2" 404 19020 "-" "Mozilla/5.0 (Windows NT 10.0; Win64; x64) AppleWebKit/537.36 (KHTML, like Gecko) Chrome/142.0.0.0 Safari/537.36"
66.249.66.163 - - [05/Dec/2025:22:14:50 +0300] "GET /?_g=2220043 HTTP/1.1" 301 0 "-" "Mozilla/5.0 (Linux; Android 6.0.1; Nexus 5X Build/MMB29P) AppleWebKit/537.36 (KHTML, like Gecko) Chrome/141.0.7390.122 Mobile Safari/537.36 (compatible; GoogleOther)"
193.111.77.77 - - [05/Dec/2025:22:15:30 +0300] "POST /wp-cron.php?doing_wp_cron=1764962130.2257399559020996093750 HTTP/1.1" 200 0 "-" "WordPress/6.9; https://tnstickers.com"
152.42.221.185 - - [05/Dec/2025:22:15:27 +0300] "POST //xmlrpc.php HTTP/1.1" 200 408 "-" "Mozilla/5.0 (Windows NT 10.0; Win64; x64) AppleWebKit/537.36 (KHTML, like Gecko) Chrome/95.0.4638.69 Safari/537.36"
152.42.221.185 - - [05/Dec/2025:22:15:29 +0300] "POST //xmlrpc.php HTTP/1.1" 200 408 "-" "Mozilla/5.0 (Windows NT 10.0; Win64; x64) AppleWebKit/537.36 (KHTML, like Gecko) Chrome/95.0.4638.69 Safari/537.36"
152.42.221.185 - - [05/Dec/2025:22:15:30 +0300] "POST //xmlrpc.php HTTP/1.1" 200 408 "-" "Mozilla/5.0 (Windows NT 10.0; Win64; x64) AppleWebKit/537.36 (KHTML, like Gecko) Chrome/95.0.4638.69 Safari/537.36"
152.42.221.185 - - [05/Dec/2025:22:15:32 +0300] "POST //xmlrpc.php HTTP/1.1" 200 408 "-" "Mozilla/5.0 (Windows NT 10.0; Win64; x64) AppleWebKit/537.36 (KHTML, like Gecko) Chrome/95.0.4638.69 Safari/537.36"
152.42.221.185 - - [05/Dec/2025:22:15:34 +0300] "POST //xmlrpc.php HTTP/1.1" 200 408 "-" "Mozilla/5.0 (Windows NT 10.0; Win64; x64) AppleWebKit/537.36 (KHTML, like Gecko) Chrome/95.0.4638.69 Safari/537.36"
152.42.221.185 - - [05/Dec/2025:22:15:36 +0300] "POST //xmlrpc.php HTTP/1.1" 200 408 "-" "Mozilla/5.0 (Windows NT 10.0; Win64; x64) AppleWebKit/537.36 (KHTML, like Gecko) Chrome/95.0.4638.69 Safari/537.36"
152.42.221.185 - - [05/Dec/2025:22:15:37 +0300] "POST //xmlrpc.php HTTP/1.1" 200 408 "-" "Mozilla/5.0 (Windows NT 10.0; Win64; x64) AppleWebKit/537.36 (KHTML, like Gecko) Chrome/95.0.4638.69 Safari/537.36"
152.42.221.185 - - [05/Dec/2025:22:15:39 +0300] "POST //xmlrpc.php HTTP/1.1" 200 408 "-" "Mozilla/5.0 (Windows NT 10.0; Win64; x64) AppleWebKit/537.36 (KHTML, like Gecko) Chrome/95.0.4638.69 Safari/537.36"
152.42.221.185 - - [05/Dec/2025:22:15:40 +0300] "POST //xmlrpc.php HTTP/1.1" 200 408 "-" "Mozilla/5.0 (Windows NT 10.0; Win64; x64) AppleWebKit/537.36 (KHTML, like Gecko) Chrome/95.0.4638.69 Safari/537.36"
152.42.221.185 - - [05/Dec/2025:22:15:41 +0300] "POST //xmlrpc.php HTTP/1.1" 200 408 "-" "Mozilla/5.0 (Windows NT 10.0; Win64; x64) AppleWebKit/537.36 (KHTML, like Gecko) Chrome/95.0.4638.69 Safari/537.36"
152.42.221.185 - - [05/Dec/2025:22:15:43 +0300] "POST //xmlrpc.php HTTP/1.1" 200 408 "-" "Mozilla/5.0 (Windows NT 10.0; Win64; x64) AppleWebKit/537.36 (KHTML, like Gecko) Chrome/95.0.4638.69 Safari/537.36"
152.42.221.185 - - [05/Dec/2025:22:15:44 +0300] "POST //xmlrpc.php HTTP/1.1" 200 408 "-" "Mozilla/5.0 (Windows NT 10.0; Win64; x64) AppleWebKit/537.36 (KHTML, like Gecko) Chrome/95.0.4638.69 Safari/537.36"
152.42.221.185 - - [05/Dec/2025:22:15:47 +0300] "POST //xmlrpc.php HTTP/1.1" 200 408 "-" "Mozilla/5.0 (Windows NT 10.0; Win64; x64) AppleWebKit/537.36 (KHTML, like Gecko) Chrome/95.0.4638.69 Safari/537.36"
152.42.221.185 - - [05/Dec/2025:22:15:48 +0300] "POST //xmlrpc.php HTTP/1.1" 200 408 "-" "Mozilla/5.0 (Windows NT 10.0; Win64; x64) AppleWebKit/537.36 (KHTML, like Gecko) Chrome/95.0.4638.69 Safari/537.36"
152.42.221.185 - - [05/Dec/2025:22:15:50 +0300] "POST //xmlrpc.php HTTP/1.1" 403 9086 "-" "Mozilla/5.0 (Windows NT 10.0; Win64; x64) AppleWebKit/537.36 (KHTML, like Gecko) Chrome/95.0.4638.69 Safari/537.36"
43.133.91.48 - - [05/Dec/2025:22:17:43 +0300] "GET /product/call-of-duty-modern-warfare-ii/ HTTP/1.1" 200 30556 "-" "Mozilla/5.0 (iPhone; CPU iPhone OS 13_2_3 like Mac OS X) AppleWebKit/605.1.15 (KHTML, like Gecko) Version/13.0.3 Mobile/15E148 Safari/604.1"
193.111.77.77 - - [05/Dec/2025:22:22:20 +0300] "POST /wp-cron.php?doing_wp_cron=1764962540.3360629081726074218750 HTTP/1.1" 200 0 "-" "WordPress/6.9; https://tnstickers.com"
196.178.198.252 - - [05/Dec/2025:22:28:27 +0300] "GET /wp-admin/css/forms.min.css?ver=6.9 HTTP/1.1" 200 5820 "https://tnstickers.com/wp-login.php?redirect_to=https%3A%2F%2Ftnstickers.com%2Fwp-admin%2Fadmin.php%3Fpage%3Dbackuply&reauth=1" "Mozilla/5.0 (Windows NT 10.0; Win64; x64) AppleWebKit/537.36 (KHTML, like Gecko) Chrome/142.0.0.0 Safari/537.36"
196.178.198.252 - - [05/Dec/2025:22:28:27 +0300] "GET /wp-includes/css/buttons.min.css?ver=6.9 HTTP/1.1" 200 1179 "https://tnstickers.com/wp-login.php?redirect_to=https%3A%2F%2Ftnstickers.com%2Fwp-admin%2Fadmin.php%3Fpage%3Dbackuply&reauth=1" "Mozilla/5.0 (Windows NT 10.0; Win64; x64) AppleWebKit/537.36 (KHTML, like Gecko) Chrome/142.0.0.0 Safari/537.36"
196.178.198.252 - - [05/Dec/2025:22:28:27 +0300] "GET /wp-admin/css/l10n.min.css?ver=6.9 HTTP/1.1" 200 635 "https://tnstickers.com/wp-login.php?redirect_to=https%3A%2F%2Ftnstickers.com%2Fwp-admin%2Fadmin.php%3Fpage%3Dbackuply&reauth=1" "Mozilla/5.0 (Windows NT 10.0; Win64; x64) AppleWebKit/537.36 (KHTML, like Gecko) Chrome/142.0.0.0 Safari/537.36"
196.178.198.252 - - [05/Dec/2025:22:28:27 +0300] "GET /wp-admin/css/login.min.css?ver=6.9 HTTP/1.1" 200 1834 "https://tnstickers.com/wp-login.php?redirect_to=https%3A%2F%2Ftnstickers.com%2Fwp-admin%2Fadmin.php%3Fpage%3Dbackuply&reauth=1" "Mozilla/5.0 (Windows NT 10.0; Win64; x64) AppleWebKit/537.36 (KHTML, like Gecko) Chrome/142.0.0.0 Safari/537.36"
196.178.198.252 - - [05/Dec/2025:22:28:27 +0300] "GET /wp-content/plugins/loginizer/assets/images/social/Google.png HTTP/1.1" 200 2570 "https://tnstickers.com/wp-login.php?redirect_to=https%3A%2F%2Ftnstickers.com%2Fwp-admin%2Fadmin.php%3Fpage%3Dbackuply&reauth=1" "Mozilla/5.0 (Windows NT 10.0; Win64; x64) AppleWebKit/537.36 (KHTML, like Gecko) Chrome/142.0.0.0 Safari/537.36"
196.178.198.252 - - [05/Dec/2025:22:28:27 +0300] "GET /wp-content/plugins/loginizer/assets/images/social/GitHub.png HTTP/1.1" 200 2529 "https://tnstickers.com/wp-login.php?redirect_to=https%3A%2F%2Ftnstickers.com%2Fwp-admin%2Fadmin.php%3Fpage%3Dbackuply&reauth=1" "Mozilla/5.0 (Windows NT 10.0; Win64; x64) AppleWebKit/537.36 (KHTML, like Gecko) Chrome/142.0.0.0 Safari/537.36"
196.178.198.252 - - [05/Dec/2025:22:28:27 +0300] "GET /wp-content/plugins/loginizer/assets/images/social/LinkedInOpenID.png HTTP/1.1" 200 1012 "https://tnstickers.com/wp-login.php?redirect_to=https%3A%2F%2Ftnstickers.com%2Fwp-admin%2Fadmin.php%3Fpage%3Dbackuply&reauth=1" "Mozilla/5.0 (Windows NT 10.0; Win64; x64) AppleWebKit/537.36 (KHTML, like Gecko) Chrome/142.0.0.0 Safari/537.36"
196.178.198.252 - - [05/Dec/2025:22:28:27 +0300] "GET /wp-content/plugins/loginizer/assets/images/social/Twitter.png HTTP/1.1" 200 3088 "https://tnstickers.com/wp-login.php?redirect_to=https%3A%2F%2Ftnstickers.com%2Fwp-admin%2Fadmin.php%3Fpage%3Dbackuply&reauth=1" "Mozilla/5.0 (Windows NT 10.0; Win64; x64) AppleWebKit/537.36 (KHTML, like Gecko) Chrome/142.0.0.0 Safari/537.36"
196.178.198.252 - - [05/Dec/2025:22:28:27 +0300] "GET /wp-includes/js/clipboard.min.js?ver=2.0.11 HTTP/1.1" 200 2780 "https://tnstickers.com/wp-login.php?redirect_to=https%3A%2F%2Ftnstickers.com%2Fwp-admin%2Fadmin.php%3Fpage%3Dbackuply&reauth=1" "Mozilla/5.0 (Windows NT 10.0; Win64; x64) AppleWebKit/537.36 (KHTML, like Gecko) Chrome/142.0.0.0 Safari/537.36"
196.178.198.252 - - [05/Dec/2025:22:28:27 +0300] "GET /wp-includes/js/zxcvbn-async.min.js?ver=1.0 HTTP/1.1" 200 143 "https://tnstickers.com/wp-login.php?redirect_to=https%3A%2F%2Ftnstickers.com%2Fwp-admin%2Fadmin.php%3Fpage%3Dbackuply&reauth=1" "Mozilla/5.0 (Windows NT 10.0; Win64; x64) AppleWebKit/537.36 (KHTML, like Gecko) Chrome/142.0.0.0 Safari/537.36"
193.111.77.77 - - [05/Dec/2025:22:17:45 +0300] "GET /wp-content/uploads/2023/07/w-vgs-action-call-of-duty-mw-2.jpg HTTP/1.1" 200 210758 "-" "-"
193.111.77.77 - - [05/Dec/2025:22:17:46 +0300] "POST /wp-cron.php?doing_wp_cron=1764962266.2719700336456298828125 HTTP/1.1" 200 0 "-" "WordPress/6.9; https://tnstickers.com"
193.111.77.77 - - [05/Dec/2025:22:28:24 +0300] "POST /wp-cron.php?doing_wp_cron=1764962904.0439739227294921875000 HTTP/1.1" 200 0 "-" "WordPress/6.9; https://tnstickers.com"
193.111.77.77 - - [05/Dec/2025:22:28:36 +0300] "POST /wp-cron.php?doing_wp_cron=1764962916.6217000484466552734375 HTTP/1.1" 200 0 "-" "WordPress/6.9; https://tnstickers.com"
196.178.198.252 - - [05/Dec/2025:22:28:27 +0300] "GET /wp-admin/js/password-strength-meter.min.js?ver=6.9 HTTP/1.1" 200 508 "https://tnstickers.com/wp-login.php?redirect_to=https%3A%2F%2Ftnstickers.com%2Fwp-admin%2Fadmin.php%3Fpage%3Dbackuply&reauth=1" "Mozilla/5.0 (Windows NT 10.0; Win64; x64) AppleWebKit/537.36 (KHTML, like Gecko) Chrome/142.0.0.0 Safari/537.36"
196.178.198.252 - - [05/Dec/2025:22:28:27 +0300] "GET /wp-includes/js/dist/dom-ready.min.js?ver=f77871ff7694fffea381 HTTP/1.1" 200 245 "https://tnstickers.com/wp-login.php?redirect_to=https%3A%2F%2Ftnstickers.com%2Fwp-admin%2Fadmin.php%3Fpage%3Dbackuply&reauth=1" "Mozilla/5.0 (Windows NT 10.0; Win64; x64) AppleWebKit/537.36 (KHTML, like Gecko) Chrome/142.0.0.0 Safari/537.36"
196.178.198.252 - - [05/Dec/2025:22:28:27 +0300] "GET /wp-admin/js/user-profile.min.js?ver=6.9 HTTP/1.1" 200 2692 "https://tnstickers.com/wp-login.php?redirect_to=https%3A%2F%2Ftnstickers.com%2Fwp-admin%2Fadmin.php%3Fpage%3Dbackuply&reauth=1" "Mozilla/5.0 (Windows NT 10.0; Win64; x64) AppleWebKit/537.36 (KHTML, like Gecko) Chrome/142.0.0.0 Safari/537.36"
196.178.198.252 - - [05/Dec/2025:22:28:27 +0300] "GET /wp-admin/images/wordpress-logo.svg?ver=20131107 HTTP/1.1" 200 718 "https://tnstickers.com/wp-admin/css/login.min.css?ver=6.9" "Mozilla/5.0 (Windows NT 10.0; Win64; x64) AppleWebKit/537.36 (KHTML, like Gecko) Chrome/142.0.0.0 Safari/537.36"
196.178.198.252 - - [05/Dec/2025:22:28:28 +0300] "GET /wp-includes/js/zxcvbn.min.js HTTP/1.1" 200 373323 "https://tnstickers.com/wp-login.php?redirect_to=https%3A%2F%2Ftnstickers.com%2Fwp-admin%2Fadmin.php%3Fpage%3Dbackuply&reauth=1" "Mozilla/5.0 (Windows NT 10.0; Win64; x64) AppleWebKit/537.36 (KHTML, like Gecko) Chrome/142.0.0.0 Safari/537.36"
49.51.50.147 - - [05/Dec/2025:22:28:34 +0300] "GET /product/elden-ring/ HTTP/1.1" 200 27771 "-" "Mozilla/5.0 (iPhone; CPU iPhone OS 13_2_3 like Mac OS X) AppleWebKit/605.1.15 (KHTML, like Gecko) Version/13.0.3 Mobile/15E148 Safari/604.1"
66.249.66.162 - - [05/Dec/2025:22:21:14 +0300] "GET /?_g=1477356 HTTP/1.1" 301 0 "-" "Mozilla/5.0 (Linux; Android 6.0.1; Nexus 5X Build/MMB29P) AppleWebKit/537.36 (KHTML, like Gecko) Chrome/141.0.7390.122 Mobile Safari/537.36 (compatible; GoogleOther)"
193.111.77.77 - - [05/Dec/2025:22:23:03 +0300] "POST /wp-cron.php?doing_wp_cron=1764962583.6215109825134277343750 HTTP/1.1" 200 0 "-" "WordPress/6.9; https://tnstickers.com"
66.249.66.169 - - [05/Dec/2025:22:23:01 +0300] "GET /?_g=359860 HTTP/1.1" 200 27355 "-" "Mozilla/5.0 (Linux; Android 6.0.1; Nexus 5X Build/MMB29P) AppleWebKit/537.36 (KHTML, like Gecko) Chrome/141.0.7390.122 Mobile Safari/537.36 (compatible; GoogleOther)"
66.249.66.4 - - [05/Dec/2025:22:23:08 +0300] "POST /?wc-ajax=get_refreshed_fragments HTTP/1.1" 200 514 "https://tnstickers.com/?_g=359860" "Mozilla/5.0 (Linux; Android 6.0.1; Nexus 5X Build/MMB29P) AppleWebKit/537.36 (KHTML, like Gecko) Chrome/141.0.7390.122 Mobile Safari/537.36 (compatible; Googlebot/2.1; +http://www.google.com/bot.html)"
66.249.66.192 - - [05/Dec/2025:22:23:09 +0300] "GET /?_g=637389 HTTP/1.1" 301 0 "-" "Mozilla/5.0 (Linux; Android 6.0.1; Nexus 5X Build/MMB29P) AppleWebKit/537.36 (KHTML, like Gecko) Chrome/141.0.7390.122 Mobile Safari/537.36 (compatible; GoogleOther)"
193.111.77.77 - - [05/Dec/2025:22:28:36 +0300] "GET /wp-content/uploads/2023/07/gm.png HTTP/1.1" 200 263677 "-" "-"
193.111.77.77 - - [05/Dec/2025:22:21:16 +0300] "POST /wp-cron.php?doing_wp_cron=1764962476.0738379955291748046875 HTTP/1.1" 200 0 "-" "WordPress/6.9; https://tnstickers.com"
66.249.66.68 - - [05/Dec/2025:22:22:19 +0300] "GET /?_g=2951678 HTTP/1.1" 301 0 "-" "Mozilla/5.0 (Linux; Android 6.0.1; Nexus 5X Build/MMB29P) AppleWebKit/537.36 (KHTML, like Gecko) Chrome/141.0.7390.122 Mobile Safari/537.36 (compatible; GoogleOther)"
196.178.198.252 - - [05/Dec/2025:22:28:22 +0300] "GET /wp-admin/admin.php?page=backuply HTTP/2" 302 0 "https://tnstickers.com/wp-admin/admin.php?page=backuply" "Mozilla/5.0 (Windows NT 10.0; Win64; x64) AppleWebKit/537.36 (KHTML, like Gecko) Chrome/142.0.0.0 Safari/537.36"
196.178.198.252 - - [05/Dec/2025:22:28:24 +0300] "GET /wp-login.php?redirect_to=https%3A%2F%2Ftnstickers.com%2Fwp-admin%2Fadmin.php%3Fpage%3Dbackuply&reauth=1 HTTP/2" 200 4223 "https://tnstickers.com/wp-admin/admin.php?page=backuply" "Mozilla/5.0 (Windows NT 10.0; Win64; x64) AppleWebKit/537.36 (KHTML, like Gecko) Chrome/142.0.0.0 Safari/537.36"
66.249.66.4 - - [05/Dec/2025:22:28:59 +0300] "GET /?_g=4148843 HTTP/1.1" 301 0 "-" "Mozilla/5.0 (Linux; Android 6.0.1; Nexus 5X Build/MMB29P) AppleWebKit/537.36 (KHTML, like Gecko) Chrome/141.0.7390.122 Mobile Safari/537.36 (compatible; Googlebot/2.1; +http://www.google.com/bot.html)"
66.249.66.169 - - [05/Dec/2025:22:29:02 +0300] "GET /?_g=4148843 HTTP/1.1" 200 27352 "-" "Mozilla/5.0 (Linux; Android 6.0.1; Nexus 5X Build/MMB29P) AppleWebKit/537.36 (KHTML, like Gecko) Chrome/141.0.7390.122 Mobile Safari/537.36 (compatible; Googlebot/2.1; +http://www.google.com/bot.html)"
66.249.66.4 - - [05/Dec/2025:22:40:49 +0300] "GET /robots.txt HTTP/1.1" 200 105 "-" "Mozilla/5.0 (compatible; Googlebot/2.1; +http://www.google.com/bot.html)"
66.249.66.67 - - [05/Dec/2025:22:42:03 +0300] "GET /robots.txt HTTP/1.1" 200 105 "-" "Mozilla/5.0 (compatible; Googlebot/2.1; +http://www.google.com/bot.html)"
66.249.66.3 - - [05/Dec/2025:22:44:17 +0300] "GET /robots.txt HTTP/1.1" 200 105 "-" "Mozilla/5.0 (compatible; Googlebot/2.1; +http://www.google.com/bot.html)"
66.249.66.192 - - [05/Dec/2025:22:43:36 +0300] "GET /?_g=2975194 HTTP/1.1" 301 1 "-" "Mozilla/5.0 (Linux; Android 6.0.1; Nexus 5X Build/MMB29P) AppleWebKit/537.36 (KHTML, like Gecko) Chrome/141.0.7390.122 Mobile Safari/537.36 (compatible; GoogleOther)"
193.111.77.77 - - [05/Dec/2025:22:45:39 +0300] "POST /wp-cron.php?doing_wp_cron=1764963938.8389849662780761718750 HTTP/1.1" 200 1 "-" "WordPress/6.9; https://tnstickers.com"
193.111.77.77 - - [05/Dec/2025:22:46:31 +0300] "POST /wp-cron.php?doing_wp_cron=1764963990.1416699886322021484375 HTTP/1.1" 200 1 "-" "WordPress/6.9; https://tnstickers.com"
43.130.47.33 - - [05/Dec/2025:22:48:14 +0300] "GET / HTTP/1.1" 508 288 "-" "Mozilla/5.0 (iPhone; CPU iPhone OS 13_2_3 like Mac OS X) AppleWebKit/605.1.15 (KHTML, like Gecko) Version/13.0.3 Mobile/15E148 Safari/604.1"
66.249.66.68 - - [05/Dec/2025:22:46:59 +0300] "GET /?_g=242792 HTTP/1.1" 301 1 "-" "Mozilla/5.0 (Linux; Android 6.0.1; Nexus 5X Build/MMB29P) AppleWebKit/537.36 (KHTML, like Gecko) Chrome/141.0.7390.122 Mobile Safari/537.36 (compatible; GoogleOther)"
66.249.66.3 - - [05/Dec/2025:22:47:12 +0300] "GET /?_g=2365309 HTTP/1.1" 301 1 "-" "Mozilla/5.0 (Linux; Android 6.0.1; Nexus 5X Build/MMB29P) AppleWebKit/537.36 (KHTML, like Gecko) Chrome/141.0.7390.122 Mobile Safari/537.36 (compatible; GoogleOther)"
193.111.77.77 - - [05/Dec/2025:22:47:54 +0300] "POST /wp-cron.php?doing_wp_cron=1764964073.4421219825744628906250 HTTP/1.1" 200 1 "-" "WordPress/6.9; https://tnstickers.com"
193.111.77.77 - - [05/Dec/2025:22:47:59 +0300] "POST /wp-cron.php?doing_wp_cron=1764964079.5407140254974365234375 HTTP/1.1" 200 1 "-" "WordPress/6.9; https://tnstickers.com"
147.135.215.173 - - [05/Dec/2025:22:49:48 +0300] "GET /robots.txt HTTP/1.1" 200 363 "-" "Mozilla/5.0 (compatible; MJ12bot/v1.4.8; http://mj12bot.com/)"
54.37.252.36 - - [05/Dec/2025:22:49:49 +0300] "GET /robots.txt HTTP/1.1" 200 363 "-" "Mozilla/5.0 (compatible; MJ12bot/v1.4.8; http://mj12bot.com/)"
193.111.77.77 - - [05/Dec/2025:22:48:31 +0300] "POST /wp-cron.php?doing_wp_cron=1764964110.9432570934295654296875 HTTP/1.1" 200 1 "-" "WordPress/6.9; https://tnstickers.com"
66.249.66.3 - - [05/Dec/2025:22:48:29 +0300] "GET /?_g=712935 HTTP/1.1" 301 1 "-" "Mozilla/5.0 (Linux; Android 6.0.1; Nexus 5X Build/MMB29P) AppleWebKit/537.36 (KHTML, like Gecko) Chrome/141.0.7390.122 Mobile Safari/537.36 (compatible; GoogleOther)"
193.111.77.77 - - [05/Dec/2025:22:49:04 +0300] "POST /wp-cron.php?doing_wp_cron=1764964143.5405969619750976562500 HTTP/1.1" 200 1 "-" "WordPress/6.9; https://tnstickers.com"
193.111.77.77 - - [05/Dec/2025:22:49:14 +0300] "POST /wp-cron.php?doing_wp_cron=1764964154.0440430641174316406250 HTTP/1.1" 200 1 "-" "WordPress/6.9; https://tnstickers.com"
66.249.66.162 - - [05/Dec/2025:22:49:50 +0300] "GET /?_g=3586889 HTTP/1.1" 301 1 "-" "Mozilla/5.0 (Linux; Android 6.0.1; Nexus 5X Build/MMB29P) AppleWebKit/537.36 (KHTML, like Gecko) Chrome/141.0.7390.122 Mobile Safari/537.36 (compatible; GoogleOther)"
66.249.66.66 - - [05/Dec/2025:22:51:12 +0300] "GET /robots.txt HTTP/1.1" 200 105 "-" "Mozilla/5.0 (compatible; Googlebot/2.1; +http://www.google.com/bot.html)"
147.135.215.173 - - [05/Dec/2025:22:49:50 +0300] "GET /shop/?stock_status=onsale&filter_color=deluxe,standart&filter_product_brand=36,38&filter_size=physical HTTP/1.1" 200 21041 "-" "Mozilla/5.0 (compatible; MJ12bot/v1.4.8; http://mj12bot.com/)"
54.37.252.36 - - [05/Dec/2025:22:49:53 +0300] "GET /product-category/autos/?per_page=12&add-to-cart=2771 HTTP/1.1" 200 24551 "-" "Mozilla/5.0 (compatible; MJ12bot/v1.4.8; http://mj12bot.com/)"
66.249.66.192 - - [05/Dec/2025:22:50:12 +0300] "GET /?_g=3922502 HTTP/1.1" 301 1 "-" "Mozilla/5.0 (Linux; Android 6.0.1; Nexus 5X Build/MMB29P) AppleWebKit/537.36 (KHTML, like Gecko) Chrome/141.0.7390.122 Mobile Safari/537.36 (compatible; GoogleOther)"
193.111.77.77 - - [05/Dec/2025:22:51:58 +0300] "GET /wp-content/uploads/2023/07/w-vgs-casual-park-beyond.jpg HTTP/1.1" 200 209981 "-" "-"
193.111.77.77 - - [05/Dec/2025:22:51:59 +0300] "GET /wp-content/uploads/2023/07/w-vgs-action-dead-island-2.jpg HTTP/1.1" 200 190095 "-" "-"
196.178.198.252 - - [05/Dec/2025:22:50:39 +0300] "GET / HTTP/2.0" 200 - "-" "Mozilla/5.0 (Windows NT 10.0; Win64; x64) AppleWebKit/537.36 (KHTML, like Gecko) Chrome/142.0.0.0 Safari/537.36"
193.111.77.77 - - [05/Dec/2025:22:53:08 +0300] "GET /wp-content/uploads/2025/12/akra.png HTTP/1.1" 200 232293 "-" "-"
147.135.215.173 - - [05/Dec/2025:22:51:19 +0300] "GET /shop/?stock_status=onsale&filter_color=deluxe,standart&filter_product_brand=36,39&filter_size=physical HTTP/1.1" 200 21035 "-" "Mozilla/5.0 (compatible; MJ12bot/v1.4.8; http://mj12bot.com/)"
193.111.77.77 - - [05/Dec/2025:22:53:29 +0300] "GET /wp-content/uploads/2025/12/akra.png HTTP/1.1" 200 232293 "-" "-"
147.135.215.173 - - [05/Dec/2025:22:53:37 +0300] "GET /shop/?stock_status=onsale&filter_color=deluxe,standart&filter_product_brand=37,39&filter_size=physical HTTP/1.1" 500 2246 "-" "Mozilla/5.0 (compatible; MJ12bot/v1.4.8; http://mj12bot.com/)"
54.37.252.36 - - [05/Dec/2025:22:51:25 +0300] "GET /shop/?per_row=3&shop_view=grid&per_page=18&add-to-cart=2731 HTTP/1.1" 200 25508 "-" "Mozilla/5.0 (compatible; MJ12bot/v1.4.8; http://mj12bot.com/)"
193.111.77.77 - - [05/Dec/2025:22:51:59 +0300] "POST /wp-cron.php?doing_wp_cron=1764964319.1434819698333740234375 HTTP/1.1" 200 1 "-" "WordPress/6.9; https://tnstickers.com"
193.111.77.77 - - [05/Dec/2025:22:53:55 +0300] "GET /wp-content/uploads/2023/07/w-vgs-casual-park-beyond.jpg HTTP/1.1" 200 209981 "-" "-"
193.111.77.77 - - [05/Dec/2025:22:54:00 +0300] "GET /wp-content/uploads/2025/12/akra.png HTTP/1.1" 200 232293 "-" "-"
66.249.66.192 - - [05/Dec/2025:22:52:08 +0300] "GET /?_g=1118393 HTTP/1.1" 301 1 "-" "Mozilla/5.0 (Linux; Android 6.0.1; Nexus 5X Build/MMB29P) AppleWebKit/537.36 (KHTML, like Gecko) Chrome/141.0.7390.122 Mobile Safari/537.36 (compatible; GoogleOther)"
193.111.77.77 - - [05/Dec/2025:22:55:15 +0300] "GET /wp-content/uploads/2023/07/w-vgs-casual-park-beyond.jpg HTTP/1.1" 200 209981 "-" "-"
193.111.77.77 - - [05/Dec/2025:22:55:19 +0300] "GET /wp-content/uploads/2023/07/w-vgs-casual-park-beyond.jpg HTTP/1.1" 200 209981 "-" "-"
193.111.77.77 - - [05/Dec/2025:22:55:34 +0300] "GET /wp-content/uploads/2025/12/akra.png HTTP/1.1" 200 232293 "-" "-"
193.111.77.77 - - [05/Dec/2025:22:55:47 +0300] "GET /wp-content/uploads/2023/07/w-vgs-casual-park-beyond.jpg HTTP/1.1" 200 209981 "-" "-"
193.111.77.77 - - [05/Dec/2025:22:56:03 +0300] "GET /wp-content/uploads/2025/12/akra.png HTTP/1.1" 200 232293 "-" "-"
54.37.252.36 - - [05/Dec/2025:22:54:12 +0300] "GET /shop/?per_row=3&shop_view=grid&per_page=24&add-to-cart=2771 HTTP/1.1" 200 26247 "-" "Mozilla/5.0 (compatible; MJ12bot/v1.4.8; http://mj12bot.com/)"
193.111.77.77 - - [05/Dec/2025:22:54:51 +0300] "POST /wp-cron.php?doing_wp_cron=1764964491.4400820732116699218750 HTTP/1.1" 200 1 "-" "WordPress/6.9; https://tnstickers.com"
193.111.77.77 - - [05/Dec/2025:22:56:40 +0300] "GET /wp-content/uploads/2025/12/akra.png HTTP/1.1" 200 232293 "-" "-"
66.249.66.66 - - [05/Dec/2025:22:55:08 +0300] "GET /?_g=2454537 HTTP/1.1" 301 1 "-" "Mozilla/5.0 (Linux; Android 6.0.1; Nexus 5X Build/MMB29P) AppleWebKit/537.36 (KHTML, like Gecko) Chrome/141.0.7390.122 Mobile Safari/537.36 (compatible; GoogleOther)"
54.37.252.36 - - [05/Dec/2025:22:54:49 +0300] "GET /shop/?per_row=3&shop_view=grid&per_page=24&add-to-cart=484 HTTP/1.1" 200 26246 "-" "Mozilla/5.0 (compatible; MJ12bot/v1.4.8; http://mj12bot.com/)"
193.111.77.77 - - [05/Dec/2025:22:58:12 +0300] "GET /wp-content/uploads/2025/12/akra.png HTTP/1.1" 200 232293 "-" "-"
193.111.77.77 - - [05/Dec/2025:22:57:01 +0300] "POST /wp-cron.php?doing_wp_cron=1764964620.9493560791015625000000 HTTP/1.1" 200 1 "-" "WordPress/6.9; https://tnstickers.com"
193.111.77.77 - - [05/Dec/2025:22:57:08 +0300] "POST /wp-cron.php?doing_wp_cron=1764964627.9390659332275390625000 HTTP/1.1" 200 1 "-" "WordPress/6.9; https://tnstickers.com"
193.111.77.77 - - [05/Dec/2025:22:58:56 +0300] "GET /wp-content/uploads/2025/12/akra.png HTTP/1.1" 200 232293 "-" "-"
193.111.77.77 - - [05/Dec/2025:22:57:41 +0300] "POST /wp-cron.php?doing_wp_cron=1764964660.4454751014709472656250 HTTP/1.1" 200 1 "-" "WordPress/6.9; https://tnstickers.com"
193.111.77.77 - - [05/Dec/2025:22:59:29 +0300] "GET /wp-content/uploads/2025/12/akra.png HTTP/1.1" 200 232293 "-" "-"
66.249.66.3 - - [05/Dec/2025:22:57:43 +0300] "GET /?_g=2266091 HTTP/1.1" 301 1 "-" "Mozilla/5.0 (Linux; Android 6.0.1; Nexus 5X Build/MMB29P) AppleWebKit/537.36 (KHTML, like Gecko) Chrome/141.0.7390.122 Mobile Safari/537.36 (compatible; GoogleOther)"
193.111.77.77 - - [05/Dec/2025:22:59:37 +0300] "GET /wp-content/uploads/2025/12/akra.png HTTP/1.1" 200 232293 "-" "-"
147.135.215.173 - - [05/Dec/2025:22:57:38 +0300] "GET /shop/?stock_status=onsale&filter_color=deluxe,standart&filter_size=physical&filter_product_brand=38 HTTP/1.1" 200 21020 "-" "Mozilla/5.0 (compatible; MJ12bot/v1.4.8; http://mj12bot.com/)"
193.111.77.77 - - [05/Dec/2025:23:00:14 +0300] "GET /wp-content/uploads/2025/12/45.png HTTP/1.1" 200 242191 "-" "-"
193.111.77.77 - - [05/Dec/2025:23:01:11 +0300] "GET /wp-content/uploads/2025/12/akra.png HTTP/1.1" 200 232293 "-" "-"
193.111.77.77 - - [05/Dec/2025:23:01:55 +0300] "POST /wp-cron.php?doing_wp_cron=1764964914.2388370037078857421875 HTTP/1.1" 503 1723 "-" "WordPress/6.9; https://tnstickers.com"
54.37.252.36 - - [05/Dec/2025:22:59:15 +0300] "GET /shop/?per_row=3&shop_view=list&add-to-cart=2680 HTTP/1.1" 200 28245 "-" "Mozilla/5.0 (compatible; MJ12bot/v1.4.8; http://mj12bot.com/)"
193.111.77.77 - - [05/Dec/2025:23:02:08 +0300] "GET /wp-content/uploads/2023/07/w-vgs-casual-park-beyond.jpg HTTP/1.1" 200 209981 "-" "-"
193.111.77.77 - - [05/Dec/2025:23:02:26 +0300] "GET /wp-content/uploads/2025/12/akra.png HTTP/1.1" 200 232293 "-" "-"
193.111.77.77 - - [05/Dec/2025:23:02:34 +0300] "GET /wp-content/uploads/2025/12/akra.png HTTP/1.1" 200 232293 "-" "-"
147.135.215.173 - - [05/Dec/2025:23:02:35 +0300] "GET /shop/?stock_status=onsale&filter_color=deluxe,standart&filter_size=standart&per_page=24 HTTP/1.1" 503 1723 "-" "Mozilla/5.0 (compatible; MJ12bot/v1.4.8; http://mj12bot.com/)"
193.111.77.77 - - [05/Dec/2025:23:02:46 +0300] "GET /wp-content/uploads/2023/07/w-vgs-casual-park-beyond.jpg HTTP/1.1" 200 209981 "-" "-"
193.111.77.77 - - [05/Dec/2025:23:03:01 +0300] "GET /wp-content/uploads/2023/07/w-vgs-casual-park-beyond.jpg HTTP/1.1" 200 209981 "-" "-"
193.111.77.77 - - [05/Dec/2025:23:03:12 +0300] "GET /wp-content/uploads/2023/07/w-vgs-casual-park-beyond.jpg HTTP/1.1" 200 209981 "-" "-"
147.135.215.173 - - [05/Dec/2025:23:03:10 +0300] "GET /shop/?stock_status=onsale&filter_color=deluxe,standart&filter_size=standart&shop_view=grid&per_row=4 HTTP/1.1" 503 1723 "-" "Mozilla/5.0 (compatible; MJ12bot/v1.4.8; http://mj12bot.com/)"
193.111.77.77 - - [05/Dec/2025:23:03:13 +0300] "GET /wp-content/uploads/2025/12/akra.png HTTP/1.1" 200 232293 "-" "-"
193.111.77.77 - - [05/Dec/2025:23:03:15 +0300] "GET /wp-content/uploads/2025/12/akra.png HTTP/1.1" 200 232293 "-" "-"
193.111.77.77 - - [05/Dec/2025:23:03:51 +0300] "GET /wp-content/uploads/2023/07/w-vgs-casual-park-beyond.jpg HTTP/1.1" 200 209981 "-" "-"
193.111.77.77 - - [05/Dec/2025:23:04:00 +0300] "GET /wp-content/uploads/2025/12/akra.png HTTP/1.1" 200 232293 "-" "-"
193.111.77.77 - - [05/Dec/2025:23:04:00 +0300] "GET /wp-content/uploads/2025/12/akra.png HTTP/1.1" 200 232293 "-" "-"
193.111.77.77 - - [05/Dec/2025:23:04:02 +0300] "GET /wp-content/uploads/2023/07/w-vgs-casual-park-beyond.jpg HTTP/1.1" 200 209981 "-" "-"
193.111.77.77 - - [05/Dec/2025:23:04:04 +0300] "GET /wp-content/uploads/2023/07/w-vgs-action-dying-light-2.jpg HTTP/1.1" 200 157438 "-" "-"
193.111.77.77 - - [05/Dec/2025:23:04:14 +0300] "GET /wp-content/uploads/2025/12/akra.png HTTP/1.1" 200 232293 "-" "-"
66.249.66.162 - - [05/Dec/2025:23:02:03 +0300] "GET /?_g=2679712 HTTP/1.1" 301 1 "-" "Mozilla/5.0 (Linux; Android 6.0.1; Nexus 5X Build/MMB29P) AppleWebKit/537.36 (KHTML, like Gecko) Chrome/141.0.7390.122 Mobile Safari/537.36 (compatible; GoogleOther)"
193.111.77.77 - - [05/Dec/2025:23:04:48 +0300] "GET /wp-content/uploads/2023/07/w-vgs-action-dying-light-2.jpg HTTP/1.1" 200 157438 "-" "-"
193.111.77.77 - - [05/Dec/2025:23:04:50 +0300] "GET /wp-content/uploads/2025/12/akra.png HTTP/1.1" 200 232293 "-" "-"
193.111.77.77 - - [05/Dec/2025:23:04:58 +0300] "GET /wp-content/uploads/2023/07/w-vgs-action-dying-light-2.jpg HTTP/1.1" 200 157438 "-" "-"
193.111.77.77 - - [05/Dec/2025:23:05:11 +0300] "GET /wp-content/uploads/2025/12/akra.png HTTP/1.1" 200 232293 "-" "-"
193.111.77.77 - - [05/Dec/2025:23:05:16 +0300] "GET /wp-content/uploads/2023/07/w-vgs-action-dying-light-2.jpg HTTP/1.1" 200 157438 "-" "-"
54.37.252.36 - - [05/Dec/2025:23:03:14 +0300] "GET /shop/?per_row=3&shop_view=list&per_page=18 HTTP/1.1" 200 26916 "-" "Mozilla/5.0 (compatible; MJ12bot/v1.4.8; http://mj12bot.com/)"
66.249.66.67 - - [05/Dec/2025:23:04:05 +0300] "GET /?_g=3842624 HTTP/1.1" 301 1 "-" "Mozilla/5.0 (Linux; Android 6.0.1; Nexus 5X Build/MMB29P) AppleWebKit/537.36 (KHTML, like Gecko) Chrome/141.0.7390.122 Mobile Safari/537.36 (compatible; GoogleOther)"
193.111.77.77 - - [05/Dec/2025:23:05:50 +0300] "GET /wp-content/uploads/2025/12/akra.png HTTP/1.1" 200 232293 "-" "-"
193.111.77.77 - - [05/Dec/2025:23:05:52 +0300] "GET /wp-content/uploads/2025/12/akra.png HTTP/1.1" 200 232293 "-" "-"
193.111.77.77 - - [05/Dec/2025:23:06:11 +0300] "GET /wp-content/uploads/2025/12/45.png HTTP/1.1" 200 242191 "-" "-"
193.111.77.77 - - [05/Dec/2025:23:06:14 +0300] "GET /wp-content/uploads/2023/07/w-vgs-casual-park-beyond.jpg HTTP/1.1" 200 209981 "-" "-"
193.111.77.77 - - [05/Dec/2025:23:06:23 +0300] "GET /wp-content/uploads/2023/07/w-vgs-casual-park-beyond.jpg HTTP/1.1" 200 209981 "-" "-"
147.135.215.173 - - [05/Dec/2025:23:04:45 +0300] "GET /shop/?stock_status=onsale&filter_color=standart&filter_product_brand=36,37,38,39 HTTP/1.1" 200 23503 "-" "Mozilla/5.0 (compatible; MJ12bot/v1.4.8; http://mj12bot.com/)"
208.110.64.178 - - [05/Dec/2025:23:05:11 +0300] "GET /wp-content/wpe333bb/index.php HTTP/1.1" 301 1 "https://tnstickers.com/wp-content/wpe333bb/index.php" "Mozilla/5.0 (Windows NT 10.0; Win64; x64) AppleWebKit/537.36 (KHTML, like Gecko) Chrome/58.0.3029.110 Safari/537.3"
193.111.77.77 - - [05/Dec/2025:23:07:07 +0300] "GET /wp-content/uploads/2025/12/45.png HTTP/1.1" 200 242191 "-" "-"
193.111.77.77 - - [05/Dec/2025:23:07:10 +0300] "GET /wp-content/uploads/2025/12/45.png HTTP/1.1" 200 242191 "-" "-"
54.37.252.36 - - [05/Dec/2025:23:05:48 +0300] "GET /shop/?per_row=3&shop_view=list&s=Yamaha&post_type=product&per_page=12 HTTP/1.1" 200 23249 "-" "Mozilla/5.0 (compatible; MJ12bot/v1.4.8; http://mj12bot.com/)"
193.111.77.77 - - [05/Dec/2025:23:07:35 +0300] "GET /wp-content/uploads/2023/07/w-vgs-casual-park-beyond.jpg HTTP/1.1" 200 209981 "-" "-"
193.111.77.77 - - [05/Dec/2025:23:07:44 +0300] "GET /wp-content/uploads/2025/12/45.png HTTP/1.1" 200 242191 "-" "-"
147.135.215.173 - - [05/Dec/2025:23:06:15 +0300] "GET /shop/?stock_status=onsale&filter_color=standart&filter_product_brand=36,38,39&filter_size=standart HTTP/1.1" 200 23500 "-" "Mozilla/5.0 (compatible; MJ12bot/v1.4.8; http://mj12bot.com/)"
193.111.77.77 - - [05/Dec/2025:23:06:42 +0300] "POST /wp-cron.php?doing_wp_cron=1764965202.0396339893341064453125 HTTP/1.1" 200 1 "-" "WordPress/6.9; https://tnstickers.com"
193.111.77.77 - - [05/Dec/2025:23:08:12 +0300] "GET /wp-content/uploads/2025/12/45.png HTTP/1.1" 200 242191 "-" "-"
147.135.215.173 - - [05/Dec/2025:23:06:58 +0300] "GET /shop/?stock_status=onsale&filter_color=standart&filter_product_brand=37,38,39&filter_size=physical HTTP/1.1" 200 21031 "-" "Mozilla/5.0 (compatible; MJ12bot/v1.4.8; http://mj12bot.com/)"
