193.111.77.77 - - [05/Dec/2025:20:11:59 +0300] "GET /wp-content/uploads/2025/12/akra.png HTTP/1.1" 200 232293 "-" "-"
193.111.77.77 - - [05/Dec/2025:20:12:10 +0300] "GET /wp-content/uploads/2025/12/akra.png HTTP/1.1" 200 232293 "-" "-"
193.111.77.77 - - [05/Dec/2025:20:12:17 +0300] "GET /wp-content/uploads/2025/12/45.png HTTP/1.1" 200 242191 "-" "-"
193.111.77.77 - - [05/Dec/2025:20:12:25 +0300] "GET /wp-content/uploads/2025/12/45.png HTTP/1.1" 200 242191 "-" "-"
193.111.77.77 - - [05/Dec/2025:20:12:37 +0300] "GET /wp-content/uploads/2025/12/akra.png HTTP/1.1" 200 232293 "-" "-"
193.111.77.77 - - [05/Dec/2025:20:12:51 +0300] "GET /wp-content/uploads/2025/12/45.png HTTP/1.1" 200 242191 "-" "-"
147.135.213.130 - - [05/Dec/2025:20:13:26 +0300] "GET /shop/?per_row=3&per_page=9&shop_view=list&s=Yamaha&post_type=product HTTP/1.1" 200 23698 "-" "Mozilla/5.0 (compatible; MJ12bot/v1.4.8; http://mj12bot.com/)"
147.135.213.130 - - [05/Dec/2025:20:13:30 +0300] "GET /shop/?per_row=3&shop_view=grid HTTP/1.1" 200 27267 "-" "Mozilla/5.0 (compatible; MJ12bot/v1.4.8; http://mj12bot.com/)"
193.111.77.77 - - [05/Dec/2025:20:13:37 +0300] "GET /wp-content/uploads/2025/12/akra.png HTTP/1.1" 200 232293 "-" "-"
147.135.213.130 - - [05/Dec/2025:20:13:35 +0300] "GET /shop/?per_row=3&shop_view=grid&per_page=12 HTTP/1.1" 200 25426 "-" "Mozilla/5.0 (compatible; MJ12bot/v1.4.8; http://mj12bot.com/)"
193.111.77.77 - - [05/Dec/2025:20:13:41 +0300] "GET /wp-content/uploads/2025/12/akra.png HTTP/1.1" 200 232293 "-" "-"
147.135.213.130 - - [05/Dec/2025:20:13:39 +0300] "GET /shop/?per_row=3&shop_view=grid&per_page=18 HTTP/1.1" 200 26455 "-" "Mozilla/5.0 (compatible; MJ12bot/v1.4.8; http://mj12bot.com/)"
147.135.213.130 - - [05/Dec/2025:20:13:43 +0300] "GET /shop/?per_row=3&shop_view=grid&per_page=24 HTTP/1.1" 200 27277 "-" "Mozilla/5.0 (compatible; MJ12bot/v1.4.8; http://mj12bot.com/)"
147.135.213.130 - - [05/Dec/2025:20:13:47 +0300] "GET /shop/?per_row=3&shop_view=grid&per_page=9 HTTP/1.1" 200 24869 "-" "Mozilla/5.0 (compatible; MJ12bot/v1.4.8; http://mj12bot.com/)"
147.135.213.130 - - [05/Dec/2025:20:13:51 +0300] "GET /shop/?per_row=3&shop_view=grid&s=Yamaha&post_type=product HTTP/1.1" 200 23329 "-" "Mozilla/5.0 (compatible; MJ12bot/v1.4.8; http://mj12bot.com/)"
147.135.213.130 - - [05/Dec/2025:20:13:54 +0300] "GET /shop/?per_row=3&shop_view=grid&s=Yamaha&post_type=product&per_page=12 HTTP/1.1" 200 23351 "-" "Mozilla/5.0 (compatible; MJ12bot/v1.4.8; http://mj12bot.com/)"
147.135.213.130 - - [05/Dec/2025:20:13:58 +0300] "GET /shop/?per_row=3&shop_view=grid&s=Yamaha&post_type=product&per_page=18 HTTP/1.1" 200 23349 "-" "Mozilla/5.0 (compatible; MJ12bot/v1.4.8; http://mj12bot.com/)"
147.135.213.130 - - [05/Dec/2025:20:14:02 +0300] "GET /shop/?per_row=3&shop_view=grid&s=Yamaha&post_type=product&per_page=24 HTTP/1.1" 200 23345 "-" "Mozilla/5.0 (compatible; MJ12bot/v1.4.8; http://mj12bot.com/)"
147.135.213.130 - - [05/Dec/2025:20:14:05 +0300] "GET /shop/?per_row=3&shop_view=grid&s=Yamaha&post_type=product&per_page=9 HTTP/1.1" 200 23352 "-" "Mozilla/5.0 (compatible; MJ12bot/v1.4.8; http://mj12bot.com/)"
147.135.213.130 - - [05/Dec/2025:20:14:09 +0300] "GET /shop/?per_row=3&shop_view=list HTTP/1.1" 200 29277 "-" "Mozilla/5.0 (compatible; MJ12bot/v1.4.8; http://mj12bot.com/)"
147.135.213.130 - - [05/Dec/2025:20:14:14 +0300] "GET /shop/?per_row=3&shop_view=list&s=Yamaha&post_type=product HTTP/1.1" 200 23674 "-" "Mozilla/5.0 (compatible; MJ12bot/v1.4.8; http://mj12bot.com/)"
66.249.66.168 - - [05/Dec/2025:20:14:16 +0300] "POST /?wc-ajax=get_refreshed_fragments HTTP/1.1" 200 514 "https://tnstickers.com/?_g=4086762" "Mozilla/5.0 (Linux; Android 6.0.1; Nexus 5X Build/MMB29P) AppleWebKit/537.36 (KHTML, like Gecko) Chrome/141.0.7390.122 Mobile Safari/537.36 (compatible; Googlebot/2.1; +http://www.google.com/bot.html)"
147.135.213.130 - - [05/Dec/2025:20:14:18 +0300] "GET /shop/?per_row=4&per_page=12&shop_view=grid HTTP/1.1" 200 25422 "-" "Mozilla/5.0 (compatible; MJ12bot/v1.4.8; http://mj12bot.com/)"
147.135.213.130 - - [05/Dec/2025:20:14:22 +0300] "GET /shop/?per_row=4&per_page=12&shop_view=grid&s=Yamaha&post_type=product HTTP/1.1" 200 23344 "-" "Mozilla/5.0 (compatible; MJ12bot/v1.4.8; http://mj12bot.com/)"
147.135.213.130 - - [05/Dec/2025:20:14:25 +0300] "GET /shop/?per_row=4&per_page=12&shop_view=list HTTP/1.1" 200 26473 "-" "Mozilla/5.0 (compatible; MJ12bot/v1.4.8; http://mj12bot.com/)"
147.135.213.130 - - [05/Dec/2025:20:14:29 +0300] "GET /shop/?per_row=4&per_page=12&shop_view=list&s=Yamaha&post_type=product HTTP/1.1" 200 23700 "-" "Mozilla/5.0 (compatible; MJ12bot/v1.4.8; http://mj12bot.com/)"
147.135.213.130 - - [05/Dec/2025:20:14:34 +0300] "GET /shop/?per_row=4&per_page=18&shop_view=grid HTTP/1.1" 200 26452 "-" "Mozilla/5.0 (compatible; MJ12bot/v1.4.8; http://mj12bot.com/)"
147.135.213.130 - - [05/Dec/2025:20:14:38 +0300] "GET /shop/?per_row=4&per_page=18&shop_view=grid&s=Yamaha&post_type=product HTTP/1.1" 200 23342 "-" "Mozilla/5.0 (compatible; MJ12bot/v1.4.8; http://mj12bot.com/)"
147.135.213.130 - - [05/Dec/2025:20:14:42 +0300] "GET /shop/?per_row=4&per_page=18&shop_view=list HTTP/1.1" 200 27917 "-" "Mozilla/5.0 (compatible; MJ12bot/v1.4.8; http://mj12bot.com/)"
147.135.213.130 - - [05/Dec/2025:20:14:46 +0300] "GET /shop/?per_row=4&per_page=18&shop_view=list&s=Yamaha&post_type=product HTTP/1.1" 200 23698 "-" "Mozilla/5.0 (compatible; MJ12bot/v1.4.8; http://mj12bot.com/)"
147.135.213.130 - - [05/Dec/2025:20:14:51 +0300] "GET /shop/?per_row=4&per_page=24&shop_view=grid HTTP/1.1" 200 27273 "-" "Mozilla/5.0 (compatible; MJ12bot/v1.4.8; http://mj12bot.com/)"
147.135.213.130 - - [05/Dec/2025:20:14:54 +0300] "GET /shop/?per_row=4&per_page=24&shop_view=grid&s=Yamaha&post_type=product HTTP/1.1" 200 23326 "-" "Mozilla/5.0 (compatible; MJ12bot/v1.4.8; http://mj12bot.com/)"
147.135.213.130 - - [05/Dec/2025:20:14:58 +0300] "GET /shop/?per_row=4&per_page=24&shop_view=list HTTP/1.1" 200 29283 "-" "Mozilla/5.0 (compatible; MJ12bot/v1.4.8; http://mj12bot.com/)"
147.135.213.130 - - [05/Dec/2025:20:15:03 +0300] "GET /shop/?per_row=4&per_page=24&shop_view=list&s=Yamaha&post_type=product HTTP/1.1" 200 23703 "-" "Mozilla/5.0 (compatible; MJ12bot/v1.4.8; http://mj12bot.com/)"
193.111.77.77 - - [05/Dec/2025:20:15:09 +0300] "GET /wp-content/uploads/2025/12/akra.png HTTP/1.1" 200 232293 "-" "-"
147.135.213.130 - - [05/Dec/2025:20:15:07 +0300] "GET /shop/?per_row=4&per_page=9&shop_view=grid HTTP/1.1" 200 24861 "-" "Mozilla/5.0 (compatible; MJ12bot/v1.4.8; http://mj12bot.com/)"
147.135.213.130 - - [05/Dec/2025:20:15:11 +0300] "GET /shop/?per_row=4&per_page=9&shop_view=grid&s=Yamaha&post_type=product HTTP/1.1" 200 23344 "-" "Mozilla/5.0 (compatible; MJ12bot/v1.4.8; http://mj12bot.com/)"
147.135.213.130 - - [05/Dec/2025:20:15:14 +0300] "GET /shop/?per_row=4&per_page=9&shop_view=list HTTP/1.1" 200 25803 "-" "Mozilla/5.0 (compatible; MJ12bot/v1.4.8; http://mj12bot.com/)"
193.111.77.77 - - [05/Dec/2025:20:15:19 +0300] "GET /wp-content/uploads/2025/12/45.png HTTP/1.1" 200 242191 "-" "-"
147.135.213.130 - - [05/Dec/2025:20:15:17 +0300] "GET /shop/?per_row=4&per_page=9&shop_view=list&s=Yamaha&post_type=product HTTP/1.1" 200 23699 "-" "Mozilla/5.0 (compatible; MJ12bot/v1.4.8; http://mj12bot.com/)"
147.135.213.130 - - [05/Dec/2025:20:15:21 +0300] "GET /shop/?per_row=4&shop_view=grid HTTP/1.1" 200 27264 "-" "Mozilla/5.0 (compatible; MJ12bot/v1.4.8; http://mj12bot.com/)"
147.135.213.130 - - [05/Dec/2025:20:15:26 +0300] "GET /shop/?per_row=4&shop_view=grid&per_page=12 HTTP/1.1" 200 25427 "-" "Mozilla/5.0 (compatible; MJ12bot/v1.4.8; http://mj12bot.com/)"
147.135.213.130 - - [05/Dec/2025:20:15:31 +0300] "GET /shop/?per_row=4&shop_view=grid&per_page=18 HTTP/1.1" 200 26456 "-" "Mozilla/5.0 (compatible; MJ12bot/v1.4.8; http://mj12bot.com/)"
147.135.213.130 - - [05/Dec/2025:20:15:35 +0300] "GET /shop/?per_row=4&shop_view=grid&per_page=24 HTTP/1.1" 200 27275 "-" "Mozilla/5.0 (compatible; MJ12bot/v1.4.8; http://mj12bot.com/)"
147.135.213.130 - - [05/Dec/2025:20:15:39 +0300] "GET /shop/?per_row=4&shop_view=grid&per_page=9 HTTP/1.1" 200 24867 "-" "Mozilla/5.0 (compatible; MJ12bot/v1.4.8; http://mj12bot.com/)"
147.135.213.130 - - [05/Dec/2025:20:15:43 +0300] "GET /shop/?per_row=4&shop_view=grid&s=Yamaha&post_type=product HTTP/1.1" 200 23327 "-" "Mozilla/5.0 (compatible; MJ12bot/v1.4.8; http://mj12bot.com/)"
147.135.213.130 - - [05/Dec/2025:20:15:47 +0300] "GET /shop/?per_row=4&shop_view=grid&s=Yamaha&post_type=product&per_page=12 HTTP/1.1" 200 23350 "-" "Mozilla/5.0 (compatible; MJ12bot/v1.4.8; http://mj12bot.com/)"
147.135.213.130 - - [05/Dec/2025:20:15:51 +0300] "GET /shop/?per_row=4&shop_view=grid&s=Yamaha&post_type=product&per_page=18 HTTP/1.1" 200 23348 "-" "Mozilla/5.0 (compatible; MJ12bot/v1.4.8; http://mj12bot.com/)"
147.135.213.130 - - [05/Dec/2025:20:15:54 +0300] "GET /shop/?per_row=4&shop_view=grid&s=Yamaha&post_type=product&per_page=24 HTTP/1.1" 200 23346 "-" "Mozilla/5.0 (compatible; MJ12bot/v1.4.8; http://mj12bot.com/)"
147.135.213.130 - - [05/Dec/2025:20:15:58 +0300] "GET /shop/?per_row=4&shop_view=grid&s=Yamaha&post_type=product&per_page=9 HTTP/1.1" 200 23349 "-" "Mozilla/5.0 (compatible; MJ12bot/v1.4.8; http://mj12bot.com/)"
147.135.213.130 - - [05/Dec/2025:20:16:02 +0300] "GET /shop/?per_row=4&shop_view=list&add-to-cart=2680 HTTP/1.1" 200 29326 "-" "Mozilla/5.0 (compatible; MJ12bot/v1.4.8; http://mj12bot.com/)"
193.111.77.77 - - [05/Dec/2025:20:16:08 +0300] "GET /wp-content/uploads/2025/12/akra.png HTTP/1.1" 200 232293 "-" "-"
147.135.213.130 - - [05/Dec/2025:20:16:06 +0300] "GET /shop/?per_row=4&shop_view=list&add-to-cart=2683 HTTP/1.1" 200 29317 "-" "Mozilla/5.0 (compatible; MJ12bot/v1.4.8; http://mj12bot.com/)"
147.135.213.130 - - [05/Dec/2025:20:16:10 +0300] "GET /shop/?per_row=4&shop_view=list&add-to-cart=2722 HTTP/1.1" 200 29337 "-" "Mozilla/5.0 (compatible; MJ12bot/v1.4.8; http://mj12bot.com/)"
147.135.213.130 - - [05/Dec/2025:20:16:14 +0300] "GET /shop/?per_row=4&shop_view=list&add-to-cart=2728 HTTP/1.1" 200 29326 "-" "Mozilla/5.0 (compatible; MJ12bot/v1.4.8; http://mj12bot.com/)"
193.111.77.77 - - [05/Dec/2025:20:16:18 +0300] "GET /wp-content/uploads/2025/12/akra.png HTTP/1.1" 200 232293 "-" "-"
147.135.213.130 - - [05/Dec/2025:20:16:17 +0300] "GET /shop/?per_row=4&shop_view=list&add-to-cart=2731 HTTP/1.1" 200 29336 "-" "Mozilla/5.0 (compatible; MJ12bot/v1.4.8; http://mj12bot.com/)"
193.111.77.77 - - [05/Dec/2025:20:16:22 +0300] "GET /wp-content/uploads/2025/12/akra.png HTTP/1.1" 200 232293 "-" "-"
147.135.213.130 - - [05/Dec/2025:20:16:20 +0300] "GET /shop/?per_row=4&shop_view=list&add-to-cart=2734 HTTP/1.1" 200 29327 "-" "Mozilla/5.0 (compatible; MJ12bot/v1.4.8; http://mj12bot.com/)"
147.135.213.130 - - [05/Dec/2025:20:16:24 +0300] "GET /shop/?per_row=4&shop_view=list&add-to-cart=2771 HTTP/1.1" 200 29334 "-" "Mozilla/5.0 (compatible; MJ12bot/v1.4.8; http://mj12bot.com/)"
193.111.77.77 - - [05/Dec/2025:20:16:28 +0300] "GET /wp-content/uploads/2025/12/akra.png HTTP/1.1" 200 232293 "-" "-"
147.135.213.130 - - [05/Dec/2025:20:16:27 +0300] "GET /shop/?per_row=4&shop_view=list&add-to-cart=484 HTTP/1.1" 200 29333 "-" "Mozilla/5.0 (compatible; MJ12bot/v1.4.8; http://mj12bot.com/)"
193.111.77.77 - - [05/Dec/2025:20:16:31 +0300] "GET /wp-content/uploads/2025/12/akra.png HTTP/1.1" 200 232293 "-" "-"
147.135.213.130 - - [05/Dec/2025:20:16:30 +0300] "GET /shop/?per_row=4&shop_view=list&add-to-cart=496 HTTP/1.1" 200 29326 "-" "Mozilla/5.0 (compatible; MJ12bot/v1.4.8; http://mj12bot.com/)"
147.135.213.130 - - [05/Dec/2025:20:16:33 +0300] "GET /shop/?per_row=4&shop_view=list&per_page=12 HTTP/1.1" 200 26474 "-" "Mozilla/5.0 (compatible; MJ12bot/v1.4.8; http://mj12bot.com/)"
147.135.213.130 - - [05/Dec/2025:20:16:37 +0300] "GET /shop/?per_row=4&shop_view=list&per_page=18 HTTP/1.1" 200 27918 "-" "Mozilla/5.0 (compatible; MJ12bot/v1.4.8; http://mj12bot.com/)"
147.135.213.130 - - [05/Dec/2025:20:16:40 +0300] "GET /shop/?per_row=4&shop_view=list&per_page=24 HTTP/1.1" 200 29286 "-" "Mozilla/5.0 (compatible; MJ12bot/v1.4.8; http://mj12bot.com/)"
193.111.77.77 - - [05/Dec/2025:20:16:45 +0300] "GET /wp-content/uploads/2025/12/akra.png HTTP/1.1" 200 232293 "-" "-"
147.135.213.130 - - [05/Dec/2025:20:16:43 +0300] "GET /shop/?per_row=4&shop_view=list&per_page=9 HTTP/1.1" 200 25809 "-" "Mozilla/5.0 (compatible; MJ12bot/v1.4.8; http://mj12bot.com/)"
193.111.77.77 - - [05/Dec/2025:20:16:48 +0300] "GET /wp-content/uploads/2025/12/45.png HTTP/1.1" 200 242191 "-" "-"
147.135.213.130 - - [05/Dec/2025:20:16:47 +0300] "GET /shop/?per_row=4&shop_view=list&s=Yamaha&post_type=product HTTP/1.1" 200 23683 "-" "Mozilla/5.0 (compatible; MJ12bot/v1.4.8; http://mj12bot.com/)"
147.135.213.130 - - [05/Dec/2025:20:16:50 +0300] "GET /shop/?shop_view=grid&s=Yamaha&post_type=product&per_row=3&add-to-cart=2686 HTTP/1.1" 200 23381 "-" "Mozilla/5.0 (compatible; MJ12bot/v1.4.8; http://mj12bot.com/)"
147.135.213.130 - - [05/Dec/2025:20:16:54 +0300] "GET /shop/?shop_view=grid&s=Yamaha&post_type=product&per_row=3&add-to-cart=2689 HTTP/1.1" 200 23381 "-" "Mozilla/5.0 (compatible; MJ12bot/v1.4.8; http://mj12bot.com/)"
147.135.213.130 - - [05/Dec/2025:20:16:58 +0300] "GET /shop/?shop_view=grid&s=Yamaha&post_type=product&per_row=4&add-to-cart=2686 HTTP/1.1" 200 23380 "-" "Mozilla/5.0 (compatible; MJ12bot/v1.4.8; http://mj12bot.com/)"
147.135.213.130 - - [05/Dec/2025:20:17:01 +0300] "GET /shop/?shop_view=grid&s=Yamaha&post_type=product&per_row=4&add-to-cart=2689 HTTP/1.1" 200 23377 "-" "Mozilla/5.0 (compatible; MJ12bot/v1.4.8; http://mj12bot.com/)"
147.135.213.130 - - [05/Dec/2025:20:17:05 +0300] "GET /shop/?shop_view=list&per_page=12&add-to-cart=2683 HTTP/1.1" 200 26504 "-" "Mozilla/5.0 (compatible; MJ12bot/v1.4.8; http://mj12bot.com/)"
147.135.213.130 - - [05/Dec/2025:20:17:09 +0300] "GET /shop/?shop_view=list&per_page=12&add-to-cart=2728 HTTP/1.1" 200 26518 "-" "Mozilla/5.0 (compatible; MJ12bot/v1.4.8; http://mj12bot.com/)"
147.135.213.130 - - [05/Dec/2025:20:17:12 +0300] "GET /shop/?shop_view=list&per_page=12&add-to-cart=2771 HTTP/1.1" 200 26533 "-" "Mozilla/5.0 (compatible; MJ12bot/v1.4.8; http://mj12bot.com/)"
147.135.213.130 - - [05/Dec/2025:20:17:16 +0300] "GET /shop/?shop_view=list&per_page=12&add-to-cart=484 HTTP/1.1" 200 26526 "-" "Mozilla/5.0 (compatible; MJ12bot/v1.4.8; http://mj12bot.com/)"
147.135.213.130 - - [05/Dec/2025:20:17:20 +0300] "GET /shop/?shop_view=list&per_page=18&add-to-cart=2683 HTTP/1.1" 200 27965 "-" "Mozilla/5.0 (compatible; MJ12bot/v1.4.8; http://mj12bot.com/)"
66.249.66.163 - - [05/Dec/2025:20:17:22 +0300] "GET /robots.txt HTTP/1.1" 200 103 "-" "Mozilla/5.0 (compatible; Googlebot/2.1; +http://www.google.com/bot.html)"
193.111.77.77 - - [05/Dec/2025:20:17:25 +0300] "GET /wp-content/uploads/2025/12/akra.png HTTP/1.1" 200 232293 "-" "-"
147.135.213.130 - - [05/Dec/2025:20:17:23 +0300] "GET /shop/?shop_view=list&per_page=18&add-to-cart=2728 HTTP/1.1" 200 27971 "-" "Mozilla/5.0 (compatible; MJ12bot/v1.4.8; http://mj12bot.com/)"
147.135.213.130 - - [05/Dec/2025:20:17:27 +0300] "GET /shop/?shop_view=list&per_page=18&add-to-cart=2731 HTTP/1.1" 200 27984 "-" "Mozilla/5.0 (compatible; MJ12bot/v1.4.8; http://mj12bot.com/)"
147.135.213.130 - - [05/Dec/2025:20:17:30 +0300] "GET /shop/?shop_view=list&per_page=18&add-to-cart=2771 HTTP/1.1" 200 27984 "-" "Mozilla/5.0 (compatible; MJ12bot/v1.4.8; http://mj12bot.com/)"
193.111.77.77 - - [05/Dec/2025:20:17:35 +0300] "GET /wp-content/uploads/2025/12/akra.png HTTP/1.1" 200 232293 "-" "-"
147.135.213.130 - - [05/Dec/2025:20:17:33 +0300] "GET /shop/?shop_view=list&per_page=18&add-to-cart=484 HTTP/1.1" 200 27980 "-" "Mozilla/5.0 (compatible; MJ12bot/v1.4.8; http://mj12bot.com/)"
147.135.213.130 - - [05/Dec/2025:20:17:37 +0300] "GET /shop/?shop_view=list&per_page=18&add-to-cart=496 HTTP/1.1" 200 27974 "-" "Mozilla/5.0 (compatible; MJ12bot/v1.4.8; http://mj12bot.com/)"
193.111.77.77 - - [05/Dec/2025:20:17:41 +0300] "GET /wp-content/uploads/2025/12/akra.png HTTP/1.1" 200 232293 "-" "-"
147.135.213.130 - - [05/Dec/2025:20:17:40 +0300] "GET /shop/?shop_view=list&per_page=24&add-to-cart=2680 HTTP/1.1" 200 29335 "-" "Mozilla/5.0 (compatible; MJ12bot/v1.4.8; http://mj12bot.com/)"
147.135.213.130 - - [05/Dec/2025:20:17:43 +0300] "GET /shop/?shop_view=list&per_page=24&add-to-cart=2683 HTTP/1.1" 200 29326 "-" "Mozilla/5.0 (compatible; MJ12bot/v1.4.8; http://mj12bot.com/)"
147.135.213.130 - - [05/Dec/2025:20:17:47 +0300] "GET /shop/?shop_view=list&per_page=24&add-to-cart=2719 HTTP/1.1" 200 29338 "-" "Mozilla/5.0 (compatible; MJ12bot/v1.4.8; http://mj12bot.com/)"
66.249.66.160 - - [05/Dec/2025:20:04:03 +0300] "POST /?wc-ajax=get_refreshed_fragments HTTP/1.1" 200 514 "https://tnstickers.com/?_g=1536585" "Mozilla/5.0 (Linux; Android 6.0.1; Nexus 5X Build/MMB29P) AppleWebKit/537.36 (KHTML, like Gecko) Chrome/141.0.7390.122 Mobile Safari/537.36 (compatible; Googlebot/2.1; +http://www.google.com/bot.html)"
193.111.77.77 - - [05/Dec/2025:20:04:40 +0300] "POST /wp-cron.php?doing_wp_cron=1764954280.6218640804290771484375 HTTP/1.1" 200 0 "-" "WordPress/6.9; https://tnstickers.com"
193.111.77.77 - - [05/Dec/2025:20:08:35 +0300] "GET /wp-content/uploads/2025/12/45.png HTTP/1.1" 200 242191 "-" "-"
193.111.77.77 - - [05/Dec/2025:20:08:38 +0300] "GET /wp-content/uploads/2025/12/45.png HTTP/1.1" 200 242191 "-" "-"
193.111.77.77 - - [05/Dec/2025:20:08:45 +0300] "GET /wp-content/uploads/2025/12/akra.png HTTP/1.1" 200 232293 "-" "-"
193.111.77.77 - - [05/Dec/2025:20:09:14 +0300] "GET /wp-content/uploads/2025/12/45.png HTTP/1.1" 200 242191 "-" "-"
193.111.77.77 - - [05/Dec/2025:20:09:17 +0300] "GET /wp-content/uploads/2025/12/45.png HTTP/1.1" 200 242191 "-" "-"
193.111.77.77 - - [05/Dec/2025:20:09:39 +0300] "GET /wp-content/uploads/2025/12/akra.png HTTP/1.1" 200 232293 "-" "-"
193.111.77.77 - - [05/Dec/2025:20:09:47 +0300] "GET /wp-content/uploads/2025/12/akra.png HTTP/1.1" 200 232293 "-" "-"
193.111.77.77 - - [05/Dec/2025:20:09:51 +0300] "GET /wp-content/uploads/2025/12/akra.png HTTP/1.1" 200 232293 "-" "-"
193.111.77.77 - - [05/Dec/2025:20:09:55 +0300] "GET /wp-content/uploads/2025/12/akra.png HTTP/1.1" 200 232293 "-" "-"
193.111.77.77 - - [05/Dec/2025:20:10:03 +0300] "GET /wp-content/uploads/2025/12/akra.png HTTP/1.1" 200 232293 "-" "-"
193.111.77.77 - - [05/Dec/2025:20:10:11 +0300] "GET /wp-content/uploads/2025/12/akra.png HTTP/1.1" 200 232293 "-" "-"
193.111.77.77 - - [05/Dec/2025:20:10:29 +0300] "GET /wp-content/uploads/2025/12/akra.png HTTP/1.1" 200 232293 "-" "-"
193.111.77.77 - - [05/Dec/2025:20:10:29 +0300] "POST /wp-cron.php?doing_wp_cron=1764954629.4362430572509765625000 HTTP/1.1" 200 0 "-" "WordPress/6.9; https://tnstickers.com"
193.111.77.77 - - [05/Dec/2025:20:11:16 +0300] "GET /wp-content/uploads/2025/12/akra.png HTTP/1.1" 200 232293 "-" "-"
193.111.77.77 - - [05/Dec/2025:20:11:31 +0300] "GET /wp-content/uploads/2025/12/45.png HTTP/1.1" 200 242191 "-" "-"
193.111.77.77 - - [05/Dec/2025:20:11:31 +0300] "POST /wp-cron.php?doing_wp_cron=1764954691.9738368988037109375000 HTTP/1.1" 200 0 "-" "WordPress/6.9; https://tnstickers.com"
193.111.77.77 - - [05/Dec/2025:20:11:38 +0300] "GET /wp-content/uploads/2025/12/45.png HTTP/1.1" 200 242191 "-" "-"
193.111.77.77 - - [05/Dec/2025:20:11:55 +0300] "GET /wp-content/uploads/2025/12/akra.png HTTP/1.1" 200 232293 "-" "-"
193.111.77.77 - - [05/Dec/2025:20:12:02 +0300] "GET /wp-content/uploads/2025/12/akra.png HTTP/1.1" 200 232293 "-" "-"
193.111.77.77 - - [05/Dec/2025:20:12:06 +0300] "GET /wp-content/uploads/2025/12/akra.png HTTP/1.1" 200 232293 "-" "-"
193.111.77.77 - - [05/Dec/2025:20:12:46 +0300] "GET /wp-content/uploads/2025/12/akra.png HTTP/1.1" 200 232293 "-" "-"
193.111.77.77 - - [05/Dec/2025:20:12:54 +0300] "GET /wp-content/uploads/2025/12/akra.png HTTP/1.1" 200 232293 "-" "-"
193.111.77.77 - - [05/Dec/2025:20:13:09 +0300] "GET /wp-content/uploads/2025/12/akra.png HTTP/1.1" 200 232293 "-" "-"
147.135.213.130 - - [05/Dec/2025:20:13:12 +0300] "GET /shop/?per_row=3&per_page=24&shop_view=list&s=Yamaha&post_type=product HTTP/1.1" 200 23700 "-" "Mozilla/5.0 (compatible; MJ12bot/v1.4.8; http://mj12bot.com/)"
193.111.77.77 - - [05/Dec/2025:20:13:28 +0300] "GET /wp-content/uploads/2025/12/45.png HTTP/1.1" 200 242191 "-" "-"
193.111.77.77 - - [05/Dec/2025:20:13:49 +0300] "GET /wp-content/uploads/2025/12/akra.png HTTP/1.1" 200 232293 "-" "-"
193.111.77.77 - - [05/Dec/2025:20:13:52 +0300] "GET /wp-content/uploads/2025/12/45.png HTTP/1.1" 200 242191 "-" "-"
193.111.77.77 - - [05/Dec/2025:20:14:00 +0300] "GET /wp-content/uploads/2025/12/45.png HTTP/1.1" 200 242191 "-" "-"
193.111.77.77 - - [05/Dec/2025:20:14:32 +0300] "POST /wp-cron.php?doing_wp_cron=1764954872.7009739875793457031250 HTTP/1.1" 200 0 "-" "WordPress/6.9; https://tnstickers.com"
193.111.77.77 - - [05/Dec/2025:20:14:44 +0300] "GET /wp-content/uploads/2025/12/akra.png HTTP/1.1" 200 232293 "-" "-"
193.111.77.77 - - [05/Dec/2025:20:14:48 +0300] "GET /wp-content/uploads/2025/12/45.png HTTP/1.1" 200 242191 "-" "-"
66.249.66.200 - - [05/Dec/2025:20:14:58 +0300] "GET /robots.txt HTTP/1.1" 200 103 "-" "Mozilla/5.0 (compatible; Googlebot/2.1; +http://www.google.com/bot.html)"
193.111.77.77 - - [05/Dec/2025:20:15:05 +0300] "GET /wp-content/uploads/2025/12/45.png HTTP/1.1" 200 242191 "-" "-"
193.111.77.77 - - [05/Dec/2025:20:15:37 +0300] "GET /wp-content/uploads/2025/12/akra.png HTTP/1.1" 200 232293 "-" "-"
193.111.77.77 - - [05/Dec/2025:20:16:15 +0300] "GET /wp-content/uploads/2025/12/akra.png HTTP/1.1" 200 232293 "-" "-"
193.111.77.77 - - [05/Dec/2025:20:16:29 +0300] "POST /wp-cron.php?doing_wp_cron=1764954989.3279418945312500000000 HTTP/1.1" 200 0 "-" "WordPress/6.9; https://tnstickers.com"
193.111.77.77 - - [05/Dec/2025:20:16:35 +0300] "GET /wp-content/uploads/2025/12/akra.png HTTP/1.1" 200 232293 "-" "-"
193.111.77.77 - - [05/Dec/2025:20:17:03 +0300] "GET /wp-content/uploads/2025/12/45.png HTTP/1.1" 200 242191 "-" "-"
193.111.77.77 - - [05/Dec/2025:20:17:21 +0300] "GET /wp-content/uploads/2025/12/akra.png HTTP/1.1" 200 232293 "-" "-"
66.249.66.160 - - [05/Dec/2025:20:17:24 +0300] "GET /?_g=2374257 HTTP/1.1" 200 27354 "-" "Mozilla/5.0 (Linux; Android 6.0.1; Nexus 5X Build/MMB29P) AppleWebKit/537.36 (KHTML, like Gecko) Chrome/141.0.7390.122 Mobile Safari/537.36 (compatible; Googlebot/2.1; +http://www.google.com/bot.html)"
193.111.77.77 - - [05/Dec/2025:20:17:28 +0300] "GET /wp-content/uploads/2025/12/akra.png HTTP/1.1" 200 232293 "-" "-"
193.111.77.77 - - [05/Dec/2025:20:17:29 +0300] "POST /wp-cron.php?doing_wp_cron=1764955049.1225669384002685546875 HTTP/1.1" 200 0 "-" "WordPress/6.9; https://tnstickers.com"
193.111.77.77 - - [05/Dec/2025:20:17:52 +0300] "GET /wp-content/uploads/2025/12/akra.png HTTP/1.1" 200 232293 "-" "-"
193.111.77.77 - - [05/Dec/2025:20:18:15 +0300] "GET /wp-content/uploads/2025/12/akra.png HTTP/1.1" 200 232293 "-" "-"
193.111.77.77 - - [05/Dec/2025:20:18:19 +0300] "GET /wp-content/uploads/2025/12/akra.png HTTP/1.1" 200 232293 "-" "-"
193.111.77.77 - - [05/Dec/2025:20:18:25 +0300] "GET /wp-content/uploads/2023/07/w-vgs-action-dying-light-2.jpg HTTP/1.1" 200 157438 "-" "-"
147.135.213.130 - - [05/Dec/2025:20:17:50 +0300] "GET /shop/?shop_view=list&per_page=24&add-to-cart=2722 HTTP/1.1" 200 29347 "-" "Mozilla/5.0 (compatible; MJ12bot/v1.4.8; http://mj12bot.com/)"
147.135.213.130 - - [05/Dec/2025:20:17:54 +0300] "GET /shop/?shop_view=list&per_page=24&add-to-cart=2728 HTTP/1.1" 200 29333 "-" "Mozilla/5.0 (compatible; MJ12bot/v1.4.8; http://mj12bot.com/)"
147.135.213.130 - - [05/Dec/2025:20:17:58 +0300] "GET /shop/?shop_view=list&per_page=24&add-to-cart=2731 HTTP/1.1" 200 29345 "-" "Mozilla/5.0 (compatible; MJ12bot/v1.4.8; http://mj12bot.com/)"
193.111.77.77 - - [05/Dec/2025:20:18:04 +0300] "GET /wp-content/uploads/2025/12/akra.png HTTP/1.1" 200 232293 "-" "-"
147.135.213.130 - - [05/Dec/2025:20:18:02 +0300] "GET /shop/?shop_view=list&per_page=24&add-to-cart=2734 HTTP/1.1" 200 29336 "-" "Mozilla/5.0 (compatible; MJ12bot/v1.4.8; http://mj12bot.com/)"
147.135.213.130 - - [05/Dec/2025:20:18:06 +0300] "GET /shop/?shop_view=list&per_page=24&add-to-cart=2771 HTTP/1.1" 200 29351 "-" "Mozilla/5.0 (compatible; MJ12bot/v1.4.8; http://mj12bot.com/)"
66.249.66.68 - - [05/Dec/2025:20:18:10 +0300] "GET /wp-content/themes/woodmart/css/parts/mod-animations-transform.min.css?ver=8.3.6 HTTP/1.1" 200 208 "https://tnstickers.com/?_g=2867104" "Mozilla/5.0 (Linux; Android 6.0.1; Nexus 5X Build/MMB29P) AppleWebKit/537.36 (KHTML, like Gecko) Chrome/141.0.7390.122 Mobile Safari/537.36 (compatible; Googlebot/2.1; +http://www.google.com/bot.html)"
193.111.77.77 - - [05/Dec/2025:20:18:11 +0300] "GET /wp-content/uploads/2025/12/akra.png HTTP/1.1" 200 232293 "-" "-"
147.135.213.130 - - [05/Dec/2025:20:18:10 +0300] "GET /shop/?shop_view=list&per_page=24&add-to-cart=484 HTTP/1.1" 200 29342 "-" "Mozilla/5.0 (compatible; MJ12bot/v1.4.8; http://mj12bot.com/)"
147.135.213.130 - - [05/Dec/2025:20:18:13 +0300] "GET /shop/?shop_view=list&per_page=24&add-to-cart=496 HTTP/1.1" 200 29337 "-" "Mozilla/5.0 (compatible; MJ12bot/v1.4.8; http://mj12bot.com/)"
147.135.213.130 - - [05/Dec/2025:20:18:17 +0300] "GET /shop/?shop_view=list&per_page=9&add-to-cart=2683 HTTP/1.1" 200 25850 "-" "Mozilla/5.0 (compatible; MJ12bot/v1.4.8; http://mj12bot.com/)"
147.135.213.130 - - [05/Dec/2025:20:18:21 +0300] "GET /shop/?shop_view=list&per_page=9&add-to-cart=2728 HTTP/1.1" 200 25857 "-" "Mozilla/5.0 (compatible; MJ12bot/v1.4.8; http://mj12bot.com/)"
66.249.66.3 - - [05/Dec/2025:20:18:23 +0300] "GET /?_g=2726190 HTTP/1.1" 301 0 "-" "Mozilla/5.0 (Linux; Android 6.0.1; Nexus 5X Build/MMB29P) AppleWebKit/537.36 (KHTML, like Gecko) Chrome/141.0.7390.122 Mobile Safari/537.36 (compatible; Googlebot/2.1; +http://www.google.com/bot.html)"
193.111.77.77 - - [05/Dec/2025:20:13:29 +0300] "POST /wp-cron.php?doing_wp_cron=1764954809.2485580444335937500000 HTTP/1.1" 200 0 "-" "WordPress/6.9; https://tnstickers.com"
193.111.77.77 - - [05/Dec/2025:20:13:56 +0300] "GET /wp-content/uploads/2025/12/45.png HTTP/1.1" 200 242191 "-" "-"
193.111.77.77 - - [05/Dec/2025:20:14:03 +0300] "GET /wp-content/uploads/2025/12/45.png HTTP/1.1" 200 242191 "-" "-"
193.111.77.77 - - [05/Dec/2025:20:14:16 +0300] "GET /wp-content/uploads/2025/12/45.png HTTP/1.1" 200 242191 "-" "-"
193.111.77.77 - - [05/Dec/2025:20:14:19 +0300] "GET /wp-content/uploads/2025/12/akra.png HTTP/1.1" 200 232293 "-" "-"
193.111.77.77 - - [05/Dec/2025:20:14:31 +0300] "GET /wp-content/uploads/2025/12/45.png HTTP/1.1" 200 242191 "-" "-"
193.111.77.77 - - [05/Dec/2025:20:14:36 +0300] "GET /wp-content/uploads/2025/12/akra.png HTTP/1.1" 200 232293 "-" "-"
193.111.77.77 - - [05/Dec/2025:20:14:56 +0300] "GET /wp-content/uploads/2025/12/45.png HTTP/1.1" 200 242191 "-" "-"
193.111.77.77 - - [05/Dec/2025:20:15:00 +0300] "GET /wp-content/uploads/2025/12/akra.png HTTP/1.1" 200 232293 "-" "-"
193.111.77.77 - - [05/Dec/2025:20:15:33 +0300] "GET /wp-content/uploads/2025/12/akra.png HTTP/1.1" 200 232293 "-" "-"
193.111.77.77 - - [05/Dec/2025:20:15:41 +0300] "GET /wp-content/uploads/2025/12/akra.png HTTP/1.1" 200 232293 "-" "-"
193.111.77.77 - - [05/Dec/2025:20:15:52 +0300] "GET /wp-content/uploads/2025/12/45.png HTTP/1.1" 200 242191 "-" "-"
193.111.77.77 - - [05/Dec/2025:20:15:56 +0300] "GET /wp-content/uploads/2025/12/45.png HTTP/1.1" 200 242191 "-" "-"
193.111.77.77 - - [05/Dec/2025:20:16:04 +0300] "GET /wp-content/uploads/2025/12/akra.png HTTP/1.1" 200 232293 "-" "-"
193.111.77.77 - - [05/Dec/2025:20:16:32 +0300] "POST /wp-cron.php?doing_wp_cron=1764954992.4294080734252929687500 HTTP/1.1" 200 0 "-" "WordPress/6.9; https://tnstickers.com"
193.111.77.77 - - [05/Dec/2025:20:16:38 +0300] "GET /wp-content/uploads/2025/12/akra.png HTTP/1.1" 200 232293 "-" "-"
193.111.77.77 - - [05/Dec/2025:20:16:41 +0300] "GET /wp-content/uploads/2025/12/akra.png HTTP/1.1" 200 232293 "-" "-"
193.111.77.77 - - [05/Dec/2025:20:16:52 +0300] "GET /wp-content/uploads/2025/12/45.png HTTP/1.1" 200 242191 "-" "-"
193.111.77.77 - - [05/Dec/2025:20:17:14 +0300] "GET /wp-content/uploads/2025/12/akra.png HTTP/1.1" 200 232293 "-" "-"
193.111.77.77 - - [05/Dec/2025:20:17:18 +0300] "GET /wp-content/uploads/2025/12/akra.png HTTP/1.1" 200 232293 "-" "-"
66.249.66.164 - - [05/Dec/2025:20:17:21 +0300] "GET /?_g=2374257 HTTP/1.1" 301 0 "-" "Mozilla/5.0 (Linux; Android 6.0.1; Nexus 5X Build/MMB29P) AppleWebKit/537.36 (KHTML, like Gecko) Chrome/141.0.7390.122 Mobile Safari/537.36 (compatible; Googlebot/2.1; +http://www.google.com/bot.html)"
193.111.77.77 - - [05/Dec/2025:20:17:45 +0300] "GET /wp-content/uploads/2025/12/akra.png HTTP/1.1" 200 232293 "-" "-"
193.111.77.77 - - [05/Dec/2025:20:17:48 +0300] "GET /wp-content/uploads/2025/12/akra.png HTTP/1.1" 200 232293 "-" "-"
193.111.77.77 - - [05/Dec/2025:20:17:56 +0300] "GET /wp-content/uploads/2025/12/akra.png HTTP/1.1" 200 232293 "-" "-"
193.111.77.77 - - [05/Dec/2025:20:18:00 +0300] "GET /wp-content/uploads/2025/12/akra.png HTTP/1.1" 200 232293 "-" "-"
66.249.66.5 - - [05/Dec/2025:20:18:01 +0300] "GET /?_g=2867104 HTTP/1.1" 200 27354 "-" "Mozilla/5.0 (Linux; Android 6.0.1; Nexus 5X Build/MMB29P) AppleWebKit/537.36 (KHTML, like Gecko) Chrome/141.0.7390.122 Mobile Safari/537.36 (compatible; Googlebot/2.1; +http://www.google.com/bot.html)"
193.111.77.77 - - [05/Dec/2025:20:18:08 +0300] "GET /wp-content/uploads/2025/12/akra.png HTTP/1.1" 200 232293 "-" "-"
66.249.66.33 - - [05/Dec/2025:20:18:13 +0300] "POST /?wc-ajax=get_refreshed_fragments HTTP/1.1" 200 514 "https://tnstickers.com/?_g=2867104" "Mozilla/5.0 (Linux; Android 6.0.1; Nexus 5X Build/MMB29P) AppleWebKit/537.36 (KHTML, like Gecko) Chrome/141.0.7390.122 Mobile Safari/537.36 (compatible; Googlebot/2.1; +http://www.google.com/bot.html)"
193.111.77.77 - - [05/Dec/2025:20:18:22 +0300] "GET /wp-content/uploads/2025/12/akra.png HTTP/1.1" 200 232293 "-" "-"
193.111.77.77 - - [05/Dec/2025:20:13:32 +0300] "GET /wp-content/uploads/2025/12/akra.png HTTP/1.1" 200 232293 "-" "-"
193.111.77.77 - - [05/Dec/2025:20:13:45 +0300] "GET /wp-content/uploads/2025/12/akra.png HTTP/1.1" 200 232293 "-" "-"
66.249.78.9 - - [05/Dec/2025:20:14:02 +0300] "GET /?_g=4086762 HTTP/1.1" 200 27355 "-" "Mozilla/5.0 (Linux; Android 6.0.1; Nexus 5X Build/MMB29P) AppleWebKit/537.36 (KHTML, like Gecko) Chrome/141.0.7390.122 Mobile Safari/537.36 (compatible; GoogleOther)"
193.111.77.77 - - [05/Dec/2025:20:14:07 +0300] "GET /wp-content/uploads/2025/12/45.png HTTP/1.1" 200 242191 "-" "-"
193.111.77.77 - - [05/Dec/2025:20:14:11 +0300] "GET /wp-content/uploads/2025/12/akra.png HTTP/1.1" 200 232293 "-" "-"
193.111.77.77 - - [05/Dec/2025:20:14:23 +0300] "GET /wp-content/uploads/2025/12/45.png HTTP/1.1" 200 242191 "-" "-"
193.111.77.77 - - [05/Dec/2025:20:14:27 +0300] "GET /wp-content/uploads/2025/12/akra.png HTTP/1.1" 200 232293 "-" "-"
193.111.77.77 - - [05/Dec/2025:20:14:40 +0300] "GET /wp-content/uploads/2025/12/45.png HTTP/1.1" 200 242191 "-" "-"
193.111.77.77 - - [05/Dec/2025:20:14:52 +0300] "GET /wp-content/uploads/2025/12/akra.png HTTP/1.1" 200 232293 "-" "-"
193.111.77.77 - - [05/Dec/2025:20:15:12 +0300] "GET /wp-content/uploads/2025/12/45.png HTTP/1.1" 200 242191 "-" "-"
193.111.77.77 - - [05/Dec/2025:20:15:15 +0300] "GET /wp-content/uploads/2025/12/akra.png HTTP/1.1" 200 232293 "-" "-"
193.111.77.77 - - [05/Dec/2025:20:15:23 +0300] "GET /wp-content/uploads/2025/12/akra.png HTTP/1.1" 200 232293 "-" "-"
193.111.77.77 - - [05/Dec/2025:20:15:28 +0300] "GET /wp-content/uploads/2025/12/akra.png HTTP/1.1" 200 232293 "-" "-"
193.111.77.77 - - [05/Dec/2025:20:15:29 +0300] "POST /wp-cron.php?doing_wp_cron=1764954929.5954859256744384765625 HTTP/1.1" 200 0 "-" "WordPress/6.9; https://tnstickers.com"
193.111.77.77 - - [05/Dec/2025:20:15:45 +0300] "GET /wp-content/uploads/2025/12/45.png HTTP/1.1" 200 242191 "-" "-"
193.111.77.77 - - [05/Dec/2025:20:15:49 +0300] "GET /wp-content/uploads/2025/12/45.png HTTP/1.1" 200 242191 "-" "-"
66.249.66.34 - - [05/Dec/2025:20:15:58 +0300] "GET /?_g=2715340 HTTP/1.1" 301 0 "-" "Mozilla/5.0 (Linux; Android 6.0.1; Nexus 5X Build/MMB29P) AppleWebKit/537.36 (KHTML, like Gecko) Chrome/141.0.7390.122 Mobile Safari/537.36 (compatible; GoogleOther)"
193.111.77.77 - - [05/Dec/2025:20:16:00 +0300] "GET /wp-content/uploads/2025/12/45.png HTTP/1.1" 200 242191 "-" "-"
193.111.77.77 - - [05/Dec/2025:20:16:12 +0300] "GET /wp-content/uploads/2025/12/akra.png HTTP/1.1" 200 232293 "-" "-"
193.111.77.77 - - [05/Dec/2025:20:16:25 +0300] "GET /wp-content/uploads/2025/12/akra.png HTTP/1.1" 200 232293 "-" "-"
193.111.77.77 - - [05/Dec/2025:20:16:42 +0300] "POST /wp-cron.php?doing_wp_cron=1764955002.2902100086212158203125 HTTP/1.1" 200 0 "-" "WordPress/6.9; https://tnstickers.com"
193.111.77.77 - - [05/Dec/2025:20:16:56 +0300] "GET /wp-content/uploads/2025/12/45.png HTTP/1.1" 200 242191 "-" "-"
193.111.77.77 - - [05/Dec/2025:20:16:59 +0300] "GET /wp-content/uploads/2025/12/45.png HTTP/1.1" 200 242191 "-" "-"
193.111.77.77 - - [05/Dec/2025:20:17:07 +0300] "GET /wp-content/uploads/2025/12/akra.png HTTP/1.1" 200 232293 "-" "-"
193.111.77.77 - - [05/Dec/2025:20:17:10 +0300] "GET /wp-content/uploads/2025/12/akra.png HTTP/1.1" 200 232293 "-" "-"
193.111.77.77 - - [05/Dec/2025:20:17:31 +0300] "GET /wp-content/uploads/2025/12/akra.png HTTP/1.1" 200 232293 "-" "-"
193.111.77.77 - - [05/Dec/2025:20:17:38 +0300] "GET /wp-content/uploads/2025/12/akra.png HTTP/1.1" 200 232293 "-" "-"
66.249.66.4 - - [05/Dec/2025:20:17:58 +0300] "GET /?_g=2867104 HTTP/1.1" 301 0 "-" "Mozilla/5.0 (Linux; Android 6.0.1; Nexus 5X Build/MMB29P) AppleWebKit/537.36 (KHTML, like Gecko) Chrome/141.0.7390.122 Mobile Safari/537.36 (compatible; Googlebot/2.1; +http://www.google.com/bot.html)"
147.135.213.130 - - [05/Dec/2025:20:18:36 +0300] "GET /shop/?per_page=12 HTTP/1.1" 200 25387 "-" "Mozilla/5.0 (compatible; MJ12bot/v1.4.8; http://mj12bot.com/)"
147.135.213.130 - - [05/Dec/2025:20:18:39 +0300] "GET /shop/page/1/?per_page=18 HTTP/1.1" 301 0 "-" "Mozilla/5.0 (compatible; MJ12bot/v1.4.8; http://mj12bot.com/)"
193.111.77.77 - - [05/Dec/2025:20:18:51 +0300] "GET /wp-content/uploads/2025/12/akra.png HTTP/1.1" 200 232293 "-" "-"
147.135.213.130 - - [05/Dec/2025:20:18:49 +0300] "GET /shop/?per_page=24 HTTP/1.1" 200 27242 "-" "Mozilla/5.0 (compatible; MJ12bot/v1.4.8; http://mj12bot.com/)"
147.135.213.130 - - [05/Dec/2025:20:18:53 +0300] "GET /shop/page/1/?per_page=9 HTTP/1.1" 301 0 "-" "Mozilla/5.0 (compatible; MJ12bot/v1.4.8; http://mj12bot.com/)"
193.111.77.77 - - [05/Dec/2025:20:18:57 +0300] "GET /wp-content/uploads/2025/12/akra.png HTTP/1.1" 200 232293 "-" "-"
147.135.213.130 - - [05/Dec/2025:20:19:02 +0300] "GET /shop/?shop_view=grid&per_row=3 HTTP/1.1" 200 27269 "-" "Mozilla/5.0 (compatible; MJ12bot/v1.4.8; http://mj12bot.com/)"
147.135.213.130 - - [05/Dec/2025:20:19:05 +0300] "GET /shop/page/1/?shop_view=grid&per_row=4 HTTP/1.1" 301 0 "-" "Mozilla/5.0 (compatible; MJ12bot/v1.4.8; http://mj12bot.com/)"
147.135.213.130 - - [05/Dec/2025:20:19:14 +0300] "GET /shop/?shop_view=list HTTP/1.1" 200 29259 "-" "Mozilla/5.0 (compatible; MJ12bot/v1.4.8; http://mj12bot.com/)"
193.111.77.77 - - [05/Dec/2025:20:19:18 +0300] "GET /wp-content/uploads/2023/07/w-vgs-action-far-cry-6.jpg HTTP/1.1" 200 174811 "-" "-"
147.135.213.130 - - [05/Dec/2025:20:19:17 +0300] "GET /shop/page/2/?per_page=12&add-to-cart=2680 HTTP/1.1" 200 25512 "-" "Mozilla/5.0 (compatible; MJ12bot/v1.4.8; http://mj12bot.com/)"
147.135.213.130 - - [05/Dec/2025:20:19:20 +0300] "GET /shop/page/2/?per_page=12&add-to-cart=2719 HTTP/1.1" 200 25508 "-" "Mozilla/5.0 (compatible; MJ12bot/v1.4.8; http://mj12bot.com/)"
147.135.213.130 - - [05/Dec/2025:20:19:23 +0300] "GET /shop/page/2/?per_page=12&add-to-cart=2722 HTTP/1.1" 200 25514 "-" "Mozilla/5.0 (compatible; MJ12bot/v1.4.8; http://mj12bot.com/)"
193.111.77.77 - - [05/Dec/2025:20:19:28 +0300] "GET /wp-content/uploads/2023/07/w-vgs-action-far-cry-6.jpg HTTP/1.1" 200 174811 "-" "-"
147.135.213.130 - - [05/Dec/2025:20:19:27 +0300] "GET /shop/page/2/?per_page=12&add-to-cart=2731 HTTP/1.1" 200 25494 "-" "Mozilla/5.0 (compatible; MJ12bot/v1.4.8; http://mj12bot.com/)"
147.135.213.130 - - [05/Dec/2025:20:19:30 +0300] "GET /shop/page/2/?per_page=12&add-to-cart=2734 HTTP/1.1" 200 25510 "-" "Mozilla/5.0 (compatible; MJ12bot/v1.4.8; http://mj12bot.com/)"
147.135.213.130 - - [05/Dec/2025:20:19:33 +0300] "GET /shop/page/2/?per_page=12&add-to-cart=496 HTTP/1.1" 200 25506 "-" "Mozilla/5.0 (compatible; MJ12bot/v1.4.8; http://mj12bot.com/)"
147.135.213.130 - - [05/Dec/2025:20:19:36 +0300] "GET /shop/page/2/?per_page=12&shop_view=grid&per_row=3 HTTP/1.1" 200 25484 "-" "Mozilla/5.0 (compatible; MJ12bot/v1.4.8; http://mj12bot.com/)"
147.135.213.130 - - [05/Dec/2025:20:19:39 +0300] "GET /shop/page/2/?per_page=12&shop_view=grid&per_row=4 HTTP/1.1" 200 25482 "-" "Mozilla/5.0 (compatible; MJ12bot/v1.4.8; http://mj12bot.com/)"
193.111.77.77 - - [05/Dec/2025:20:19:44 +0300] "GET /wp-content/uploads/2023/07/w-vgs-action-far-cry-6.jpg HTTP/1.1" 200 174811 "-" "-"
147.135.213.130 - - [05/Dec/2025:20:19:42 +0300] "GET /shop/page/2/?per_page=12&shop_view=list HTTP/1.1" 200 26711 "-" "Mozilla/5.0 (compatible; MJ12bot/v1.4.8; http://mj12bot.com/)"
147.135.213.130 - - [05/Dec/2025:20:19:46 +0300] "GET /shop/page/2/?per_page=18&add-to-cart=2680 HTTP/1.1" 200 25691 "-" "Mozilla/5.0 (compatible; MJ12bot/v1.4.8; http://mj12bot.com/)"
147.135.213.130 - - [05/Dec/2025:20:19:49 +0300] "GET /shop/page/2/?per_page=18&add-to-cart=2686 HTTP/1.1" 200 25690 "-" "Mozilla/5.0 (compatible; MJ12bot/v1.4.8; http://mj12bot.com/)"
193.111.77.77 - - [05/Dec/2025:20:19:53 +0300] "GET /wp-content/uploads/2023/07/w-vgs-action-metroid.jpg HTTP/1.1" 200 134227 "-" "-"
147.135.213.130 - - [05/Dec/2025:20:19:52 +0300] "GET /shop/page/2/?per_page=18&add-to-cart=2689 HTTP/1.1" 200 25710 "-" "Mozilla/5.0 (compatible; MJ12bot/v1.4.8; http://mj12bot.com/)"
193.111.77.77 - - [05/Dec/2025:20:19:57 +0300] "GET /wp-content/uploads/2023/07/w-vgs-action-metroid.jpg HTTP/1.1" 200 134227 "-" "-"
147.135.213.130 - - [05/Dec/2025:20:19:56 +0300] "GET /shop/page/2/?per_page=18&add-to-cart=2719 HTTP/1.1" 200 25711 "-" "Mozilla/5.0 (compatible; MJ12bot/v1.4.8; http://mj12bot.com/)"
147.135.213.130 - - [05/Dec/2025:20:19:59 +0300] "GET /shop/page/2/?per_page=18&add-to-cart=2722 HTTP/1.1" 200 25709 "-" "Mozilla/5.0 (compatible; MJ12bot/v1.4.8; http://mj12bot.com/)"
147.135.213.130 - - [05/Dec/2025:20:20:02 +0300] "GET /shop/page/2/?per_page=18&add-to-cart=2725 HTTP/1.1" 200 25711 "-" "Mozilla/5.0 (compatible; MJ12bot/v1.4.8; http://mj12bot.com/)"
147.135.213.130 - - [05/Dec/2025:20:20:05 +0300] "GET /shop/page/2/?per_page=18&add-to-cart=2734 HTTP/1.1" 200 25692 "-" "Mozilla/5.0 (compatible; MJ12bot/v1.4.8; http://mj12bot.com/)"
193.111.77.77 - - [05/Dec/2025:20:20:10 +0300] "GET /wp-content/uploads/2023/07/w-vgs-action-metroid.jpg HTTP/1.1" 200 134227 "-" "-"
147.135.213.130 - - [05/Dec/2025:20:20:09 +0300] "GET /shop/page/2/?per_page=18&shop_view=grid&per_row=3 HTTP/1.1" 200 25677 "-" "Mozilla/5.0 (compatible; MJ12bot/v1.4.8; http://mj12bot.com/)"
193.111.77.77 - - [05/Dec/2025:20:20:13 +0300] "GET /wp-content/uploads/2023/07/w-vgs-action-metroid.jpg HTTP/1.1" 200 134227 "-" "-"
147.135.213.130 - - [05/Dec/2025:20:20:12 +0300] "GET /shop/page/2/?per_page=18&shop_view=grid&per_row=4 HTTP/1.1" 200 25678 "-" "Mozilla/5.0 (compatible; MJ12bot/v1.4.8; http://mj12bot.com/)"
147.135.213.130 - - [05/Dec/2025:20:20:15 +0300] "GET /shop/page/2/?per_page=18&shop_view=list HTTP/1.1" 200 27046 "-" "Mozilla/5.0 (compatible; MJ12bot/v1.4.8; http://mj12bot.com/)"
147.135.213.130 - - [05/Dec/2025:20:20:18 +0300] "GET /shop/page/2/?per_page=24&add-to-cart=2686 HTTP/1.1" 200 24660 "-" "Mozilla/5.0 (compatible; MJ12bot/v1.4.8; http://mj12bot.com/)"
147.135.213.130 - - [05/Dec/2025:20:20:21 +0300] "GET /shop/page/2/?per_page=24&add-to-cart=2689 HTTP/1.1" 200 24658 "-" "Mozilla/5.0 (compatible; MJ12bot/v1.4.8; http://mj12bot.com/)"
147.135.213.130 - - [05/Dec/2025:20:20:24 +0300] "GET /shop/page/2/?per_page=24&add-to-cart=2725 HTTP/1.1" 200 24657 "-" "Mozilla/5.0 (compatible; MJ12bot/v1.4.8; http://mj12bot.com/)"
147.135.213.130 - - [05/Dec/2025:20:20:28 +0300] "GET /shop/page/2/?per_page=24&shop_view=grid&per_row=3 HTTP/1.1" 200 24639 "-" "Mozilla/5.0 (compatible; MJ12bot/v1.4.8; http://mj12bot.com/)"
147.135.213.130 - - [05/Dec/2025:20:20:31 +0300] "GET /shop/page/2/?per_page=24&shop_view=grid&per_row=4 HTTP/1.1" 200 24636 "-" "Mozilla/5.0 (compatible; MJ12bot/v1.4.8; http://mj12bot.com/)"
193.111.77.77 - - [05/Dec/2025:20:20:35 +0300] "GET /wp-content/uploads/2023/07/w-vgs-action-redfall.jpg HTTP/1.1" 200 164222 "-" "-"
147.135.213.130 - - [05/Dec/2025:20:20:34 +0300] "GET /shop/page/2/?per_page=24&shop_view=list HTTP/1.1" 200 25445 "-" "Mozilla/5.0 (compatible; MJ12bot/v1.4.8; http://mj12bot.com/)"
193.111.77.77 - - [05/Dec/2025:20:20:39 +0300] "GET /wp-content/uploads/2023/07/gm.png HTTP/1.1" 200 263677 "-" "-"
147.135.213.130 - - [05/Dec/2025:20:20:37 +0300] "GET /shop/page/2/?per_page=9&add-to-cart=2731 HTTP/1.1" 200 24942 "-" "Mozilla/5.0 (compatible; MJ12bot/v1.4.8; http://mj12bot.com/)"
147.135.213.130 - - [05/Dec/2025:20:20:40 +0300] "GET /shop/page/2/?per_page=9&add-to-cart=496 HTTP/1.1" 200 24960 "-" "Mozilla/5.0 (compatible; MJ12bot/v1.4.8; http://mj12bot.com/)"
147.135.213.130 - - [05/Dec/2025:20:20:44 +0300] "GET /shop/page/2/?per_page=9&shop_view=grid&per_row=3 HTTP/1.1" 200 24936 "-" "Mozilla/5.0 (compatible; MJ12bot/v1.4.8; http://mj12bot.com/)"
193.111.77.77 - - [05/Dec/2025:20:20:48 +0300] "GET /wp-content/uploads/2023/07/gm.png HTTP/1.1" 200 263677 "-" "-"
147.135.213.130 - - [05/Dec/2025:20:18:24 +0300] "GET /shop/?stock_status=onsale&shop_view=list&filter_size=standart&per_page=24 HTTP/1.1" 200 24755 "-" "Mozilla/5.0 (compatible; MJ12bot/v1.4.8; http://mj12bot.com/)"
193.111.77.77 - - [05/Dec/2025:20:18:29 +0300] "POST /wp-cron.php?doing_wp_cron=1764955109.0172970294952392578125 HTTP/1.1" 200 0 "-" "WordPress/6.9; https://tnstickers.com"
193.111.77.77 - - [05/Dec/2025:20:18:30 +0300] "GET /wp-content/uploads/2023/07/w-vgs-action-dying-light-2.jpg HTTP/1.1" 200 157438 "-" "-"
147.135.213.130 - - [05/Dec/2025:20:18:28 +0300] "GET /shop/?stock_status=onsale&shop_view=list&filter_size=standart&per_page=9 HTTP/1.1" 200 24754 "-" "Mozilla/5.0 (compatible; MJ12bot/v1.4.8; http://mj12bot.com/)"
147.135.213.130 - - [05/Dec/2025:20:18:32 +0300] "GET /shop/page/1/?per_page=12 HTTP/1.1" 301 0 "-" "Mozilla/5.0 (compatible; MJ12bot/v1.4.8; http://mj12bot.com/)"
193.111.77.77 - - [05/Dec/2025:20:18:37 +0300] "GET /wp-content/uploads/2025/12/akra.png HTTP/1.1" 200 232293 "-" "-"
193.111.77.77 - - [05/Dec/2025:20:18:44 +0300] "GET /wp-content/uploads/2025/12/akra.png HTTP/1.1" 200 232293 "-" "-"
147.135.213.130 - - [05/Dec/2025:20:18:43 +0300] "GET /shop/?per_page=18 HTTP/1.1" 200 26421 "-" "Mozilla/5.0 (compatible; MJ12bot/v1.4.8; http://mj12bot.com/)"
147.135.213.130 - - [05/Dec/2025:20:18:46 +0300] "GET /shop/page/1/?per_page=24 HTTP/1.1" 301 0 "-" "Mozilla/5.0 (compatible; MJ12bot/v1.4.8; http://mj12bot.com/)"
147.135.213.130 - - [05/Dec/2025:20:18:55 +0300] "GET /shop/?per_page=9 HTTP/1.1" 200 24834 "-" "Mozilla/5.0 (compatible; MJ12bot/v1.4.8; http://mj12bot.com/)"
147.135.213.130 - - [05/Dec/2025:20:18:59 +0300] "GET /shop/page/1/?shop_view=grid&per_row=3 HTTP/1.1" 301 0 "-" "Mozilla/5.0 (compatible; MJ12bot/v1.4.8; http://mj12bot.com/)"
147.135.213.130 - - [05/Dec/2025:20:19:08 +0300] "GET /shop/?shop_view=grid&per_row=4 HTTP/1.1" 200 27269 "-" "Mozilla/5.0 (compatible; MJ12bot/v1.4.8; http://mj12bot.com/)"
147.135.213.130 - - [05/Dec/2025:20:19:11 +0300] "GET /shop/page/1/?shop_view=list HTTP/1.1" 301 0 "-" "Mozilla/5.0 (compatible; MJ12bot/v1.4.8; http://mj12bot.com/)"
193.111.77.77 - - [05/Dec/2025:20:19:21 +0300] "GET /wp-content/uploads/2023/07/w-vgs-action-far-cry-6.jpg HTTP/1.1" 200 174811 "-" "-"
193.111.77.77 - - [05/Dec/2025:20:19:25 +0300] "GET /wp-content/uploads/2023/07/w-vgs-action-far-cry-6.jpg HTTP/1.1" 200 174811 "-" "-"
193.111.77.77 - - [05/Dec/2025:20:19:37 +0300] "GET /wp-content/uploads/2023/07/w-vgs-action-far-cry-6.jpg HTTP/1.1" 200 174811 "-" "-"
193.111.77.77 - - [05/Dec/2025:20:19:47 +0300] "GET /wp-content/uploads/2023/07/w-vgs-action-metroid.jpg HTTP/1.1" 200 134227 "-" "-"
193.111.77.77 - - [05/Dec/2025:20:20:19 +0300] "GET /wp-content/uploads/2023/07/w-vgs-action-redfall.jpg HTTP/1.1" 200 164222 "-" "-"
193.111.77.77 - - [05/Dec/2025:20:20:22 +0300] "GET /wp-content/uploads/2023/07/w-vgs-action-redfall.jpg HTTP/1.1" 200 164222 "-" "-"
193.111.77.77 - - [05/Dec/2025:20:20:29 +0300] "GET /wp-content/uploads/2023/07/w-vgs-action-redfall.jpg HTTP/1.1" 200 164222 "-" "-"
193.111.77.77 - - [05/Dec/2025:20:20:32 +0300] "GET /wp-content/uploads/2023/07/w-vgs-action-redfall.jpg HTTP/1.1" 200 164222 "-" "-"
193.111.77.77 - - [05/Dec/2025:20:21:02 +0300] "GET /wp-content/uploads/2023/07/w-vgs-action-redfall.jpg HTTP/1.1" 200 164222 "-" "-"
66.249.66.5 - - [05/Dec/2025:20:21:26 +0300] "GET /?_g=3465708 HTTP/1.1" 200 27354 "-" "Mozilla/5.0 (Linux; Android 6.0.1; Nexus 5X Build/MMB29P) AppleWebKit/537.36 (KHTML, like Gecko) Chrome/141.0.7390.122 Mobile Safari/537.36 (compatible; GoogleOther)"
193.111.77.77 - - [05/Dec/2025:20:21:41 +0300] "GET /wp-content/uploads/2023/07/w-vgs-action-redfall.jpg HTTP/1.1" 200 164222 "-" "-"
66.249.66.67 - - [05/Dec/2025:20:21:42 +0300] "POST /?wc-ajax=get_refreshed_fragments HTTP/1.1" 200 514 "https://tnstickers.com/?_g=3465708" "Mozilla/5.0 (Linux; Android 6.0.1; Nexus 5X Build/MMB29P) AppleWebKit/537.36 (KHTML, like Gecko) Chrome/141.0.7390.122 Mobile Safari/537.36 (compatible; Googlebot/2.1; +http://www.google.com/bot.html)"
147.135.213.130 - - [05/Dec/2025:20:20:47 +0300] "GET /shop/page/2/?per_page=9&shop_view=grid&per_row=4 HTTP/1.1" 200 24933 "-" "Mozilla/5.0 (compatible; MJ12bot/v1.4.8; http://mj12bot.com/)"
147.135.213.130 - - [05/Dec/2025:20:20:50 +0300] "GET /shop/page/2/?per_row=4&shop_view=list HTTP/1.1" 200 25443 "-" "Mozilla/5.0 (compatible; MJ12bot/v1.4.8; http://mj12bot.com/)"
147.135.213.130 - - [05/Dec/2025:20:20:54 +0300] "GET /shop/page/2/?shop_view=grid&per_row=3&add-to-cart=2686 HTTP/1.1" 200 24684 "-" "Mozilla/5.0 (compatible; MJ12bot/v1.4.8; http://mj12bot.com/)"
147.135.213.130 - - [05/Dec/2025:20:20:57 +0300] "GET /shop/page/2/?shop_view=grid&per_row=3&add-to-cart=2689 HTTP/1.1" 200 24686 "-" "Mozilla/5.0 (compatible; MJ12bot/v1.4.8; http://mj12bot.com/)"
147.135.213.130 - - [05/Dec/2025:20:21:01 +0300] "GET /shop/page/2/?shop_view=grid&per_row=3&add-to-cart=2725 HTTP/1.1" 200 24683 "-" "Mozilla/5.0 (compatible; MJ12bot/v1.4.8; http://mj12bot.com/)"
147.135.213.130 - - [05/Dec/2025:20:21:05 +0300] "GET /shop/page/2/?shop_view=grid&per_row=4&add-to-cart=2686 HTTP/1.1" 200 24684 "-" "Mozilla/5.0 (compatible; MJ12bot/v1.4.8; http://mj12bot.com/)"
193.111.77.77 - - [05/Dec/2025:20:21:17 +0300] "GET /wp-content/uploads/2023/07/w-vgs-action-redfall.jpg HTTP/1.1" 200 164222 "-" "-"
147.135.213.130 - - [05/Dec/2025:20:21:08 +0300] "GET /shop/page/2/?shop_view=grid&per_row=4&add-to-cart=2689 HTTP/1.1" 200 24685 "-" "Mozilla/5.0 (compatible; MJ12bot/v1.4.8; http://mj12bot.com/)"
193.111.77.77 - - [05/Dec/2025:20:21:33 +0300] "GET /wp-content/uploads/2023/07/w-vgs-action-redfall.jpg HTTP/1.1" 200 164222 "-" "-"
147.135.213.130 - - [05/Dec/2025:20:21:26 +0300] "GET /shop/page/2/?shop_view=grid&per_row=4&add-to-cart=2725 HTTP/1.1" 200 24676 "-" "Mozilla/5.0 (compatible; MJ12bot/v1.4.8; http://mj12bot.com/)"
147.135.213.130 - - [05/Dec/2025:20:21:38 +0300] "GET /shop/page/2/?shop_view=list&add-to-cart=2686 HTTP/1.1" 200 25503 "-" "Mozilla/5.0 (compatible; MJ12bot/v1.4.8; http://mj12bot.com/)"
147.135.213.130 - - [05/Dec/2025:20:21:44 +0300] "GET /shop/page/2/?shop_view=list&add-to-cart=2689 HTTP/1.1" 200 25500 "-" "Mozilla/5.0 (compatible; MJ12bot/v1.4.8; http://mj12bot.com/)"
147.135.213.130 - - [05/Dec/2025:20:21:49 +0300] "GET /shop/page/2/?shop_view=list&add-to-cart=2725 HTTP/1.1" 200 25497 "-" "Mozilla/5.0 (compatible; MJ12bot/v1.4.8; http://mj12bot.com/)"
147.135.213.130 - - [05/Dec/2025:20:21:54 +0300] "GET /shop/page/2/?shop_view=list&per_page=12 HTTP/1.1" 200 26716 "-" "Mozilla/5.0 (compatible; MJ12bot/v1.4.8; http://mj12bot.com/)"
193.111.77.77 - - [05/Dec/2025:20:22:02 +0300] "GET /wp-content/uploads/2023/07/w-vgs-action-metroid.jpg HTTP/1.1" 200 134227 "-" "-"
147.135.213.130 - - [05/Dec/2025:20:22:00 +0300] "GET /shop/page/2/?shop_view=list&per_page=18 HTTP/1.1" 200 27053 "-" "Mozilla/5.0 (compatible; MJ12bot/v1.4.8; http://mj12bot.com/)"
147.135.213.130 - - [05/Dec/2025:20:22:05 +0300] "GET /shop/page/2/?shop_view=list&per_page=24 HTTP/1.1" 200 25453 "-" "Mozilla/5.0 (compatible; MJ12bot/v1.4.8; http://mj12bot.com/)"
147.135.213.130 - - [05/Dec/2025:20:22:11 +0300] "GET /shop/page/2/?shop_view=list&per_page=9 HTTP/1.1" 200 25690 "-" "Mozilla/5.0 (compatible; MJ12bot/v1.4.8; http://mj12bot.com/)"
147.135.213.130 - - [05/Dec/2025:20:22:16 +0300] "GET /shop/page/3/?per_page=9&add-to-cart=2722 HTTP/1.1" 200 24958 "-" "Mozilla/5.0 (compatible; MJ12bot/v1.4.8; http://mj12bot.com/)"
147.135.213.130 - - [05/Dec/2025:20:22:21 +0300] "GET /shop/page/3/?per_page=9&shop_view=grid&per_row=3 HTTP/1.1" 200 24946 "-" "Mozilla/5.0 (compatible; MJ12bot/v1.4.8; http://mj12bot.com/)"
147.135.213.130 - - [05/Dec/2025:20:22:27 +0300] "GET /shop/page/3/?per_page=9&shop_view=grid&per_row=4 HTTP/1.1" 200 24944 "-" "Mozilla/5.0 (compatible; MJ12bot/v1.4.8; http://mj12bot.com/)"
147.135.213.130 - - [05/Dec/2025:20:22:32 +0300] "GET /shop/page/3/?shop_view=list&per_page=12 HTTP/1.1" 200 25471 "-" "Mozilla/5.0 (compatible; MJ12bot/v1.4.8; http://mj12bot.com/)"
