135.181.180.59 - - [05/Dec/2025:15:52:31 +0300] "GET /product-category/motos/?per_page=9 HTTP/1.1" 200 24517 "-" "Mozilla/5.0 (compatible; MJ12bot/v1.4.8; http://mj12bot.com/)"
135.181.180.59 - - [05/Dec/2025:15:52:34 +0300] "GET /product-category/motos/?shop_view=grid&per_row=3 HTTP/1.1" 200 24707 "-" "Mozilla/5.0 (compatible; MJ12bot/v1.4.8; http://mj12bot.com/)"
135.181.180.59 - - [05/Dec/2025:15:52:36 +0300] "GET /product-category/motos/?shop_view=grid&per_row=4 HTTP/1.1" 200 24708 "-" "Mozilla/5.0 (compatible; MJ12bot/v1.4.8; http://mj12bot.com/)"
193.111.77.77 - - [05/Dec/2025:15:53:03 +0300] "GET /wp-content/uploads/2025/12/akra.png HTTP/1.1" 200 232293 "-" "-"
135.181.180.59 - - [05/Dec/2025:15:53:02 +0300] "GET /product/akrapovic-stickers-motos-autocollant-3d/?add-to-cart=2725 HTTP/1.1" 200 26008 "-" "Mozilla/5.0 (compatible; MJ12bot/v1.4.8; http://mj12bot.com/)"
135.181.180.59 - - [05/Dec/2025:15:53:06 +0300] "GET /product/akrapovic-stickers-motos-autocollant-3d/?add-to-cart=2728 HTTP/1.1" 200 26005 "-" "Mozilla/5.0 (compatible; MJ12bot/v1.4.8; http://mj12bot.com/)"
193.111.77.77 - - [05/Dec/2025:15:53:10 +0300] "GET /wp-content/uploads/2025/12/akra.png HTTP/1.1" 200 232293 "-" "-"
135.181.180.59 - - [05/Dec/2025:15:53:10 +0300] "GET /product/akrapovic-stickers-motos-autocollant-3d/?add-to-cart=2731 HTTP/1.1" 200 26009 "-" "Mozilla/5.0 (compatible; MJ12bot/v1.4.8; http://mj12bot.com/)"
193.111.77.77 - - [05/Dec/2025:15:53:13 +0300] "GET /wp-content/uploads/2025/12/akra.png HTTP/1.1" 200 232293 "-" "-"
135.181.180.59 - - [05/Dec/2025:15:53:15 +0300] "GET /product/akrapovic-stickers-motos-autocollant-3d/?add-to-cart=496 HTTP/1.1" 200 26010 "-" "Mozilla/5.0 (compatible; MJ12bot/v1.4.8; http://mj12bot.com/)"
193.111.77.77 - - [05/Dec/2025:15:53:30 +0300] "POST /wp-cron.php?doing_wp_cron=1764939210.6787219047546386718750 HTTP/1.1" 200 0 "-" "WordPress/6.9; https://tnstickers.com"
193.111.77.77 - - [05/Dec/2025:15:53:49 +0300] "GET /wp-content/uploads/2025/12/aprilia.png HTTP/1.1" 200 101022 "-" "-"
135.181.180.59 - - [05/Dec/2025:15:53:59 +0300] "GET /product/bmw-m-power-stickers-autos-autocollant-3d/feed/ HTTP/1.1" 200 487 "-" "Mozilla/5.0 (compatible; MJ12bot/v1.4.8; http://mj12bot.com/)"
66.249.78.9 - - [05/Dec/2025:15:51:19 +0300] "GET /wp-content/themes/woodmart/js/scripts/global/ajaxSearch.min.js?ver=8.3.6 HTTP/1.1" 200 1569 "https://tnstickers.com/?_g=2615925" "Mozilla/5.0 (Linux; Android 6.0.1; Nexus 5X Build/MMB29P) AppleWebKit/537.36 (KHTML, like Gecko) Chrome/141.0.7390.122 Mobile Safari/537.36 (compatible; Googlebot/2.1; +http://www.google.com/bot.html)"
135.181.180.59 - - [05/Dec/2025:15:52:04 +0300] "GET /product-category/motos/?add-to-cart=2722 HTTP/1.1" 200 24612 "-" "Mozilla/5.0 (compatible; MJ12bot/v1.4.8; http://mj12bot.com/)"
135.181.180.59 - - [05/Dec/2025:15:52:10 +0300] "GET /product-category/motos/?add-to-cart=2728 HTTP/1.1" 200 24615 "-" "Mozilla/5.0 (compatible; MJ12bot/v1.4.8; http://mj12bot.com/)"
135.181.180.59 - - [05/Dec/2025:15:52:16 +0300] "GET /product-category/motos/?add-to-cart=2734 HTTP/1.1" 200 24612 "-" "Mozilla/5.0 (compatible; MJ12bot/v1.4.8; http://mj12bot.com/)"
135.181.180.59 - - [05/Dec/2025:15:52:40 +0300] "GET /product-category/motos/?shop_view=list HTTP/1.1" 200 26366 "-" "Mozilla/5.0 (compatible; MJ12bot/v1.4.8; http://mj12bot.com/)"
135.181.180.59 - - [05/Dec/2025:15:52:48 +0300] "GET /product/akrapovic-stickers-motos-autocollant-3d/?add-to-cart=2680 HTTP/1.1" 200 26006 "-" "Mozilla/5.0 (compatible; MJ12bot/v1.4.8; http://mj12bot.com/)"
193.111.77.77 - - [05/Dec/2025:15:52:54 +0300] "GET /wp-content/uploads/2025/12/akra.png HTTP/1.1" 200 232293 "-" "-"
193.111.77.77 - - [05/Dec/2025:15:53:00 +0300] "GET /wp-content/uploads/2025/12/akra.png HTTP/1.1" 200 232293 "-" "-"
193.111.77.77 - - [05/Dec/2025:15:53:07 +0300] "GET /wp-content/uploads/2025/12/akra.png HTTP/1.1" 200 232293 "-" "-"
135.181.180.59 - - [05/Dec/2025:15:53:12 +0300] "GET /product/akrapovic-stickers-motos-autocollant-3d/?add-to-cart=2734 HTTP/1.1" 200 26013 "-" "Mozilla/5.0 (compatible; MJ12bot/v1.4.8; http://mj12bot.com/)"
135.181.180.59 - - [05/Dec/2025:15:53:22 +0300] "GET /product/aprilia-stickers-motos-autocollant-3d/?add-to-cart=2680 HTTP/1.1" 200 26250 "-" "Mozilla/5.0 (compatible; MJ12bot/v1.4.8; http://mj12bot.com/)"
135.181.180.59 - - [05/Dec/2025:15:53:29 +0300] "GET /product/aprilia-stickers-motos-autocollant-3d/?add-to-cart=2686 HTTP/1.1" 200 26247 "-" "Mozilla/5.0 (compatible; MJ12bot/v1.4.8; http://mj12bot.com/)"
135.181.180.59 - - [05/Dec/2025:15:53:45 +0300] "GET /product/aprilia-stickers-motos-autocollant-3d/?add-to-cart=2731 HTTP/1.1" 200 26266 "-" "Mozilla/5.0 (compatible; MJ12bot/v1.4.8; http://mj12bot.com/)"
135.181.180.59 - - [05/Dec/2025:15:53:48 +0300] "GET /product/aprilia-stickers-motos-autocollant-3d/?add-to-cart=2734 HTTP/1.1" 200 26248 "-" "Mozilla/5.0 (compatible; MJ12bot/v1.4.8; http://mj12bot.com/)"
193.111.77.77 - - [05/Dec/2025:15:53:51 +0300] "GET /wp-content/uploads/2025/12/aprilia.png HTTP/1.1" 200 101022 "-" "-"
135.181.180.59 - - [05/Dec/2025:15:53:51 +0300] "GET /product/aprilia-stickers-motos-autocollant-3d/?add-to-cart=496 HTTP/1.1" 200 26243 "-" "Mozilla/5.0 (compatible; MJ12bot/v1.4.8; http://mj12bot.com/)"
193.111.77.77 - - [05/Dec/2025:15:53:54 +0300] "GET /wp-content/uploads/2025/12/rall.png HTTP/1.1" 200 420271 "-" "-"
135.181.180.59 - - [05/Dec/2025:15:53:56 +0300] "GET /product/bmw-m-power-stickers-autos-autocollant-3d/?add-to-cart=2771 HTTP/1.1" 200 26743 "-" "Mozilla/5.0 (compatible; MJ12bot/v1.4.8; http://mj12bot.com/)"
193.111.77.77 - - [05/Dec/2025:15:54:02 +0300] "GET /wp-content/uploads/2023/07/w-vgs-action-call-of-duty-mw-2.jpg HTTP/1.1" 200 210758 "-" "-"
193.111.77.77 - - [05/Dec/2025:15:54:05 +0300] "GET /wp-content/uploads/2023/07/w-vgs-action-call-of-duty-mw-2.jpg HTTP/1.1" 200 210758 "-" "-"
193.111.77.77 - - [05/Dec/2025:15:54:07 +0300] "GET /wp-content/uploads/2023/07/w-vgs-casual-crab-champions.jpg HTTP/1.1" 200 78832 "-" "-"
193.111.77.77 - - [05/Dec/2025:15:54:10 +0300] "GET /wp-content/uploads/2023/07/w-vgs-action-dead-island-2.jpg HTTP/1.1" 200 190095 "-" "-"
135.181.180.59 - - [05/Dec/2025:15:51:36 +0300] "GET /product-category/gaming/?shop_view=grid&per_row=3 HTTP/1.1" 200 23355 "-" "Mozilla/5.0 (compatible; MJ12bot/v1.4.8; http://mj12bot.com/)"
135.181.180.59 - - [05/Dec/2025:15:51:39 +0300] "GET /product-category/gaming/?shop_view=grid&per_row=4 HTTP/1.1" 200 23354 "-" "Mozilla/5.0 (compatible; MJ12bot/v1.4.8; http://mj12bot.com/)"
135.181.180.59 - - [05/Dec/2025:15:51:45 +0300] "GET /product-category/gaming/feed/ HTTP/1.1" 200 2960 "-" "Mozilla/5.0 (compatible; MJ12bot/v1.4.8; http://mj12bot.com/)"
135.181.180.59 - - [05/Dec/2025:15:52:19 +0300] "GET /product-category/motos/?add-to-cart=496 HTTP/1.1" 200 24610 "-" "Mozilla/5.0 (compatible; MJ12bot/v1.4.8; http://mj12bot.com/)"
193.111.77.77 - - [05/Dec/2025:15:52:30 +0300] "POST /wp-cron.php?doing_wp_cron=1764939150.0744040012359619140625 HTTP/1.1" 200 0 "-" "WordPress/6.9; https://tnstickers.com"
135.181.180.59 - - [05/Dec/2025:15:52:43 +0300] "GET /product-category/motos/feed/ HTTP/1.1" 200 4927 "-" "Mozilla/5.0 (compatible; MJ12bot/v1.4.8; http://mj12bot.com/)"
193.111.77.77 - - [05/Dec/2025:15:52:49 +0300] "GET /wp-content/uploads/2025/12/akra.png HTTP/1.1" 200 232293 "-" "-"
135.181.180.59 - - [05/Dec/2025:15:52:54 +0300] "GET /product/akrapovic-stickers-motos-autocollant-3d/?add-to-cart=2689 HTTP/1.1" 200 26011 "-" "Mozilla/5.0 (compatible; MJ12bot/v1.4.8; http://mj12bot.com/)"
135.181.180.59 - - [05/Dec/2025:15:52:59 +0300] "GET /product/akrapovic-stickers-motos-autocollant-3d/?add-to-cart=2722 HTTP/1.1" 200 26018 "-" "Mozilla/5.0 (compatible; MJ12bot/v1.4.8; http://mj12bot.com/)"
135.181.180.59 - - [05/Dec/2025:15:53:19 +0300] "GET /product/akrapovic-stickers-motos-autocollant-3d/feed/ HTTP/1.1" 200 472 "-" "Mozilla/5.0 (compatible; MJ12bot/v1.4.8; http://mj12bot.com/)"
193.111.77.77 - - [05/Dec/2025:15:53:22 +0300] "GET /wp-content/uploads/2025/12/aprilia.png HTTP/1.1" 200 101022 "-" "-"
193.111.77.77 - - [05/Dec/2025:15:53:26 +0300] "GET /wp-content/uploads/2025/12/aprilia.png HTTP/1.1" 200 101022 "-" "-"
193.111.77.77 - - [05/Dec/2025:15:53:33 +0300] "GET /wp-content/uploads/2025/12/aprilia.png HTTP/1.1" 200 101022 "-" "-"
135.181.180.59 - - [05/Dec/2025:15:53:33 +0300] "GET /product/aprilia-stickers-motos-autocollant-3d/?add-to-cart=2689 HTTP/1.1" 200 26248 "-" "Mozilla/5.0 (compatible; MJ12bot/v1.4.8; http://mj12bot.com/)"
193.111.77.77 - - [05/Dec/2025:15:53:37 +0300] "GET /wp-content/uploads/2025/12/aprilia.png HTTP/1.1" 200 101022 "-" "-"
135.181.180.59 - - [05/Dec/2025:15:53:36 +0300] "GET /product/aprilia-stickers-motos-autocollant-3d/?add-to-cart=2719 HTTP/1.1" 200 26246 "-" "Mozilla/5.0 (compatible; MJ12bot/v1.4.8; http://mj12bot.com/)"
193.111.77.77 - - [05/Dec/2025:15:53:43 +0300] "GET /wp-content/uploads/2025/12/aprilia.png HTTP/1.1" 200 101022 "-" "-"
135.181.180.59 - - [05/Dec/2025:15:53:42 +0300] "GET /product/aprilia-stickers-motos-autocollant-3d/?add-to-cart=2725 HTTP/1.1" 200 26246 "-" "Mozilla/5.0 (compatible; MJ12bot/v1.4.8; http://mj12bot.com/)"
193.111.77.77 - - [05/Dec/2025:15:53:46 +0300] "GET /wp-content/uploads/2025/12/aprilia.png HTTP/1.1" 200 101022 "-" "-"
135.181.180.59 - - [05/Dec/2025:15:53:53 +0300] "GET /product/bmw-m-power-stickers-autos-autocollant-3d-copie/?add-to-cart=484 HTTP/1.1" 200 26680 "-" "Mozilla/5.0 (compatible; MJ12bot/v1.4.8; http://mj12bot.com/)"
135.181.180.59 - - [05/Dec/2025:15:54:04 +0300] "GET /product/call-of-duty-modern-warfare-ii/?add-to-cart=484 HTTP/1.1" 200 27579 "-" "Mozilla/5.0 (compatible; MJ12bot/v1.4.8; http://mj12bot.com/)"
193.111.77.77 - - [05/Dec/2025:15:54:13 +0300] "GET /wp-content/uploads/2023/07/w-vgs-action-dead-island-2.jpg HTTP/1.1" 200 190095 "-" "-"
193.111.77.77 - - [05/Dec/2025:15:54:18 +0300] "GET /wp-content/uploads/2023/07/w-vgs-casual-desta-the-memories-between.jpg HTTP/1.1" 200 109879 "-" "-"
135.181.180.59 - - [05/Dec/2025:15:54:17 +0300] "GET /product/desta-the-memories-between/ HTTP/1.1" 200 26195 "-" "Mozilla/5.0 (compatible; MJ12bot/v1.4.8; http://mj12bot.com/)"
135.181.180.59 - - [05/Dec/2025:15:51:33 +0300] "GET /product-category/gaming/?per_page=9 HTTP/1.1" 200 23351 "-" "Mozilla/5.0 (compatible; MJ12bot/v1.4.8; http://mj12bot.com/)"
135.181.180.59 - - [05/Dec/2025:15:51:50 +0300] "GET /product-category/motos/?add-to-cart=2683 HTTP/1.1" 200 24598 "-" "Mozilla/5.0 (compatible; MJ12bot/v1.4.8; http://mj12bot.com/)"
135.181.180.59 - - [05/Dec/2025:15:51:54 +0300] "GET /product-category/motos/?add-to-cart=2686 HTTP/1.1" 200 24619 "-" "Mozilla/5.0 (compatible; MJ12bot/v1.4.8; http://mj12bot.com/)"
135.181.180.59 - - [05/Dec/2025:15:52:01 +0300] "GET /product-category/motos/?add-to-cart=2719 HTTP/1.1" 200 24615 "-" "Mozilla/5.0 (compatible; MJ12bot/v1.4.8; http://mj12bot.com/)"
135.181.180.59 - - [05/Dec/2025:15:52:46 +0300] "GET /product-category/velos/feed/ HTTP/1.1" 200 489 "-" "Mozilla/5.0 (compatible; MJ12bot/v1.4.8; http://mj12bot.com/)"
193.111.77.77 - - [05/Dec/2025:15:52:52 +0300] "GET /wp-content/uploads/2025/12/akra.png HTTP/1.1" 200 232293 "-" "-"
135.181.180.59 - - [05/Dec/2025:15:52:51 +0300] "GET /product/akrapovic-stickers-motos-autocollant-3d/?add-to-cart=2686 HTTP/1.1" 200 26009 "-" "Mozilla/5.0 (compatible; MJ12bot/v1.4.8; http://mj12bot.com/)"
193.111.77.77 - - [05/Dec/2025:15:52:57 +0300] "GET /wp-content/uploads/2025/12/akra.png HTTP/1.1" 200 232293 "-" "-"
135.181.180.59 - - [05/Dec/2025:15:52:57 +0300] "GET /product/akrapovic-stickers-motos-autocollant-3d/?add-to-cart=2719 HTTP/1.1" 200 26006 "-" "Mozilla/5.0 (compatible; MJ12bot/v1.4.8; http://mj12bot.com/)"
193.111.77.77 - - [05/Dec/2025:15:53:17 +0300] "GET /wp-content/uploads/2025/12/akra.png HTTP/1.1" 200 232293 "-" "-"
135.181.180.59 - - [05/Dec/2025:15:53:25 +0300] "GET /product/aprilia-stickers-motos-autocollant-3d/?add-to-cart=2683 HTTP/1.1" 200 26241 "-" "Mozilla/5.0 (compatible; MJ12bot/v1.4.8; http://mj12bot.com/)"
193.111.77.77 - - [05/Dec/2025:15:53:30 +0300] "GET /wp-content/uploads/2025/12/aprilia.png HTTP/1.1" 200 101022 "-" "-"
193.111.77.77 - - [05/Dec/2025:15:53:40 +0300] "GET /wp-content/uploads/2025/12/aprilia.png HTTP/1.1" 200 101022 "-" "-"
135.181.180.59 - - [05/Dec/2025:15:53:39 +0300] "GET /product/aprilia-stickers-motos-autocollant-3d/?add-to-cart=2722 HTTP/1.1" 200 26257 "-" "Mozilla/5.0 (compatible; MJ12bot/v1.4.8; http://mj12bot.com/)"
193.111.77.77 - - [05/Dec/2025:15:53:57 +0300] "GET /wp-content/uploads/2023/07/m3-1.png HTTP/1.1" 200 163773 "-" "-"
135.181.180.59 - - [05/Dec/2025:15:54:09 +0300] "GET /product/dead-island-2/?add-to-cart=2771 HTTP/1.1" 200 27715 "-" "Mozilla/5.0 (compatible; MJ12bot/v1.4.8; http://mj12bot.com/)"
135.181.180.59 - - [05/Dec/2025:15:54:15 +0300] "GET /product/dead-island-2/feed/ HTTP/1.1" 200 441 "-" "Mozilla/5.0 (compatible; MJ12bot/v1.4.8; http://mj12bot.com/)"
135.181.180.59 - - [05/Dec/2025:15:54:20 +0300] "GET /product/dying-light-2-stay-human/ HTTP/1.1" 200 27667 "-" "Mozilla/5.0 (compatible; MJ12bot/v1.4.8; http://mj12bot.com/)"
193.111.77.77 - - [05/Dec/2025:15:54:31 +0300] "GET /wp-content/uploads/2023/07/w-vgs-casual-fabledom.jpg HTTP/1.1" 200 106786 "-" "-"
135.181.180.59 - - [05/Dec/2025:15:54:41 +0300] "GET /product/hitman-3/ HTTP/1.1" 200 26912 "-" "Mozilla/5.0 (compatible; MJ12bot/v1.4.8; http://mj12bot.com/)"
135.181.180.59 - - [05/Dec/2025:15:54:47 +0300] "GET /product/logo-motos-v1-stickers-autocollant-3d/?add-to-cart=2680 HTTP/1.1" 200 26038 "-" "Mozilla/5.0 (compatible; MJ12bot/v1.4.8; http://mj12bot.com/)"
135.181.180.59 - - [05/Dec/2025:15:54:50 +0300] "GET /product/logo-motos-v1-stickers-autocollant-3d/?add-to-cart=2683 HTTP/1.1" 200 26037 "-" "Mozilla/5.0 (compatible; MJ12bot/v1.4.8; http://mj12bot.com/)"
193.111.77.77 - - [05/Dec/2025:15:54:59 +0300] "GET /wp-content/uploads/2025/12/Sans-titre-00.png HTTP/1.1" 200 223032 "-" "-"
193.111.77.77 - - [05/Dec/2025:15:55:08 +0300] "GET /wp-content/uploads/2025/12/Sans-titre-00.png HTTP/1.1" 200 223032 "-" "-"
193.111.77.77 - - [05/Dec/2025:15:55:10 +0300] "GET /wp-content/uploads/2025/12/Sans-titre-00.png HTTP/1.1" 200 223032 "-" "-"
135.181.180.59 - - [05/Dec/2025:15:54:12 +0300] "GET /product/dead-island-2/?add-to-cart=484 HTTP/1.1" 200 27707 "-" "Mozilla/5.0 (compatible; MJ12bot/v1.4.8; http://mj12bot.com/)"
135.181.180.59 - - [05/Dec/2025:15:54:23 +0300] "GET /product/elden-ring/feed/ HTTP/1.1" 200 437 "-" "Mozilla/5.0 (compatible; MJ12bot/v1.4.8; http://mj12bot.com/)"
135.181.180.59 - - [05/Dec/2025:15:54:33 +0300] "GET /product/far-cry-6/ HTTP/1.1" 200 27633 "-" "Mozilla/5.0 (compatible; MJ12bot/v1.4.8; http://mj12bot.com/)"
193.111.77.77 - - [05/Dec/2025:15:54:38 +0300] "GET /wp-content/uploads/2023/07/w-vgs-action-forspoken.jpg HTTP/1.1" 200 143453 "-" "-"
135.181.180.59 - - [05/Dec/2025:15:54:44 +0300] "GET /product/homestead-arcana/ HTTP/1.1" 200 26583 "-" "Mozilla/5.0 (compatible; MJ12bot/v1.4.8; http://mj12bot.com/)"
193.111.77.77 - - [05/Dec/2025:15:54:53 +0300] "GET /wp-content/uploads/2025/12/Sans-titre-00.png HTTP/1.1" 200 223032 "-" "-"
135.181.180.59 - - [05/Dec/2025:15:55:07 +0300] "GET /product/logo-motos-v1-stickers-autocollant-3d/?add-to-cart=2728 HTTP/1.1" 200 26041 "-" "Mozilla/5.0 (compatible; MJ12bot/v1.4.8; http://mj12bot.com/)"
135.181.180.59 - - [05/Dec/2025:15:55:17 +0300] "GET /product/malossi-stickers-autocollant-3d/?add-to-cart=2680 HTTP/1.1" 200 26651 "-" "Mozilla/5.0 (compatible; MJ12bot/v1.4.8; http://mj12bot.com/)"
193.111.77.77 - - [05/Dec/2025:15:55:24 +0300] "GET /wp-content/uploads/2023/07/mal.png HTTP/1.1" 200 222309 "-" "-"
135.181.180.59 - - [05/Dec/2025:15:55:23 +0300] "GET /product/malossi-stickers-autocollant-3d/?add-to-cart=2686 HTTP/1.1" 200 26649 "-" "Mozilla/5.0 (compatible; MJ12bot/v1.4.8; http://mj12bot.com/)"
135.181.180.59 - - [05/Dec/2025:15:55:26 +0300] "GET /product/malossi-stickers-autocollant-3d/?add-to-cart=2689 HTTP/1.1" 200 26648 "-" "Mozilla/5.0 (compatible; MJ12bot/v1.4.8; http://mj12bot.com/)"
193.111.77.77 - - [05/Dec/2025:15:55:37 +0300] "GET /wp-content/uploads/2023/07/mal.png HTTP/1.1" 200 222309 "-" "-"
135.181.180.59 - - [05/Dec/2025:15:55:35 +0300] "GET /product/malossi-stickers-autocollant-3d/?add-to-cart=2725 HTTP/1.1" 200 26647 "-" "Mozilla/5.0 (compatible; MJ12bot/v1.4.8; http://mj12bot.com/)"
193.111.77.77 - - [05/Dec/2025:15:55:40 +0300] "GET /wp-content/uploads/2023/07/mal.png HTTP/1.1" 200 222309 "-" "-"
193.111.77.77 - - [05/Dec/2025:15:55:42 +0300] "GET /wp-content/uploads/2023/07/mal.png HTTP/1.1" 200 222309 "-" "-"
135.181.180.59 - - [05/Dec/2025:15:55:52 +0300] "GET /product/metroid-prime-remastered/?add-to-cart=2771 HTTP/1.1" 200 27549 "-" "Mozilla/5.0 (compatible; MJ12bot/v1.4.8; http://mj12bot.com/)"
135.181.180.59 - - [05/Dec/2025:15:55:58 +0300] "GET /product/metroid-prime-remastered/feed/ HTTP/1.1" 200 449 "-" "Mozilla/5.0 (compatible; MJ12bot/v1.4.8; http://mj12bot.com/)"
135.181.180.59 - - [05/Dec/2025:15:56:00 +0300] "GET /product/monster-energy-stickers-motos-autocollant-3d/ HTTP/1.1" 200 26064 "-" "Mozilla/5.0 (compatible; MJ12bot/v1.4.8; http://mj12bot.com/)"
193.111.77.77 - - [05/Dec/2025:15:56:03 +0300] "GET /wp-content/uploads/2023/07/w-vgs-casual-park-beyond.jpg HTTP/1.1" 200 209981 "-" "-"
135.181.180.59 - - [05/Dec/2025:15:56:06 +0300] "GET /product/piaggio-stickers-motos-autocollant-3d/?add-to-cart=2680 HTTP/1.1" 200 25963 "-" "Mozilla/5.0 (compatible; MJ12bot/v1.4.8; http://mj12bot.com/)"
193.111.77.77 - - [05/Dec/2025:15:56:12 +0300] "GET /wp-content/uploads/2025/12/piaggio.png HTTP/1.1" 200 81903 "-" "-"
135.181.180.59 - - [05/Dec/2025:15:56:11 +0300] "GET /product/piaggio-stickers-motos-autocollant-3d/?add-to-cart=2686 HTTP/1.1" 200 25972 "-" "Mozilla/5.0 (compatible; MJ12bot/v1.4.8; http://mj12bot.com/)"
2a06:98c0:3600::103 - - [05/Dec/2025:16:01:59 +0300] "GET /wordpress/wp-admin/setup-config.php HTTP/1.1" 404 19015 "-" "Mozilla/5.0 (Windows NT 10.0; Win64; x64) AppleWebKit/537.36 (KHTML, like Gecko) Chrome/142.0.0.0 Safari/537.36"
66.249.78.10 - - [05/Dec/2025:16:02:09 +0300] "GET /robots.txt HTTP/1.1" 200 103 "-" "Mozilla/5.0 (compatible; Googlebot/2.1; +http://www.google.com/bot.html)"
135.181.180.59 - - [05/Dec/2025:15:54:01 +0300] "GET /product/call-of-duty-modern-warfare-ii/?add-to-cart=2771 HTTP/1.1" 200 27590 "-" "Mozilla/5.0 (compatible; MJ12bot/v1.4.8; http://mj12bot.com/)"
135.181.180.59 - - [05/Dec/2025:15:54:07 +0300] "GET /product/crab-champions/ HTTP/1.1" 200 26195 "-" "Mozilla/5.0 (compatible; MJ12bot/v1.4.8; http://mj12bot.com/)"
193.111.77.77 - - [05/Dec/2025:15:54:27 +0300] "GET /wp-content/uploads/2023/07/w-vgs-casual-everdream-valley.jpg HTTP/1.1" 200 161465 "-" "-"
193.111.77.77 - - [05/Dec/2025:15:54:32 +0300] "POST /wp-cron.php?doing_wp_cron=1764939272.0201129913330078125000 HTTP/1.1" 200 0 "-" "WordPress/6.9; https://tnstickers.com"
193.111.77.77 - - [05/Dec/2025:15:54:34 +0300] "GET /wp-content/uploads/2023/07/w-vgs-action-far-cry-6.jpg HTTP/1.1" 200 174811 "-" "-"
193.111.77.77 - - [05/Dec/2025:15:54:45 +0300] "GET /wp-content/uploads/2023/07/w-vgs-casual-homestead-arcana.jpg HTTP/1.1" 200 258556 "-" "-"
193.111.77.77 - - [05/Dec/2025:15:54:48 +0300] "GET /wp-content/uploads/2025/12/Sans-titre-00.png HTTP/1.1" 200 223032 "-" "-"
135.181.180.59 - - [05/Dec/2025:15:54:53 +0300] "GET /product/logo-motos-v1-stickers-autocollant-3d/?add-to-cart=2686 HTTP/1.1" 200 26039 "-" "Mozilla/5.0 (compatible; MJ12bot/v1.4.8; http://mj12bot.com/)"
135.181.180.59 - - [05/Dec/2025:15:54:58 +0300] "GET /product/logo-motos-v1-stickers-autocollant-3d/?add-to-cart=2719 HTTP/1.1" 200 26039 "-" "Mozilla/5.0 (compatible; MJ12bot/v1.4.8; http://mj12bot.com/)"
193.111.77.77 - - [05/Dec/2025:15:55:02 +0300] "GET /wp-content/uploads/2025/12/Sans-titre-00.png HTTP/1.1" 200 223032 "-" "-"
135.181.180.59 - - [05/Dec/2025:15:55:04 +0300] "GET /product/logo-motos-v1-stickers-autocollant-3d/?add-to-cart=2725 HTTP/1.1" 200 26038 "-" "Mozilla/5.0 (compatible; MJ12bot/v1.4.8; http://mj12bot.com/)"
135.181.180.59 - - [05/Dec/2025:15:55:10 +0300] "GET /product/logo-motos-v1-stickers-autocollant-3d/?add-to-cart=2734 HTTP/1.1" 200 26041 "-" "Mozilla/5.0 (compatible; MJ12bot/v1.4.8; http://mj12bot.com/)"
135.181.180.59 - - [05/Dec/2025:15:55:12 +0300] "GET /product/logo-motos-v1-stickers-autocollant-3d/?add-to-cart=496 HTTP/1.1" 200 26041 "-" "Mozilla/5.0 (compatible; MJ12bot/v1.4.8; http://mj12bot.com/)"
193.111.77.77 - - [05/Dec/2025:15:55:18 +0300] "GET /wp-content/uploads/2023/07/mal.png HTTP/1.1" 200 222309 "-" "-"
135.181.180.59 - - [05/Dec/2025:15:55:20 +0300] "GET /product/malossi-stickers-autocollant-3d/?add-to-cart=2683 HTTP/1.1" 200 26642 "-" "Mozilla/5.0 (compatible; MJ12bot/v1.4.8; http://mj12bot.com/)"
193.111.77.77 - - [05/Dec/2025:15:55:30 +0300] "POST /wp-cron.php?doing_wp_cron=1764939329.9958879947662353515625 HTTP/1.1" 200 0 "-" "WordPress/6.9; https://tnstickers.com"
135.181.180.59 - - [05/Dec/2025:15:55:32 +0300] "GET /product/malossi-stickers-autocollant-3d/?add-to-cart=2722 HTTP/1.1" 200 26659 "-" "Mozilla/5.0 (compatible; MJ12bot/v1.4.8; http://mj12bot.com/)"
193.111.77.77 - - [05/Dec/2025:15:55:45 +0300] "GET /wp-content/uploads/2023/07/mal.png HTTP/1.1" 200 222309 "-" "-"
135.181.180.59 - - [05/Dec/2025:15:55:49 +0300] "GET /product/malossi-stickers-autocollant-3d/feed/ HTTP/1.1" 200 463 "-" "Mozilla/5.0 (compatible; MJ12bot/v1.4.8; http://mj12bot.com/)"
193.111.77.77 - - [05/Dec/2025:15:56:07 +0300] "GET /wp-content/uploads/2025/12/piaggio.png HTTP/1.1" 200 81903 "-" "-"
66.249.66.34 - - [05/Dec/2025:16:02:06 +0300] "GET /?_g=3445564 HTTP/1.1" 301 0 "-" "Mozilla/5.0 (Linux; Android 6.0.1; Nexus 5X Build/MMB29P) AppleWebKit/537.36 (KHTML, like Gecko) Chrome/141.0.7390.122 Mobile Safari/537.36 (compatible; GoogleOther)"
193.111.77.77 - - [05/Dec/2025:16:03:32 +0300] "POST /wp-cron.php?doing_wp_cron=1764939812.8589611053466796875000 HTTP/1.1" 200 0 "-" "WordPress/6.9; https://tnstickers.com"
66.249.66.6 - - [05/Dec/2025:16:04:28 +0300] "GET /robots.txt HTTP/1.1" 200 103 "-" "Mozilla/5.0 (compatible; Googlebot/2.1; +http://www.google.com/bot.html)"
66.249.66.4 - - [05/Dec/2025:16:04:55 +0300] "POST /?wc-ajax=get_refreshed_fragments HTTP/1.1" 200 514 "https://tnstickers.com/?_g=338772" "Mozilla/5.0 (Linux; Android 6.0.1; Nexus 5X Build/MMB29P) AppleWebKit/537.36 (KHTML, like Gecko) Chrome/141.0.7390.122 Mobile Safari/537.36 (compatible; Googlebot/2.1; +http://www.google.com/bot.html)"
193.111.77.77 - - [05/Dec/2025:16:05:48 +0300] "POST /wp-cron.php?doing_wp_cron=1764939948.0163209438323974609375 HTTP/1.1" 200 0 "-" "WordPress/6.9; https://tnstickers.com"
66.249.78.1 - - [05/Dec/2025:16:06:26 +0300] "GET /?_g=3009301 HTTP/1.1" 200 27352 "-" "Mozilla/5.0 (Linux; Android 6.0.1; Nexus 5X Build/MMB29P) AppleWebKit/537.36 (KHTML, like Gecko) Chrome/141.0.7390.122 Mobile Safari/537.36 (compatible; GoogleOther)"
66.249.66.198 - - [05/Dec/2025:16:08:32 +0300] "GET /wp-content/themes/woodmart/js/scripts/global/ajaxSearch.min.js?ver=8.3.6 HTTP/1.1" 200 1569 "https://tnstickers.com/?_g=3009301" "Mozilla/5.0 (Linux; Android 6.0.1; Nexus 5X Build/MMB29P) AppleWebKit/537.36 (KHTML, like Gecko) Chrome/141.0.7390.122 Mobile Safari/537.36 (compatible; Googlebot/2.1; +http://www.google.com/bot.html)"
66.249.66.198 - - [05/Dec/2025:16:13:00 +0300] "POST /?wc-ajax=get_refreshed_fragments HTTP/1.1" 200 514 "https://tnstickers.com/?_g=2253305" "Mozilla/5.0 (Linux; Android 6.0.1; Nexus 5X Build/MMB29P) AppleWebKit/537.36 (KHTML, like Gecko) Chrome/141.0.7390.122 Mobile Safari/537.36 (compatible; Googlebot/2.1; +http://www.google.com/bot.html)"
193.111.77.77 - - [05/Dec/2025:15:54:21 +0300] "GET /wp-content/uploads/2023/07/w-vgs-action-dying-light-2.jpg HTTP/1.1" 200 157438 "-" "-"
135.181.180.59 - - [05/Dec/2025:15:54:26 +0300] "GET /product/everdream-valley/ HTTP/1.1" 200 26581 "-" "Mozilla/5.0 (compatible; MJ12bot/v1.4.8; http://mj12bot.com/)"
135.181.180.59 - - [05/Dec/2025:15:54:30 +0300] "GET /product/fabledom/ HTTP/1.1" 200 26549 "-" "Mozilla/5.0 (compatible; MJ12bot/v1.4.8; http://mj12bot.com/)"
135.181.180.59 - - [05/Dec/2025:15:54:36 +0300] "GET /product/forspoken/ HTTP/1.1" 200 27411 "-" "Mozilla/5.0 (compatible; MJ12bot/v1.4.8; http://mj12bot.com/)"
193.111.77.77 - - [05/Dec/2025:15:54:42 +0300] "GET /wp-content/uploads/2023/07/w-vgs-action-hitman-3.jpg HTTP/1.1" 200 36422 "-" "-"
193.111.77.77 - - [05/Dec/2025:15:54:50 +0300] "GET /wp-content/uploads/2025/12/Sans-titre-00.png HTTP/1.1" 200 223032 "-" "-"
193.111.77.77 - - [05/Dec/2025:15:54:56 +0300] "GET /wp-content/uploads/2025/12/Sans-titre-00.png HTTP/1.1" 200 223032 "-" "-"
135.181.180.59 - - [05/Dec/2025:15:54:55 +0300] "GET /product/logo-motos-v1-stickers-autocollant-3d/?add-to-cart=2689 HTTP/1.1" 200 26047 "-" "Mozilla/5.0 (compatible; MJ12bot/v1.4.8; http://mj12bot.com/)"
135.181.180.59 - - [05/Dec/2025:15:55:01 +0300] "GET /product/logo-motos-v1-stickers-autocollant-3d/?add-to-cart=2722 HTTP/1.1" 200 26044 "-" "Mozilla/5.0 (compatible; MJ12bot/v1.4.8; http://mj12bot.com/)"
193.111.77.77 - - [05/Dec/2025:15:55:05 +0300] "GET /wp-content/uploads/2025/12/Sans-titre-00.png HTTP/1.1" 200 223032 "-" "-"
193.111.77.77 - - [05/Dec/2025:15:55:26 +0300] "GET /wp-content/uploads/2023/07/mal.png HTTP/1.1" 200 222309 "-" "-"
193.111.77.77 - - [05/Dec/2025:15:55:56 +0300] "GET /wp-content/uploads/2023/07/w-vgs-action-metroid.jpg HTTP/1.1" 200 134227 "-" "-"
135.181.180.59 - - [05/Dec/2025:15:56:03 +0300] "GET /product/park-beyond/ HTTP/1.1" 200 26804 "-" "Mozilla/5.0 (compatible; MJ12bot/v1.4.8; http://mj12bot.com/)"
135.181.180.59 - - [05/Dec/2025:15:56:09 +0300] "GET /product/piaggio-stickers-motos-autocollant-3d/?add-to-cart=2683 HTTP/1.1" 200 25963 "-" "Mozilla/5.0 (compatible; MJ12bot/v1.4.8; http://mj12bot.com/)"
193.111.77.77 - - [05/Dec/2025:16:00:32 +0300] "POST /wp-cron.php?doing_wp_cron=1764939632.4394400119781494140625 HTTP/1.1" 200 0 "-" "WordPress/6.9; https://tnstickers.com"
208.110.64.178 - - [05/Dec/2025:16:00:31 +0300] "GET /wp-content/wpe333bb/index.php HTTP/1.1" 301 0 "https://tnstickers.com/wp-content/wpe333bb/index.php" "Mozilla/5.0 (Windows NT 10.0; Win64; x64) AppleWebKit/537.36 (KHTML, like Gecko) Chrome/58.0.3029.110 Safari/537.3"
208.110.64.178 - - [05/Dec/2025:16:00:32 +0300] "GET /wp-content/wpe333bb/ HTTP/1.1" 404 19010 "https://tnstickers.com/wp-content/wpe333bb/index.php" "Mozilla/5.0 (Windows NT 10.0; Win64; x64) AppleWebKit/537.36 (KHTML, like Gecko) Chrome/58.0.3029.110 Safari/537.3"
66.249.66.33 - - [05/Dec/2025:16:02:09 +0300] "GET /?_g=3445564 HTTP/1.1" 200 27353 "-" "Mozilla/5.0 (Linux; Android 6.0.1; Nexus 5X Build/MMB29P) AppleWebKit/537.36 (KHTML, like Gecko) Chrome/141.0.7390.122 Mobile Safari/537.36 (compatible; GoogleOther)"
66.249.66.5 - - [05/Dec/2025:16:04:26 +0300] "GET /?_g=338772 HTTP/1.1" 301 0 "-" "Mozilla/5.0 (Linux; Android 6.0.1; Nexus 5X Build/MMB29P) AppleWebKit/537.36 (KHTML, like Gecko) Chrome/141.0.7390.122 Mobile Safari/537.36 (compatible; GoogleOther)"
193.111.77.77 - - [05/Dec/2025:16:10:58 +0300] "POST /wp-cron.php?doing_wp_cron=1764940258.3616809844970703125000 HTTP/1.1" 200 0 "-" "WordPress/6.9; https://tnstickers.com"
66.249.66.68 - - [05/Dec/2025:16:10:59 +0300] "GET /robots.txt HTTP/1.1" 200 103 "-" "Mozilla/5.0 (compatible; Googlebot/2.1; +http://www.google.com/bot.html)"
66.249.66.198 - - [05/Dec/2025:16:12:55 +0300] "GET /robots.txt HTTP/1.1" 200 103 "-" "Mozilla/5.0 (compatible; Googlebot/2.1; +http://www.google.com/bot.html)"
193.111.77.77 - - [05/Dec/2025:15:55:13 +0300] "GET /wp-content/uploads/2025/12/Sans-titre-00.png HTTP/1.1" 200 223032 "-" "-"
135.181.180.59 - - [05/Dec/2025:15:55:15 +0300] "GET /product/logo-motos-v1-stickers-autocollant-3d/feed/ HTTP/1.1" 200 471 "-" "Mozilla/5.0 (compatible; MJ12bot/v1.4.8; http://mj12bot.com/)"
193.111.77.77 - - [05/Dec/2025:15:55:21 +0300] "GET /wp-content/uploads/2023/07/mal.png HTTP/1.1" 200 222309 "-" "-"
193.111.77.77 - - [05/Dec/2025:15:55:29 +0300] "GET /wp-content/uploads/2023/07/mal.png HTTP/1.1" 200 222309 "-" "-"
135.181.180.59 - - [05/Dec/2025:15:55:29 +0300] "GET /product/malossi-stickers-autocollant-3d/?add-to-cart=2719 HTTP/1.1" 200 26649 "-" "Mozilla/5.0 (compatible; MJ12bot/v1.4.8; http://mj12bot.com/)"
193.111.77.77 - - [05/Dec/2025:15:55:33 +0300] "GET /wp-content/uploads/2023/07/mal.png HTTP/1.1" 200 222309 "-" "-"
135.181.180.59 - - [05/Dec/2025:15:55:39 +0300] "GET /product/malossi-stickers-autocollant-3d/?add-to-cart=2728 HTTP/1.1" 200 26647 "-" "Mozilla/5.0 (compatible; MJ12bot/v1.4.8; http://mj12bot.com/)"
135.181.180.59 - - [05/Dec/2025:15:55:42 +0300] "GET /product/malossi-stickers-autocollant-3d/?add-to-cart=2731 HTTP/1.1" 200 26652 "-" "Mozilla/5.0 (compatible; MJ12bot/v1.4.8; http://mj12bot.com/)"
135.181.180.59 - - [05/Dec/2025:15:55:45 +0300] "GET /product/malossi-stickers-autocollant-3d/?add-to-cart=2734 HTTP/1.1" 200 26652 "-" "Mozilla/5.0 (compatible; MJ12bot/v1.4.8; http://mj12bot.com/)"
193.111.77.77 - - [05/Dec/2025:15:55:53 +0300] "GET /wp-content/uploads/2023/07/w-vgs-action-metroid.jpg HTTP/1.1" 200 134227 "-" "-"
193.111.77.77 - - [05/Dec/2025:15:55:53 +0300] "POST /wp-cron.php?doing_wp_cron=1764939353.7088320255279541015625 HTTP/1.1" 200 0 "-" "WordPress/6.9; https://tnstickers.com"
135.181.180.59 - - [05/Dec/2025:15:55:55 +0300] "GET /product/metroid-prime-remastered/?add-to-cart=484 HTTP/1.1" 200 27539 "-" "Mozilla/5.0 (compatible; MJ12bot/v1.4.8; http://mj12bot.com/)"
193.111.77.77 - - [05/Dec/2025:15:56:01 +0300] "GET /wp-content/uploads/2025/12/monster.png HTTP/1.1" 200 308282 "-" "-"
193.111.77.77 - - [05/Dec/2025:15:56:09 +0300] "GET /wp-content/uploads/2025/12/piaggio.png HTTP/1.1" 200 81903 "-" "-"
2a06:98c0:3600::103 - - [05/Dec/2025:16:00:36 +0300] "GET /wp-admin/setup-config.php HTTP/1.1" 409 922 "-" "Mozilla/5.0 (Windows NT 10.0; Win64; x64) AppleWebKit/537.36 (KHTML, like Gecko) Chrome/142.0.0.0 Safari/537.36"
193.111.77.77 - - [05/Dec/2025:16:02:00 +0300] "POST /wp-cron.php?doing_wp_cron=1764939720.3163630962371826171875 HTTP/1.1" 200 0 "-" "WordPress/6.9; https://tnstickers.com"
193.111.77.77 - - [05/Dec/2025:16:04:41 +0300] "POST /wp-cron.php?doing_wp_cron=1764939881.6833860874176025390625 HTTP/1.1" 200 0 "-" "WordPress/6.9; https://tnstickers.com"
66.249.66.200 - - [05/Dec/2025:16:08:30 +0300] "GET /robots.txt HTTP/1.1" 200 103 "-" "Mozilla/5.0 (compatible; Googlebot/2.1; +http://www.google.com/bot.html)"
193.111.77.77 - - [05/Dec/2025:16:08:38 +0300] "POST /wp-cron.php?doing_wp_cron=1764940118.0504000186920166015625 HTTP/1.1" 200 0 "-" "WordPress/6.9; https://tnstickers.com"
66.249.78.10 - - [05/Dec/2025:16:08:37 +0300] "POST /?wc-ajax=get_refreshed_fragments HTTP/1.1" 200 514 "https://tnstickers.com/?_g=3009301" "Mozilla/5.0 (Linux; Android 6.0.1; Nexus 5X Build/MMB29P) AppleWebKit/537.36 (KHTML, like Gecko) Chrome/141.0.7390.122 Mobile Safari/537.36 (compatible; Googlebot/2.1; +http://www.google.com/bot.html)"
66.249.66.32 - - [05/Dec/2025:16:11:12 +0300] "GET /?_g=2253305 HTTP/1.1" 200 27355 "-" "Mozilla/5.0 (Linux; Android 6.0.1; Nexus 5X Build/MMB29P) AppleWebKit/537.36 (KHTML, like Gecko) Chrome/141.0.7390.122 Mobile Safari/537.36 (compatible; GoogleOther)"
193.111.77.77 - - [05/Dec/2025:16:13:00 +0300] "POST /wp-cron.php?doing_wp_cron=1764940380.8969089984893798828125 HTTP/1.1" 200 0 "-" "WordPress/6.9; https://tnstickers.com"
66.249.78.9 - - [05/Dec/2025:16:02:17 +0300] "POST /?wc-ajax=get_refreshed_fragments HTTP/1.1" 200 514 "https://tnstickers.com/?_g=3445564" "Mozilla/5.0 (Linux; Android 6.0.1; Nexus 5X Build/MMB29P) AppleWebKit/537.36 (KHTML, like Gecko) Chrome/141.0.7390.122 Mobile Safari/537.36 (compatible; Googlebot/2.1; +http://www.google.com/bot.html)"
208.110.64.178 - - [05/Dec/2025:16:03:32 +0300] "GET /wp-content/wpe333bb/index.php HTTP/1.1" 301 0 "https://tnstickers.com/wp-content/wpe333bb/index.php" "Mozilla/5.0 (Windows NT 10.0; Win64; x64) AppleWebKit/537.36 (KHTML, like Gecko) Chrome/58.0.3029.110 Safari/537.3"
208.110.64.178 - - [05/Dec/2025:16:03:33 +0300] "GET /wp-content/wpe333bb/ HTTP/1.1" 404 19013 "https://tnstickers.com/wp-content/wpe333bb/index.php" "Mozilla/5.0 (Windows NT 10.0; Win64; x64) AppleWebKit/537.36 (KHTML, like Gecko) Chrome/58.0.3029.110 Safari/537.3"
66.249.66.33 - - [05/Dec/2025:16:04:40 +0300] "GET /?_g=338772 HTTP/1.1" 200 27355 "-" "Mozilla/5.0 (Linux; Android 6.0.1; Nexus 5X Build/MMB29P) AppleWebKit/537.36 (KHTML, like Gecko) Chrome/141.0.7390.122 Mobile Safari/537.36 (compatible; GoogleOther)"
66.249.76.34 - - [05/Dec/2025:16:05:47 +0300] "GET /?_g=3009301 HTTP/1.1" 301 0 "-" "Mozilla/5.0 (Linux; Android 6.0.1; Nexus 5X Build/MMB29P) AppleWebKit/537.36 (KHTML, like Gecko) Chrome/141.0.7390.122 Mobile Safari/537.36 (compatible; GoogleOther)"
66.249.78.1 - - [05/Dec/2025:16:05:49 +0300] "GET /robots.txt HTTP/1.1" 200 103 "-" "Mozilla/5.0 (compatible; Googlebot/2.1; +http://www.google.com/bot.html)"
66.249.66.5 - - [05/Dec/2025:16:10:57 +0300] "GET /?_g=2253305 HTTP/1.1" 301 0 "-" "Mozilla/5.0 (Linux; Android 6.0.1; Nexus 5X Build/MMB29P) AppleWebKit/537.36 (KHTML, like Gecko) Chrome/141.0.7390.122 Mobile Safari/537.36 (compatible; GoogleOther)"
66.249.66.200 - - [05/Dec/2025:16:12:54 +0300] "GET /wp-content/themes/woodmart/js/scripts/global/ajaxSearch.min.js?ver=8.3.6 HTTP/1.1" 200 1569 "https://tnstickers.com/?_g=2253305" "Mozilla/5.0 (Linux; Android 6.0.1; Nexus 5X Build/MMB29P) AppleWebKit/537.36 (KHTML, like Gecko) Chrome/141.0.7390.122 Mobile Safari/537.36 (compatible; Googlebot/2.1; +http://www.google.com/bot.html)"
193.111.77.77 - - [05/Dec/2025:16:16:24 +0300] "POST /wp-cron.php?doing_wp_cron=1764940584.6609869003295898437500 HTTP/1.1" 200 0 "-" "WordPress/6.9; https://tnstickers.com"
208.110.64.178 - - [05/Dec/2025:16:25:16 +0300] "GET /wp-content/wpe333bb/index.php HTTP/1.1" 301 0 "https://tnstickers.com/wp-content/wpe333bb/index.php" "Mozilla/5.0 (Windows NT 10.0; Win64; x64) AppleWebKit/537.36 (KHTML, like Gecko) Chrome/58.0.3029.110 Safari/537.3"
208.110.64.178 - - [05/Dec/2025:16:25:17 +0300] "GET /wp-content/wpe333bb/ HTTP/1.1" 404 19018 "https://tnstickers.com/wp-content/wpe333bb/index.php" "Mozilla/5.0 (Windows NT 10.0; Win64; x64) AppleWebKit/537.36 (KHTML, like Gecko) Chrome/58.0.3029.110 Safari/537.3"
193.111.77.77 - - [05/Dec/2025:16:25:17 +0300] "POST /wp-cron.php?doing_wp_cron=1764941117.1461861133575439453125 HTTP/1.1" 200 0 "-" "WordPress/6.9; https://tnstickers.com"
204.12.252.98 - - [05/Dec/2025:16:16:24 +0300] "GET /wp-content/wpe333bb/index.php HTTP/1.1" 301 0 "https://tnstickers.com/wp-content/wpe333bb/index.php" "Mozilla/5.0 (Windows NT 10.0; Win64; x64) AppleWebKit/537.36 (KHTML, like Gecko) Chrome/58.0.3029.110 Safari/537.3"
204.12.252.98 - - [05/Dec/2025:16:16:25 +0300] "GET /wp-content/wpe333bb/ HTTP/1.1" 404 19018 "https://tnstickers.com/wp-content/wpe333bb/index.php" "Mozilla/5.0 (Windows NT 10.0; Win64; x64) AppleWebKit/537.36 (KHTML, like Gecko) Chrome/58.0.3029.110 Safari/537.3"
66.249.66.68 - - [05/Dec/2025:16:30:45 +0300] "GET /?_g=3449814 HTTP/1.1" 301 0 "-" "Mozilla/5.0 (Linux; Android 6.0.1; Nexus 5X Build/MMB29P) AppleWebKit/537.36 (KHTML, like Gecko) Chrome/141.0.7390.122 Mobile Safari/537.36 (compatible; GoogleOther)"
204.12.252.98 - - [05/Dec/2025:16:32:08 +0300] "GET /wp-content/wpe333bb/index.php HTTP/1.1" 301 0 "https://tnstickers.com/wp-content/wpe333bb/index.php" "Mozilla/5.0 (Windows NT 10.0; Win64; x64) AppleWebKit/537.36 (KHTML, like Gecko) Chrome/58.0.3029.110 Safari/537.3"
204.12.252.98 - - [05/Dec/2025:16:32:09 +0300] "GET /wp-content/wpe333bb/ HTTP/1.1" 404 19010 "https://tnstickers.com/wp-content/wpe333bb/index.php" "Mozilla/5.0 (Windows NT 10.0; Win64; x64) AppleWebKit/537.36 (KHTML, like Gecko) Chrome/58.0.3029.110 Safari/537.3"
66.249.66.68 - - [05/Dec/2025:16:32:43 +0300] "POST /?wc-ajax=get_refreshed_fragments HTTP/1.1" 200 514 "https://tnstickers.com/?_g=3449814" "Mozilla/5.0 (Linux; Android 6.0.1; Nexus 5X Build/MMB29P) AppleWebKit/537.36 (KHTML, like Gecko) Chrome/141.0.7390.122 Mobile Safari/537.36 (compatible; Googlebot/2.1; +http://www.google.com/bot.html)"
2a06:98c0:3600::103 - - [05/Dec/2025:16:39:27 +0300] "GET /wp-admin/setup-config.php HTTP/1.1" 409 922 "-" "Mozilla/5.0 (Windows NT 10.0; Win64; x64) AppleWebKit/537.36 (KHTML, like Gecko) Chrome/142.0.0.0 Safari/537.36"
66.249.66.33 - - [05/Dec/2025:16:45:34 +0300] "POST /?wc-ajax=get_refreshed_fragments HTTP/1.1" 200 514 "https://tnstickers.com/?_g=1854136" "Mozilla/5.0 (Linux; Android 6.0.1; Nexus 5X Build/MMB29P) AppleWebKit/537.36 (KHTML, like Gecko) Chrome/141.0.7390.122 Mobile Safari/537.36 (compatible; Googlebot/2.1; +http://www.google.com/bot.html)"
193.111.77.77 - - [05/Dec/2025:16:46:55 +0300] "POST /wp-cron.php?doing_wp_cron=1764942415.1167759895324707031250 HTTP/1.1" 200 0 "-" "WordPress/6.9; https://tnstickers.com"
66.249.66.4 - - [05/Dec/2025:16:46:54 +0300] "GET /contents/reform/ HTTP/1.1" 404 19012 "-" "Mozilla/5.0 (Linux; Android 6.0.1; Nexus 5X Build/MMB29P) AppleWebKit/537.36 (KHTML, like Gecko) Chrome/141.0.7390.122 Mobile Safari/537.36 (compatible; GoogleOther)"
66.249.78.1 - - [05/Dec/2025:16:54:20 +0300] "GET /?_g=1906756 HTTP/1.1" 200 27356 "-" "Mozilla/5.0 (Linux; Android 6.0.1; Nexus 5X Build/MMB29P) AppleWebKit/537.36 (KHTML, like Gecko) Chrome/141.0.7390.122 Mobile Safari/537.36 (compatible; GoogleOther)"
66.249.78.10 - - [05/Dec/2025:16:54:27 +0300] "POST /?wc-ajax=get_refreshed_fragments HTTP/1.1" 200 514 "https://tnstickers.com/?_g=1906756" "Mozilla/5.0 (Linux; Android 6.0.1; Nexus 5X Build/MMB29P) AppleWebKit/537.36 (KHTML, like Gecko) Chrome/141.0.7390.122 Mobile Safari/537.36 (compatible; Googlebot/2.1; +http://www.google.com/bot.html)"
204.12.252.98 - - [05/Dec/2025:17:06:13 +0300] "GET /wp-content/wpe333bb/index.php HTTP/1.1" 301 0 "https://tnstickers.com/wp-content/wpe333bb/index.php" "Mozilla/5.0 (Windows NT 10.0; Win64; x64) AppleWebKit/537.36 (KHTML, like Gecko) Chrome/58.0.3029.110 Safari/537.3"
204.12.252.98 - - [05/Dec/2025:17:06:15 +0300] "GET /wp-content/wpe333bb/ HTTP/1.1" 404 19020 "https://tnstickers.com/wp-content/wpe333bb/index.php" "Mozilla/5.0 (Windows NT 10.0; Win64; x64) AppleWebKit/537.36 (KHTML, like Gecko) Chrome/58.0.3029.110 Safari/537.3"
157.173.127.72 - - [05/Dec/2025:17:16:15 +0300] "GET /2023/04/04/trepang2-review/ HTTP/1.1" 200 25300 "-" "Mozilla/5.0 (compatible; MJ12bot/v1.4.8; http://mj12bot.com/)"
157.173.127.72 - - [05/Dec/2025:17:16:18 +0300] "GET /product/aprilia-stickers-motos-autocollant-3d/feed/ HTTP/1.1" 200 466 "-" "Mozilla/5.0 (compatible; MJ12bot/v1.4.8; http://mj12bot.com/)"
157.173.127.72 - - [05/Dec/2025:17:16:22 +0300] "GET /product/call-of-duty-modern-warfare-ii/feed/ HTTP/1.1" 200 461 "-" "Mozilla/5.0 (compatible; MJ12bot/v1.4.8; http://mj12bot.com/)"
193.111.77.77 - - [05/Dec/2025:17:16:33 +0300] "GET /wp-content/uploads/2025/12/yam.png HTTP/1.1" 200 152497 "-" "-"
193.111.77.77 - - [05/Dec/2025:16:32:09 +0300] "POST /wp-cron.php?doing_wp_cron=1764941528.9941968917846679687500 HTTP/1.1" 200 0 "-" "WordPress/6.9; https://tnstickers.com"
66.249.78.10 - - [05/Dec/2025:16:32:22 +0300] "GET /?_g=3449814 HTTP/1.1" 200 27352 "-" "Mozilla/5.0 (Linux; Android 6.0.1; Nexus 5X Build/MMB29P) AppleWebKit/537.36 (KHTML, like Gecko) Chrome/141.0.7390.122 Mobile Safari/537.36 (compatible; GoogleOther)"
66.249.78.10 - - [05/Dec/2025:16:32:41 +0300] "GET /wp-content/themes/woodmart/js/scripts/global/ajaxSearch.min.js?ver=8.3.6 HTTP/1.1" 200 1569 "https://tnstickers.com/?_g=3449814" "Mozilla/5.0 (Linux; Android 6.0.1; Nexus 5X Build/MMB29P) AppleWebKit/537.36 (KHTML, like Gecko) Chrome/141.0.7390.122 Mobile Safari/537.36 (compatible; Googlebot/2.1; +http://www.google.com/bot.html)"
193.111.77.77 - - [05/Dec/2025:16:32:44 +0300] "POST /wp-cron.php?doing_wp_cron=1764941564.0636150836944580078125 HTTP/1.1" 200 0 "-" "WordPress/6.9; https://tnstickers.com"
193.111.77.77 - - [05/Dec/2025:16:37:34 +0300] "POST /wp-cron.php?doing_wp_cron=1764941854.7042140960693359375000 HTTP/1.1" 200 0 "-" "WordPress/6.9; https://tnstickers.com"
193.111.77.77 - - [05/Dec/2025:16:44:22 +0300] "POST /wp-cron.php?doing_wp_cron=1764942262.4772388935089111328125 HTTP/1.1" 200 0 "-" "WordPress/6.9; https://tnstickers.com"
66.249.66.34 - - [05/Dec/2025:16:44:21 +0300] "GET /?_g=1854136 HTTP/1.1" 301 0 "-" "Mozilla/5.0 (Linux; Android 6.0.1; Nexus 5X Build/MMB29P) AppleWebKit/537.36 (KHTML, like Gecko) Chrome/141.0.7390.122 Mobile Safari/537.36 (compatible; GoogleOther)"
193.111.77.77 - - [05/Dec/2025:16:54:17 +0300] "POST /wp-cron.php?doing_wp_cron=1764942857.6139400005340576171875 HTTP/1.1" 200 0 "-" "WordPress/6.9; https://tnstickers.com"
66.249.78.9 - - [05/Dec/2025:16:54:43 +0300] "GET /?_g=2885579 HTTP/1.1" 200 27354 "-" "Mozilla/5.0 (Linux; Android 6.0.1; Nexus 5X Build/MMB29P) AppleWebKit/537.36 (KHTML, like Gecko) Chrome/141.0.7390.122 Mobile Safari/537.36 (compatible; GoogleOther)"
2a06:98c0:3600::103 - - [05/Dec/2025:17:15:14 +0300] "GET /wp-admin/setup-config.php HTTP/1.1" 409 922 "-" "Mozilla/5.0 (Windows NT 10.0; Win64; x64) AppleWebKit/537.36 (KHTML, like Gecko) Chrome/142.0.0.0 Safari/537.36"
193.111.77.77 - - [05/Dec/2025:17:16:03 +0300] "POST /wp-cron.php?doing_wp_cron=1764944163.1572849750518798828125 HTTP/1.1" 200 0 "-" "WordPress/6.9; https://tnstickers.com"
193.111.77.77 - - [05/Dec/2025:17:16:16 +0300] "GET /wp-content/uploads/2023/07/wd-vgs-blog-9-opt.jpg HTTP/1.1" 200 97818 "-" "-"
157.173.127.72 - - [05/Dec/2025:17:16:20 +0300] "GET /product/bmw-m-power-stickers-autos-autocollant-3d-copie/feed/ HTTP/1.1" 200 496 "-" "Mozilla/5.0 (compatible; MJ12bot/v1.4.8; http://mj12bot.com/)"
157.173.127.72 - - [05/Dec/2025:17:16:25 +0300] "GET /product/polini-stickers-motos-autocollant-3d/feed/ HTTP/1.1" 200 465 "-" "Mozilla/5.0 (compatible; MJ12bot/v1.4.8; http://mj12bot.com/)"
193.111.77.77 - - [05/Dec/2025:17:16:30 +0300] "POST /wp-cron.php?doing_wp_cron=1764944190.8787889480590820312500 HTTP/1.1" 200 0 "-" "WordPress/6.9; https://tnstickers.com"
193.111.77.77 - - [05/Dec/2025:17:16:37 +0300] "GET /wp-content/uploads/2025/12/yam.png HTTP/1.1" 200 152497 "-" "-"
193.111.77.77 - - [05/Dec/2025:17:16:43 +0300] "GET /wp-content/uploads/2025/12/yam.png HTTP/1.1" 200 152497 "-" "-"
193.111.77.77 - - [05/Dec/2025:17:16:44 +0300] "POST /wp-cron.php?doing_wp_cron=1764944204.2614769935607910156250 HTTP/1.1" 200 0 "-" "WordPress/6.9; https://tnstickers.com"
157.173.127.72 - - [05/Dec/2025:17:16:41 +0300] "GET /product/yamaha-stickers-motos-autocollant-3d/?add-to-cart=2719 HTTP/1.1" 200 26131 "-" "Mozilla/5.0 (compatible; MJ12bot/v1.4.8; http://mj12bot.com/)"
157.173.127.72 - - [05/Dec/2025:17:16:46 +0300] "GET /product/yamaha-stickers-motos-autocollant-3d/?add-to-cart=2722 HTTP/1.1" 200 26155 "-" "Mozilla/5.0 (compatible; MJ12bot/v1.4.8; http://mj12bot.com/)"
193.111.77.77 - - [05/Dec/2025:16:30:46 +0300] "POST /wp-cron.php?doing_wp_cron=1764941446.2644999027252197265625 HTTP/1.1" 200 0 "-" "WordPress/6.9; https://tnstickers.com"
2a06:98c0:3600::103 - - [05/Dec/2025:16:37:33 +0300] "GET /wordpress/wp-admin/setup-config.php HTTP/1.1" 404 19020 "-" "Mozilla/5.0 (Windows NT 10.0; Win64; x64) AppleWebKit/537.36 (KHTML, like Gecko) Chrome/142.0.0.0 Safari/537.36"
43.166.132.142 - - [05/Dec/2025:16:41:47 +0300] "GET / HTTP/1.1" 200 30975 "http://www.tnstickers.com" "Mozilla/5.0 (iPhone; CPU iPhone OS 13_2_3 like Mac OS X) AppleWebKit/605.1.15 (KHTML, like Gecko) Version/13.0.3 Mobile/15E148 Safari/604.1"
193.111.77.77 - - [05/Dec/2025:16:42:51 +0300] "POST /wp-cron.php?doing_wp_cron=1764942170.9891390800476074218750 HTTP/1.1" 200 0 "-" "WordPress/6.9; https://tnstickers.com"
66.249.66.5 - - [05/Dec/2025:16:45:27 +0300] "GET /?_g=1854136 HTTP/1.1" 200 27352 "-" "Mozilla/5.0 (Linux; Android 6.0.1; Nexus 5X Build/MMB29P) AppleWebKit/537.36 (KHTML, like Gecko) Chrome/141.0.7390.122 Mobile Safari/537.36 (compatible; GoogleOther)"
193.111.77.77 - - [05/Dec/2025:16:45:34 +0300] "POST /wp-cron.php?doing_wp_cron=1764942334.7496340274810791015625 HTTP/1.1" 200 0 "-" "WordPress/6.9; https://tnstickers.com"
66.249.76.34 - - [05/Dec/2025:16:54:11 +0300] "GET /robots.txt HTTP/1.1" 200 103 "-" "Mozilla/5.0 (compatible; Googlebot/2.1; +http://www.google.com/bot.html)"
193.111.77.77 - - [05/Dec/2025:16:54:34 +0300] "POST /wp-cron.php?doing_wp_cron=1764942874.2233159542083740234375 HTTP/1.1" 200 0 "-" "WordPress/6.9; https://tnstickers.com"
66.249.76.34 - - [05/Dec/2025:16:54:33 +0300] "GET /?_g=2885579 HTTP/1.1" 301 0 "-" "Mozilla/5.0 (Linux; Android 6.0.1; Nexus 5X Build/MMB29P) AppleWebKit/537.36 (KHTML, like Gecko) Chrome/141.0.7390.122 Mobile Safari/537.36 (compatible; GoogleOther)"
66.249.78.9 - - [05/Dec/2025:16:54:49 +0300] "POST /?wc-ajax=get_refreshed_fragments HTTP/1.1" 200 514 "https://tnstickers.com/?_g=2885579" "Mozilla/5.0 (Linux; Android 6.0.1; Nexus 5X Build/MMB29P) AppleWebKit/537.36 (KHTML, like Gecko) Chrome/141.0.7390.122 Mobile Safari/537.36 (compatible; Googlebot/2.1; +http://www.google.com/bot.html)"
193.111.77.77 - - [05/Dec/2025:17:06:15 +0300] "POST /wp-cron.php?doing_wp_cron=1764943575.0218830108642578125000 HTTP/1.1" 200 0 "-" "WordPress/6.9; https://tnstickers.com"
204.12.252.98 - - [05/Dec/2025:17:06:17 +0300] "GET /wp-content/wpe333bb/ HTTP/1.1" 404 19018 "https://tnstickers.com/wp-content/wpe333bb/index.php" "Mozilla/5.0 (Windows NT 10.0; Win64; x64) AppleWebKit/537.36 (KHTML, like Gecko) Chrome/58.0.3029.110 Safari/537.3"
208.110.64.178 - - [05/Dec/2025:17:16:02 +0300] "GET /wp-content/wpe333bb/index.php HTTP/1.1" 301 0 "https://tnstickers.com/wp-content/wpe333bb/index.php" "Mozilla/5.0 (Windows NT 10.0; Win64; x64) AppleWebKit/537.36 (KHTML, like Gecko) Chrome/58.0.3029.110 Safari/537.3"
208.110.64.178 - - [05/Dec/2025:17:16:03 +0300] "GET /wp-content/wpe333bb/ HTTP/1.1" 404 19018 "https://tnstickers.com/wp-content/wpe333bb/index.php" "Mozilla/5.0 (Windows NT 10.0; Win64; x64) AppleWebKit/537.36 (KHTML, like Gecko) Chrome/58.0.3029.110 Safari/537.3"
157.173.127.72 - - [05/Dec/2025:17:16:13 +0300] "GET /robots.txt HTTP/1.1" 200 363 "-" "Mozilla/5.0 (compatible; MJ12bot/v1.4.8; http://mj12bot.com/)"
193.111.77.77 - - [05/Dec/2025:17:16:49 +0300] "GET /wp-content/uploads/2025/12/yam.png HTTP/1.1" 200 152497 "-" "-"
157.173.127.72 - - [05/Dec/2025:17:16:48 +0300] "GET /product/yamaha-stickers-motos-autocollant-3d/?add-to-cart=2725 HTTP/1.1" 200 26125 "-" "Mozilla/5.0 (compatible; MJ12bot/v1.4.8; http://mj12bot.com/)"
157.173.127.72 - - [05/Dec/2025:17:17:05 +0300] "GET /product/yamaha-stickers-motos-autocollant-3d/?add-to-cart=496 HTTP/1.1" 200 26125 "-" "Mozilla/5.0 (compatible; MJ12bot/v1.4.8; http://mj12bot.com/)"
193.111.77.77 - - [05/Dec/2025:17:17:08 +0300] "GET /wp-content/uploads/2023/07/w-vgs-action-call-of-duty-mw-2.jpg HTTP/1.1" 200 210758 "-" "-"
157.173.127.72 - - [05/Dec/2025:17:16:32 +0300] "GET /product/yamaha-stickers-motos-autocollant-3d/?add-to-cart=2683 HTTP/1.1" 200 26126 "-" "Mozilla/5.0 (compatible; MJ12bot/v1.4.8; http://mj12bot.com/)"
193.111.77.77 - - [05/Dec/2025:17:16:57 +0300] "GET /wp-content/uploads/2025/12/yam.png HTTP/1.1" 200 152497 "-" "-"
193.111.77.77 - - [05/Dec/2025:17:17:00 +0300] "GET /wp-content/uploads/2025/12/yam.png HTTP/1.1" 200 152497 "-" "-"
157.173.127.72 - - [05/Dec/2025:17:16:59 +0300] "GET /product/yamaha-stickers-motos-autocollant-3d/?add-to-cart=2734 HTTP/1.1" 200 26128 "-" "Mozilla/5.0 (compatible; MJ12bot/v1.4.8; http://mj12bot.com/)"
193.111.77.77 - - [05/Dec/2025:17:17:05 +0300] "GET /wp-content/uploads/2025/12/yam.png HTTP/1.1" 200 152497 "-" "-"
193.111.77.77 - - [05/Dec/2025:17:17:11 +0300] "GET /wp-content/uploads/2023/07/w-vgs-action-call-of-duty-mw-2.jpg HTTP/1.1" 200 210758 "-" "-"
157.173.127.72 - - [05/Dec/2025:17:17:10 +0300] "GET /shop/?filter_color=standart HTTP/1.1" 200 26268 "-" "Mozilla/5.0 (compatible; MJ12bot/v1.4.8; http://mj12bot.com/)"
104.236.63.124 - - [05/Dec/2025:16:27:21 +0300] "GET / HTTP/1.1" 200 30975 "-" "Mozilla/5.0 (X11; Linux x86_64) AppleWebKit/537.36 (KHTML, like Gecko) Chrome/139.0.0.0 Safari/537.36"
104.236.63.124 - - [05/Dec/2025:16:27:26 +0300] "GET /favicon.ico HTTP/1.1" 404 2266 "https://tnstickers.com/" "Mozilla/5.0 (X11; Linux x86_64) AppleWebKit/537.36 (KHTML, like Gecko) Chrome/139.0.0.0 Safari/537.36"
204.12.252.98 - - [05/Dec/2025:16:42:49 +0300] "GET /wp-content/wpe333bb/index.php HTTP/1.1" 301 0 "https://tnstickers.com/wp-content/wpe333bb/index.php" "Mozilla/5.0 (Windows NT 10.0; Win64; x64) AppleWebKit/537.36 (KHTML, like Gecko) Chrome/58.0.3029.110 Safari/537.3"
204.12.252.98 - - [05/Dec/2025:16:42:51 +0300] "GET /wp-content/wpe333bb/ HTTP/1.1" 404 19018 "https://tnstickers.com/wp-content/wpe333bb/index.php" "Mozilla/5.0 (Windows NT 10.0; Win64; x64) AppleWebKit/537.36 (KHTML, like Gecko) Chrome/58.0.3029.110 Safari/537.3"
193.111.77.77 - - [05/Dec/2025:16:45:28 +0300] "POST /wp-cron.php?doing_wp_cron=1764942328.2216830253601074218750 HTTP/1.1" 200 0 "-" "WordPress/6.9; https://tnstickers.com"
193.111.77.77 - - [05/Dec/2025:16:48:31 +0300] "POST /wp-cron.php?doing_wp_cron=1764942511.9561049938201904296875 HTTP/1.1" 200 0 "-" "WordPress/6.9; https://tnstickers.com"
208.110.64.178 - - [05/Dec/2025:16:48:31 +0300] "GET /wp-content/wpe333bb/index.php HTTP/1.1" 301 0 "https://tnstickers.com/wp-content/wpe333bb/index.php" "Mozilla/5.0 (Windows NT 10.0; Win64; x64) AppleWebKit/537.36 (KHTML, like Gecko) Chrome/58.0.3029.110 Safari/537.3"
208.110.64.178 - - [05/Dec/2025:16:48:32 +0300] "GET /wp-content/wpe333bb/ HTTP/1.1" 404 19018 "https://tnstickers.com/wp-content/wpe333bb/index.php" "Mozilla/5.0 (Windows NT 10.0; Win64; x64) AppleWebKit/537.36 (KHTML, like Gecko) Chrome/58.0.3029.110 Safari/537.3"
