/home/hamzarou/access-logs/tnstickers.com.hamza2roues.com-ssl_log
193.111.77.77 - - [05/Dec/2025:15:10:39 +0300] "POST /wp-cron.php?doing_wp_cron=1764936639.6987578868865966796875 HTTP/1.1" 200 0 "-" "WordPress/6.9; https://tnstickers.com"
66.249.66.202 - - [05/Dec/2025:15:20:09 +0300] "GET /?_g=3556292 HTTP/1.1" 301 0 "-" "Mozilla/5.0 (Linux; Android 6.0.1; Nexus 5X Build/MMB29P) AppleWebKit/537.36 (KHTML, like Gecko) Chrome/141.0.7390.122 Mobile Safari/537.36 (compatible; GoogleOther)"
149.57.180.15 - - [05/Dec/2025:15:20:36 +0300] "GET / HTTP/1.1" 200 30976 "-" "Mozilla/5.0 (X11; Linux i686; rv:109.0) Gecko/20100101 Firefox/120.0"
193.111.77.77 - - [05/Dec/2025:15:22:50 +0300] "POST /wp-cron.php?doing_wp_cron=1764937370.3206560611724853515625 HTTP/1.1" 200 0 "-" "WordPress/6.9; https://tnstickers.com"
193.111.77.77 - - [05/Dec/2025:15:31:30 +0300] "POST /wp-cron.php?doing_wp_cron=1764937890.3678400516510009765625 HTTP/1.1" 200 0 "-" "WordPress/6.9; https://tnstickers.com"
104.28.208.82 - - [05/Dec/2025:15:31:29 +0300] "POST /wp-login.php HTTP/1.1" 200 10039 "-" "Mozilla/5.0"
193.111.77.77 - - [05/Dec/2025:15:36:16 +0300] "POST /wp-cron.php?doing_wp_cron=1764938176.4978220462799072265625 HTTP/1.1" 200 0 "-" "WordPress/6.9; https://tnstickers.com"
104.28.208.82 - - [05/Dec/2025:15:36:15 +0300] "POST /wp-login.php HTTP/1.1" 200 15784 "-" "Mozilla/5.0"
79.137.67.84 - - [05/Dec/2025:15:42:02 +0300] "GET /robots.txt HTTP/1.1" 200 363 "-" "Mozilla/5.0 (compatible; MJ12bot/v1.4.8; http://mj12bot.com/)"
79.137.67.84 - - [05/Dec/2025:15:42:05 +0300] "GET /product/piaggio-stickers-motos-autocollant-3d/?add-to-cart=2689 HTTP/1.1" 200 25967 "-" "Mozilla/5.0 (compatible; MJ12bot/v1.4.8; http://mj12bot.com/)"
79.137.67.84 - - [05/Dec/2025:15:42:44 +0300] "GET /product/piaggio-stickers-motos-autocollant-3d/?add-to-cart=2719 HTTP/1.1" 200 25964 "-" "Mozilla/5.0 (compatible; MJ12bot/v1.4.8; http://mj12bot.com/)"
193.111.77.77 - - [05/Dec/2025:15:42:48 +0300] "GET /wp-content/uploads/2025/12/piaggio.png HTTP/1.1" 200 81903 "-" "-"
79.137.67.84 - - [05/Dec/2025:15:42:48 +0300] "GET /product/piaggio-stickers-motos-autocollant-3d/?add-to-cart=2722 HTTP/1.1" 200 25980 "-" "Mozilla/5.0 (compatible; MJ12bot/v1.4.8; http://mj12bot.com/)"
193.111.77.77 - - [05/Dec/2025:15:42:51 +0300] "GET /wp-content/uploads/2025/12/piaggio.png HTTP/1.1" 200 81903 "-" "-"
79.137.67.84 - - [05/Dec/2025:15:42:51 +0300] "GET /product/piaggio-stickers-motos-autocollant-3d/?add-to-cart=2725 HTTP/1.1" 200 25965 "-" "Mozilla/5.0 (compatible; MJ12bot/v1.4.8; http://mj12bot.com/)"
79.137.67.84 - - [05/Dec/2025:15:42:54 +0300] "GET /product/piaggio-stickers-motos-autocollant-3d/?add-to-cart=2728 HTTP/1.1" 200 25965 "-" "Mozilla/5.0 (compatible; MJ12bot/v1.4.8; http://mj12bot.com/)"
79.137.67.84 - - [05/Dec/2025:15:42:57 +0300] "GET /product/piaggio-stickers-motos-autocollant-3d/?add-to-cart=2731 HTTP/1.1" 200 25966 "-" "Mozilla/5.0 (compatible; MJ12bot/v1.4.8; http://mj12bot.com/)"
79.137.67.84 - - [05/Dec/2025:15:43:00 +0300] "GET /product/piaggio-stickers-motos-autocollant-3d/?add-to-cart=496 HTTP/1.1" 200 25966 "-" "Mozilla/5.0 (compatible; MJ12bot/v1.4.8; http://mj12bot.com/)"
79.137.67.84 - - [05/Dec/2025:15:43:03 +0300] "GET /product/piaggio-stickers-motos-autocollant-3d/feed/ HTTP/1.1" 200 467 "-" "Mozilla/5.0 (compatible; MJ12bot/v1.4.8; http://mj12bot.com/)"
79.137.67.84 - - [05/Dec/2025:15:43:06 +0300] "GET /product/polini-stickers-motos-autocollant-3d/?add-to-cart=2683 HTTP/1.1" 200 26150 "-" "Mozilla/5.0 (compatible; MJ12bot/v1.4.8; http://mj12bot.com/)"
79.137.67.84 - - [05/Dec/2025:15:43:10 +0300] "GET /product/polini-stickers-motos-autocollant-3d/?add-to-cart=2686 HTTP/1.1" 200 26149 "-" "Mozilla/5.0 (compatible; MJ12bot/v1.4.8; http://mj12bot.com/)"
79.137.67.84 - - [05/Dec/2025:15:43:13 +0300] "GET /product/polini-stickers-motos-autocollant-3d/?add-to-cart=2689 HTTP/1.1" 200 26153 "-" "Mozilla/5.0 (compatible; MJ12bot/v1.4.8; http://mj12bot.com/)"
79.137.67.84 - - [05/Dec/2025:15:43:16 +0300] "GET /product/polini-stickers-motos-autocollant-3d/?add-to-cart=2719 HTTP/1.1" 200 26154 "-" "Mozilla/5.0 (compatible; MJ12bot/v1.4.8; http://mj12bot.com/)"
193.111.77.77 - - [05/Dec/2025:15:43:20 +0300] "GET /wp-content/uploads/2025/12/polini.png HTTP/1.1" 200 172560 "-" "-"
79.137.67.84 - - [05/Dec/2025:15:43:19 +0300] "GET /product/polini-stickers-motos-autocollant-3d/?add-to-cart=2722 HTTP/1.1" 200 26173 "-" "Mozilla/5.0 (compatible; MJ12bot/v1.4.8; http://mj12bot.com/)"
193.111.77.77 - - [05/Dec/2025:15:43:23 +0300] "GET /wp-content/uploads/2025/12/polini.png HTTP/1.1" 200 172560 "-" "-"
79.137.67.84 - - [05/Dec/2025:15:43:22 +0300] "GET /product/polini-stickers-motos-autocollant-3d/?add-to-cart=2725 HTTP/1.1" 200 26151 "-" "Mozilla/5.0 (compatible; MJ12bot/v1.4.8; http://mj12bot.com/)"
79.137.67.84 - - [05/Dec/2025:15:43:25 +0300] "GET /product/polini-stickers-motos-autocollant-3d/?add-to-cart=2728 HTTP/1.1" 200 26153 "-" "Mozilla/5.0 (compatible; MJ12bot/v1.4.8; http://mj12bot.com/)"
79.137.67.84 - - [05/Dec/2025:15:43:28 +0300] "GET /product/polini-stickers-motos-autocollant-3d/?add-to-cart=2731 HTTP/1.1" 200 26154 "-" "Mozilla/5.0 (compatible; MJ12bot/v1.4.8; http://mj12bot.com/)"
79.137.67.84 - - [05/Dec/2025:15:43:31 +0300] "GET /product/polini-stickers-motos-autocollant-3d/?add-to-cart=2734 HTTP/1.1" 200 26153 "-" "Mozilla/5.0 (compatible; MJ12bot/v1.4.8; http://mj12bot.com/)"
193.111.77.77 - - [05/Dec/2025:15:43:34 +0300] "GET /wp-content/uploads/2025/12/polini.png HTTP/1.1" 200 172560 "-" "-"
79.137.67.84 - - [05/Dec/2025:15:43:33 +0300] "GET /product/polini-stickers-motos-autocollant-3d/?add-to-cart=496 HTTP/1.1" 200 26151 "-" "Mozilla/5.0 (compatible; MJ12bot/v1.4.8; http://mj12bot.com/)"
79.137.67.84 - - [05/Dec/2025:15:43:36 +0300] "GET /product/redfall/?add-to-cart=2771 HTTP/1.1" 200 27496 "-" "Mozilla/5.0 (compatible; MJ12bot/v1.4.8; http://mj12bot.com/)"
79.137.67.84 - - [05/Dec/2025:15:43:40 +0300] "GET /product/redfall/?add-to-cart=484 HTTP/1.1" 200 27488 "-" "Mozilla/5.0 (compatible; MJ12bot/v1.4.8; http://mj12bot.com/)"
79.137.67.84 - - [05/Dec/2025:15:43:43 +0300] "GET /product/returnal/?add-to-cart=2771 HTTP/1.1" 200 27497 "-" "Mozilla/5.0 (compatible; MJ12bot/v1.4.8; http://mj12bot.com/)"
193.111.77.77 - - [05/Dec/2025:15:43:48 +0300] "GET /wp-content/uploads/2023/07/w-vgs-action-returnal.jpg HTTP/1.1" 200 181673 "-" "-"
79.137.67.84 - - [05/Dec/2025:15:43:47 +0300] "GET /product/returnal/?add-to-cart=484 HTTP/1.1" 200 27487 "-" "Mozilla/5.0 (compatible; MJ12bot/v1.4.8; http://mj12bot.com/)"
79.137.67.84 - - [05/Dec/2025:15:43:50 +0300] "GET /product/s-t-a-l-k-e-r-2-heart-of-chornobyl/?add-to-cart=2771 HTTP/1.1" 200 27585 "-" "Mozilla/5.0 (compatible; MJ12bot/v1.4.8; http://mj12bot.com/)"
79.137.67.84 - - [05/Dec/2025:15:43:53 +0300] "GET /product/s-t-a-l-k-e-r-2-heart-of-chornobyl/?add-to-cart=484 HTTP/1.1" 200 27576 "-" "Mozilla/5.0 (compatible; MJ12bot/v1.4.8; http://mj12bot.com/)"
79.137.67.84 - - [05/Dec/2025:15:43:56 +0300] "GET /product/season-a-letter-to-the-future/feed/ HTTP/1.1" 200 457 "-" "Mozilla/5.0 (compatible; MJ12bot/v1.4.8; http://mj12bot.com/)"
79.137.67.84 - - [05/Dec/2025:15:43:58 +0300] "GET /product/stage-6-stickers-motos-autocollant-3d/?add-to-cart=2680 HTTP/1.1" 200 26025 "-" "Mozilla/5.0 (compatible; MJ12bot/v1.4.8; http://mj12bot.com/)"
193.111.77.77 - - [05/Dec/2025:15:44:03 +0300] "GET /wp-content/uploads/2025/12/stage.png HTTP/1.1" 200 165602 "-" "-"
79.137.67.84 - - [05/Dec/2025:15:44:02 +0300] "GET /product/stage-6-stickers-motos-autocollant-3d/?add-to-cart=2683 HTTP/1.1" 200 26019 "-" "Mozilla/5.0 (compatible; MJ12bot/v1.4.8; http://mj12bot.com/)"
79.137.67.84 - - [05/Dec/2025:15:44:05 +0300] "GET /product/stage-6-stickers-motos-autocollant-3d/?add-to-cart=2686 HTTP/1.1" 200 26022 "-" "Mozilla/5.0 (compatible; MJ12bot/v1.4.8; http://mj12bot.com/)"
193.111.77.77 - - [05/Dec/2025:15:12:57 +0300] "POST /wp-cron.php?doing_wp_cron=1764936777.7896111011505126953125 HTTP/1.1" 200 0 "-" "WordPress/6.9; https://tnstickers.com"
104.28.208.82 - - [05/Dec/2025:15:12:56 +0300] "POST /wp-login.php HTTP/1.1" 200 10039 "-" "Mozilla/5.0"
193.111.77.77 - - [05/Dec/2025:15:15:18 +0300] "POST /wp-cron.php?doing_wp_cron=1764936918.5724520683288574218750 HTTP/1.1" 200 0 "-" "WordPress/6.9; https://tnstickers.com"
104.28.208.82 - - [05/Dec/2025:15:15:17 +0300] "POST /wp-login.php HTTP/1.1" 200 15784 "-" "Mozilla/5.0"
193.111.77.77 - - [05/Dec/2025:15:17:37 +0300] "POST /wp-cron.php?doing_wp_cron=1764937057.3747630119323730468750 HTTP/1.1" 200 0 "-" "WordPress/6.9; https://tnstickers.com"
66.249.66.200 - - [05/Dec/2025:15:20:12 +0300] "GET /?_g=3556292 HTTP/1.1" 200 27353 "-" "Mozilla/5.0 (Linux; Android 6.0.1; Nexus 5X Build/MMB29P) AppleWebKit/537.36 (KHTML, like Gecko) Chrome/141.0.7390.122 Mobile Safari/537.36 (compatible; GoogleOther)"
66.249.66.199 - - [05/Dec/2025:15:20:18 +0300] "POST /?wc-ajax=get_refreshed_fragments HTTP/1.1" 200 514 "https://tnstickers.com/?_g=3556292" "Mozilla/5.0 (Linux; Android 6.0.1; Nexus 5X Build/MMB29P) AppleWebKit/537.36 (KHTML, like Gecko) Chrome/141.0.7390.122 Mobile Safari/537.36 (compatible; Googlebot/2.1; +http://www.google.com/bot.html)"
23.27.145.198 - - [05/Dec/2025:15:20:23 +0300] "GET / HTTP/1.1" 200 30975 "-" "Mozilla/5.0 (X11; Linux i686; rv:109.0) Gecko/20100101 Firefox/120.0"
149.57.180.15 - - [05/Dec/2025:15:20:35 +0300] "GET / HTTP/1.1" 301 0 "-" "Mozilla/5.0 (X11; Linux i686; rv:109.0) Gecko/20100101 Firefox/120.0"
104.28.208.82 - - [05/Dec/2025:15:24:34 +0300] "POST /wp-login.php HTTP/1.1" 200 10040 "-" "Mozilla/5.0"
193.111.77.77 - - [05/Dec/2025:15:29:10 +0300] "POST /wp-cron.php?doing_wp_cron=1764937750.8917009830474853515625 HTTP/1.1" 200 0 "-" "WordPress/6.9; https://tnstickers.com"
193.111.77.77 - - [05/Dec/2025:15:32:48 +0300] "POST /wp-cron.php?doing_wp_cron=1764937968.5664579868316650390625 HTTP/1.1" 200 0 "-" "WordPress/6.9; https://tnstickers.com"
208.110.64.178 - - [05/Dec/2025:15:32:47 +0300] "GET /wp-content/wpe333bb/index.php HTTP/1.1" 301 0 "https://tnstickers.com/wp-content/wpe333bb/index.php" "Mozilla/5.0 (Windows NT 10.0; Win64; x64) AppleWebKit/537.36 (KHTML, like Gecko) Chrome/58.0.3029.110 Safari/537.3"
208.110.64.178 - - [05/Dec/2025:15:32:48 +0300] "GET /wp-content/wpe333bb/ HTTP/1.1" 404 19018 "https://tnstickers.com/wp-content/wpe333bb/index.php" "Mozilla/5.0 (Windows NT 10.0; Win64; x64) AppleWebKit/537.36 (KHTML, like Gecko) Chrome/58.0.3029.110 Safari/537.3"
193.111.77.77 - - [05/Dec/2025:15:33:55 +0300] "POST /wp-cron.php?doing_wp_cron=1764938035.3648409843444824218750 HTTP/1.1" 200 0 "-" "WordPress/6.9; https://tnstickers.com"
193.111.77.77 - - [05/Dec/2025:15:40:57 +0300] "POST /wp-cron.php?doing_wp_cron=1764938457.9219079017639160156250 HTTP/1.1" 200 0 "-" "WordPress/6.9; https://tnstickers.com"
193.111.77.77 - - [05/Dec/2025:15:43:14 +0300] "GET /wp-content/uploads/2025/12/polini.png HTTP/1.1" 200 172560 "-" "-"
193.111.77.77 - - [05/Dec/2025:15:43:29 +0300] "POST /wp-cron.php?doing_wp_cron=1764938609.2762150764465332031250 HTTP/1.1" 200 0 "-" "WordPress/6.9; https://tnstickers.com"
193.111.77.77 - - [05/Dec/2025:15:43:37 +0300] "GET /wp-content/uploads/2023/07/w-vgs-action-redfall.jpg HTTP/1.1" 200 164222 "-" "-"
193.111.77.77 - - [05/Dec/2025:15:43:41 +0300] "GET /wp-content/uploads/2023/07/w-vgs-action-redfall.jpg HTTP/1.1" 200 164222 "-" "-"
193.111.77.77 - - [05/Dec/2025:15:44:00 +0300] "GET /wp-content/uploads/2025/12/stage.png HTTP/1.1" 200 165602 "-" "-"
193.111.77.77 - - [05/Dec/2025:15:44:06 +0300] "GET /wp-content/uploads/2025/12/stage.png HTTP/1.1" 200 165602 "-" "-"
193.111.77.77 - - [05/Dec/2025:15:44:09 +0300] "GET /wp-content/uploads/2025/12/stage.png HTTP/1.1" 200 165602 "-" "-"
193.111.77.77 - - [05/Dec/2025:15:44:28 +0300] "GET /wp-content/uploads/2025/12/stage.png HTTP/1.1" 200 165602 "-" "-"
104.28.208.82 - - [05/Dec/2025:15:10:38 +0300] "POST /wp-login.php HTTP/1.1" 200 10039 "-" "Mozilla/5.0"
66.249.66.200 - - [05/Dec/2025:15:10:45 +0300] "GET /produit/tyrants-blessing/ HTTP/1.1" 404 19018 "-" "Mozilla/5.0 (Linux; Android 6.0.1; Nexus 5X Build/MMB29P) AppleWebKit/537.36 (KHTML, like Gecko) Chrome/141.0.7390.122 Mobile Safari/537.36 (compatible; GoogleOther)"
193.111.77.77 - - [05/Dec/2025:15:19:55 +0300] "POST /wp-cron.php?doing_wp_cron=1764937194.9920349121093750000000 HTTP/1.1" 200 0 "-" "WordPress/6.9; https://tnstickers.com"
104.28.208.82 - - [05/Dec/2025:15:19:54 +0300] "POST /wp-login.php HTTP/1.1" 200 10078 "-" "Mozilla/5.0"
193.111.77.77 - - [05/Dec/2025:15:20:36 +0300] "POST /wp-cron.php?doing_wp_cron=1764937236.2090549468994140625000 HTTP/1.1" 200 0 "-" "WordPress/6.9; https://tnstickers.com"
193.111.77.77 - - [05/Dec/2025:15:22:12 +0300] "POST /wp-cron.php?doing_wp_cron=1764937332.4985439777374267578125 HTTP/1.1" 200 0 "-" "WordPress/6.9; https://tnstickers.com"
104.28.208.82 - - [05/Dec/2025:15:22:11 +0300] "POST /wp-login.php HTTP/1.1" 200 10040 "-" "Mozilla/5.0"
2a06:98c0:3600::103 - - [05/Dec/2025:15:22:49 +0300] "GET /wordpress/wp-admin/setup-config.php HTTP/1.1" 404 19020 "-" "Mozilla/5.0 (Windows NT 10.0; Win64; x64) AppleWebKit/537.36 (KHTML, like Gecko) Chrome/142.0.0.0 Safari/537.36"
193.111.77.77 - - [05/Dec/2025:15:24:35 +0300] "POST /wp-cron.php?doing_wp_cron=1764937475.1876571178436279296875 HTTP/1.1" 200 0 "-" "WordPress/6.9; https://tnstickers.com"
104.28.208.82 - - [05/Dec/2025:15:26:52 +0300] "POST /wp-login.php HTTP/1.1" 200 10039 "-" "Mozilla/5.0"
104.28.208.82 - - [05/Dec/2025:15:33:54 +0300] "POST /wp-login.php HTTP/1.1" 200 10039 "-" "Mozilla/5.0"
66.249.66.162 - - [05/Dec/2025:15:34:02 +0300] "GET /?_g=947133 HTTP/1.1" 301 0 "-" "Mozilla/5.0 (Linux; Android 6.0.1; Nexus 5X Build/MMB29P) AppleWebKit/537.36 (KHTML, like Gecko) Chrome/141.0.7390.122 Mobile Safari/537.36 (compatible; GoogleOther)"
66.249.66.33 - - [05/Dec/2025:15:36:58 +0300] "POST /?wc-ajax=get_refreshed_fragments HTTP/1.1" 200 514 "https://tnstickers.com/?_g=1745517" "Mozilla/5.0 (Linux; Android 6.0.1; Nexus 5X Build/MMB29P) AppleWebKit/537.36 (KHTML, like Gecko) Chrome/141.0.7390.122 Mobile Safari/537.36 (compatible; Googlebot/2.1; +http://www.google.com/bot.html)"
104.28.208.82 - - [05/Dec/2025:15:38:33 +0300] "POST /wp-login.php HTTP/1.1" 200 15784 "-" "Mozilla/5.0"
193.111.77.77 - - [05/Dec/2025:15:42:06 +0300] "POST /wp-cron.php?doing_wp_cron=1764938526.8790740966796875000000 HTTP/1.1" 200 0 "-" "WordPress/6.9; https://tnstickers.com"
193.111.77.77 - - [05/Dec/2025:15:42:45 +0300] "POST /wp-cron.php?doing_wp_cron=1764938565.7374150753021240234375 HTTP/1.1" 200 0 "-" "WordPress/6.9; https://tnstickers.com"
193.111.77.77 - - [05/Dec/2025:15:42:58 +0300] "GET /wp-content/uploads/2025/12/piaggio.png HTTP/1.1" 200 81903 "-" "-"
193.111.77.77 - - [05/Dec/2025:15:43:01 +0300] "GET /wp-content/uploads/2025/12/piaggio.png HTTP/1.1" 200 81903 "-" "-"
193.111.77.77 - - [05/Dec/2025:15:43:07 +0300] "GET /wp-content/uploads/2025/12/polini.png HTTP/1.1" 200 172560 "-" "-"
104.28.208.82 - - [05/Dec/2025:15:43:17 +0300] "POST /wp-login.php HTTP/1.1" 200 10040 "-" "Mozilla/5.0"
193.111.77.77 - - [05/Dec/2025:15:43:28 +0300] "GET /wp-content/uploads/2025/12/polini.png HTTP/1.1" 200 172560 "-" "-"
193.111.77.77 - - [05/Dec/2025:15:43:31 +0300] "GET /wp-content/uploads/2025/12/polini.png HTTP/1.1" 200 172560 "-" "-"
193.111.77.77 - - [05/Dec/2025:15:43:54 +0300] "GET /wp-content/uploads/2023/07/w-vgs-action-stalker-2.jpg HTTP/1.1" 200 123277 "-" "-"
193.111.77.77 - - [05/Dec/2025:15:44:19 +0300] "GET /wp-content/uploads/2025/12/stage.png HTTP/1.1" 200 165602 "-" "-"
193.111.77.77 - - [05/Dec/2025:15:44:22 +0300] "GET /wp-content/uploads/2025/12/stage.png HTTP/1.1" 200 165602 "-" "-"
193.111.77.77 - - [05/Dec/2025:15:44:25 +0300] "GET /wp-content/uploads/2025/12/stage.png HTTP/1.1" 200 165602 "-" "-"
193.111.77.77 - - [05/Dec/2025:15:44:41 +0300] "GET /wp-content/uploads/2025/12/45.png HTTP/1.1" 200 242191 "-" "-"
79.137.67.84 - - [05/Dec/2025:15:44:08 +0300] "GET /product/stage-6-stickers-motos-autocollant-3d/?add-to-cart=2689 HTTP/1.1" 200 26027 "-" "Mozilla/5.0 (compatible; MJ12bot/v1.4.8; http://mj12bot.com/)"
79.137.67.84 - - [05/Dec/2025:15:44:11 +0300] "GET /product/stage-6-stickers-motos-autocollant-3d/?add-to-cart=2719 HTTP/1.1" 200 26027 "-" "Mozilla/5.0 (compatible; MJ12bot/v1.4.8; http://mj12bot.com/)"
79.137.67.84 - - [05/Dec/2025:15:44:15 +0300] "GET /product/stage-6-stickers-motos-autocollant-3d/?add-to-cart=2722 HTTP/1.1" 200 26038 "-" "Mozilla/5.0 (compatible; MJ12bot/v1.4.8; http://mj12bot.com/)"
79.137.67.84 - - [05/Dec/2025:15:44:18 +0300] "GET /product/stage-6-stickers-motos-autocollant-3d/?add-to-cart=2728 HTTP/1.1" 200 26026 "-" "Mozilla/5.0 (compatible; MJ12bot/v1.4.8; http://mj12bot.com/)"
79.137.67.84 - - [05/Dec/2025:15:44:21 +0300] "GET /product/stage-6-stickers-motos-autocollant-3d/?add-to-cart=2731 HTTP/1.1" 200 26032 "-" "Mozilla/5.0 (compatible; MJ12bot/v1.4.8; http://mj12bot.com/)"
79.137.67.84 - - [05/Dec/2025:15:44:23 +0300] "GET /product/stage-6-stickers-motos-autocollant-3d/?add-to-cart=2734 HTTP/1.1" 200 26025 "-" "Mozilla/5.0 (compatible; MJ12bot/v1.4.8; http://mj12bot.com/)"
79.137.67.84 - - [05/Dec/2025:15:44:27 +0300] "GET /product/stage-6-stickers-motos-autocollant-3d/?add-to-cart=496 HTTP/1.1" 200 26025 "-" "Mozilla/5.0 (compatible; MJ12bot/v1.4.8; http://mj12bot.com/)"
193.111.77.77 - - [05/Dec/2025:15:44:30 +0300] "POST /wp-cron.php?doing_wp_cron=1764938670.4198880195617675781250 HTTP/1.1" 200 0 "-" "WordPress/6.9; https://tnstickers.com"
79.137.67.84 - - [05/Dec/2025:15:44:29 +0300] "GET /product/stage-6-stickers-motos-autocollant-3d/feed/ HTTP/1.1" 200 468 "-" "Mozilla/5.0 (compatible; MJ12bot/v1.4.8; http://mj12bot.com/)"
79.137.67.84 - - [05/Dec/2025:15:44:32 +0300] "GET /product/yamaha-46-stickers-motos-autocollant-3d/?add-to-cart=2680 HTTP/1.1" 200 26151 "-" "Mozilla/5.0 (compatible; MJ12bot/v1.4.8; http://mj12bot.com/)"
193.111.77.77 - - [05/Dec/2025:15:44:35 +0300] "GET /wp-content/uploads/2025/12/45.png HTTP/1.1" 200 242191 "-" "-"
79.137.67.84 - - [05/Dec/2025:15:44:34 +0300] "GET /product/yamaha-46-stickers-motos-autocollant-3d/?add-to-cart=2683 HTTP/1.1" 200 26144 "-" "Mozilla/5.0 (compatible; MJ12bot/v1.4.8; http://mj12bot.com/)"
79.137.67.84 - - [05/Dec/2025:15:44:36 +0300] "GET /product/yamaha-46-stickers-motos-autocollant-3d/?add-to-cart=2686 HTTP/1.1" 200 26147 "-" "Mozilla/5.0 (compatible; MJ12bot/v1.4.8; http://mj12bot.com/)"
79.137.67.84 - - [05/Dec/2025:15:44:41 +0300] "GET /product/yamaha-46-stickers-motos-autocollant-3d/?add-to-cart=2719 HTTP/1.1" 200 26145 "-" "Mozilla/5.0 (compatible; MJ12bot/v1.4.8; http://mj12bot.com/)"
79.137.67.84 - - [05/Dec/2025:15:44:44 +0300] "GET /product/yamaha-46-stickers-motos-autocollant-3d/?add-to-cart=2722 HTTP/1.1" 200 26163 "-" "Mozilla/5.0 (compatible; MJ12bot/v1.4.8; http://mj12bot.com/)"
193.111.77.77 - - [05/Dec/2025:15:44:47 +0300] "GET /wp-content/uploads/2025/12/45.png HTTP/1.1" 200 242191 "-" "-"
79.137.67.84 - - [05/Dec/2025:15:44:47 +0300] "GET /product/yamaha-46-stickers-motos-autocollant-3d/?add-to-cart=2725 HTTP/1.1" 200 26146 "-" "Mozilla/5.0 (compatible; MJ12bot/v1.4.8; http://mj12bot.com/)"
79.137.67.84 - - [05/Dec/2025:15:44:49 +0300] "GET /product/yamaha-46-stickers-motos-autocollant-3d/?add-to-cart=2728 HTTP/1.1" 200 26147 "-" "Mozilla/5.0 (compatible; MJ12bot/v1.4.8; http://mj12bot.com/)"
79.137.67.84 - - [05/Dec/2025:15:44:52 +0300] "GET /product/yamaha-46-stickers-motos-autocollant-3d/?add-to-cart=2731 HTTP/1.1" 200 26145 "-" "Mozilla/5.0 (compatible; MJ12bot/v1.4.8; http://mj12bot.com/)"
79.137.67.84 - - [05/Dec/2025:15:44:54 +0300] "GET /product/yamaha-46-stickers-motos-autocollant-3d/?add-to-cart=2734 HTTP/1.1" 200 26150 "-" "Mozilla/5.0 (compatible; MJ12bot/v1.4.8; http://mj12bot.com/)"
79.137.67.84 - - [05/Dec/2025:15:44:57 +0300] "GET /product/yamaha-46-stickers-motos-autocollant-3d/?add-to-cart=496 HTTP/1.1" 200 26148 "-" "Mozilla/5.0 (compatible; MJ12bot/v1.4.8; http://mj12bot.com/)"
104.28.208.82 - - [05/Dec/2025:15:17:36 +0300] "POST /wp-login.php HTTP/1.1" 200 15784 "-" "Mozilla/5.0"
23.27.145.198 - - [05/Dec/2025:15:20:21 +0300] "GET / HTTP/1.1" 301 0 "-" "Mozilla/5.0 (X11; Linux i686; rv:109.0) Gecko/20100101 Firefox/120.0"
193.111.77.77 - - [05/Dec/2025:15:26:53 +0300] "POST /wp-cron.php?doing_wp_cron=1764937613.0706360340118408203125 HTTP/1.1" 200 0 "-" "WordPress/6.9; https://tnstickers.com"
104.28.208.82 - - [05/Dec/2025:15:29:09 +0300] "POST /wp-login.php HTTP/1.1" 200 10039 "-" "Mozilla/5.0"
66.249.66.67 - - [05/Dec/2025:15:34:05 +0300] "GET /?_g=947133 HTTP/1.1" 200 27354 "-" "Mozilla/5.0 (Linux; Android 6.0.1; Nexus 5X Build/MMB29P) AppleWebKit/537.36 (KHTML, like Gecko) Chrome/141.0.7390.122 Mobile Safari/537.36 (compatible; GoogleOther)"
66.249.78.9 - - [05/Dec/2025:15:34:13 +0300] "POST /?wc-ajax=get_refreshed_fragments HTTP/1.1" 200 514 "https://tnstickers.com/?_g=947133" "Mozilla/5.0 (Linux; Android 6.0.1; Nexus 5X Build/MMB29P) AppleWebKit/537.36 (KHTML, like Gecko) Chrome/141.0.7390.122 Mobile Safari/537.36 (compatible; Googlebot/2.1; +http://www.google.com/bot.html)"
193.111.77.77 - - [05/Dec/2025:15:36:39 +0300] "POST /wp-cron.php?doing_wp_cron=1764938199.7985510826110839843750 HTTP/1.1" 200 0 "-" "WordPress/6.9; https://tnstickers.com"
66.249.66.34 - - [05/Dec/2025:15:36:39 +0300] "GET /?_g=1745517 HTTP/1.1" 301 0 "-" "Mozilla/5.0 (Linux; Android 6.0.1; Nexus 5X Build/MMB29P) AppleWebKit/537.36 (KHTML, like Gecko) Chrome/141.0.7390.122 Mobile Safari/537.36 (compatible; GoogleOther)"
66.249.78.10 - - [05/Dec/2025:15:36:49 +0300] "GET /?_g=1745517 HTTP/1.1" 200 27354 "-" "Mozilla/5.0 (Linux; Android 6.0.1; Nexus 5X Build/MMB29P) AppleWebKit/537.36 (KHTML, like Gecko) Chrome/141.0.7390.122 Mobile Safari/537.36 (compatible; GoogleOther)"
193.111.77.77 - - [05/Dec/2025:15:38:34 +0300] "POST /wp-cron.php?doing_wp_cron=1764938314.7370181083679199218750 HTTP/1.1" 200 0 "-" "WordPress/6.9; https://tnstickers.com"
104.28.208.82 - - [05/Dec/2025:15:40:57 +0300] "POST /wp-login.php HTTP/1.1" 200 10078 "-" "Mozilla/5.0"
193.111.77.77 - - [05/Dec/2025:15:42:06 +0300] "GET /wp-content/uploads/2025/12/piaggio.png HTTP/1.1" 200 81903 "-" "-"
193.111.77.77 - - [05/Dec/2025:15:42:45 +0300] "GET /wp-content/uploads/2025/12/piaggio.png HTTP/1.1" 200 81903 "-" "-"
193.111.77.77 - - [05/Dec/2025:15:42:55 +0300] "GET /wp-content/uploads/2025/12/piaggio.png HTTP/1.1" 200 81903 "-" "-"
193.111.77.77 - - [05/Dec/2025:15:43:10 +0300] "GET /wp-content/uploads/2025/12/polini.png HTTP/1.1" 200 172560 "-" "-"
193.111.77.77 - - [05/Dec/2025:15:43:17 +0300] "GET /wp-content/uploads/2025/12/polini.png HTTP/1.1" 200 172560 "-" "-"
193.111.77.77 - - [05/Dec/2025:15:43:26 +0300] "GET /wp-content/uploads/2025/12/polini.png HTTP/1.1" 200 172560 "-" "-"
193.111.77.77 - - [05/Dec/2025:15:43:44 +0300] "GET /wp-content/uploads/2023/07/w-vgs-action-returnal.jpg HTTP/1.1" 200 181673 "-" "-"
193.111.77.77 - - [05/Dec/2025:15:43:51 +0300] "GET /wp-content/uploads/2023/07/w-vgs-action-stalker-2.jpg HTTP/1.1" 200 123277 "-" "-"
193.111.77.77 - - [05/Dec/2025:15:44:12 +0300] "GET /wp-content/uploads/2025/12/stage.png HTTP/1.1" 200 165602 "-" "-"
193.111.77.77 - - [05/Dec/2025:15:44:16 +0300] "GET /wp-content/uploads/2025/12/stage.png HTTP/1.1" 200 165602 "-" "-"
193.111.77.77 - - [05/Dec/2025:15:44:38 +0300] "GET /wp-content/uploads/2025/12/45.png HTTP/1.1" 200 242191 "-" "-"
193.111.77.77 - - [05/Dec/2025:15:44:58 +0300] "GET /wp-content/uploads/2025/12/45.png HTTP/1.1" 200 242191 "-" "-"
193.111.77.77 - - [05/Dec/2025:15:45:11 +0300] "GET /wp-content/uploads/2025/12/akra.png HTTP/1.1" 200 232293 "-" "-"
193.111.77.77 - - [05/Dec/2025:15:45:16 +0300] "GET /wp-content/uploads/2025/12/akra.png HTTP/1.1" 200 232293 "-" "-"
193.111.77.77 - - [05/Dec/2025:15:45:21 +0300] "GET /wp-content/uploads/2025/12/akra.png HTTP/1.1" 200 232293 "-" "-"
193.111.77.77 - - [05/Dec/2025:15:45:31 +0300] "GET /wp-content/uploads/2025/12/akra.png HTTP/1.1" 200 232293 "-" "-"
79.137.67.84 - - [05/Dec/2025:15:44:59 +0300] "GET /product/yamaha-46-stickers-motos-autocollant-3d/feed/ HTTP/1.1" 200 474 "-" "Mozilla/5.0 (compatible; MJ12bot/v1.4.8; http://mj12bot.com/)"
79.137.67.84 - - [05/Dec/2025:15:45:02 +0300] "GET /product/yamaha-stickers-motos-autocollant-3d/ HTTP/1.1" 200 26078 "-" "Mozilla/5.0 (compatible; MJ12bot/v1.4.8; http://mj12bot.com/)"
193.111.77.77 - - [05/Dec/2025:15:45:06 +0300] "GET /wp-content/uploads/2025/12/akra.png HTTP/1.1" 200 232293 "-" "-"
79.137.67.84 - - [05/Dec/2025:15:45:04 +0300] "GET /shop/?add-to-cart=2680 HTTP/1.1" 200 27276 "-" "Mozilla/5.0 (compatible; MJ12bot/v1.4.8; http://mj12bot.com/)"
79.137.67.84 - - [05/Dec/2025:15:45:07 +0300] "GET /shop/?add-to-cart=2683 HTTP/1.1" 200 27265 "-" "Mozilla/5.0 (compatible; MJ12bot/v1.4.8; http://mj12bot.com/)"
79.137.67.84 - - [05/Dec/2025:15:45:10 +0300] "GET /shop/?add-to-cart=2719 HTTP/1.1" 200 27276 "-" "Mozilla/5.0 (compatible; MJ12bot/v1.4.8; http://mj12bot.com/)"
79.137.67.84 - - [05/Dec/2025:15:45:12 +0300] "GET /shop/?add-to-cart=2722 HTTP/1.1" 200 27277 "-" "Mozilla/5.0 (compatible; MJ12bot/v1.4.8; http://mj12bot.com/)"
79.137.67.84 - - [05/Dec/2025:15:45:15 +0300] "GET /shop/?add-to-cart=2728 HTTP/1.1" 200 27274 "-" "Mozilla/5.0 (compatible; MJ12bot/v1.4.8; http://mj12bot.com/)"
79.137.67.84 - - [05/Dec/2025:15:45:17 +0300] "GET /shop/?add-to-cart=2731 HTTP/1.1" 200 27273 "-" "Mozilla/5.0 (compatible; MJ12bot/v1.4.8; http://mj12bot.com/)"
79.137.67.84 - - [05/Dec/2025:15:45:20 +0300] "GET /shop/?add-to-cart=2734 HTTP/1.1" 200 27276 "-" "Mozilla/5.0 (compatible; MJ12bot/v1.4.8; http://mj12bot.com/)"
79.137.67.84 - - [05/Dec/2025:15:45:23 +0300] "GET /shop/?add-to-cart=2771 HTTP/1.1" 200 27279 "-" "Mozilla/5.0 (compatible; MJ12bot/v1.4.8; http://mj12bot.com/)"
79.137.67.84 - - [05/Dec/2025:15:45:25 +0300] "GET /shop/?add-to-cart=484 HTTP/1.1" 200 27277 "-" "Mozilla/5.0 (compatible; MJ12bot/v1.4.8; http://mj12bot.com/)"
193.111.77.77 - - [05/Dec/2025:15:45:29 +0300] "POST /wp-cron.php?doing_wp_cron=1764938729.7158780097961425781250 HTTP/1.1" 200 0 "-" "WordPress/6.9; https://tnstickers.com"
79.137.67.84 - - [05/Dec/2025:15:45:28 +0300] "GET /shop/?add-to-cart=496 HTTP/1.1" 200 27277 "-" "Mozilla/5.0 (compatible; MJ12bot/v1.4.8; http://mj12bot.com/)"
79.137.67.84 - - [05/Dec/2025:15:45:31 +0300] "GET /shop/?per_page=12 HTTP/1.1" 200 25373 "-" "Mozilla/5.0 (compatible; MJ12bot/v1.4.8; http://mj12bot.com/)"
79.137.67.84 - - [05/Dec/2025:15:45:33 +0300] "GET /shop/?per_page=18 HTTP/1.1" 200 26397 "-" "Mozilla/5.0 (compatible; MJ12bot/v1.4.8; http://mj12bot.com/)"
79.137.67.84 - - [05/Dec/2025:15:45:36 +0300] "GET /shop/?per_page=24 HTTP/1.1" 200 27233 "-" "Mozilla/5.0 (compatible; MJ12bot/v1.4.8; http://mj12bot.com/)"
79.137.67.84 - - [05/Dec/2025:15:45:39 +0300] "GET /shop/?per_page=9 HTTP/1.1" 200 24822 "-" "Mozilla/5.0 (compatible; MJ12bot/v1.4.8; http://mj12bot.com/)"
79.137.67.84 - - [05/Dec/2025:15:45:41 +0300] "GET /shop/?s=Yamaha&post_type=product&per_page=12 HTTP/1.1" 200 23308 "-" "Mozilla/5.0 (compatible; MJ12bot/v1.4.8; http://mj12bot.com/)"
79.137.67.84 - - [05/Dec/2025:15:45:44 +0300] "GET /shop/?s=Yamaha&post_type=product&per_page=18 HTTP/1.1" 200 23306 "-" "Mozilla/5.0 (compatible; MJ12bot/v1.4.8; http://mj12bot.com/)"
79.137.67.84 - - [05/Dec/2025:15:45:46 +0300] "GET /shop/?s=Yamaha&post_type=product&per_page=24 HTTP/1.1" 200 23308 "-" "Mozilla/5.0 (compatible; MJ12bot/v1.4.8; http://mj12bot.com/)"
79.137.67.84 - - [05/Dec/2025:15:45:49 +0300] "GET /shop/?s=Yamaha&post_type=product&per_page=9 HTTP/1.1" 200 23310 "-" "Mozilla/5.0 (compatible; MJ12bot/v1.4.8; http://mj12bot.com/)"
193.111.77.77 - - [05/Dec/2025:15:45:52 +0300] "GET /wp-content/uploads/2025/12/45.png HTTP/1.1" 200 242191 "-" "-"
79.137.67.84 - - [05/Dec/2025:15:45:51 +0300] "GET /shop/?s=Yamaha&post_type=product&shop_view=grid&per_row=3 HTTP/1.1" 200 23334 "-" "Mozilla/5.0 (compatible; MJ12bot/v1.4.8; http://mj12bot.com/)"
79.137.67.84 - - [05/Dec/2025:15:45:54 +0300] "GET /shop/?s=Yamaha&post_type=product&shop_view=grid&per_row=4 HTTP/1.1" 200 23331 "-" "Mozilla/5.0 (compatible; MJ12bot/v1.4.8; http://mj12bot.com/)"
79.137.67.84 - - [05/Dec/2025:15:45:56 +0300] "GET /shop/?s=Yamaha&post_type=product&shop_view=list HTTP/1.1" 200 23660 "-" "Mozilla/5.0 (compatible; MJ12bot/v1.4.8; http://mj12bot.com/)"
193.111.77.77 - - [05/Dec/2025:15:45:59 +0300] "GET /wp-content/uploads/2025/12/akra.png HTTP/1.1" 200 232293 "-" "-"
79.137.67.84 - - [05/Dec/2025:15:45:59 +0300] "GET /shop/?shop_view=grid&per_row=3 HTTP/1.1" 200 27254 "-" "Mozilla/5.0 (compatible; MJ12bot/v1.4.8; http://mj12bot.com/)"
193.111.77.77 - - [05/Dec/2025:15:46:02 +0300] "GET /wp-content/uploads/2025/12/akra.png HTTP/1.1" 200 232293 "-" "-"
79.137.67.84 - - [05/Dec/2025:15:46:01 +0300] "GET /shop/?shop_view=grid&per_row=4 HTTP/1.1" 200 27253 "-" "Mozilla/5.0 (compatible; MJ12bot/v1.4.8; http://mj12bot.com/)"
193.111.77.77 - - [05/Dec/2025:15:46:05 +0300] "GET /wp-content/uploads/2025/12/akra.png HTTP/1.1" 200 232293 "-" "-"
79.137.67.84 - - [05/Dec/2025:15:46:04 +0300] "GET /shop/?shop_view=list HTTP/1.1" 200 29248 "-" "Mozilla/5.0 (compatible; MJ12bot/v1.4.8; http://mj12bot.com/)"
79.137.67.84 - - [05/Dec/2025:15:46:07 +0300] "GET /shop/?stock_status=onsale&filter_color=deluxe HTTP/1.1" 200 24575 "-" "Mozilla/5.0 (compatible; MJ12bot/v1.4.8; http://mj12bot.com/)"
193.111.77.77 - - [05/Dec/2025:15:46:10 +0300] "GET /wp-content/uploads/2023/07/w-vgs-action-dying-light-2.jpg HTTP/1.1" 200 157438 "-" "-"
79.137.67.84 - - [05/Dec/2025:15:46:09 +0300] "GET /shop/?stock_status=onsale&filter_color=standart HTTP/1.1" 200 24577 "-" "Mozilla/5.0 (compatible; MJ12bot/v1.4.8; http://mj12bot.com/)"
79.137.67.84 - - [05/Dec/2025:15:46:11 +0300] "GET /shop/?stock_status=onsale&filter_product_brand=36 HTTP/1.1" 200 21258 "-" "Mozilla/5.0 (compatible; MJ12bot/v1.4.8; http://mj12bot.com/)"
79.137.67.84 - - [05/Dec/2025:15:46:14 +0300] "GET /shop/?stock_status=onsale&filter_product_brand=37 HTTP/1.1" 200 23821 "-" "Mozilla/5.0 (compatible; MJ12bot/v1.4.8; http://mj12bot.com/)"
79.137.67.84 - - [05/Dec/2025:15:46:16 +0300] "GET /shop/?stock_status=onsale&filter_product_brand=38 HTTP/1.1" 200 23824 "-" "Mozilla/5.0 (compatible; MJ12bot/v1.4.8; http://mj12bot.com/)"
79.137.67.84 - - [05/Dec/2025:15:46:19 +0300] "GET /shop/?stock_status=onsale&filter_product_brand=39 HTTP/1.1" 200 23818 "-" "Mozilla/5.0 (compatible; MJ12bot/v1.4.8; http://mj12bot.com/)"
79.137.67.84 - - [05/Dec/2025:15:46:21 +0300] "GET /shop/?stock_status=onsale&filter_size=physical HTTP/1.1" 200 21758 "-" "Mozilla/5.0 (compatible; MJ12bot/v1.4.8; http://mj12bot.com/)"
79.137.67.84 - - [05/Dec/2025:15:46:24 +0300] "GET /shop/?stock_status=onsale&filter_size=standart HTTP/1.1" 200 24557 "-" "Mozilla/5.0 (compatible; MJ12bot/v1.4.8; http://mj12bot.com/)"
79.137.67.84 - - [05/Dec/2025:15:46:26 +0300] "GET /shop/?stock_status=onsale&per_page=12 HTTP/1.1" 200 24535 "-" "Mozilla/5.0 (compatible; MJ12bot/v1.4.8; http://mj12bot.com/)"
193.111.77.77 - - [05/Dec/2025:15:46:30 +0300] "POST /wp-cron.php?doing_wp_cron=1764938790.0406110286712646484375 HTTP/1.1" 200 0 "-" "WordPress/6.9; https://tnstickers.com"
79.137.67.84 - - [05/Dec/2025:15:46:29 +0300] "GET /shop/?stock_status=onsale&per_page=18 HTTP/1.1" 200 24535 "-" "Mozilla/5.0 (compatible; MJ12bot/v1.4.8; http://mj12bot.com/)"
79.137.67.84 - - [05/Dec/2025:15:46:31 +0300] "GET /shop/?stock_status=onsale&per_page=24 HTTP/1.1" 200 24532 "-" "Mozilla/5.0 (compatible; MJ12bot/v1.4.8; http://mj12bot.com/)"
79.137.67.84 - - [05/Dec/2025:15:46:33 +0300] "GET /shop/?stock_status=onsale&per_page=9 HTTP/1.1" 200 24533 "-" "Mozilla/5.0 (compatible; MJ12bot/v1.4.8; http://mj12bot.com/)"
79.137.67.84 - - [05/Dec/2025:15:46:36 +0300] "GET /shop/?stock_status=onsale&shop_view=grid&per_row=3 HTTP/1.1" 200 24568 "-" "Mozilla/5.0 (compatible; MJ12bot/v1.4.8; http://mj12bot.com/)"
193.111.77.77 - - [05/Dec/2025:15:44:32 +0300] "GET /wp-content/uploads/2025/12/45.png HTTP/1.1" 200 242191 "-" "-"
193.111.77.77 - - [05/Dec/2025:15:44:52 +0300] "GET /wp-content/uploads/2025/12/45.png HTTP/1.1" 200 242191 "-" "-"
193.111.77.77 - - [05/Dec/2025:15:44:55 +0300] "GET /wp-content/uploads/2025/12/45.png HTTP/1.1" 200 242191 "-" "-"
193.111.77.77 - - [05/Dec/2025:15:45:08 +0300] "GET /wp-content/uploads/2025/12/akra.png HTTP/1.1" 200 232293 "-" "-"
193.111.77.77 - - [05/Dec/2025:15:45:18 +0300] "GET /wp-content/uploads/2025/12/akra.png HTTP/1.1" 200 232293 "-" "-"
193.111.77.77 - - [05/Dec/2025:15:45:23 +0300] "GET /wp-content/uploads/2025/12/akra.png HTTP/1.1" 200 232293 "-" "-"
193.111.77.77 - - [05/Dec/2025:15:45:29 +0300] "GET /wp-content/uploads/2025/12/akra.png HTTP/1.1" 200 232293 "-" "-"
193.111.77.77 - - [05/Dec/2025:15:45:47 +0300] "GET /wp-content/uploads/2025/12/45.png HTTP/1.1" 200 242191 "-" "-"
193.111.77.77 - - [05/Dec/2025:15:45:49 +0300] "GET /wp-content/uploads/2025/12/45.png HTTP/1.1" 200 242191 "-" "-"
193.111.77.77 - - [05/Dec/2025:15:46:19 +0300] "GET /wp-content/uploads/2023/07/w-vgs-casual-park-beyond.jpg HTTP/1.1" 200 209981 "-" "-"
66.249.66.35 - - [05/Dec/2025:15:46:32 +0300] "GET /robots.txt HTTP/1.1" 200 103 "-" "Mozilla/5.0 (compatible; Googlebot/2.1; +http://www.google.com/bot.html)"
193.111.77.77 - - [05/Dec/2025:15:46:34 +0300] "GET /wp-content/uploads/2023/07/w-vgs-action-dying-light-2.jpg HTTP/1.1" 200 157438 "-" "-"
193.111.77.77 - - [05/Dec/2025:15:46:37 +0300] "GET /wp-content/uploads/2023/07/w-vgs-action-dying-light-2.jpg HTTP/1.1" 200 157438 "-" "-"
193.111.77.77 - - [05/Dec/2025:15:46:42 +0300] "GET /wp-content/uploads/2023/07/w-vgs-action-dying-light-2.jpg HTTP/1.1" 200 157438 "-" "-"
193.111.77.77 - - [05/Dec/2025:15:47:30 +0300] "POST /wp-cron.php?doing_wp_cron=1764938850.1133470535278320312500 HTTP/1.1" 200 0 "-" "WordPress/6.9; https://tnstickers.com"
135.181.180.59 - - [05/Dec/2025:15:47:32 +0300] "GET /2023/05/08/seriously-considered-acquiring-sega/ HTTP/1.1" 200 25414 "-" "Mozilla/5.0 (compatible; MJ12bot/v1.4.8; http://mj12bot.com/)"
135.181.180.59 - - [05/Dec/2025:15:47:35 +0300] "GET /2023/05/18/acquired-hellblade-developer-ninja-theory-for-117-million/ HTTP/1.1" 200 25447 "-" "Mozilla/5.0 (compatible; MJ12bot/v1.4.8; http://mj12bot.com/)"
135.181.180.59 - - [05/Dec/2025:15:47:41 +0300] "GET /2023/05/31/survivors-most-bizarre-and-beloved-boss-came-to-be/ HTTP/1.1" 200 25343 "-" "Mozilla/5.0 (compatible; MJ12bot/v1.4.8; http://mj12bot.com/)"
135.181.180.59 - - [05/Dec/2025:15:47:44 +0300] "GET /2023/06/14/diablo-4-patch-1-03-fixes-nightmare-dungeons-and-the-endgame-xp-grind/ HTTP/1.1" 200 25298 "-" "Mozilla/5.0 (compatible; MJ12bot/v1.4.8; http://mj12bot.com/)"
135.181.180.59 - - [05/Dec/2025:15:47:47 +0300] "GET /2023/06/28/upcoming-freebies-fabledom-tales-of-trades-feuds-and-partnerships/ HTTP/1.1" 200 25255 "-" "Mozilla/5.0 (compatible; MJ12bot/v1.4.8; http://mj12bot.com/)"
135.181.180.59 - - [05/Dec/2025:15:47:49 +0300] "GET /?s=Yamaha&post_type=product&add-to-cart=2686 HTTP/1.1" 200 23353 "-" "Mozilla/5.0 (compatible; MJ12bot/v1.4.8; http://mj12bot.com/)"
193.111.77.77 - - [05/Dec/2025:15:47:53 +0300] "GET /wp-content/uploads/2025/12/45.png HTTP/1.1" 200 242191 "-" "-"
135.181.180.59 - - [05/Dec/2025:15:47:52 +0300] "GET /?s=Yamaha&post_type=product&add-to-cart=2689 HTTP/1.1" 200 23348 "-" "Mozilla/5.0 (compatible; MJ12bot/v1.4.8; http://mj12bot.com/)"
135.181.180.59 - - [05/Dec/2025:15:48:02 +0300] "GET /category/bundles/ HTTP/1.1" 200 20761 "-" "Mozilla/5.0 (compatible; MJ12bot/v1.4.8; http://mj12bot.com/)"
135.181.180.59 - - [05/Dec/2025:15:50:42 +0300] "GET /product-category/autos/?per_page=24 HTTP/1.1" 200 24984 "-" "Mozilla/5.0 (compatible; MJ12bot/v1.4.8; http://mj12bot.com/)"
135.181.180.59 - - [05/Dec/2025:15:50:53 +0300] "GET /product-category/autos/?shop_view=list HTTP/1.1" 200 25574 "-" "Mozilla/5.0 (compatible; MJ12bot/v1.4.8; http://mj12bot.com/)"
193.111.77.77 - - [05/Dec/2025:15:45:36 +0300] "GET /wp-content/uploads/2025/12/akra.png HTTP/1.1" 200 232293 "-" "-"
104.28.208.82 - - [05/Dec/2025:15:45:37 +0300] "POST /wp-login.php HTTP/1.1" 200 10040 "-" "Mozilla/5.0"
193.111.77.77 - - [05/Dec/2025:15:45:39 +0300] "GET /wp-content/uploads/2025/12/akra.png HTTP/1.1" 200 232293 "-" "-"
193.111.77.77 - - [05/Dec/2025:15:45:42 +0300] "GET /wp-content/uploads/2025/12/45.png HTTP/1.1" 200 242191 "-" "-"
193.111.77.77 - - [05/Dec/2025:15:45:44 +0300] "GET /wp-content/uploads/2025/12/45.png HTTP/1.1" 200 242191 "-" "-"
193.111.77.77 - - [05/Dec/2025:15:46:32 +0300] "GET /wp-content/uploads/2023/07/w-vgs-action-dying-light-2.jpg HTTP/1.1" 200 157438 "-" "-"
66.249.76.36 - - [05/Dec/2025:15:46:32 +0300] "GET /?_g=1955923 HTTP/1.1" 301 0 "-" "Mozilla/5.0 (Linux; Android 6.0.1; Nexus 5X Build/MMB29P) AppleWebKit/537.36 (KHTML, like Gecko) Chrome/141.0.7390.122 Mobile Safari/537.36 (compatible; GoogleOther)"
193.111.77.77 - - [05/Dec/2025:15:46:47 +0300] "GET /wp-content/uploads/2023/07/w-vgs-action-redfall.jpg HTTP/1.1" 200 164222 "-" "-"
193.111.77.77 - - [05/Dec/2025:15:47:26 +0300] "GET /wp-content/uploads/2023/07/wd-vgs-blog-8-opt.jpg HTTP/1.1" 200 104206 "-" "-"
135.181.180.59 - - [05/Dec/2025:15:47:25 +0300] "GET /2023/04/15/xbox-seems-to-expect-bungies-mysterious-ip-matter-to-release-in-2025/ HTTP/1.1" 200 25522 "-" "Mozilla/5.0 (compatible; MJ12bot/v1.4.8; http://mj12bot.com/)"
193.111.77.77 - - [05/Dec/2025:15:47:32 +0300] "GET /wp-content/uploads/2023/07/wd-vgs-blog-6-opt.jpg HTTP/1.1" 200 92936 "-" "-"
135.181.180.59 - - [05/Dec/2025:15:47:38 +0300] "GET /2023/05/24/starfield-on-xbox-getting-a-physical-disc-after-all/ HTTP/1.1" 200 25431 "-" "Mozilla/5.0 (compatible; MJ12bot/v1.4.8; http://mj12bot.com/)"
193.111.77.77 - - [05/Dec/2025:15:47:42 +0300] "GET /wp-content/uploads/2023/07/wd-vgs-blog-3-opt.jpg HTTP/1.1" 200 166218 "-" "-"
193.111.77.77 - - [05/Dec/2025:15:47:45 +0300] "GET /wp-content/uploads/2023/07/wd-vgs-blog-2-opt.jpg HTTP/1.1" 200 105483 "-" "-"
193.111.77.77 - - [05/Dec/2025:15:47:47 +0300] "GET /wp-content/uploads/2023/07/wd-vgs-blog-1-opt.jpg HTTP/1.1" 200 134448 "-" "-"
193.111.77.77 - - [05/Dec/2025:15:47:50 +0300] "GET /wp-content/uploads/2025/12/45.png HTTP/1.1" 200 242191 "-" "-"
135.181.180.59 - - [05/Dec/2025:15:47:58 +0300] "GET /category/blog/ HTTP/1.1" 200 20835 "-" "Mozilla/5.0 (compatible; MJ12bot/v1.4.8; http://mj12bot.com/)"
135.181.180.59 - - [05/Dec/2025:15:50:33 +0300] "GET /product-category/autos/?add-to-cart=484 HTTP/1.1" 200 25019 "-" "Mozilla/5.0 (compatible; MJ12bot/v1.4.8; http://mj12bot.com/)"
135.181.180.59 - - [05/Dec/2025:15:50:44 +0300] "GET /product-category/autos/?per_page=9 HTTP/1.1" 200 24611 "-" "Mozilla/5.0 (compatible; MJ12bot/v1.4.8; http://mj12bot.com/)"
135.181.180.59 - - [05/Dec/2025:15:50:47 +0300] "GET /product-category/autos/?shop_view=grid&per_row=3 HTTP/1.1" 200 25014 "-" "Mozilla/5.0 (compatible; MJ12bot/v1.4.8; http://mj12bot.com/)"
135.181.180.59 - - [05/Dec/2025:15:51:04 +0300] "GET /product-category/enfants/?per_page=18 HTTP/1.1" 200 24080 "-" "Mozilla/5.0 (compatible; MJ12bot/v1.4.8; http://mj12bot.com/)"
135.181.180.59 - - [05/Dec/2025:15:51:14 +0300] "GET /product-category/enfants/?shop_view=grid&per_row=4 HTTP/1.1" 200 24099 "-" "Mozilla/5.0 (compatible; MJ12bot/v1.4.8; http://mj12bot.com/)"
66.249.66.169 - - [05/Dec/2025:15:51:21 +0300] "POST /?wc-ajax=get_refreshed_fragments HTTP/1.1" 200 514 "https://tnstickers.com/?_g=2615925" "Mozilla/5.0 (Linux; Android 6.0.1; Nexus 5X Build/MMB29P) AppleWebKit/537.36 (KHTML, like Gecko) Chrome/141.0.7390.122 Mobile Safari/537.36 (compatible; Googlebot/2.1; +http://www.google.com/bot.html)"
135.181.180.59 - - [05/Dec/2025:15:51:25 +0300] "GET /product-category/gaming/?per_page=12 HTTP/1.1" 200 23357 "-" "Mozilla/5.0 (compatible; MJ12bot/v1.4.8; http://mj12bot.com/)"
193.111.77.77 - - [05/Dec/2025:15:51:29 +0300] "POST /wp-cron.php?doing_wp_cron=1764939089.0832378864288330078125 HTTP/1.1" 200 0 "-" "WordPress/6.9; https://tnstickers.com"
79.137.67.84 - - [05/Dec/2025:15:46:39 +0300] "GET /shop/?stock_status=onsale&shop_view=grid&per_row=4 HTTP/1.1" 200 24559 "-" "Mozilla/5.0 (compatible; MJ12bot/v1.4.8; http://mj12bot.com/)"
79.137.67.84 - - [05/Dec/2025:15:46:41 +0300] "GET /shop/?stock_status=onsale&shop_view=list HTTP/1.1" 200 24721 "-" "Mozilla/5.0 (compatible; MJ12bot/v1.4.8; http://mj12bot.com/)"
79.137.67.84 - - [05/Dec/2025:15:46:44 +0300] "GET /shop/feed/ HTTP/1.1" 200 5206 "-" "Mozilla/5.0 (compatible; MJ12bot/v1.4.8; http://mj12bot.com/)"
79.137.67.84 - - [05/Dec/2025:15:46:47 +0300] "GET /shop/page/2/ HTTP/1.1" 200 24580 "-" "Mozilla/5.0 (compatible; MJ12bot/v1.4.8; http://mj12bot.com/)"
66.249.66.67 - - [05/Dec/2025:15:46:47 +0300] "GET /?_g=1955923 HTTP/1.1" 200 27353 "-" "Mozilla/5.0 (Linux; Android 6.0.1; Nexus 5X Build/MMB29P) AppleWebKit/537.36 (KHTML, like Gecko) Chrome/141.0.7390.122 Mobile Safari/537.36 (compatible; GoogleOther)"
66.249.66.5 - - [05/Dec/2025:15:46:57 +0300] "POST /?wc-ajax=get_refreshed_fragments HTTP/1.1" 200 514 "https://tnstickers.com/?_g=1955923" "Mozilla/5.0 (Linux; Android 6.0.1; Nexus 5X Build/MMB29P) AppleWebKit/537.36 (KHTML, like Gecko) Chrome/141.0.7390.122 Mobile Safari/537.36 (compatible; Googlebot/2.1; +http://www.google.com/bot.html)"
135.181.180.59 - - [05/Dec/2025:15:47:28 +0300] "GET /2023/04/26/hitman-developers-upcoming-fantasy-rpg-may-be-an-xbox-exclusive/ HTTP/1.1" 200 25516 "-" "Mozilla/5.0 (compatible; MJ12bot/v1.4.8; http://mj12bot.com/)"
193.111.77.77 - - [05/Dec/2025:15:47:39 +0300] "GET /wp-content/uploads/2023/07/wd-vgs-blog-4-opt.jpg HTTP/1.1" 200 43603 "-" "-"
193.111.77.77 - - [05/Dec/2025:15:50:24 +0300] "POST /wp-cron.php?doing_wp_cron=1764939024.3117120265960693359375 HTTP/1.1" 200 0 "-" "WordPress/6.9; https://tnstickers.com"
135.181.180.59 - - [05/Dec/2025:15:50:23 +0300] "GET /category/freebies/ HTTP/1.1" 200 21139 "-" "Mozilla/5.0 (compatible; MJ12bot/v1.4.8; http://mj12bot.com/)"
135.181.180.59 - - [05/Dec/2025:15:50:27 +0300] "GET /cart/ HTTP/1.1" 200 21390 "-" "Mozilla/5.0 (compatible; MJ12bot/v1.4.8; http://mj12bot.com/)"
193.111.77.77 - - [05/Dec/2025:15:50:31 +0300] "POST /wp-cron.php?doing_wp_cron=1764939031.5335440635681152343750 HTTP/1.1" 200 0 "-" "WordPress/6.9; https://tnstickers.com"
135.181.180.59 - - [05/Dec/2025:15:50:35 +0300] "GET /product-category/autos/?per_page=12 HTTP/1.1" 200 25075 "-" "Mozilla/5.0 (compatible; MJ12bot/v1.4.8; http://mj12bot.com/)"
135.181.180.59 - - [05/Dec/2025:15:50:39 +0300] "GET /product-category/autos/?per_page=18 HTTP/1.1" 200 24988 "-" "Mozilla/5.0 (compatible; MJ12bot/v1.4.8; http://mj12bot.com/)"
135.181.180.59 - - [05/Dec/2025:15:50:50 +0300] "GET /product-category/autos/?shop_view=grid&per_row=4 HTTP/1.1" 200 25013 "-" "Mozilla/5.0 (compatible; MJ12bot/v1.4.8; http://mj12bot.com/)"
135.181.180.59 - - [05/Dec/2025:15:50:55 +0300] "GET /product-category/autos/feed/ HTTP/1.1" 200 5500 "-" "Mozilla/5.0 (compatible; MJ12bot/v1.4.8; http://mj12bot.com/)"
135.181.180.59 - - [05/Dec/2025:15:50:58 +0300] "GET /product-category/divers/feed/ HTTP/1.1" 200 491 "-" "Mozilla/5.0 (compatible; MJ12bot/v1.4.8; http://mj12bot.com/)"
66.249.66.67 - - [05/Dec/2025:15:51:07 +0300] "GET /robots.txt HTTP/1.1" 200 103 "-" "Mozilla/5.0 (compatible; Googlebot/2.1; +http://www.google.com/bot.html)"
135.181.180.59 - - [05/Dec/2025:15:51:09 +0300] "GET /product-category/enfants/?per_page=9 HTTP/1.1" 200 24079 "-" "Mozilla/5.0 (compatible; MJ12bot/v1.4.8; http://mj12bot.com/)"
66.249.66.69 - - [05/Dec/2025:15:51:12 +0300] "GET /?_g=2615925 HTTP/1.1" 200 27355 "-" "Mozilla/5.0 (Linux; Android 6.0.1; Nexus 5X Build/MMB29P) AppleWebKit/537.36 (KHTML, like Gecko) Chrome/141.0.7390.122 Mobile Safari/537.36 (compatible; GoogleOther)"
135.181.180.59 - - [05/Dec/2025:15:51:18 +0300] "GET /product-category/enfants/?shop_view=list HTTP/1.1" 200 24174 "-" "Mozilla/5.0 (compatible; MJ12bot/v1.4.8; http://mj12bot.com/)"
193.111.77.77 - - [05/Dec/2025:15:44:44 +0300] "GET /wp-content/uploads/2025/12/45.png HTTP/1.1" 200 242191 "-" "-"
193.111.77.77 - - [05/Dec/2025:15:44:50 +0300] "GET /wp-content/uploads/2025/12/45.png HTTP/1.1" 200 242191 "-" "-"
193.111.77.77 - - [05/Dec/2025:15:45:02 +0300] "GET /wp-content/uploads/2025/12/yam.png HTTP/1.1" 200 152497 "-" "-"
193.111.77.77 - - [05/Dec/2025:15:45:13 +0300] "GET /wp-content/uploads/2025/12/akra.png HTTP/1.1" 200 232293 "-" "-"
193.111.77.77 - - [05/Dec/2025:15:45:26 +0300] "GET /wp-content/uploads/2025/12/akra.png HTTP/1.1" 200 232293 "-" "-"
193.111.77.77 - - [05/Dec/2025:15:45:34 +0300] "GET /wp-content/uploads/2025/12/akra.png HTTP/1.1" 200 232293 "-" "-"
193.111.77.77 - - [05/Dec/2025:15:45:54 +0300] "GET /wp-content/uploads/2025/12/45.png HTTP/1.1" 200 242191 "-" "-"
193.111.77.77 - - [05/Dec/2025:15:45:57 +0300] "GET /wp-content/uploads/2025/12/45.png HTTP/1.1" 200 242191 "-" "-"
193.111.77.77 - - [05/Dec/2025:15:46:07 +0300] "GET /wp-content/uploads/2023/07/w-vgs-action-dying-light-2.jpg HTTP/1.1" 200 157438 "-" "-"
193.111.77.77 - - [05/Dec/2025:15:46:14 +0300] "GET /wp-content/uploads/2023/07/w-vgs-casual-park-beyond.jpg HTTP/1.1" 200 209981 "-" "-"
193.111.77.77 - - [05/Dec/2025:15:46:17 +0300] "GET /wp-content/uploads/2023/07/w-vgs-casual-park-beyond.jpg HTTP/1.1" 200 209981 "-" "-"
193.111.77.77 - - [05/Dec/2025:15:46:24 +0300] "GET /wp-content/uploads/2023/07/w-vgs-action-dying-light-2.jpg HTTP/1.1" 200 157438 "-" "-"
193.111.77.77 - - [05/Dec/2025:15:46:27 +0300] "GET /wp-content/uploads/2023/07/w-vgs-action-dying-light-2.jpg HTTP/1.1" 200 157438 "-" "-"
193.111.77.77 - - [05/Dec/2025:15:46:29 +0300] "GET /wp-content/uploads/2023/07/w-vgs-action-dying-light-2.jpg HTTP/1.1" 200 157438 "-" "-"
193.111.77.77 - - [05/Dec/2025:15:46:40 +0300] "GET /wp-content/uploads/2023/07/w-vgs-action-dying-light-2.jpg HTTP/1.1" 200 157438 "-" "-"
135.181.180.59 - - [05/Dec/2025:15:47:24 +0300] "GET /robots.txt HTTP/1.1" 200 363 "-" "Mozilla/5.0 (compatible; MJ12bot/v1.4.8; http://mj12bot.com/)"
193.111.77.77 - - [05/Dec/2025:15:47:29 +0300] "GET /wp-content/uploads/2023/07/wd-vgs-blog-7-opt.jpg HTTP/1.1" 200 124392 "-" "-"
193.111.77.77 - - [05/Dec/2025:15:47:36 +0300] "GET /wp-content/uploads/2023/07/wd-vgs-blog-5-opt.jpg HTTP/1.1" 200 75717 "-" "-"
104.28.208.82 - - [05/Dec/2025:15:47:52 +0300] "POST /wp-login.php HTTP/1.1" 200 10039 "-" "Mozilla/5.0"
135.181.180.59 - - [05/Dec/2025:15:47:55 +0300] "GET /author/admin/ HTTP/1.1" 200 22240 "-" "Mozilla/5.0 (compatible; MJ12bot/v1.4.8; http://mj12bot.com/)"
135.181.180.59 - - [05/Dec/2025:15:48:05 +0300] "GET /category/deals/ HTTP/1.1" 200 20633 "-" "Mozilla/5.0 (compatible; MJ12bot/v1.4.8; http://mj12bot.com/)"
135.181.180.59 - - [05/Dec/2025:15:50:25 +0300] "GET /checkout/ HTTP/1.1" 302 0 "-" "Mozilla/5.0 (compatible; MJ12bot/v1.4.8; http://mj12bot.com/)"
135.181.180.59 - - [05/Dec/2025:15:50:30 +0300] "GET /product-category/autos/?add-to-cart=2771 HTTP/1.1" 200 25032 "-" "Mozilla/5.0 (compatible; MJ12bot/v1.4.8; http://mj12bot.com/)"
135.181.180.59 - - [05/Dec/2025:15:51:01 +0300] "GET /product-category/enfants/?per_page=12 HTTP/1.1" 200 24081 "-" "Mozilla/5.0 (compatible; MJ12bot/v1.4.8; http://mj12bot.com/)"
135.181.180.59 - - [05/Dec/2025:15:51:06 +0300] "GET /product-category/enfants/?per_page=24 HTTP/1.1" 200 24077 "-" "Mozilla/5.0 (compatible; MJ12bot/v1.4.8; http://mj12bot.com/)"
66.249.76.35 - - [05/Dec/2025:15:51:08 +0300] "GET /?_g=2615925 HTTP/1.1" 301 0 "-" "Mozilla/5.0 (Linux; Android 6.0.1; Nexus 5X Build/MMB29P) AppleWebKit/537.36 (KHTML, like Gecko) Chrome/141.0.7390.122 Mobile Safari/537.36 (compatible; GoogleOther)"
135.181.180.59 - - [05/Dec/2025:15:51:12 +0300] "GET /product-category/enfants/?shop_view=grid&per_row=3 HTTP/1.1" 200 24101 "-" "Mozilla/5.0 (compatible; MJ12bot/v1.4.8; http://mj12bot.com/)"
135.181.180.59 - - [05/Dec/2025:15:51:21 +0300] "GET /product-category/enfants/feed/ HTTP/1.1" 200 4453 "-" "Mozilla/5.0 (compatible; MJ12bot/v1.4.8; http://mj12bot.com/)"
135.181.180.59 - - [05/Dec/2025:15:51:28 +0300] "GET /product-category/gaming/?per_page=18 HTTP/1.1" 200 23358 "-" "Mozilla/5.0 (compatible; MJ12bot/v1.4.8; http://mj12bot.com/)"
135.181.180.59 - - [05/Dec/2025:15:51:30 +0300] "GET /product-category/gaming/?per_page=24 HTTP/1.1" 200 23353 "-" "Mozilla/5.0 (compatible; MJ12bot/v1.4.8; http://mj12bot.com/)"
135.181.180.59 - - [05/Dec/2025:15:51:42 +0300] "GET /product-category/gaming/?shop_view=list HTTP/1.1" 200 23420 "-" "Mozilla/5.0 (compatible; MJ12bot/v1.4.8; http://mj12bot.com/)"
135.181.180.59 - - [05/Dec/2025:15:51:47 +0300] "GET /product-category/motos/?add-to-cart=2680 HTTP/1.1" 200 24613 "-" "Mozilla/5.0 (compatible; MJ12bot/v1.4.8; http://mj12bot.com/)"
135.181.180.59 - - [05/Dec/2025:15:51:57 +0300] "GET /product-category/motos/?add-to-cart=2689 HTTP/1.1" 200 24616 "-" "Mozilla/5.0 (compatible; MJ12bot/v1.4.8; http://mj12bot.com/)"
135.181.180.59 - - [05/Dec/2025:15:52:07 +0300] "GET /product-category/motos/?add-to-cart=2725 HTTP/1.1" 200 24610 "-" "Mozilla/5.0 (compatible; MJ12bot/v1.4.8; http://mj12bot.com/)"
135.181.180.59 - - [05/Dec/2025:15:52:13 +0300] "GET /product-category/motos/?add-to-cart=2731 HTTP/1.1" 200 24610 "-" "Mozilla/5.0 (compatible; MJ12bot/v1.4.8; http://mj12bot.com/)"
135.181.180.59 - - [05/Dec/2025:15:52:23 +0300] "GET /product-category/motos/?per_page=12 HTTP/1.1" 200 24572 "-" "Mozilla/5.0 (compatible; MJ12bot/v1.4.8; http://mj12bot.com/)"
135.181.180.59 - - [05/Dec/2025:15:52:26 +0300] "GET /product-category/motos/?per_page=18 HTTP/1.1" 200 24569 "-" "Mozilla/5.0 (compatible; MJ12bot/v1.4.8; http://mj12bot.com/)"
135.181.180.59 - - [05/Dec/2025:15:52:29 +0300] "GET /product-category/motos/?per_page=24 HTTP/1.1" 200 24571 "-" "Mozilla/5.0 (compatible; MJ12bot/v1.4.8; http://mj12bot.com/)"
