95.217.109.26 - - [05/Dec/2025:19:11:23 +0300] "GET /shop/?stock_status=onsale&per_row=4&shop_view=grid&filter_color=standart&per_page=9 HTTP/1.1" 200 24630 "-" "Mozilla/5.0 (compatible; MJ12bot/v1.4.8; http://mj12bot.com/)"
95.217.109.26 - - [05/Dec/2025:19:11:26 +0300] "GET /shop/?stock_status=onsale&per_row=4&shop_view=grid&filter_size=standart HTTP/1.1" 200 24582 "-" "Mozilla/5.0 (compatible; MJ12bot/v1.4.8; http://mj12bot.com/)"
193.111.77.77 - - [05/Dec/2025:19:11:30 +0300] "GET /wp-content/uploads/2023/07/w-vgs-action-dying-light-2.jpg HTTP/1.1" 200 157438 "-" "-"
95.217.109.26 - - [05/Dec/2025:19:11:29 +0300] "GET /shop/?stock_status=onsale&per_row=4&shop_view=grid&filter_size=standart&per_page=12 HTTP/1.1" 200 24595 "-" "Mozilla/5.0 (compatible; MJ12bot/v1.4.8; http://mj12bot.com/)"
193.111.77.77 - - [05/Dec/2025:19:11:44 +0300] "GET /wp-content/uploads/2023/07/w-vgs-action-dying-light-2.jpg HTTP/1.1" 200 157438 "-" "-"
193.111.77.77 - - [05/Dec/2025:19:13:09 +0300] "POST /wp-cron.php?doing_wp_cron=1764951188.9428288936614990234375 HTTP/1.1" 200 0 "-" "WordPress/6.9; https://tnstickers.com"
193.111.77.77 - - [05/Dec/2025:19:15:07 +0300] "POST /wp-cron.php?doing_wp_cron=1764951306.7887721061706542968750 HTTP/1.1" 200 0 "-" "WordPress/6.9; https://tnstickers.com"
66.249.66.162 - - [05/Dec/2025:19:15:05 +0300] "GET /?_g=1801926 HTTP/1.1" 301 0 "-" "Mozilla/5.0 (Linux; Android 6.0.1; Nexus 5X Build/MMB29P) AppleWebKit/537.36 (KHTML, like Gecko) Chrome/141.0.7390.122 Mobile Safari/537.36 (compatible; GoogleOther)"
193.111.77.77 - - [05/Dec/2025:19:22:27 +0300] "POST /wp-cron.php?doing_wp_cron=1764951747.1461389064788818359375 HTTP/1.1" 200 0 "-" "WordPress/6.9; https://tnstickers.com"
66.249.78.10 - - [05/Dec/2025:19:23:24 +0300] "POST /?wc-ajax=get_refreshed_fragments HTTP/1.1" 200 514 "https://tnstickers.com/?_g=1801926" "Mozilla/5.0 (Linux; Android 6.0.1; Nexus 5X Build/MMB29P) AppleWebKit/537.36 (KHTML, like Gecko) Chrome/141.0.7390.122 Mobile Safari/537.36 (compatible; Googlebot/2.1; +http://www.google.com/bot.html)"
95.217.109.26 - - [05/Dec/2025:19:11:32 +0300] "GET /shop/?stock_status=onsale&per_row=4&shop_view=grid&filter_size=standart&per_page=18 HTTP/1.1" 200 24591 "-" "Mozilla/5.0 (compatible; MJ12bot/v1.4.8; http://mj12bot.com/)"
95.217.109.26 - - [05/Dec/2025:19:11:52 +0300] "GET /shop/page/1/ HTTP/1.1" 301 0 "-" "Mozilla/5.0 (compatible; MJ12bot/v1.4.8; http://mj12bot.com/)"
193.111.77.77 - - [05/Dec/2025:19:11:56 +0300] "GET /wp-content/uploads/2025/12/akra.png HTTP/1.1" 200 232293 "-" "-"
2a06:98c0:3600::103 - - [05/Dec/2025:19:16:17 +0300] "GET /wp-admin/setup-config.php HTTP/1.1" 409 922 "-" "Mozilla/5.0 (Windows NT 10.0; Win64; x64) AppleWebKit/537.36 (KHTML, like Gecko) Chrome/142.0.0.0 Safari/537.36"
66.249.78.9 - - [05/Dec/2025:19:22:25 +0300] "GET /?_g=1801926 HTTP/1.1" 200 27358 "-" "Mozilla/5.0 (Linux; Android 6.0.1; Nexus 5X Build/MMB29P) AppleWebKit/537.36 (KHTML, like Gecko) Chrome/141.0.7390.122 Mobile Safari/537.36 (compatible; GoogleOther)"
193.111.77.77 - - [05/Dec/2025:19:23:25 +0300] "POST /wp-cron.php?doing_wp_cron=1764951805.9192080497741699218750 HTTP/1.1" 200 0 "-" "WordPress/6.9; https://tnstickers.com"
66.249.66.36 - - [05/Dec/2025:19:24:14 +0300] "GET /?_g=1268455 HTTP/1.1" 301 0 "-" "Mozilla/5.0 (Linux; Android 6.0.1; Nexus 5X Build/MMB29P) AppleWebKit/537.36 (KHTML, like Gecko) Chrome/141.0.7390.122 Mobile Safari/537.36 (compatible; GoogleOther)"
193.111.77.77 - - [05/Dec/2025:19:11:40 +0300] "GET /wp-content/uploads/2023/07/w-vgs-action-dying-light-2.jpg HTTP/1.1" 200 157438 "-" "-"
95.217.109.26 - - [05/Dec/2025:19:11:39 +0300] "GET /shop/?stock_status=onsale&per_row=4&shop_view=grid&filter_size=standart&per_page=9 HTTP/1.1" 200 24588 "-" "Mozilla/5.0 (compatible; MJ12bot/v1.4.8; http://mj12bot.com/)"
95.217.109.26 - - [05/Dec/2025:19:11:46 +0300] "GET /shop/?stock_status=onsale&per_row=4&shop_view=list&filter_color=standart HTTP/1.1" 200 24788 "-" "Mozilla/5.0 (compatible; MJ12bot/v1.4.8; http://mj12bot.com/)"
193.111.77.77 - - [05/Dec/2025:19:11:50 +0300] "GET /wp-content/uploads/2023/07/w-vgs-action-dying-light-2.jpg HTTP/1.1" 200 157438 "-" "-"
95.217.109.26 - - [05/Dec/2025:19:11:55 +0300] "GET /shop/ HTTP/1.1" 200 27242 "-" "Mozilla/5.0 (compatible; MJ12bot/v1.4.8; http://mj12bot.com/)"
2a06:98c0:3600::103 - - [05/Dec/2025:19:13:06 +0300] "GET /wordpress/wp-admin/setup-config.php HTTP/1.1" 404 19020 "-" "Mozilla/5.0 (Windows NT 10.0; Win64; x64) AppleWebKit/537.36 (KHTML, like Gecko) Chrome/142.0.0.0 Safari/537.36"
193.111.77.77 - - [05/Dec/2025:19:24:16 +0300] "POST /wp-cron.php?doing_wp_cron=1764951856.4985299110412597656250 HTTP/1.1" 200 0 "-" "WordPress/6.9; https://tnstickers.com"
193.111.77.77 - - [05/Dec/2025:19:11:34 +0300] "GET /wp-content/uploads/2023/07/w-vgs-action-dying-light-2.jpg HTTP/1.1" 200 157438 "-" "-"
193.111.77.77 - - [05/Dec/2025:19:11:37 +0300] "GET /wp-content/uploads/2023/07/w-vgs-action-dying-light-2.jpg HTTP/1.1" 200 157438 "-" "-"
95.217.109.26 - - [05/Dec/2025:19:11:36 +0300] "GET /shop/?stock_status=onsale&per_row=4&shop_view=grid&filter_size=standart&per_page=24 HTTP/1.1" 200 24590 "-" "Mozilla/5.0 (compatible; MJ12bot/v1.4.8; http://mj12bot.com/)"
95.217.109.26 - - [05/Dec/2025:19:11:42 +0300] "GET /shop/?stock_status=onsale&per_row=4&shop_view=list&filter_color=deluxe HTTP/1.1" 200 24781 "-" "Mozilla/5.0 (compatible; MJ12bot/v1.4.8; http://mj12bot.com/)"
193.111.77.77 - - [05/Dec/2025:19:11:47 +0300] "GET /wp-content/uploads/2023/07/w-vgs-action-dying-light-2.jpg HTTP/1.1" 200 157438 "-" "-"
95.217.109.26 - - [05/Dec/2025:19:11:49 +0300] "GET /shop/?stock_status=onsale&per_row=4&shop_view=list&filter_size=standart HTTP/1.1" 200 24756 "-" "Mozilla/5.0 (compatible; MJ12bot/v1.4.8; http://mj12bot.com/)"
193.111.77.77 - - [05/Dec/2025:19:29:31 +0300] "POST /wp-cron.php?doing_wp_cron=1764952171.1432180404663085937500 HTTP/1.1" 200 0 "-" "WordPress/6.9; https://tnstickers.com"
66.249.78.1 - - [05/Dec/2025:19:29:29 +0300] "GET /?_g=1268455 HTTP/1.1" 200 27354 "-" "Mozilla/5.0 (Linux; Android 6.0.1; Nexus 5X Build/MMB29P) AppleWebKit/537.36 (KHTML, like Gecko) Chrome/141.0.7390.122 Mobile Safari/537.36 (compatible; GoogleOther)"
193.111.77.77 - - [05/Dec/2025:19:30:38 +0300] "POST /wp-cron.php?doing_wp_cron=1764952238.6857399940490722656250 HTTP/1.1" 200 0 "-" "WordPress/6.9; https://tnstickers.com"
193.111.77.77 - - [05/Dec/2025:19:31:42 +0300] "POST /wp-cron.php?doing_wp_cron=1764952302.2221069335937500000000 HTTP/1.1" 200 0 "-" "WordPress/6.9; https://tnstickers.com"
66.249.78.9 - - [05/Dec/2025:19:36:57 +0300] "POST /?wc-ajax=get_refreshed_fragments HTTP/1.1" 200 514 "https://tnstickers.com/?_g=3200142" "Mozilla/5.0 (Linux; Android 6.0.1; Nexus 5X Build/MMB29P) AppleWebKit/537.36 (KHTML, like Gecko) Chrome/141.0.7390.122 Mobile Safari/537.36 (compatible; Googlebot/2.1; +http://www.google.com/bot.html)"
66.249.78.9 - - [05/Dec/2025:19:37:18 +0300] "GET /?_g=3121919 HTTP/1.1" 200 27354 "-" "Mozilla/5.0 (Linux; Android 6.0.1; Nexus 5X Build/MMB29P) AppleWebKit/537.36 (KHTML, like Gecko) Chrome/141.0.7390.122 Mobile Safari/537.36 (compatible; GoogleOther)"
193.111.77.77 - - [05/Dec/2025:19:37:32 +0300] "POST /wp-cron.php?doing_wp_cron=1764952652.6815769672393798828125 HTTP/1.1" 200 0 "-" "WordPress/6.9; https://tnstickers.com"
66.249.66.168 - - [05/Dec/2025:19:37:31 +0300] "POST /?wc-ajax=get_refreshed_fragments HTTP/1.1" 200 514 "https://tnstickers.com/?_g=3121919" "Mozilla/5.0 (Linux; Android 6.0.1; Nexus 5X Build/MMB29P) AppleWebKit/537.36 (KHTML, like Gecko) Chrome/141.0.7390.122 Mobile Safari/537.36 (compatible; Googlebot/2.1; +http://www.google.com/bot.html)"
193.111.77.77 - - [05/Dec/2025:19:40:48 +0300] "POST /wp-cron.php?doing_wp_cron=1764952848.4380810260772705078125 HTTP/1.1" 200 0 "-" "WordPress/6.9; https://tnstickers.com"
101.99.88.90 - - [05/Dec/2025:19:30:06 +0300] "GET / HTTP/1.1" 200 260848 "-" "Mozilla/5.0 (compatible; Googlebot/2.1; +http://www.google.com/bot.html)"
208.110.64.178 - - [05/Dec/2025:19:30:43 +0300] "GET /wp-content/wpe333bb/ HTTP/1.1" 404 19020 "https://tnstickers.com/wp-content/wpe333bb/index.php" "Mozilla/5.0 (Windows NT 10.0; Win64; x64) AppleWebKit/537.36 (KHTML, like Gecko) Chrome/58.0.3029.110 Safari/537.3"
66.249.66.67 - - [05/Dec/2025:19:35:05 +0300] "GET /?_g=364446 HTTP/1.1" 301 0 "-" "Mozilla/5.0 (Linux; Android 6.0.1; Nexus 5X Build/MMB29P) AppleWebKit/537.36 (KHTML, like Gecko) Chrome/141.0.7390.122 Mobile Safari/537.36 (compatible; GoogleOther)"
208.110.64.178 - - [05/Dec/2025:19:35:16 +0300] "GET /wp-content/wpe333bb/index.php HTTP/1.1" 301 0 "https://tnstickers.com/wp-content/wpe333bb/index.php" "Mozilla/5.0 (Windows NT 10.0; Win64; x64) AppleWebKit/537.36 (KHTML, like Gecko) Chrome/58.0.3029.110 Safari/537.3"
208.110.64.178 - - [05/Dec/2025:19:35:17 +0300] "GET /wp-content/wpe333bb/ HTTP/1.1" 404 19018 "https://tnstickers.com/wp-content/wpe333bb/index.php" "Mozilla/5.0 (Windows NT 10.0; Win64; x64) AppleWebKit/537.36 (KHTML, like Gecko) Chrome/58.0.3029.110 Safari/537.3"
193.111.77.77 - - [05/Dec/2025:19:35:49 +0300] "POST /wp-cron.php?doing_wp_cron=1764952549.9087150096893310546875 HTTP/1.1" 200 0 "-" "WordPress/6.9; https://tnstickers.com"
193.111.77.77 - - [05/Dec/2025:19:36:29 +0300] "POST /wp-cron.php?doing_wp_cron=1764952589.4073269367218017578125 HTTP/1.1" 200 0 "-" "WordPress/6.9; https://tnstickers.com"
193.111.77.77 - - [05/Dec/2025:19:39:08 +0300] "POST /wp-cron.php?doing_wp_cron=1764952748.6088390350341796875000 HTTP/1.1" 200 0 "-" "WordPress/6.9; https://tnstickers.com"
66.249.78.10 - - [05/Dec/2025:19:41:12 +0300] "POST /?wc-ajax=get_refreshed_fragments HTTP/1.1" 200 514 "https://tnstickers.com/?_g=364446" "Mozilla/5.0 (Linux; Android 6.0.1; Nexus 5X Build/MMB29P) AppleWebKit/537.36 (KHTML, like Gecko) Chrome/141.0.7390.122 Mobile Safari/537.36 (compatible; Googlebot/2.1; +http://www.google.com/bot.html)"
193.111.77.77 - - [05/Dec/2025:19:29:26 +0300] "POST /wp-cron.php?doing_wp_cron=1764952166.5060620307922363281250 HTTP/1.1" 200 0 "-" "WordPress/6.9; https://tnstickers.com"
101.99.88.90 - - [05/Dec/2025:19:30:18 +0300] "GET /wp-content/wpe333bb/index.php HTTP/1.1" 301 0 "-" "-"
208.110.64.178 - - [05/Dec/2025:19:30:36 +0300] "GET /wp-content/wpe333bb/index.php HTTP/1.1" 301 0 "https://tnstickers.com/wp-content/wpe333bb/index.php" "Mozilla/5.0 (Windows NT 10.0; Win64; x64) AppleWebKit/537.36 (KHTML, like Gecko) Chrome/58.0.3029.110 Safari/537.3"
66.249.66.67 - - [05/Dec/2025:19:30:44 +0300] "GET /?_g=3200142 HTTP/1.1" 301 0 "-" "Mozilla/5.0 (Linux; Android 6.0.1; Nexus 5X Build/MMB29P) AppleWebKit/537.36 (KHTML, like Gecko) Chrome/141.0.7390.122 Mobile Safari/537.36 (compatible; GoogleOther)"
66.249.66.164 - - [05/Dec/2025:19:31:40 +0300] "GET /?_g=3121919 HTTP/1.1" 301 0 "-" "Mozilla/5.0 (Linux; Android 6.0.1; Nexus 5X Build/MMB29P) AppleWebKit/537.36 (KHTML, like Gecko) Chrome/141.0.7390.122 Mobile Safari/537.36 (compatible; GoogleOther)"
193.111.77.77 - - [05/Dec/2025:19:34:14 +0300] "POST /wp-cron.php?doing_wp_cron=1764952454.5174970626831054687500 HTTP/1.1" 200 0 "-" "WordPress/6.9; https://tnstickers.com"
66.249.66.4 - - [05/Dec/2025:19:34:20 +0300] "POST /?wc-ajax=get_refreshed_fragments HTTP/1.1" 200 514 "https://tnstickers.com/?_g=1133643" "Mozilla/5.0 (Linux; Android 6.0.1; Nexus 5X Build/MMB29P) AppleWebKit/537.36 (KHTML, like Gecko) Chrome/141.0.7390.122 Mobile Safari/537.36 (compatible; Googlebot/2.1; +http://www.google.com/bot.html)"
193.111.77.77 - - [05/Dec/2025:19:35:06 +0300] "POST /wp-cron.php?doing_wp_cron=1764952506.4864130020141601562500 HTTP/1.1" 200 0 "-" "WordPress/6.9; https://tnstickers.com"
66.249.66.198 - - [05/Dec/2025:19:37:59 +0300] "GET /?_g=113883 HTTP/1.1" 200 27354 "-" "Mozilla/5.0 (Linux; Android 6.0.1; Nexus 5X Build/MMB29P) AppleWebKit/537.36 (KHTML, like Gecko) Chrome/141.0.7390.122 Mobile Safari/537.36 (compatible; GoogleOther)"
193.111.77.77 - - [05/Dec/2025:19:41:34 +0300] "POST /wp-cron.php?doing_wp_cron=1764952894.2892360687255859375000 HTTP/1.1" 200 0 "-" "WordPress/6.9; https://tnstickers.com"
66.249.66.34 - - [05/Dec/2025:19:29:25 +0300] "GET /?_g=1133643 HTTP/1.1" 301 0 "-" "Mozilla/5.0 (Linux; Android 6.0.1; Nexus 5X Build/MMB29P) AppleWebKit/537.36 (KHTML, like Gecko) Chrome/141.0.7390.122 Mobile Safari/537.36 (compatible; GoogleOther)"
66.249.78.9 - - [05/Dec/2025:19:29:36 +0300] "GET /wp-content/themes/woodmart/css/parts/mod-star-rating.min.css?ver=8.3.6 HTTP/1.1" 200 199 "https://tnstickers.com/?_g=1268455" "Mozilla/5.0 (Linux; Android 6.0.1; Nexus 5X Build/MMB29P) AppleWebKit/537.36 (KHTML, like Gecko) Chrome/141.0.7390.122 Mobile Safari/537.36 (compatible; Googlebot/2.1; +http://www.google.com/bot.html)"
66.249.78.9 - - [05/Dec/2025:19:29:36 +0300] "POST /?wc-ajax=get_refreshed_fragments HTTP/1.1" 200 514 "https://tnstickers.com/?_g=1268455" "Mozilla/5.0 (Linux; Android 6.0.1; Nexus 5X Build/MMB29P) AppleWebKit/537.36 (KHTML, like Gecko) Chrome/141.0.7390.122 Mobile Safari/537.36 (compatible; Googlebot/2.1; +http://www.google.com/bot.html)"
208.110.64.178 - - [05/Dec/2025:19:30:39 +0300] "GET /wp-content/wpe333bb/index.php HTTP/1.1" 301 0 "https://tnstickers.com/wp-content/wpe333bb/index.php" "Mozilla/5.0 (Windows NT 10.0; Win64; x64) AppleWebKit/537.36 (KHTML, like Gecko) Chrome/58.0.3029.110 Safari/537.3"
208.110.64.178 - - [05/Dec/2025:19:30:40 +0300] "GET /wp-content/wpe333bb/ HTTP/1.1" 404 19020 "https://tnstickers.com/wp-content/wpe333bb/index.php" "Mozilla/5.0 (Windows NT 10.0; Win64; x64) AppleWebKit/537.36 (KHTML, like Gecko) Chrome/58.0.3029.110 Safari/537.3"
66.249.76.35 - - [05/Dec/2025:19:32:20 +0300] "GET /?_g=113883 HTTP/1.1" 301 0 "-" "Mozilla/5.0 (Linux; Android 6.0.1; Nexus 5X Build/MMB29P) AppleWebKit/537.36 (KHTML, like Gecko) Chrome/141.0.7390.122 Mobile Safari/537.36 (compatible; GoogleOther)"
66.249.66.67 - - [05/Dec/2025:19:34:12 +0300] "GET /?_g=1133643 HTTP/1.1" 200 27353 "-" "Mozilla/5.0 (Linux; Android 6.0.1; Nexus 5X Build/MMB29P) AppleWebKit/537.36 (KHTML, like Gecko) Chrome/141.0.7390.122 Mobile Safari/537.36 (compatible; GoogleOther)"
66.249.76.34 - - [05/Dec/2025:19:35:48 +0300] "GET /?_g=3243438 HTTP/1.1" 301 0 "-" "Mozilla/5.0 (Linux; Android 6.0.1; Nexus 5X Build/MMB29P) AppleWebKit/537.36 (KHTML, like Gecko) Chrome/141.0.7390.122 Mobile Safari/537.36 (compatible; GoogleOther)"
66.249.66.69 - - [05/Dec/2025:19:36:26 +0300] "GET /?_g=3200142 HTTP/1.1" 200 27349 "-" "Mozilla/5.0 (Linux; Android 6.0.1; Nexus 5X Build/MMB29P) AppleWebKit/537.36 (KHTML, like Gecko) Chrome/141.0.7390.122 Mobile Safari/537.36 (compatible; GoogleOther)"
66.249.66.198 - - [05/Dec/2025:19:38:03 +0300] "POST /?wc-ajax=get_refreshed_fragments HTTP/1.1" 200 514 "https://tnstickers.com/?_g=113883" "Mozilla/5.0 (Linux; Android 6.0.1; Nexus 5X Build/MMB29P) AppleWebKit/537.36 (KHTML, like Gecko) Chrome/141.0.7390.122 Mobile Safari/537.36 (compatible; Googlebot/2.1; +http://www.google.com/bot.html)"
66.249.76.34 - - [05/Dec/2025:19:39:07 +0300] "GET /?_g=1985353 HTTP/1.1" 301 0 "-" "Mozilla/5.0 (Linux; Android 6.0.1; Nexus 5X Build/MMB29P) AppleWebKit/537.36 (KHTML, like Gecko) Chrome/141.0.7390.122 Mobile Safari/537.36 (compatible; GoogleOther)"
66.249.66.67 - - [05/Dec/2025:19:40:46 +0300] "GET /?_g=364446 HTTP/1.1" 200 27355 "-" "Mozilla/5.0 (Linux; Android 6.0.1; Nexus 5X Build/MMB29P) AppleWebKit/537.36 (KHTML, like Gecko) Chrome/141.0.7390.122 Mobile Safari/537.36 (compatible; GoogleOther)"
66.249.66.169 - - [05/Dec/2025:19:41:32 +0300] "GET /?_g=3243438 HTTP/1.1" 200 27354 "-" "Mozilla/5.0 (Linux; Android 6.0.1; Nexus 5X Build/MMB29P) AppleWebKit/537.36 (KHTML, like Gecko) Chrome/141.0.7390.122 Mobile Safari/537.36 (compatible; GoogleOther)"
66.249.66.4 - - [05/Dec/2025:19:41:45 +0300] "POST /?wc-ajax=get_refreshed_fragments HTTP/1.1" 200 514 "https://tnstickers.com/?_g=3243438" "Mozilla/5.0 (Linux; Android 6.0.1; Nexus 5X Build/MMB29P) AppleWebKit/537.36 (KHTML, like Gecko) Chrome/141.0.7390.122 Mobile Safari/537.36 (compatible; Googlebot/2.1; +http://www.google.com/bot.html)"
193.111.77.77 - - [05/Dec/2025:19:50:51 +0300] "POST /wp-cron.php?doing_wp_cron=1764953451.2169721126556396484375 HTTP/1.1" 200 0 "-" "WordPress/6.9; https://tnstickers.com"
193.111.77.77 - - [05/Dec/2025:19:51:57 +0300] "POST /wp-cron.php?doing_wp_cron=1764953517.2019329071044921875000 HTTP/1.1" 200 0 "-" "WordPress/6.9; https://tnstickers.com"
66.249.66.33 - - [05/Dec/2025:19:53:14 +0300] "POST /?wc-ajax=get_refreshed_fragments HTTP/1.1" 200 514 "https://tnstickers.com/?_g=3063153" "Mozilla/5.0 (Linux; Android 6.0.1; Nexus 5X Build/MMB29P) AppleWebKit/537.36 (KHTML, like Gecko) Chrome/141.0.7390.122 Mobile Safari/537.36 (compatible; Googlebot/2.1; +http://www.google.com/bot.html)"
193.111.77.77 - - [05/Dec/2025:19:59:36 +0300] "POST /wp-cron.php?doing_wp_cron=1764953976.4958720207214355468750 HTTP/1.1" 200 0 "-" "WordPress/6.9; https://tnstickers.com"
66.249.78.10 - - [05/Dec/2025:20:00:40 +0300] "POST /?wc-ajax=get_refreshed_fragments HTTP/1.1" 200 514 "https://tnstickers.com/?_g=1591403" "Mozilla/5.0 (Linux; Android 6.0.1; Nexus 5X Build/MMB29P) AppleWebKit/537.36 (KHTML, like Gecko) Chrome/141.0.7390.122 Mobile Safari/537.36 (compatible; Googlebot/2.1; +http://www.google.com/bot.html)"
66.249.76.35 - - [05/Dec/2025:19:46:11 +0300] "GET /?_g=3063153 HTTP/1.1" 301 0 "-" "Mozilla/5.0 (Linux; Android 6.0.1; Nexus 5X Build/MMB29P) AppleWebKit/537.36 (KHTML, like Gecko) Chrome/141.0.7390.122 Mobile Safari/537.36 (compatible; GoogleOther)"
66.249.66.67 - - [05/Dec/2025:19:50:49 +0300] "GET /?_g=1591403 HTTP/1.1" 301 0 "-" "Mozilla/5.0 (Linux; Android 6.0.1; Nexus 5X Build/MMB29P) AppleWebKit/537.36 (KHTML, like Gecko) Chrome/141.0.7390.122 Mobile Safari/537.36 (compatible; GoogleOther)"
2a06:98c0:3600::103 - - [05/Dec/2025:19:52:06 +0300] "GET /wp-admin/setup-config.php HTTP/1.1" 409 922 "-" "Mozilla/5.0 (Windows NT 10.0; Win64; x64) AppleWebKit/537.36 (KHTML, like Gecko) Chrome/142.0.0.0 Safari/537.36"
193.111.77.77 - - [05/Dec/2025:19:53:02 +0300] "POST /wp-cron.php?doing_wp_cron=1764953582.6558539867401123046875 HTTP/1.1" 200 0 "-" "WordPress/6.9; https://tnstickers.com"
66.249.76.36 - - [05/Dec/2025:19:58:14 +0300] "GET /?_g=1287454 HTTP/1.1" 301 0 "-" "Mozilla/5.0 (Linux; Android 6.0.1; Nexus 5X Build/MMB29P) AppleWebKit/537.36 (KHTML, like Gecko) Chrome/141.0.7390.122 Mobile Safari/537.36 (compatible; GoogleOther)"
66.249.66.169 - - [05/Dec/2025:19:59:41 +0300] "GET /acquired-hellblade-developer-ninja-theory-for-117-million/ HTTP/1.1" 301 0 "-" "Mozilla/5.0 (Linux; Android 6.0.1; Nexus 5X Build/MMB29P) AppleWebKit/537.36 (KHTML, like Gecko) Chrome/141.0.7390.122 Mobile Safari/537.36 (compatible; Googlebot/2.1; +http://www.google.com/bot.html)"
193.111.77.77 - - [05/Dec/2025:20:00:42 +0300] "POST /wp-cron.php?doing_wp_cron=1764954042.7265040874481201171875 HTTP/1.1" 200 0 "-" "WordPress/6.9; https://tnstickers.com"
66.249.66.168 - - [05/Dec/2025:19:45:34 +0300] "GET /?_g=1985353 HTTP/1.1" 200 27351 "-" "Mozilla/5.0 (Linux; Android 6.0.1; Nexus 5X Build/MMB29P) AppleWebKit/537.36 (KHTML, like Gecko) Chrome/141.0.7390.122 Mobile Safari/537.36 (compatible; GoogleOther)"
66.249.66.68 - - [05/Dec/2025:19:50:18 +0300] "GET /?_g=1287407 HTTP/1.1" 301 0 "-" "Mozilla/5.0 (Linux; Android 6.0.1; Nexus 5X Build/MMB29P) AppleWebKit/537.36 (KHTML, like Gecko) Chrome/141.0.7390.122 Mobile Safari/537.36 (compatible; GoogleOther)"
66.249.66.32 - - [05/Dec/2025:19:50:22 +0300] "GET /robots.txt HTTP/1.1" 200 103 "-" "Mozilla/5.0 (compatible; Googlebot/2.1; +http://www.google.com/bot.html)"
66.249.66.160 - - [05/Dec/2025:19:53:06 +0300] "GET /?_g=3063153 HTTP/1.1" 200 27353 "-" "Mozilla/5.0 (Linux; Android 6.0.1; Nexus 5X Build/MMB29P) AppleWebKit/537.36 (KHTML, like Gecko) Chrome/141.0.7390.122 Mobile Safari/537.36 (compatible; GoogleOther)"
193.111.77.77 - - [05/Dec/2025:19:58:15 +0300] "POST /wp-cron.php?doing_wp_cron=1764953895.6083168983459472656250 HTTP/1.1" 200 0 "-" "WordPress/6.9; https://tnstickers.com"
66.249.78.10 - - [05/Dec/2025:19:59:34 +0300] "GET /?_g=1287407 HTTP/1.1" 200 27352 "-" "Mozilla/5.0 (Linux; Android 6.0.1; Nexus 5X Build/MMB29P) AppleWebKit/537.36 (KHTML, like Gecko) Chrome/141.0.7390.122 Mobile Safari/537.36 (compatible; GoogleOther)"
193.111.77.77 - - [05/Dec/2025:19:59:44 +0300] "GET /wp-content/uploads/2023/07/wd-vgs-blog-5-opt.jpg HTTP/1.1" 200 75717 "-" "-"
193.111.77.77 - - [05/Dec/2025:19:45:37 +0300] "POST /wp-cron.php?doing_wp_cron=1764953136.8266720771789550781250 HTTP/1.1" 200 0 "-" "WordPress/6.9; https://tnstickers.com"
66.249.66.68 - - [05/Dec/2025:19:45:57 +0300] "GET /robots.txt HTTP/1.1" 200 103 "-" "Mozilla/5.0 (compatible; Googlebot/2.1; +http://www.google.com/bot.html)"
66.249.78.9 - - [05/Dec/2025:19:45:56 +0300] "POST /?wc-ajax=get_refreshed_fragments HTTP/1.1" 200 514 "https://tnstickers.com/?_g=1985353" "Mozilla/5.0 (Linux; Android 6.0.1; Nexus 5X Build/MMB29P) AppleWebKit/537.36 (KHTML, like Gecko) Chrome/141.0.7390.122 Mobile Safari/537.36 (compatible; Googlebot/2.1; +http://www.google.com/bot.html)"
2a06:98c0:3600::103 - - [05/Dec/2025:19:51:55 +0300] "GET /wordpress/wp-admin/setup-config.php HTTP/1.1" 404 19020 "-" "Mozilla/5.0 (Windows NT 10.0; Win64; x64) AppleWebKit/537.36 (KHTML, like Gecko) Chrome/142.0.0.0 Safari/537.36"
66.249.66.67 - - [05/Dec/2025:19:53:01 +0300] "GET /?_g=1536585 HTTP/1.1" 301 0 "-" "Mozilla/5.0 (Linux; Android 6.0.1; Nexus 5X Build/MMB29P) AppleWebKit/537.36 (KHTML, like Gecko) Chrome/141.0.7390.122 Mobile Safari/537.36 (compatible; GoogleOther)"
66.249.78.10 - - [05/Dec/2025:19:53:03 +0300] "GET /robots.txt HTTP/1.1" 200 103 "-" "Mozilla/5.0 (compatible; Googlebot/2.1; +http://www.google.com/bot.html)"
2a06:98c0:3600::103 - - [05/Dec/2025:19:54:15 +0300] "GET /wp-admin/setup-config.php HTTP/1.1" 409 922 "-" "Mozilla/5.0 (Windows NT 10.0; Win64; x64) AppleWebKit/537.36 (KHTML, like Gecko) Chrome/142.0.0.0 Safari/537.36"
66.249.78.10 - - [05/Dec/2025:19:59:42 +0300] "GET /2023/05/18/acquired-hellblade-developer-ninja-theory-for-117-million/ HTTP/1.1" 200 25453 "-" "Mozilla/5.0 (Linux; Android 6.0.1; Nexus 5X Build/MMB29P) AppleWebKit/537.36 (KHTML, like Gecko) Chrome/141.0.7390.122 Mobile Safari/537.36 (compatible; Googlebot/2.1; +http://www.google.com/bot.html)"
66.249.78.9 - - [05/Dec/2025:19:59:52 +0300] "POST /?wc-ajax=get_refreshed_fragments HTTP/1.1" 200 514 "https://tnstickers.com/?_g=1287407" "Mozilla/5.0 (Linux; Android 6.0.1; Nexus 5X Build/MMB29P) AppleWebKit/537.36 (KHTML, like Gecko) Chrome/141.0.7390.122 Mobile Safari/537.36 (compatible; Googlebot/2.1; +http://www.google.com/bot.html)"
66.249.66.5 - - [05/Dec/2025:20:00:12 +0300] "GET /?_g=1591403 HTTP/1.1" 200 27353 "-" "Mozilla/5.0 (Linux; Android 6.0.1; Nexus 5X Build/MMB29P) AppleWebKit/537.36 (KHTML, like Gecko) Chrome/141.0.7390.122 Mobile Safari/537.36 (compatible; GoogleOther)"
204.12.252.98 - - [05/Dec/2025:20:04:40 +0300] "GET /wp-content/wpe333bb/index.php HTTP/1.1" 301 0 "https://tnstickers.com/wp-content/wpe333bb/index.php" "Mozilla/5.0 (Windows NT 10.0; Win64; x64) AppleWebKit/537.36 (KHTML, like Gecko) Chrome/58.0.3029.110 Safari/537.3"
204.12.252.98 - - [05/Dec/2025:20:04:42 +0300] "GET /wp-content/wpe333bb/ HTTP/1.1" 404 19020 "https://tnstickers.com/wp-content/wpe333bb/index.php" "Mozilla/5.0 (Windows NT 10.0; Win64; x64) AppleWebKit/537.36 (KHTML, like Gecko) Chrome/58.0.3029.110 Safari/537.3"
147.135.213.130 - - [05/Dec/2025:20:08:13 +0300] "GET /robots.txt HTTP/1.1" 200 363 "-" "Mozilla/5.0 (compatible; MJ12bot/v1.4.8; http://mj12bot.com/)"
147.135.213.130 - - [05/Dec/2025:20:08:15 +0300] "GET /shop/?per_page=18&shop_view=grid&per_row=4&add-to-cart=2728 HTTP/1.1" 200 26510 "-" "Mozilla/5.0 (compatible; MJ12bot/v1.4.8; http://mj12bot.com/)"
147.135.213.130 - - [05/Dec/2025:20:08:19 +0300] "GET /shop/?per_page=18&shop_view=grid&per_row=4&add-to-cart=2731 HTTP/1.1" 200 26500 "-" "Mozilla/5.0 (compatible; MJ12bot/v1.4.8; http://mj12bot.com/)"
193.111.77.77 - - [05/Dec/2025:20:08:23 +0300] "GET /wp-content/uploads/2025/12/akra.png HTTP/1.1" 200 232293 "-" "-"
147.135.213.130 - - [05/Dec/2025:20:08:22 +0300] "GET /shop/?per_page=18&shop_view=grid&per_row=4&add-to-cart=2771 HTTP/1.1" 200 26517 "-" "Mozilla/5.0 (compatible; MJ12bot/v1.4.8; http://mj12bot.com/)"
147.135.213.130 - - [05/Dec/2025:20:08:25 +0300] "GET /shop/?per_page=18&shop_view=grid&per_row=4&add-to-cart=484 HTTP/1.1" 200 26503 "-" "Mozilla/5.0 (compatible; MJ12bot/v1.4.8; http://mj12bot.com/)"
193.111.77.77 - - [05/Dec/2025:20:08:30 +0300] "GET /wp-content/uploads/2025/12/akra.png HTTP/1.1" 200 232293 "-" "-"
193.111.77.77 - - [05/Dec/2025:20:08:31 +0300] "POST /wp-cron.php?doing_wp_cron=1764954510.9960589408874511718750 HTTP/1.1" 200 0 "-" "WordPress/6.9; https://tnstickers.com"
147.135.213.130 - - [05/Dec/2025:20:08:29 +0300] "GET /shop/?per_page=18&shop_view=grid&per_row=4&add-to-cart=496 HTTP/1.1" 200 26512 "-" "Mozilla/5.0 (compatible; MJ12bot/v1.4.8; http://mj12bot.com/)"
147.135.213.130 - - [05/Dec/2025:20:08:33 +0300] "GET /shop/?per_page=18&shop_view=grid&s=Yamaha&post_type=product&per_row=3 HTTP/1.1" 200 23350 "-" "Mozilla/5.0 (compatible; MJ12bot/v1.4.8; http://mj12bot.com/)"
147.135.213.130 - - [05/Dec/2025:20:08:37 +0300] "GET /shop/?per_page=18&shop_view=grid&s=Yamaha&post_type=product&per_row=4 HTTP/1.1" 200 23347 "-" "Mozilla/5.0 (compatible; MJ12bot/v1.4.8; http://mj12bot.com/)"
147.135.213.130 - - [05/Dec/2025:20:08:41 +0300] "GET /shop/?per_page=18&shop_view=list&add-to-cart=2683 HTTP/1.1" 200 27955 "-" "Mozilla/5.0 (compatible; MJ12bot/v1.4.8; http://mj12bot.com/)"
147.135.213.130 - - [05/Dec/2025:20:08:44 +0300] "GET /shop/?per_page=18&shop_view=list&add-to-cart=2728 HTTP/1.1" 200 27965 "-" "Mozilla/5.0 (compatible; MJ12bot/v1.4.8; http://mj12bot.com/)"
147.135.213.130 - - [05/Dec/2025:20:08:48 +0300] "GET /shop/?per_page=18&shop_view=list&add-to-cart=2731 HTTP/1.1" 200 27978 "-" "Mozilla/5.0 (compatible; MJ12bot/v1.4.8; http://mj12bot.com/)"
147.135.213.130 - - [05/Dec/2025:20:08:52 +0300] "GET /shop/?per_page=18&shop_view=list&add-to-cart=2771 HTTP/1.1" 200 27981 "-" "Mozilla/5.0 (compatible; MJ12bot/v1.4.8; http://mj12bot.com/)"
147.135.213.130 - - [05/Dec/2025:20:08:55 +0300] "GET /shop/?per_page=18&shop_view=list&add-to-cart=484 HTTP/1.1" 200 27974 "-" "Mozilla/5.0 (compatible; MJ12bot/v1.4.8; http://mj12bot.com/)"
147.135.213.130 - - [05/Dec/2025:20:08:58 +0300] "GET /shop/?per_page=18&shop_view=list&add-to-cart=496 HTTP/1.1" 200 27969 "-" "Mozilla/5.0 (compatible; MJ12bot/v1.4.8; http://mj12bot.com/)"
147.135.213.130 - - [05/Dec/2025:20:09:02 +0300] "GET /shop/?per_page=18&shop_view=list&s=Yamaha&post_type=product HTTP/1.1" 200 23683 "-" "Mozilla/5.0 (compatible; MJ12bot/v1.4.8; http://mj12bot.com/)"
193.111.77.77 - - [05/Dec/2025:20:09:07 +0300] "GET /wp-content/uploads/2025/12/45.png HTTP/1.1" 200 242191 "-" "-"
147.135.213.130 - - [05/Dec/2025:20:09:05 +0300] "GET /shop/?per_page=24&s=Yamaha&post_type=product&add-to-cart=2686 HTTP/1.1" 200 23350 "-" "Mozilla/5.0 (compatible; MJ12bot/v1.4.8; http://mj12bot.com/)"
147.135.213.130 - - [05/Dec/2025:20:09:09 +0300] "GET /shop/?per_page=24&s=Yamaha&post_type=product&add-to-cart=2689 HTTP/1.1" 200 23345 "-" "Mozilla/5.0 (compatible; MJ12bot/v1.4.8; http://mj12bot.com/)"
147.135.213.130 - - [05/Dec/2025:20:09:13 +0300] "GET /shop/?per_page=24&s=Yamaha&post_type=product&shop_view=list&add-to-cart=2686 HTTP/1.1" 200 23751 "-" "Mozilla/5.0 (compatible; MJ12bot/v1.4.8; http://mj12bot.com/)"
147.135.213.130 - - [05/Dec/2025:20:09:16 +0300] "GET /shop/?per_page=24&s=Yamaha&post_type=product&shop_view=list&add-to-cart=2689 HTTP/1.1" 200 23745 "-" "Mozilla/5.0 (compatible; MJ12bot/v1.4.8; http://mj12bot.com/)"
147.135.213.130 - - [05/Dec/2025:20:09:19 +0300] "GET /shop/?per_page=24&shop_view=grid&per_row=3&add-to-cart=2680 HTTP/1.1" 200 27334 "-" "Mozilla/5.0 (compatible; MJ12bot/v1.4.8; http://mj12bot.com/)"
147.135.213.130 - - [05/Dec/2025:20:09:23 +0300] "GET /shop/?per_page=24&shop_view=grid&per_row=3&add-to-cart=2683 HTTP/1.1" 200 27323 "-" "Mozilla/5.0 (compatible; MJ12bot/v1.4.8; http://mj12bot.com/)"
193.111.77.77 - - [05/Dec/2025:20:09:29 +0300] "POST /wp-cron.php?doing_wp_cron=1764954569.4090619087219238281250 HTTP/1.1" 200 0 "-" "WordPress/6.9; https://tnstickers.com"
147.135.213.130 - - [05/Dec/2025:20:09:27 +0300] "GET /shop/?per_page=24&shop_view=grid&per_row=3&add-to-cart=2719 HTTP/1.1" 200 27332 "-" "Mozilla/5.0 (compatible; MJ12bot/v1.4.8; http://mj12bot.com/)"
147.135.213.130 - - [05/Dec/2025:20:09:31 +0300] "GET /shop/?per_page=24&shop_view=grid&per_row=3&add-to-cart=2722 HTTP/1.1" 200 27341 "-" "Mozilla/5.0 (compatible; MJ12bot/v1.4.8; http://mj12bot.com/)"
193.111.77.77 - - [05/Dec/2025:20:09:36 +0300] "GET /wp-content/uploads/2025/12/akra.png HTTP/1.1" 200 232293 "-" "-"
147.135.213.130 - - [05/Dec/2025:20:09:35 +0300] "GET /shop/?per_page=24&shop_view=grid&per_row=3&add-to-cart=2728 HTTP/1.1" 200 27332 "-" "Mozilla/5.0 (compatible; MJ12bot/v1.4.8; http://mj12bot.com/)"
147.135.213.130 - - [05/Dec/2025:20:09:38 +0300] "GET /shop/?per_page=24&shop_view=grid&per_row=3&add-to-cart=2731 HTTP/1.1" 200 27332 "-" "Mozilla/5.0 (compatible; MJ12bot/v1.4.8; http://mj12bot.com/)"
193.111.77.77 - - [05/Dec/2025:20:09:43 +0300] "GET /wp-content/uploads/2025/12/akra.png HTTP/1.1" 200 232293 "-" "-"
147.135.213.130 - - [05/Dec/2025:20:09:42 +0300] "GET /shop/?per_page=24&shop_view=grid&per_row=3&add-to-cart=2734 HTTP/1.1" 200 27332 "-" "Mozilla/5.0 (compatible; MJ12bot/v1.4.8; http://mj12bot.com/)"
147.135.213.130 - - [05/Dec/2025:20:09:46 +0300] "GET /shop/?per_page=24&shop_view=grid&per_row=3&add-to-cart=2771 HTTP/1.1" 200 27335 "-" "Mozilla/5.0 (compatible; MJ12bot/v1.4.8; http://mj12bot.com/)"
147.135.213.130 - - [05/Dec/2025:20:09:50 +0300] "GET /shop/?per_page=24&shop_view=grid&per_row=3&add-to-cart=484 HTTP/1.1" 200 27335 "-" "Mozilla/5.0 (compatible; MJ12bot/v1.4.8; http://mj12bot.com/)"
147.135.213.130 - - [05/Dec/2025:20:09:54 +0300] "GET /shop/?per_page=24&shop_view=grid&per_row=3&add-to-cart=496 HTTP/1.1" 200 27336 "-" "Mozilla/5.0 (compatible; MJ12bot/v1.4.8; http://mj12bot.com/)"
193.111.77.77 - - [05/Dec/2025:20:09:58 +0300] "GET /wp-content/uploads/2025/12/akra.png HTTP/1.1" 200 232293 "-" "-"
147.135.213.130 - - [05/Dec/2025:20:09:57 +0300] "GET /shop/?per_page=24&shop_view=grid&per_row=4&add-to-cart=2680 HTTP/1.1" 200 27333 "-" "Mozilla/5.0 (compatible; MJ12bot/v1.4.8; http://mj12bot.com/)"
147.135.213.130 - - [05/Dec/2025:20:10:02 +0300] "GET /shop/?per_page=24&shop_view=grid&per_row=4&add-to-cart=2683 HTTP/1.1" 200 27322 "-" "Mozilla/5.0 (compatible; MJ12bot/v1.4.8; http://mj12bot.com/)"
193.111.77.77 - - [05/Dec/2025:20:10:07 +0300] "GET /wp-content/uploads/2025/12/akra.png HTTP/1.1" 200 232293 "-" "-"
147.135.213.130 - - [05/Dec/2025:20:10:05 +0300] "GET /shop/?per_page=24&shop_view=grid&per_row=4&add-to-cart=2719 HTTP/1.1" 200 27331 "-" "Mozilla/5.0 (compatible; MJ12bot/v1.4.8; http://mj12bot.com/)"
147.135.213.130 - - [05/Dec/2025:20:10:10 +0300] "GET /shop/?per_page=24&shop_view=grid&per_row=4&add-to-cart=2722 HTTP/1.1" 200 27339 "-" "Mozilla/5.0 (compatible; MJ12bot/v1.4.8; http://mj12bot.com/)"
147.135.213.130 - - [05/Dec/2025:20:10:14 +0300] "GET /shop/?per_page=24&shop_view=grid&per_row=4&add-to-cart=2728 HTTP/1.1" 200 27331 "-" "Mozilla/5.0 (compatible; MJ12bot/v1.4.8; http://mj12bot.com/)"
147.135.213.130 - - [05/Dec/2025:20:10:20 +0300] "GET /shop/?per_page=24&shop_view=grid&per_row=4&add-to-cart=2731 HTTP/1.1" 200 27329 "-" "Mozilla/5.0 (compatible; MJ12bot/v1.4.8; http://mj12bot.com/)"
193.111.77.77 - - [05/Dec/2025:20:10:25 +0300] "GET /wp-content/uploads/2025/12/akra.png HTTP/1.1" 200 232293 "-" "-"
147.135.213.130 - - [05/Dec/2025:20:10:24 +0300] "GET /shop/?per_page=24&shop_view=grid&per_row=4&add-to-cart=2734 HTTP/1.1" 200 27329 "-" "Mozilla/5.0 (compatible; MJ12bot/v1.4.8; http://mj12bot.com/)"
147.135.213.130 - - [05/Dec/2025:20:10:27 +0300] "GET /shop/?per_page=24&shop_view=grid&per_row=4&add-to-cart=2771 HTTP/1.1" 200 27333 "-" "Mozilla/5.0 (compatible; MJ12bot/v1.4.8; http://mj12bot.com/)"
66.249.66.5 - - [05/Dec/2025:20:10:30 +0300] "POST /?wc-ajax=get_refreshed_fragments HTTP/1.1" 200 514 "https://tnstickers.com/?_g=1287454" "Mozilla/5.0 (Linux; Android 6.0.1; Nexus 5X Build/MMB29P) AppleWebKit/537.36 (KHTML, like Gecko) Chrome/141.0.7390.122 Mobile Safari/537.36 (compatible; Googlebot/2.1; +http://www.google.com/bot.html)"
147.135.213.130 - - [05/Dec/2025:20:10:31 +0300] "GET /shop/?per_page=24&shop_view=grid&per_row=4&add-to-cart=484 HTTP/1.1" 200 27332 "-" "Mozilla/5.0 (compatible; MJ12bot/v1.4.8; http://mj12bot.com/)"
147.135.213.130 - - [05/Dec/2025:20:10:35 +0300] "GET /shop/?per_page=24&shop_view=grid&per_row=4&add-to-cart=496 HTTP/1.1" 200 27335 "-" "Mozilla/5.0 (compatible; MJ12bot/v1.4.8; http://mj12bot.com/)"
147.135.213.130 - - [05/Dec/2025:20:10:39 +0300] "GET /shop/?per_page=24&shop_view=grid&s=Yamaha&post_type=product&per_row=3 HTTP/1.1" 200 23346 "-" "Mozilla/5.0 (compatible; MJ12bot/v1.4.8; http://mj12bot.com/)"
147.135.213.130 - - [05/Dec/2025:20:10:43 +0300] "GET /shop/?per_page=24&shop_view=grid&s=Yamaha&post_type=product&per_row=4 HTTP/1.1" 200 23347 "-" "Mozilla/5.0 (compatible; MJ12bot/v1.4.8; http://mj12bot.com/)"
193.111.77.77 - - [05/Dec/2025:20:10:49 +0300] "GET /wp-content/uploads/2025/12/akra.png HTTP/1.1" 200 232293 "-" "-"
147.135.213.130 - - [05/Dec/2025:20:10:47 +0300] "GET /shop/?per_page=24&shop_view=list&add-to-cart=2680 HTTP/1.1" 200 29331 "-" "Mozilla/5.0 (compatible; MJ12bot/v1.4.8; http://mj12bot.com/)"
147.135.213.130 - - [05/Dec/2025:20:10:51 +0300] "GET /shop/?per_page=24&shop_view=list&add-to-cart=2683 HTTP/1.1" 200 29320 "-" "Mozilla/5.0 (compatible; MJ12bot/v1.4.8; http://mj12bot.com/)"
147.135.213.130 - - [05/Dec/2025:20:10:56 +0300] "GET /shop/?per_page=24&shop_view=list&add-to-cart=2719 HTTP/1.1" 200 29333 "-" "Mozilla/5.0 (compatible; MJ12bot/v1.4.8; http://mj12bot.com/)"
147.135.213.130 - - [05/Dec/2025:20:10:59 +0300] "GET /shop/?per_page=24&shop_view=list&add-to-cart=2722 HTTP/1.1" 200 29341 "-" "Mozilla/5.0 (compatible; MJ12bot/v1.4.8; http://mj12bot.com/)"
147.135.213.130 - - [05/Dec/2025:20:11:03 +0300] "GET /shop/?per_page=24&shop_view=list&add-to-cart=2728 HTTP/1.1" 200 29327 "-" "Mozilla/5.0 (compatible; MJ12bot/v1.4.8; http://mj12bot.com/)"
147.135.213.130 - - [05/Dec/2025:20:11:07 +0300] "GET /shop/?per_page=24&shop_view=list&add-to-cart=2731 HTTP/1.1" 200 29338 "-" "Mozilla/5.0 (compatible; MJ12bot/v1.4.8; http://mj12bot.com/)"
193.111.77.77 - - [05/Dec/2025:20:11:12 +0300] "GET /wp-content/uploads/2025/12/akra.png HTTP/1.1" 200 232293 "-" "-"
147.135.213.130 - - [05/Dec/2025:20:11:10 +0300] "GET /shop/?per_page=24&shop_view=list&add-to-cart=2734 HTTP/1.1" 200 29332 "-" "Mozilla/5.0 (compatible; MJ12bot/v1.4.8; http://mj12bot.com/)"
147.135.213.130 - - [05/Dec/2025:20:11:14 +0300] "GET /shop/?per_page=24&shop_view=list&add-to-cart=2771 HTTP/1.1" 200 29343 "-" "Mozilla/5.0 (compatible; MJ12bot/v1.4.8; http://mj12bot.com/)"
147.135.213.130 - - [05/Dec/2025:20:11:18 +0300] "GET /shop/?per_page=24&shop_view=list&add-to-cart=484 HTTP/1.1" 200 29336 "-" "Mozilla/5.0 (compatible; MJ12bot/v1.4.8; http://mj12bot.com/)"
66.249.66.164 - - [05/Dec/2025:20:11:21 +0300] "GET /robots.txt HTTP/1.1" 200 103 "-" "Mozilla/5.0 (compatible; Googlebot/2.1; +http://www.google.com/bot.html)"
147.135.213.130 - - [05/Dec/2025:20:11:22 +0300] "GET /shop/?per_page=24&shop_view=list&add-to-cart=496 HTTP/1.1" 200 29332 "-" "Mozilla/5.0 (compatible; MJ12bot/v1.4.8; http://mj12bot.com/)"
147.135.213.130 - - [05/Dec/2025:20:11:26 +0300] "GET /shop/?per_page=24&shop_view=list&s=Yamaha&post_type=product HTTP/1.1" 200 23685 "-" "Mozilla/5.0 (compatible; MJ12bot/v1.4.8; http://mj12bot.com/)"
147.135.213.130 - - [05/Dec/2025:20:11:29 +0300] "GET /shop/?per_page=9&s=Yamaha&post_type=product&add-to-cart=2686 HTTP/1.1" 200 23352 "-" "Mozilla/5.0 (compatible; MJ12bot/v1.4.8; http://mj12bot.com/)"
193.111.77.77 - - [05/Dec/2025:20:11:35 +0300] "GET /wp-content/uploads/2025/12/45.png HTTP/1.1" 200 242191 "-" "-"
147.135.213.130 - - [05/Dec/2025:20:11:33 +0300] "GET /shop/?per_page=9&s=Yamaha&post_type=product&add-to-cart=2689 HTTP/1.1" 200 23348 "-" "Mozilla/5.0 (compatible; MJ12bot/v1.4.8; http://mj12bot.com/)"
147.135.213.130 - - [05/Dec/2025:20:11:37 +0300] "GET /shop/?per_page=9&s=Yamaha&post_type=product&shop_view=list&add-to-cart=2686 HTTP/1.1" 200 23750 "-" "Mozilla/5.0 (compatible; MJ12bot/v1.4.8; http://mj12bot.com/)"
147.135.213.130 - - [05/Dec/2025:20:11:40 +0300] "GET /shop/?per_page=9&s=Yamaha&post_type=product&shop_view=list&add-to-cart=2689 HTTP/1.1" 200 23750 "-" "Mozilla/5.0 (compatible; MJ12bot/v1.4.8; http://mj12bot.com/)"
147.135.213.130 - - [05/Dec/2025:20:11:43 +0300] "GET /shop/?per_page=9&shop_view=grid&per_row=3&add-to-cart=2683 HTTP/1.1" 200 24916 "-" "Mozilla/5.0 (compatible; MJ12bot/v1.4.8; http://mj12bot.com/)"
147.135.213.130 - - [05/Dec/2025:20:11:47 +0300] "GET /shop/?per_page=9&shop_view=grid&per_row=3&add-to-cart=2728 HTTP/1.1" 200 24925 "-" "Mozilla/5.0 (compatible; MJ12bot/v1.4.8; http://mj12bot.com/)"
193.111.77.77 - - [05/Dec/2025:20:11:52 +0300] "GET /wp-content/uploads/2025/12/akra.png HTTP/1.1" 200 232293 "-" "-"
147.135.213.130 - - [05/Dec/2025:20:11:50 +0300] "GET /shop/?per_page=9&shop_view=grid&per_row=3&add-to-cart=2771 HTTP/1.1" 200 24934 "-" "Mozilla/5.0 (compatible; MJ12bot/v1.4.8; http://mj12bot.com/)"
147.135.213.130 - - [05/Dec/2025:20:11:54 +0300] "GET /shop/?per_page=9&shop_view=grid&per_row=3&add-to-cart=484 HTTP/1.1" 200 24927 "-" "Mozilla/5.0 (compatible; MJ12bot/v1.4.8; http://mj12bot.com/)"
147.135.213.130 - - [05/Dec/2025:20:11:57 +0300] "GET /shop/?per_page=9&shop_view=grid&per_row=4&add-to-cart=2683 HTTP/1.1" 200 24913 "-" "Mozilla/5.0 (compatible; MJ12bot/v1.4.8; http://mj12bot.com/)"
147.135.213.130 - - [05/Dec/2025:20:12:01 +0300] "GET /shop/?per_page=9&shop_view=grid&per_row=4&add-to-cart=2728 HTTP/1.1" 200 24922 "-" "Mozilla/5.0 (compatible; MJ12bot/v1.4.8; http://mj12bot.com/)"
147.135.213.130 - - [05/Dec/2025:20:12:05 +0300] "GET /shop/?per_page=9&shop_view=grid&per_row=4&add-to-cart=2771 HTTP/1.1" 200 24932 "-" "Mozilla/5.0 (compatible; MJ12bot/v1.4.8; http://mj12bot.com/)"
147.135.213.130 - - [05/Dec/2025:20:12:08 +0300] "GET /shop/?per_page=9&shop_view=grid&per_row=4&add-to-cart=484 HTTP/1.1" 200 24926 "-" "Mozilla/5.0 (compatible; MJ12bot/v1.4.8; http://mj12bot.com/)"
193.111.77.77 - - [05/Dec/2025:20:12:13 +0300] "GET /wp-content/uploads/2025/12/45.png HTTP/1.1" 200 242191 "-" "-"
193.111.77.77 - - [05/Dec/2025:20:02:32 +0300] "POST /wp-cron.php?doing_wp_cron=1764954151.7162261009216308593750 HTTP/1.1" 200 0 "-" "WordPress/6.9; https://tnstickers.com"
66.249.66.200 - - [05/Dec/2025:20:03:32 +0300] "GET /?_g=1536585 HTTP/1.1" 200 27355 "-" "Mozilla/5.0 (Linux; Android 6.0.1; Nexus 5X Build/MMB29P) AppleWebKit/537.36 (KHTML, like Gecko) Chrome/141.0.7390.122 Mobile Safari/537.36 (compatible; GoogleOther)"
204.12.252.98 - - [05/Dec/2025:20:04:38 +0300] "GET /wp-content/wpe333bb/index.php HTTP/1.1" 301 0 "https://tnstickers.com/wp-content/wpe333bb/index.php" "Mozilla/5.0 (Windows NT 10.0; Win64; x64) AppleWebKit/537.36 (KHTML, like Gecko) Chrome/58.0.3029.110 Safari/537.3"
204.12.252.98 - - [05/Dec/2025:20:04:45 +0300] "GET /wp-content/wpe333bb/ HTTP/1.1" 404 19020 "https://tnstickers.com/wp-content/wpe333bb/index.php" "Mozilla/5.0 (Windows NT 10.0; Win64; x64) AppleWebKit/537.36 (KHTML, like Gecko) Chrome/58.0.3029.110 Safari/537.3"
193.111.77.77 - - [05/Dec/2025:20:08:16 +0300] "GET /wp-content/uploads/2025/12/akra.png HTTP/1.1" 200 232293 "-" "-"
66.249.66.162 - - [05/Dec/2025:20:08:24 +0300] "GET /?_g=3465708 HTTP/1.1" 301 0 "-" "Mozilla/5.0 (Linux; Android 6.0.1; Nexus 5X Build/MMB29P) AppleWebKit/537.36 (KHTML, like Gecko) Chrome/141.0.7390.122 Mobile Safari/537.36 (compatible; GoogleOther)"
193.111.77.77 - - [05/Dec/2025:20:08:27 +0300] "GET /wp-content/uploads/2025/12/akra.png HTTP/1.1" 200 232293 "-" "-"
193.111.77.77 - - [05/Dec/2025:20:08:42 +0300] "GET /wp-content/uploads/2025/12/akra.png HTTP/1.1" 200 232293 "-" "-"
193.111.77.77 - - [05/Dec/2025:20:08:49 +0300] "GET /wp-content/uploads/2025/12/akra.png HTTP/1.1" 200 232293 "-" "-"
193.111.77.77 - - [05/Dec/2025:20:08:53 +0300] "GET /wp-content/uploads/2025/12/akra.png HTTP/1.1" 200 232293 "-" "-"
193.111.77.77 - - [05/Dec/2025:20:08:59 +0300] "GET /wp-content/uploads/2025/12/akra.png HTTP/1.1" 200 232293 "-" "-"
193.111.77.77 - - [05/Dec/2025:20:09:03 +0300] "GET /wp-content/uploads/2025/12/45.png HTTP/1.1" 200 242191 "-" "-"
193.111.77.77 - - [05/Dec/2025:20:09:10 +0300] "GET /wp-content/uploads/2025/12/45.png HTTP/1.1" 200 242191 "-" "-"
193.111.77.77 - - [05/Dec/2025:20:09:21 +0300] "GET /wp-content/uploads/2025/12/akra.png HTTP/1.1" 200 232293 "-" "-"
193.111.77.77 - - [05/Dec/2025:20:09:25 +0300] "GET /wp-content/uploads/2025/12/akra.png HTTP/1.1" 200 232293 "-" "-"
193.111.77.77 - - [05/Dec/2025:20:10:36 +0300] "GET /wp-content/uploads/2025/12/akra.png HTTP/1.1" 200 232293 "-" "-"
193.111.77.77 - - [05/Dec/2025:20:10:40 +0300] "GET /wp-content/uploads/2025/12/45.png HTTP/1.1" 200 242191 "-" "-"
66.249.66.163 - - [05/Dec/2025:20:10:46 +0300] "GET /?_g=3147299 HTTP/1.1" 301 0 "-" "Mozilla/5.0 (Linux; Android 6.0.1; Nexus 5X Build/MMB29P) AppleWebKit/537.36 (KHTML, like Gecko) Chrome/141.0.7390.122 Mobile Safari/537.36 (compatible; GoogleOther)"
193.111.77.77 - - [05/Dec/2025:20:10:53 +0300] "GET /wp-content/uploads/2025/12/akra.png HTTP/1.1" 200 232293 "-" "-"
193.111.77.77 - - [05/Dec/2025:20:10:57 +0300] "GET /wp-content/uploads/2025/12/akra.png HTTP/1.1" 200 232293 "-" "-"
193.111.77.77 - - [05/Dec/2025:20:11:20 +0300] "GET /wp-content/uploads/2025/12/akra.png HTTP/1.1" 200 232293 "-" "-"
193.111.77.77 - - [05/Dec/2025:20:11:41 +0300] "GET /wp-content/uploads/2025/12/45.png HTTP/1.1" 200 242191 "-" "-"
193.111.77.77 - - [05/Dec/2025:20:11:44 +0300] "GET /wp-content/uploads/2025/12/akra.png HTTP/1.1" 200 232293 "-" "-"
193.111.77.77 - - [05/Dec/2025:20:12:29 +0300] "GET /wp-content/uploads/2025/12/akra.png HTTP/1.1" 200 232293 "-" "-"
193.111.77.77 - - [05/Dec/2025:20:12:42 +0300] "GET /wp-content/uploads/2025/12/45.png HTTP/1.1" 200 242191 "-" "-"
193.111.77.77 - - [05/Dec/2025:20:12:59 +0300] "GET /wp-content/uploads/2025/12/45.png HTTP/1.1" 200 242191 "-" "-"
193.111.77.77 - - [05/Dec/2025:20:13:02 +0300] "GET /wp-content/uploads/2025/12/akra.png HTTP/1.1" 200 232293 "-" "-"
193.111.77.77 - - [05/Dec/2025:20:13:05 +0300] "GET /wp-content/uploads/2025/12/45.png HTTP/1.1" 200 242191 "-" "-"
147.135.213.130 - - [05/Dec/2025:20:12:12 +0300] "GET /shop/?per_page=9&shop_view=grid&s=Yamaha&post_type=product&per_row=3 HTTP/1.1" 200 23356 "-" "Mozilla/5.0 (compatible; MJ12bot/v1.4.8; http://mj12bot.com/)"
147.135.213.130 - - [05/Dec/2025:20:12:15 +0300] "GET /shop/?per_page=9&shop_view=grid&s=Yamaha&post_type=product&per_row=4 HTTP/1.1" 200 23351 "-" "Mozilla/5.0 (compatible; MJ12bot/v1.4.8; http://mj12bot.com/)"
193.111.77.77 - - [05/Dec/2025:20:12:21 +0300] "GET /wp-content/uploads/2025/12/akra.png HTTP/1.1" 200 232293 "-" "-"
147.135.213.130 - - [05/Dec/2025:20:12:19 +0300] "GET /shop/?per_page=9&shop_view=list HTTP/1.1" 200 25794 "-" "Mozilla/5.0 (compatible; MJ12bot/v1.4.8; http://mj12bot.com/)"
147.135.213.130 - - [05/Dec/2025:20:12:23 +0300] "GET /shop/?per_page=9&shop_view=list&s=Yamaha&post_type=product HTTP/1.1" 200 23684 "-" "Mozilla/5.0 (compatible; MJ12bot/v1.4.8; http://mj12bot.com/)"
193.111.77.77 - - [05/Dec/2025:20:12:30 +0300] "POST /wp-cron.php?doing_wp_cron=1764954750.2965009212493896484375 HTTP/1.1" 200 0 "-" "WordPress/6.9; https://tnstickers.com"
147.135.213.130 - - [05/Dec/2025:20:12:27 +0300] "GET /shop/?per_row=3&per_page=12&shop_view=grid HTTP/1.1" 200 25425 "-" "Mozilla/5.0 (compatible; MJ12bot/v1.4.8; http://mj12bot.com/)"
193.111.77.77 - - [05/Dec/2025:20:12:33 +0300] "GET /wp-content/uploads/2025/12/45.png HTTP/1.1" 200 242191 "-" "-"
147.135.213.130 - - [05/Dec/2025:20:12:31 +0300] "GET /shop/?per_row=3&per_page=12&shop_view=grid&s=Yamaha&post_type=product HTTP/1.1" 200 23346 "-" "Mozilla/5.0 (compatible; MJ12bot/v1.4.8; http://mj12bot.com/)"
147.135.213.130 - - [05/Dec/2025:20:12:35 +0300] "GET /shop/?per_row=3&per_page=12&shop_view=list HTTP/1.1" 200 26467 "-" "Mozilla/5.0 (compatible; MJ12bot/v1.4.8; http://mj12bot.com/)"
147.135.213.130 - - [05/Dec/2025:20:12:40 +0300] "GET /shop/?per_row=3&per_page=12&shop_view=list&s=Yamaha&post_type=product HTTP/1.1" 200 23698 "-" "Mozilla/5.0 (compatible; MJ12bot/v1.4.8; http://mj12bot.com/)"
147.135.213.130 - - [05/Dec/2025:20:12:44 +0300] "GET /shop/?per_row=3&per_page=18&shop_view=grid HTTP/1.1" 200 26451 "-" "Mozilla/5.0 (compatible; MJ12bot/v1.4.8; http://mj12bot.com/)"
147.135.213.130 - - [05/Dec/2025:20:12:49 +0300] "GET /shop/?per_row=3&per_page=18&shop_view=grid&s=Yamaha&post_type=product HTTP/1.1" 200 23346 "-" "Mozilla/5.0 (compatible; MJ12bot/v1.4.8; http://mj12bot.com/)"
147.135.213.130 - - [05/Dec/2025:20:12:53 +0300] "GET /shop/?per_row=3&per_page=18&shop_view=list HTTP/1.1" 200 27913 "-" "Mozilla/5.0 (compatible; MJ12bot/v1.4.8; http://mj12bot.com/)"
147.135.213.130 - - [05/Dec/2025:20:12:57 +0300] "GET /shop/?per_row=3&per_page=18&shop_view=list&s=Yamaha&post_type=product HTTP/1.1" 200 23693 "-" "Mozilla/5.0 (compatible; MJ12bot/v1.4.8; http://mj12bot.com/)"
147.135.213.130 - - [05/Dec/2025:20:13:01 +0300] "GET /shop/?per_row=3&per_page=24&shop_view=grid HTTP/1.1" 200 27274 "-" "Mozilla/5.0 (compatible; MJ12bot/v1.4.8; http://mj12bot.com/)"
147.135.213.130 - - [05/Dec/2025:20:13:04 +0300] "GET /shop/?per_row=3&per_page=24&shop_view=grid&s=Yamaha&post_type=product HTTP/1.1" 200 23338 "-" "Mozilla/5.0 (compatible; MJ12bot/v1.4.8; http://mj12bot.com/)"
147.135.213.130 - - [05/Dec/2025:20:13:07 +0300] "GET /shop/?per_row=3&per_page=24&shop_view=list HTTP/1.1" 200 29282 "-" "Mozilla/5.0 (compatible; MJ12bot/v1.4.8; http://mj12bot.com/)"
193.111.77.77 - - [05/Dec/2025:20:13:17 +0300] "GET /wp-content/uploads/2025/12/akra.png HTTP/1.1" 200 232293 "-" "-"
147.135.213.130 - - [05/Dec/2025:20:13:15 +0300] "GET /shop/?per_row=3&per_page=9&shop_view=grid HTTP/1.1" 200 24863 "-" "Mozilla/5.0 (compatible; MJ12bot/v1.4.8; http://mj12bot.com/)"
193.111.77.77 - - [05/Dec/2025:20:13:20 +0300] "GET /wp-content/uploads/2025/12/45.png HTTP/1.1" 200 242191 "-" "-"
147.135.213.130 - - [05/Dec/2025:20:13:19 +0300] "GET /shop/?per_row=3&per_page=9&shop_view=grid&s=Yamaha&post_type=product HTTP/1.1" 200 23348 "-" "Mozilla/5.0 (compatible; MJ12bot/v1.4.8; http://mj12bot.com/)"
193.111.77.77 - - [05/Dec/2025:20:13:13 +0300] "GET /wp-content/uploads/2025/12/45.png HTTP/1.1" 200 242191 "-" "-"
193.111.77.77 - - [05/Dec/2025:20:13:24 +0300] "GET /wp-content/uploads/2025/12/akra.png HTTP/1.1" 200 232293 "-" "-"
147.135.213.130 - - [05/Dec/2025:20:13:23 +0300] "GET /shop/?per_row=3&per_page=9&shop_view=list HTTP/1.1" 200 25799 "-" "Mozilla/5.0 (compatible; MJ12bot/v1.4.8; http://mj12bot.com/)"
66.249.66.162 - - [05/Dec/2025:20:02:29 +0300] "GET /?_g=4086762 HTTP/1.1" 301 0 "-" "Mozilla/5.0 (Linux; Android 6.0.1; Nexus 5X Build/MMB29P) AppleWebKit/537.36 (KHTML, like Gecko) Chrome/141.0.7390.122 Mobile Safari/537.36 (compatible; GoogleOther)"
193.111.77.77 - - [05/Dec/2025:20:03:36 +0300] "POST /wp-cron.php?doing_wp_cron=1764954216.5383551120758056640625 HTTP/1.1" 200 0 "-" "WordPress/6.9; https://tnstickers.com"
193.111.77.77 - - [05/Dec/2025:20:08:16 +0300] "POST /wp-cron.php?doing_wp_cron=1764954496.9528288841247558593750 HTTP/1.1" 200 0 "-" "WordPress/6.9; https://tnstickers.com"
193.111.77.77 - - [05/Dec/2025:20:08:20 +0300] "GET /wp-content/uploads/2025/12/akra.png HTTP/1.1" 200 232293 "-" "-"
193.111.77.77 - - [05/Dec/2025:20:08:56 +0300] "GET /wp-content/uploads/2025/12/akra.png HTTP/1.1" 200 232293 "-" "-"
193.111.77.77 - - [05/Dec/2025:20:09:29 +0300] "GET /wp-content/uploads/2025/12/akra.png HTTP/1.1" 200 232293 "-" "-"
193.111.77.77 - - [05/Dec/2025:20:09:32 +0300] "GET /wp-content/uploads/2025/12/akra.png HTTP/1.1" 200 232293 "-" "-"
66.249.76.34 - - [05/Dec/2025:20:10:02 +0300] "GET /?_g=3029781 HTTP/1.1" 301 0 "-" "Mozilla/5.0 (Linux; Android 6.0.1; Nexus 5X Build/MMB29P) AppleWebKit/537.36 (KHTML, like Gecko) Chrome/141.0.7390.122 Mobile Safari/537.36 (compatible; GoogleOther)"
193.111.77.77 - - [05/Dec/2025:20:10:16 +0300] "GET /wp-content/uploads/2025/12/akra.png HTTP/1.1" 200 232293 "-" "-"
193.111.77.77 - - [05/Dec/2025:20:10:21 +0300] "GET /wp-content/uploads/2025/12/akra.png HTTP/1.1" 200 232293 "-" "-"
66.249.66.4 - - [05/Dec/2025:20:10:21 +0300] "GET /?_g=1287454 HTTP/1.1" 200 27354 "-" "Mozilla/5.0 (Linux; Android 6.0.1; Nexus 5X Build/MMB29P) AppleWebKit/537.36 (KHTML, like Gecko) Chrome/141.0.7390.122 Mobile Safari/537.36 (compatible; GoogleOther)"
193.111.77.77 - - [05/Dec/2025:20:10:32 +0300] "GET /wp-content/uploads/2025/12/akra.png HTTP/1.1" 200 232293 "-" "-"
193.111.77.77 - - [05/Dec/2025:20:10:44 +0300] "GET /wp-content/uploads/2025/12/45.png HTTP/1.1" 200 242191 "-" "-"
193.111.77.77 - - [05/Dec/2025:20:11:01 +0300] "GET /wp-content/uploads/2025/12/akra.png HTTP/1.1" 200 232293 "-" "-"
193.111.77.77 - - [05/Dec/2025:20:11:04 +0300] "GET /wp-content/uploads/2025/12/akra.png HTTP/1.1" 200 232293 "-" "-"
193.111.77.77 - - [05/Dec/2025:20:11:08 +0300] "GET /wp-content/uploads/2025/12/akra.png HTTP/1.1" 200 232293 "-" "-"
193.111.77.77 - - [05/Dec/2025:20:11:24 +0300] "GET /wp-content/uploads/2025/12/akra.png HTTP/1.1" 200 232293 "-" "-"
193.111.77.77 - - [05/Dec/2025:20:11:27 +0300] "GET /wp-content/uploads/2025/12/45.png HTTP/1.1" 200 242191 "-" "-"
193.111.77.77 - - [05/Dec/2025:20:11:48 +0300] "GET /wp-content/uploads/2025/12/akra.png HTTP/1.1" 200 232293 "-" "-"
